-- Table structure for table `ps_order_state_lang`
--

CREATE TABLE `ps_order_state_lang` (
  `id_order_state` int(10) unsigned NOT NULL,
  `id_lang` int(10) unsigned NOT NULL,
  `name` varchar(64) NOT NULL,
  `template` varchar(64) NOT NULL,
  PRIMARY KEY (`id_order_state`,`id_lang`)
) ENGINE=InnoDB DEFAULT CHARSET=utf8;

--
-- Dumping data for table `ps_order_state_lang`
--

INSERT INTO `ps_order_state_lang` VALUES (1,1,'Awaiting check payment','cheque'),(1,2,'Awaiting check payment','cheque'),(1,3,'Awaiting check payment','cheque'),(1,4,'Awaiting check payment','cheque'),(1,5,'Awaiting check payment','cheque'),(1,6,'Awaiting check payment','cheque'),(1,7,'Awaiting check payment','cheque'),(1,8,'Awaiting check payment','cheque'),(1,9,'Awaiting check payment','cheque'),(1,10,'Awaiting check payment','cheque'),(1,11,'Awaiting check payment','cheque'),(2,1,'PA - Payment accepted','payment'),(2,2,'Payment accepted','payment'),(2,3,'Payment accepted','payment'),(2,4,'Payment accepted','payment'),(2,5,'Payment accepted','payment'),(2,6,'Payment accepted','payment'),(2,7,'Payment accepted','payment'),(2,8,'Payment accepted','payment'),(2,9,'Payment accepted','payment'),(2,10,'Payment accepted','payment'),(2,11,'Payment accepted','payment'),(3,1,'PP - Processing in progress','preparation'),(3,2,'Processing in progress','preparation'),(3,3,'Processing in progress','preparation'),(3,4,'Processing in progress','preparation'),(3,5,'Processing in progress','preparation'),(3,6,'Processing in progress','preparation'),(3,7,'Processing in progress','preparation'),(3,8,'Processing in progress','preparation'),(3,9,'Processing in progress','preparation'),(3,10,'Processing in progress','preparation'),(3,11,'Processing in progress','preparation'),(4,1,'SP - Shipped','shipped'),(4,2,'Shipped','shipped'),(4,3,'Shipped','shipped'),(4,4,'Shipped','shipped'),(4,5,'Shipped','shipped'),(4,6,'Shipped','shipped'),(4,7,'Shipped','shipped'),(4,8,'Shipped','shipped'),(4,9,'Shipped','shipped'),(4,10,'Shipped','shipped'),(4,11,'Shipped','shipped'),(5,1,'DL - Delivered',''),(5,2,'Delivered',''),(5,3,'Delivered',''),(5,4,'Delivered',''),(5,5,'Delivered',''),(5,6,'Delivered',''),(5,7,'Delivered',''),(5,8,'Delivered',''),(5,9,'Delivered',''),(5,10,'Delivered',''),(5,11,'Delivered',''),(6,1,'CC - Canceled','order_canceled'),(6,2,'Canceled','order_canceled'),(6,3,'Canceled','order_canceled'),(6,4,'Canceled','order_canceled'),(6,5,'Canceled','order_canceled'),(6,6,'Canceled','order_canceled'),(6,7,'Canceled','order_canceled'),(6,8,'Canceled','order_canceled'),(6,9,'Canceled','order_canceled'),(6,10,'Canceled','order_canceled'),(6,11,'Canceled','order_canceled'),(7,1,'Refunded','refund'),(7,2,'Refunded','refund'),(7,3,'Refunded','refund'),(7,4,'Refunded','refund'),(7,5,'Refunded','refund'),(7,6,'Refunded','refund'),(7,7,'Refunded','refund'),(7,8,'Refunded','refund'),(7,9,'Refunded','refund'),(7,10,'Refunded','refund'),(7,11,'Refunded','refund'),(8,1,'Payment error','payment_error'),(8,2,'Payment error','payment_error'),(8,3,'Payment error','payment_error'),(8,4,'Payment error','payment_error'),(8,5,'Payment error','payment_error'),(8,6,'Payment error','payment_error'),(8,7,'Payment error','payment_error'),(8,8,'Payment error','payment_error'),(8,9,'Payment error','payment_error'),(8,10,'Payment error','payment_error'),(8,11,'Payment error','payment_error'),(9,1,'On backorder (paid)','outofstock'),(9,2,'On backorder (paid)','outofstock'),(9,3,'On backorder (paid)','outofstock'),(9,4,'On backorder (paid)','outofstock'),(9,5,'On backorder (paid)','outofstock'),(9,6,'On backorder (paid)','outofstock'),(9,7,'On backorder (paid)','outofstock'),(9,8,'On backorder (paid)','outofstock'),(9,9,'On backorder (paid)','outofstock'),(9,10,'On backorder (paid)','outofstock'),(9,11,'On backorder (paid)','outofstock'),(10,1,'Awaiting Bank-In or Transfer','bankwire'),(10,2,'Awaiting bank wire payment','bankwire'),(10,3,'Awaiting bank wire payment','bankwire'),(10,4,'Awaiting bank wire payment','bankwire'),(10,5,'Awaiting bank wire payment','bankwire'),(10,6,'Awaiting bank wire payment','bankwire'),(10,7,'Awaiting bank wire payment','bankwire'),(10,8,'Awaiting Bank-In or Transfer','bankwire'),(10,9,'Awaiting Bank-In or Transfer','bankwire'),(10,10,'Awaiting Bank-In or Transfer','bankwire'),(10,11,'Awaiting Bank-In or Transfer','bankwire'),(11,1,'Awaiting PayPal payment',''),(11,2,'Awaiting PayPal payment',''),(11,3,'Awaiting PayPal payment',''),(11,4,'Awaiting PayPal payment',''),(11,5,'Awaiting PayPal payment',''),(11,6,'Awaiting PayPal payment',''),(11,7,'Awaiting PayPal payment',''),(11,8,'Awaiting PayPal payment',''),(11,9,'Awaiting PayPal payment',''),(11,10,'Awaiting PayPal payment',''),(11,11,'Awaiting PayPal payment',''),(12,1,'Remote payment accepted','payment'),(12,2,'Remote payment accepted','payment'),(12,3,'Remote payment accepted','payment'),(12,4,'Remote payment accepted','payment'),(12,5,'Remote payment accepted','payment'),(12,6,'Remote payment accepted','payment'),(12,7,'Remote payment accepted','payment'),(12,8,'Remote payment accepted','payment'),(12,9,'Remote payment accepted','payment'),(12,10,'Remote payment accepted','payment'),(12,11,'Remote payment accepted','payment'),(13,1,'On backorder (not paid)','outofstock'),(13,2,'On backorder (not paid)','outofstock'),(13,3,'On backorder (not paid)','outofstock'),(13,4,'On backorder (not paid)','outofstock'),(13,5,'On backorder (not paid)','outofstock'),(13,6,'On backorder (not paid)','outofstock'),(13,7,'On backorder (not paid)','outofstock'),(13,8,'On backorder (not paid)','outofstock'),(13,9,'On backorder (not paid)','outofstock'),(13,10,'On backorder (not paid)','outofstock'),(13,11,'On backorder (not paid)','outofstock'),(14,1,'Awaiting Cash On Delivery validation','cashondelivery'),(14,2,'Awaiting Cash On Delivery validation','cashondelivery'),(14,3,'Awaiting Cash On Delivery validation','cashondelivery'),(14,4,'Awaiting Cash On Delivery validation','cashondelivery'),(14,5,'Awaiting Cash On Delivery validation','cashondelivery'),(14,6,'Awaiting Cash On Delivery validation','cashondelivery'),(14,7,'Awaiting Cash On Delivery validation','cashondelivery'),(14,8,'Awaiting Cash On Delivery validation','cashondelivery'),(14,9,'Awaiting Cash On Delivery validation','cashondelivery'),(14,10,'Awaiting Cash On Delivery validation','cashondelivery'),(14,11,'Awaiting Cash On Delivery validation','cashondelivery'),(15,1,'Authorization accepted from PayPal',''),(15,2,'Authorization accepted from PayPal',''),(15,3,'Authorization accepted from PayPal',''),(15,4,'Authorization accepted from PayPal',''),(15,5,'Authorization accepted from PayPal',''),(15,6,'Authorization accepted from PayPal',''),(15,7,'Authorization accepted from PayPal',''),(15,8,'Authorization accepted from PayPal',''),(15,9,'Authorization accepted from PayPal',''),(15,10,'Authorization accepted from PayPal',''),(15,11,'Authorization accepted from PayPal',''),(16,1,'Authorization accepted from Braintree',''),(16,2,'Authorization accepted from Braintree',''),(16,3,'Authorization accepted from Braintree',''),(16,4,'Authorization accepted from Braintree',''),(16,5,'Authorization accepted from Braintree',''),(16,6,'Authorization accepted from Braintree',''),(16,7,'Authorization accepted from Braintree',''),(16,8,'Authorization accepted from Braintree',''),(16,9,'Authorization accepted from Braintree',''),(16,10,'Authorization accepted from Braintree',''),(16,11,'Authorization accepted from Braintree',''),(17,1,'Awaiting for Braintree payment',''),(17,2,'Awaiting for Braintree payment',''),(17,3,'Awaiting for Braintree payment',''),(17,4,'Awaiting for Braintree payment',''),(17,5,'Awaiting for Braintree payment',''),(17,6,'Awaiting for Braintree payment',''),(17,7,'Awaiting for Braintree payment',''),(17,8,'Awaiting for Braintree payment',''),(17,9,'Awaiting for Braintree payment',''),(17,10,'Awaiting for Braintree payment',''),(17,11,'Awaiting for Braintree payment',''),(18,1,'Authorization accepted from Braintree',''),(18,2,'Authorization accepted from Braintree',''),(18,7,'Authorization accepted from Braintree',''),(19,1,'Awaiting for Braintree payment',''),(19,2,'Awaiting for Braintree payment',''),(19,7,'Awaiting for Braintree payment',''),(20,1,'Waiting for validation by PayPal',''),(20,2,'Waiting for validation by PayPal',''),(20,7,'Waiting for validation by PayPal','');

--
-- Table structure for table `ps_orders`
--

CREATE TABLE `ps_orders` (
  `id_order` int(10) unsigned NOT NULL AUTO_INCREMENT,
  `reference` varchar(9) DEFAULT NULL,
  `id_shop_group` int(11) unsigned NOT NULL DEFAULT '1',
  `id_shop` int(11) unsigned NOT NULL DEFAULT '1',
  `id_carrier` int(10) unsigned NOT NULL,
  `id_lang` int(10) unsigned NOT NULL,
  `id_customer` int(10) unsigned NOT NULL,
  `id_cart` int(10) unsigned NOT NULL,
  `id_currency` int(10) unsigned NOT NULL,
  `id_address_delivery` int(10) unsigned NOT NULL,
  `id_address_invoice` int(10) unsigned NOT NULL,
  `current_state` int(10) unsigned NOT NULL,
  `secure_key` varchar(32) NOT NULL DEFAULT '-1',
  `payment` varchar(255) NOT NULL,
  `conversion_rate` decimal(13,6) NOT NULL DEFAULT '1.000000',
  `module` varchar(255) DEFAULT NULL,
  `recyclable` tinyint(1) unsigned NOT NULL DEFAULT '0',
  `gift` tinyint(1) unsigned NOT NULL DEFAULT '0',
  `gift_message` text,
  `mobile_theme` tinyint(1) NOT NULL DEFAULT '0',
  `shipping_number` varchar(64) DEFAULT NULL,
  `total_discounts` decimal(20,6) NOT NULL DEFAULT '0.000000',
  `total_discounts_tax_incl` decimal(20,6) NOT NULL DEFAULT '0.000000',
  `total_discounts_tax_excl` decimal(20,6) NOT NULL DEFAULT '0.000000',
  `total_paid` decimal(20,6) NOT NULL DEFAULT '0.000000',
  `total_paid_tax_incl` decimal(20,6) NOT NULL DEFAULT '0.000000',
  `total_paid_tax_excl` decimal(20,6) NOT NULL DEFAULT '0.000000',
  `total_paid_real` decimal(20,6) NOT NULL DEFAULT '0.000000',
  `total_products` decimal(20,6) NOT NULL DEFAULT '0.000000',
  `total_products_wt` decimal(20,6) NOT NULL DEFAULT '0.000000',
  `total_shipping` decimal(20,6) NOT NULL DEFAULT '0.000000',
  `total_shipping_tax_incl` decimal(20,6) NOT NULL DEFAULT '0.000000',
  `total_shipping_tax_excl` decimal(20,6) NOT NULL DEFAULT '0.000000',
  `carrier_tax_rate` decimal(10,3) NOT NULL DEFAULT '0.000',
  `total_wrapping` decimal(20,6) NOT NULL DEFAULT '0.000000',
  `total_wrapping_tax_incl` decimal(20,6) NOT NULL DEFAULT '0.000000',
  `total_wrapping_tax_excl` decimal(20,6) NOT NULL DEFAULT '0.000000',
  `round_mode` tinyint(1) NOT NULL DEFAULT '2',
  `round_type` tinyint(1) NOT NULL DEFAULT '1',
  `invoice_number` int(10) unsigned NOT NULL DEFAULT '0',
  `delivery_number` int(10) unsigned NOT NULL DEFAULT '0',
  `invoice_date` datetime NOT NULL,
  `delivery_date` datetime NOT NULL,
  `valid` int(1) unsigned NOT NULL DEFAULT '0',
  `date_add` datetime NOT NULL,
  `date_upd` datetime NOT NULL,
  `ddw_order_date` datetime NOT NULL,
  `ddw_order_time` varchar(64) DEFAULT NULL,
  PRIMARY KEY (`id_order`),
  KEY `reference` (`reference`),
  KEY `id_customer` (`id_customer`),
  KEY `id_cart` (`id_cart`),
  KEY `invoice_number` (`invoice_number`),
  KEY `id_carrier` (`id_carrier`),
  KEY `id_lang` (`id_lang`),
  KEY `id_currency` (`id_currency`),
  KEY `id_address_delivery` (`id_address_delivery`),
  KEY `id_address_invoice` (`id_address_invoice`),
  KEY `id_shop_group` (`id_shop_group`),
  KEY `current_state` (`current_state`),
  KEY `id_shop` (`id_shop`),
  KEY `date_add` (`date_add`)
) ENGINE=InnoDB AUTO_INCREMENT=3 DEFAULT CHARSET=utf8;

--
-- Dumping data for table `ps_orders`
--

INSERT INTO `ps_orders` VALUES (1,'BJAMDRFVM',1,1,103,1,1,1,3,10,10,2,'98df8f8f4053ddb6fe474d51b05bd8f0','webcash',1.000000,'webcash',0,0,'',0,'',0.000000,0.000000,0.000000,1.000000,1.000000,1.000000,1.000000,1.000000,1.000000,0.000000,0.000000,0.000000,0.000,0.000000,0.000000,0.000000,2,3,1,0,'2021-05-04 11:43:32','0000-00-00 00:00:00',1,'2021-05-04 11:43:32','2021-05-04 11:43:32','0000-00-00 00:00:00',NULL),(2,'UPVFXWCBP',1,1,104,1,1,2,3,10,10,2,'98df8f8f4053ddb6fe474d51b05bd8f0','webcash',1.000000,'webcash',0,0,'',0,'',0.000000,0.000000,0.000000,22.000000,22.000000,22.000000,22.000000,2.000000,2.000000,20.000000,20.000000,20.000000,0.000,0.000000,0.000000,0.000000,2,3,2,0,'2021-05-04 12:35:43','0000-00-00 00:00:00',1,'2021-05-04 12:35:43','2021-05-04 12:35:43','0000-00-00 00:00:00',NULL);

--
-- Table structure for table `ps_pack`
--

CREATE TABLE `ps_pack` (
  `id_product_pack` int(10) unsigned NOT NULL,
  `id_product_item` int(10) unsigned NOT NULL,
  `id_product_attribute_item` int(10) unsigned NOT NULL,
  `quantity` int(10) unsigned NOT NULL DEFAULT '1',
  PRIMARY KEY (`id_product_pack`,`id_product_item`,`id_product_attribute_item`),
  KEY `product_item` (`id_product_item`,`id_product_attribute_item`)
) ENGINE=InnoDB DEFAULT CHARSET=utf8;

--
-- Dumping data for table `ps_pack`
--


--
-- Table structure for table `ps_page`
--

CREATE TABLE `ps_page` (
  `id_page` int(10) unsigned NOT NULL AUTO_INCREMENT,
  `id_page_type` int(10) unsigned NOT NULL,
  `id_object` int(10) unsigned DEFAULT NULL,
  PRIMARY KEY (`id_page`),
  KEY `id_page_type` (`id_page_type`),
  KEY `id_object` (`id_object`)
) ENGINE=InnoDB AUTO_INCREMENT=10 DEFAULT CHARSET=utf8;

--
-- Dumping data for table `ps_page`
--

INSERT INTO `ps_page` VALUES (1,1,NULL),(2,2,NULL),(3,3,NULL),(4,4,NULL),(5,5,NULL),(6,6,NULL),(7,7,1),(8,8,NULL),(9,9,NULL);

--
-- Table structure for table `ps_page_type`
--

CREATE TABLE `ps_page_type` (
  `id_page_type` int(10) unsigned NOT NULL AUTO_INCREMENT,
  `name` varchar(255) NOT NULL,
  PRIMARY KEY (`id_page_type`),
  KEY `name` (`name`)
) ENGINE=InnoDB AUTO_INCREMENT=10 DEFAULT CHARSET=utf8;

--
-- Dumping data for table `ps_page_type`
--

INSERT INTO `ps_page_type` VALUES (2,'authentication'),(6,'cms'),(5,'contact'),(9,'history'),(1,'index'),(8,'orderopc'),(3,'pricesdrop'),(7,'product'),(4,'zblog');

--
-- Table structure for table `ps_page_viewed`
--

CREATE TABLE `ps_page_viewed` (
  `id_page` int(10) unsigned NOT NULL,
  `id_shop_group` int(10) unsigned NOT NULL DEFAULT '1',
  `id_shop` int(10) unsigned NOT NULL DEFAULT '1',
  `id_date_range` int(10) unsigned NOT NULL,
  `counter` int(10) unsigned NOT NULL,
  PRIMARY KEY (`id_page`,`id_date_range`,`id_shop`)
) ENGINE=InnoDB DEFAULT CHARSET=utf8;

--
-- Dumping data for table `ps_page_viewed`
--

INSERT INTO `ps_page_viewed` VALUES (1,1,1,520,11),(1,1,1,521,7),(1,1,1,522,1),(1,1,1,523,2),(1,1,1,524,3),(1,1,1,525,1),(1,1,1,526,1),(1,1,1,527,2),(1,1,1,528,2),(1,1,1,529,2),(1,1,1,530,2),(1,1,1,531,2),(1,1,1,532,1),(1,1,1,533,13),(1,1,1,534,2),(1,1,1,535,2),(1,1,1,536,1),(1,1,1,537,2),(1,1,1,538,2),(1,1,1,539,2),(1,1,1,540,1),(1,1,1,541,2),(1,1,1,542,2),(1,1,1,543,1),(1,1,1,544,2),(1,1,1,545,2),(1,1,1,546,2),(1,1,1,547,3),(1,1,1,548,7),(1,1,1,549,2),(1,1,1,550,2),(1,1,1,551,3),(1,1,1,552,10),(1,1,1,553,2),(1,1,1,554,3),(1,1,1,555,3),(1,1,1,556,5),(1,1,1,557,2),(1,1,1,558,2),(1,1,1,559,1),(1,1,1,560,2),(1,1,1,561,6),(1,1,1,562,7),(1,1,1,563,2),(1,1,1,564,2),(1,1,1,565,2),(1,1,1,566,2),(1,1,1,567,4),(1,1,1,568,7),(1,1,1,569,2),(1,1,1,570,3),(1,1,1,571,5),(1,1,1,572,2),(1,1,1,573,2),(1,1,1,574,4),(1,1,1,575,2),(1,1,1,576,2),(1,1,1,577,2),(1,1,1,578,1),(1,1,1,579,1),(1,1,1,580,2),(1,1,1,581,5),(1,1,1,582,4),(1,1,1,583,4),(1,1,1,584,2),(1,1,1,585,3),(1,1,1,586,14),(1,1,1,587,4),(1,1,1,588,2),(1,1,1,589,2),(1,1,1,590,2),(1,1,1,591,1),(1,1,1,592,2),(1,1,1,593,2),(1,1,1,594,2),(1,1,1,595,2),(1,1,1,596,2),(1,1,1,597,4),(1,1,1,598,2),(1,1,1,599,1),(1,1,1,600,7),(1,1,1,601,28),(1,1,1,602,16),(1,1,1,603,2),(1,1,1,604,1),(1,1,1,605,3),(1,1,1,606,1),(1,1,1,607,7),(1,1,1,608,1),(1,1,1,609,21),(1,1,1,610,3),(1,1,1,611,2),(1,1,1,612,1),(2,1,1,585,1),(3,1,1,586,2),(4,1,1,586,2),(5,1,1,586,1),(5,1,1,591,2),(6,1,1,602,1),(7,1,1,607,2),(8,1,1,607,7),(9,1,1,607,2);

--
-- Table structure for table `ps_pagenotfound`
--

CREATE TABLE `ps_pagenotfound` (
  `id_pagenotfound` int(10) unsigned NOT NULL AUTO_INCREMENT,
  `id_shop` int(10) unsigned NOT NULL DEFAULT '1',
  `id_shop_group` int(10) unsigned NOT NULL DEFAULT '1',
  `request_uri` varchar(256) NOT NULL,
  `http_referer` varchar(256) NOT NULL,
  `date_add` datetime NOT NULL,
  PRIMARY KEY (`id_pagenotfound`),
  KEY `date_add` (`date_add`)
) ENGINE=InnoDB DEFAULT CHARSET=utf8;

--
-- Dumping data for table `ps_pagenotfound`
--


--
-- Table structure for table `ps_paypal_braintree`
--

CREATE TABLE `ps_paypal_braintree` (
  `id_paypal_braintree` int(11) NOT NULL AUTO_INCREMENT,
  `id_cart` int(11) NOT NULL,
  `nonce_payment_token` varchar(255) NOT NULL,
  `client_token` text NOT NULL,
  `transaction` varchar(255) DEFAULT NULL,
  `datas` varchar(255) DEFAULT NULL,
  `id_order` int(11) DEFAULT NULL,
  PRIMARY KEY (`id_paypal_braintree`)
) ENGINE=InnoDB DEFAULT CHARSET=utf8;

--
-- Dumping data for table `ps_paypal_braintree`
--


--
-- Table structure for table `ps_paypal_capture`
--

CREATE TABLE `ps_paypal_capture` (
  `id_paypal_capture` int(11) NOT NULL AUTO_INCREMENT,
  `id_order` int(11) NOT NULL,
  `capture_amount` float NOT NULL,
  `result` text NOT NULL,
  `date_add` datetime NOT NULL,
  `date_upd` datetime NOT NULL,
  PRIMARY KEY (`id_paypal_capture`)
) ENGINE=InnoDB DEFAULT CHARSET=utf8;

--
-- Dumping data for table `ps_paypal_capture`
--


--
-- Table structure for table `ps_paypal_customer`
--

CREATE TABLE `ps_paypal_customer` (
  `id_paypal_customer` int(10) unsigned NOT NULL AUTO_INCREMENT,
  `id_customer` int(10) unsigned NOT NULL,
  `paypal_email` varchar(255) NOT NULL,
  PRIMARY KEY (`id_paypal_customer`)
) ENGINE=InnoDB DEFAULT CHARSET=utf8;

--
-- Dumping data for table `ps_paypal_customer`
--


--
-- Table structure for table `ps_paypal_hss_email_error`
--

CREATE TABLE `ps_paypal_hss_email_error` (
  `id_paypal_hss_email_error` int(11) NOT NULL AUTO_INCREMENT,
  `id_cart` int(11) NOT NULL,
  `email` varchar(255) NOT NULL,
  PRIMARY KEY (`id_paypal_hss_email_error`)
) ENGINE=InnoDB DEFAULT CHARSET=utf8;

--
-- Dumping data for table `ps_paypal_hss_email_error`
--


--
-- Table structure for table `ps_paypal_login_user`
--

CREATE TABLE `ps_paypal_login_user` (
  `id_paypal_login_user` int(11) NOT NULL AUTO_INCREMENT,
  `id_customer` int(11) NOT NULL,
  `token_type` varchar(255) NOT NULL,
  `expires_in` varchar(255) NOT NULL,
  `refresh_token` varchar(255) NOT NULL,
  `id_token` varchar(255) NOT NULL,
  `access_token` varchar(255) NOT NULL,
  `account_type` varchar(255) NOT NULL,
  `user_id` varchar(255) NOT NULL,
  `verified_account` varchar(255) NOT NULL,
  `zoneinfo` varchar(255) NOT NULL,
  `age_range` varchar(255) NOT NULL,
  PRIMARY KEY (`id_paypal_login_user`)
) ENGINE=InnoDB DEFAULT CHARSET=utf8;

--
-- Dumping data for table `ps_paypal_login_user`
--


--
-- Table structure for table `ps_paypal_order`
--

CREATE TABLE `ps_paypal_order` (
  `id_order` int(10) unsigned NOT NULL,
  `id_transaction` varchar(255) NOT NULL,
  `id_invoice` varchar(255) DEFAULT NULL,
  `currency` varchar(10) NOT NULL,
  `total_paid` varchar(50) NOT NULL,
  `shipping` varchar(50) NOT NULL,
  `capture` int(2) NOT NULL,
  `payment_date` varchar(50) NOT NULL,
  `payment_method` int(2) unsigned NOT NULL,
  `payment_status` varchar(255) DEFAULT NULL,
  PRIMARY KEY (`id_order`)
) ENGINE=InnoDB DEFAULT CHARSET=utf8;

--
-- Dumping data for table `ps_paypal_order`
--


--
-- Table structure for table `ps_paypal_plus_pui`
--

CREATE TABLE `ps_paypal_plus_pui` (
  `id_paypal_plus_pui` int(11) NOT NULL AUTO_INCREMENT,
  `id_order` int(11) NOT NULL,
  `pui_informations` text NOT NULL,
  PRIMARY KEY (`id_paypal_plus_pui`)
) ENGINE=InnoDB DEFAULT CHARSET=utf8;

--
-- Dumping data for table `ps_paypal_plus_pui`
--


--
-- Table structure for table `ps_pinterest_spm`
--

CREATE TABLE `ps_pinterest_spm` (
  `id` int(11) NOT NULL AUTO_INCREMENT,
  `pinterest_id` bigint(20) NOT NULL,
  `user_id` int(11) NOT NULL,
  `id_shop` int(11) NOT NULL DEFAULT '0',
  PRIMARY KEY (`id`)
) ENGINE=InnoDB DEFAULT CHARSET=utf8;

--
-- Dumping data for table `ps_pinterest_spm`
--


--
-- Table structure for table `ps_ppbs_area_price`
--

CREATE TABLE `ps_ppbs_area_price` (
  `id_area_price` int(10) unsigned NOT NULL AUTO_INCREMENT,
  `id_shop` int(10) unsigned DEFAULT '1',
  `id_product` int(10) unsigned DEFAULT NULL,
  `area_low` decimal(10,2) unsigned DEFAULT '0.00',
  `area_high` decimal(10,2) unsigned DEFAULT '0.00',
  `impact` char(6) DEFAULT '+',
  `price` decimal(10,6) unsigned DEFAULT '0.000000',
  `weight` decimal(10,6) unsigned DEFAULT '0.000000',
  PRIMARY KEY (`id_area_price`)
) ENGINE=InnoDB DEFAULT CHARSET=utf8;

--
-- Dumping data for table `ps_ppbs_area_price`
--


--
-- Table structure for table `ps_ppbs_areapricesuffix`
--

CREATE TABLE `ps_ppbs_areapricesuffix` (
  `id_ppbs_areapricesuffix` int(10) unsigned NOT NULL AUTO_INCREMENT,
  `name` varchar(32) DEFAULT NULL,
  PRIMARY KEY (`id_ppbs_areapricesuffix`)
) ENGINE=InnoDB DEFAULT CHARSET=utf8;

--
-- Dumping data for table `ps_ppbs_areapricesuffix`
--


--
-- Table structure for table `ps_ppbs_areapricesuffix_lang`
--

CREATE TABLE `ps_ppbs_areapricesuffix_lang` (
  `id_ppbs_areapricesuffix_lang` int(10) unsigned NOT NULL AUTO_INCREMENT,
  `id_ppbs_areapricesuffix` int(10) unsigned NOT NULL,
  `id_lang` int(10) unsigned NOT NULL,
  `text` varchar(255) DEFAULT NULL,
  PRIMARY KEY (`id_ppbs_areapricesuffix_lang`)
) ENGINE=InnoDB DEFAULT CHARSET=utf8;

--
-- Dumping data for table `ps_ppbs_areapricesuffix_lang`
--


--
-- Table structure for table `ps_ppbs_dimension`
--

CREATE TABLE `ps_ppbs_dimension` (
  `id_ppbs_dimension` int(10) unsigned NOT NULL AUTO_INCREMENT,
  `name` varchar(32) NOT NULL,
  `position` int(10) unsigned NOT NULL DEFAULT '0',
  PRIMARY KEY (`id_ppbs_dimension`)
) ENGINE=InnoDB AUTO_INCREMENT=4 DEFAULT CHARSET=utf8;

--
-- Dumping data for table `ps_ppbs_dimension`
--

INSERT INTO `ps_ppbs_dimension` VALUES (1,'height',0),(2,'width',0),(3,'depth',0);

--
-- Table structure for table `ps_ppbs_dimension_lang`
--

CREATE TABLE `ps_ppbs_dimension_lang` (
  `id_ppbs_dimension` int(10) unsigned NOT NULL,
  `id_lang` int(10) unsigned NOT NULL,
  `display_name` varchar(128) NOT NULL,
  PRIMARY KEY (`id_ppbs_dimension`,`id_lang`)
) ENGINE=InnoDB DEFAULT CHARSET=utf8;

--
-- Dumping data for table `ps_ppbs_dimension_lang`
--

INSERT INTO `ps_ppbs_dimension_lang` VALUES (1,1,'Height'),(1,2,'Height'),(1,7,'Height'),(2,1,'Width'),(2,2,'Width'),(2,7,'Width'),(3,1,'Depth'),(3,2,'Depth'),(3,7,'Depth');

--
-- Table structure for table `ps_ppbs_equation`
--

CREATE TABLE `ps_ppbs_equation` (
  `id_equation` mediumint(8) unsigned NOT NULL AUTO_INCREMENT,
  `id_equation_template` mediumint(8) unsigned NOT NULL,
  `id_product` int(10) unsigned NOT NULL,
  `ipa` int(10) unsigned NOT NULL,
  `equation` varchar(512) NOT NULL,
  `equation_type` varchar(16) NOT NULL,
  PRIMARY KEY (`id_equation`)
) ENGINE=InnoDB DEFAULT CHARSET=utf8;

--
-- Dumping data for table `ps_ppbs_equation`
--


--
-- Table structure for table `ps_ppbs_equation_template`
--

CREATE TABLE `ps_ppbs_equation_template` (
  `id_equation_template` int(11) unsigned NOT NULL AUTO_INCREMENT,
  `name` varchar(128) NOT NULL,
  `equation` text NOT NULL,
  PRIMARY KEY (`id_equation_template`)
) ENGINE=InnoDB DEFAULT CHARSET=utf8;

--
-- Dumping data for table `ps_ppbs_equation_template`
--


--
-- Table structure for table `ps_ppbs_product`
--

CREATE TABLE `ps_ppbs_product` (
  `id_ppbs_product` int(10) unsigned NOT NULL AUTO_INCREMENT,
  `id_product` int(10) unsigned NOT NULL,
  `id_shop` int(10) unsigned NOT NULL,
  `id_ppbs_areapricesuffix` int(10) unsigned NOT NULL DEFAULT '0',
  `enabled` tinyint(3) unsigned NOT NULL,
  `front_conversion_enabled` tinyint(3) unsigned NOT NULL DEFAULT '0',
  `front_conversion_operator` varchar(3) NOT NULL,
  `front_conversion_value` decimal(15,2) NOT NULL,
  `attribute_price_as_area_price` tinyint(3) NOT NULL DEFAULT '0',
  `min_price` decimal(15,2) NOT NULL DEFAULT '0.00',
  `min_total_area` decimal(10,2) NOT NULL DEFAULT '0.00',
  `setup_fee` decimal(15,2) NOT NULL DEFAULT '0.00',
  `equation_enabled` tinyint(3) unsigned NOT NULL DEFAULT '0',
  `equation` varchar(512) NOT NULL,
  `weight_calculation_enabled` tinyint(3) unsigned DEFAULT '0',
  `weight_calculation` varchar(512) DEFAULT NULL,
  `stock_enabled` tinyint(3) unsigned NOT NULL,
  PRIMARY KEY (`id_ppbs_product`)
) ENGINE=MyISAM AUTO_INCREMENT=2 DEFAULT CHARSET=latin1;

--
-- Dumping data for table `ps_ppbs_product`
--

INSERT INTO `ps_ppbs_product` VALUES (1,9,1,0,1,0,'/',0.00,0,0.00,0.00,0.00,0,'',0,'0',0);

--
-- Table structure for table `ps_ppbs_product_field`
--

CREATE TABLE `ps_ppbs_product_field` (
  `id_ppbs_product_field` int(10) unsigned NOT NULL AUTO_INCREMENT,
  `id_ppbs_dimension` int(10) unsigned NOT NULL,
  `id_product` int(10) unsigned NOT NULL,
  `id_shop` int(10) unsigned NOT NULL,
  `id_ppbs_unit` tinyint(3) unsigned NOT NULL DEFAULT '0',
  `min` decimal(10,2) NOT NULL DEFAULT '0.00',
  `max` decimal(10,2) NOT NULL DEFAULT '0.00',
  `default` decimal(10,2) NOT NULL DEFAULT '0.00',
  `ratio` decimal(8,2) unsigned NOT NULL DEFAULT '0.00',
  `step` decimal(8,2) unsigned NOT NULL DEFAULT '0.00',
  `decimals` smallint(5) unsigned NOT NULL DEFAULT '0',
  `input_type` varchar(12) NOT NULL DEFAULT 'textbox',
  `visible` tinyint(3) unsigned NOT NULL,
  `position` smallint(5) unsigned NOT NULL DEFAULT '0',
  PRIMARY KEY (`id_ppbs_product_field`)
) ENGINE=InnoDB DEFAULT CHARSET=utf8;

--
-- Dumping data for table `ps_ppbs_product_field`
--


--
-- Table structure for table `ps_ppbs_product_field_option`
--

CREATE TABLE `ps_ppbs_product_field_option` (
  `id_option` int(10) unsigned NOT NULL AUTO_INCREMENT,
  `id_ppbs_product_field` int(10) unsigned NOT NULL,
  `text` varchar(255) NOT NULL,
  `value` varchar(255) NOT NULL,
  `position` mediumint(8) unsigned NOT NULL DEFAULT '0',
  PRIMARY KEY (`id_option`)
) ENGINE=InnoDB DEFAULT CHARSET=utf8;

--
-- Dumping data for table `ps_ppbs_product_field_option`
--


--
-- Table structure for table `ps_ppbs_stock`
--

CREATE TABLE `ps_ppbs_stock` (
  `id_ppbs_stock` int(11) unsigned NOT NULL AUTO_INCREMENT,
  `id_product` int(10) unsigned NOT NULL,
  `id_product_attribute` int(10) unsigned NOT NULL,
  `id_shop` mediumint(8) unsigned NOT NULL,
  `qty_stock` decimal(6,2) unsigned NOT NULL,
  PRIMARY KEY (`id_ppbs_stock`)
) ENGINE=InnoDB DEFAULT CHARSET=utf8;

--
-- Dumping data for table `ps_ppbs_stock`
--


--
-- Table structure for table `ps_ppbs_translations`
--

CREATE TABLE `ps_ppbs_translations` (
  `id_translation` int(10) unsigned NOT NULL AUTO_INCREMENT,
  `id_language` int(10) unsigned NOT NULL,
  `id_shop` int(10) unsigned NOT NULL,
  `name` varchar(255) NOT NULL,
  `text` text NOT NULL,
  PRIMARY KEY (`id_translation`)
) ENGINE=InnoDB AUTO_INCREMENT=5 DEFAULT CHARSET=utf8;

--
-- Dumping data for table `ps_ppbs_translations`
--

INSERT INTO `ps_ppbs_translations` VALUES (1,1,1,'min_max_error','{min} - {max}'),(2,1,1,'generic_error','check dimensions above'),(3,1,1,'unit_price_suffix','per m2'),(4,1,1,'cart_label','dimensions2');

--
-- Table structure for table `ps_ppbs_unit`
--

CREATE TABLE `ps_ppbs_unit` (
  `id_ppbs_unit` int(10) unsigned NOT NULL AUTO_INCREMENT,
  `name` varchar(255) NOT NULL,
  PRIMARY KEY (`id_ppbs_unit`)
) ENGINE=InnoDB AUTO_INCREMENT=6 DEFAULT CHARSET=utf8;

--
-- Dumping data for table `ps_ppbs_unit`
--

INSERT INTO `ps_ppbs_unit` VALUES (1,'centimeter'),(2,'millimeter'),(3,'meter'),(4,'inch'),(5,'foot');

--
-- Table structure for table `ps_ppbs_unit_lang`
--

CREATE TABLE `ps_ppbs_unit_lang` (
  `id_ppbs_unit` int(10) unsigned NOT NULL,
  `id_lang` smallint(5) unsigned NOT NULL,
  `symbol` varchar(32) NOT NULL,
  PRIMARY KEY (`id_ppbs_unit`,`id_lang`)
) ENGINE=InnoDB DEFAULT CHARSET=utf8;

--
-- Dumping data for table `ps_ppbs_unit_lang`
--

INSERT INTO `ps_ppbs_unit_lang` VALUES (1,1,'cm'),(1,2,'cm'),(1,7,'cm'),(2,1,'mm'),(2,2,'mm'),(2,7,'mm'),(3,1,'m'),(3,2,'m'),(3,7,'m'),(4,1,'\\\"'),(4,2,'\\\"'),(4,7,'\\\"'),(5,1,'ft'),(5,2,'ft'),(5,7,'ft');

--
-- Table structure for table `ps_product`
--

CREATE TABLE `ps_product` (
  `id_product` int(10) unsigned NOT NULL AUTO_INCREMENT,
  `id_supplier` int(10) unsigned DEFAULT NULL,
  `id_manufacturer` int(10) unsigned DEFAULT NULL,
  `id_category_default` int(10) unsigned DEFAULT NULL,
  `id_shop_default` int(10) unsigned NOT NULL DEFAULT '1',
  `id_tax_rules_group` int(11) unsigned NOT NULL,
  `on_sale` tinyint(1) unsigned NOT NULL DEFAULT '0',
  `online_only` tinyint(1) unsigned NOT NULL DEFAULT '0',
  `ean13` varchar(13) DEFAULT NULL,
  `upc` varchar(12) DEFAULT NULL,
  `ecotax` decimal(17,6) NOT NULL DEFAULT '0.000000',
  `quantity` int(10) NOT NULL DEFAULT '0',
  `minimal_quantity` int(10) unsigned NOT NULL DEFAULT '1',
  `price` decimal(20,6) NOT NULL DEFAULT '0.000000',
  `wholesale_price` decimal(20,6) NOT NULL DEFAULT '0.000000',
  `unity` varchar(255) DEFAULT NULL,
  `unit_price_ratio` decimal(20,6) NOT NULL DEFAULT '0.000000',
  `additional_shipping_cost` decimal(20,2) NOT NULL DEFAULT '0.00',
  `reference` varchar(32) DEFAULT NULL,
  `supplier_reference` varchar(32) DEFAULT NULL,
  `location` varchar(64) DEFAULT NULL,
  `width` decimal(20,6) NOT NULL DEFAULT '0.000000',
  `height` decimal(20,6) NOT NULL DEFAULT '0.000000',
  `depth` decimal(20,6) NOT NULL DEFAULT '0.000000',
  `weight` decimal(20,6) NOT NULL DEFAULT '0.000000',
  `out_of_stock` int(10) unsigned NOT NULL DEFAULT '2',
  `quantity_discount` tinyint(1) DEFAULT '0',
  `customizable` tinyint(2) NOT NULL DEFAULT '0',
  `uploadable_files` tinyint(4) NOT NULL DEFAULT '0',
  `text_fields` tinyint(4) NOT NULL DEFAULT '0',
  `active` tinyint(1) unsigned NOT NULL DEFAULT '0',
  `redirect_type` enum('','404','301','302') NOT NULL DEFAULT '',
  `id_product_redirected` int(10) unsigned NOT NULL DEFAULT '0',
  `available_for_order` tinyint(1) NOT NULL DEFAULT '1',
  `available_date` date NOT NULL DEFAULT '0000-00-00',
  `condition` enum('new','used','refurbished') NOT NULL DEFAULT 'new',
  `show_price` tinyint(1) NOT NULL DEFAULT '1',
  `indexed` tinyint(1) NOT NULL DEFAULT '0',
  `visibility` enum('both','catalog','search','none') NOT NULL DEFAULT 'both',
  `cache_is_pack` tinyint(1) NOT NULL DEFAULT '0',
  `cache_has_attachments` tinyint(1) NOT NULL DEFAULT '0',
  `is_virtual` tinyint(1) NOT NULL DEFAULT '0',
  `cache_default_attribute` int(10) unsigned DEFAULT NULL,
  `date_add` datetime NOT NULL,
  `date_upd` datetime NOT NULL,
  `advanced_stock_management` tinyint(1) NOT NULL DEFAULT '0',
  `pack_stock_type` int(11) unsigned NOT NULL DEFAULT '3',
  PRIMARY KEY (`id_product`),
  KEY `product_supplier` (`id_supplier`),
  KEY `product_manufacturer` (`id_manufacturer`,`id_product`),
  KEY `id_category_default` (`id_category_default`),
  KEY `indexed` (`indexed`),
  KEY `date_add` (`date_add`)
) ENGINE=InnoDB AUTO_INCREMENT=2 DEFAULT CHARSET=utf8;

--
-- Dumping data for table `ps_product`
--

INSERT INTO `ps_product` VALUES (1,0,0,2,1,0,0,0,'','',0.000000,0,1,1.000000,0.000000,'',0.000000,0.00,'','','',0.000000,0.000000,0.000000,0.000000,2,0,0,0,0,1,'404',0,1,'0000-00-00','new',1,1,'both',0,0,0,0,'2021-05-04 11:22:26','2021-05-04 11:22:38',0,3);

--
-- Table structure for table `ps_product_attachment`
--

CREATE TABLE `ps_product_attachment` (
  `id_product` int(10) unsigned NOT NULL,
  `id_attachment` int(10) unsigned NOT NULL,
  PRIMARY KEY (`id_product`,`id_attachment`)
) ENGINE=InnoDB DEFAULT CHARSET=utf8;

--
-- Dumping data for table `ps_product_attachment`
--


--
-- Table structure for table `ps_product_attribute`
--

CREATE TABLE `ps_product_attribute` (
  `id_product_attribute` int(10) unsigned NOT NULL AUTO_INCREMENT,
  `id_product` int(10) unsigned NOT NULL,
  `reference` varchar(32) DEFAULT NULL,
  `supplier_reference` varchar(32) DEFAULT NULL,
  `location` varchar(64) DEFAULT NULL,
  `ean13` varchar(13) DEFAULT NULL,
  `upc` varchar(12) DEFAULT NULL,
  `wholesale_price` decimal(20,6) NOT NULL DEFAULT '0.000000',
  `price` decimal(20,6) NOT NULL DEFAULT '0.000000',
  `ecotax` decimal(17,6) NOT NULL DEFAULT '0.000000',
  `quantity` int(10) NOT NULL DEFAULT '0',
  `weight` decimal(20,6) NOT NULL DEFAULT '0.000000',
  `unit_price_impact` decimal(20,6) NOT NULL DEFAULT '0.000000',
  `default_on` tinyint(1) unsigned DEFAULT NULL,
  `minimal_quantity` int(10) unsigned NOT NULL DEFAULT '1',
  `available_date` date NOT NULL DEFAULT '0000-00-00',
  PRIMARY KEY (`id_product_attribute`),
  UNIQUE KEY `product_default` (`id_product`,`default_on`),
  KEY `product_attribute_product` (`id_product`),
  KEY `reference` (`reference`),
  KEY `supplier_reference` (`supplier_reference`),
  KEY `id_product_id_product_attribute` (`id_product_attribute`,`id_product`)
) ENGINE=InnoDB DEFAULT CHARSET=utf8;

--
-- Dumping data for table `ps_product_attribute`
--


--
-- Table structure for table `ps_product_attribute_combination`
--

CREATE TABLE `ps_product_attribute_combination` (
  `id_attribute` int(10) unsigned NOT NULL,
  `id_product_attribute` int(10) unsigned NOT NULL,
  PRIMARY KEY (`id_attribute`,`id_product_attribute`),
  KEY `id_product_attribute` (`id_product_attribute`)
) ENGINE=InnoDB DEFAULT CHARSET=utf8;

--
-- Dumping data for table `ps_product_attribute_combination`
--


--
-- Table structure for table `ps_product_attribute_image`
--

CREATE TABLE `ps_product_attribute_image` (
  `id_product_attribute` int(10) unsigned NOT NULL,
  `id_image` int(10) unsigned NOT NULL,
  PRIMARY KEY (`id_product_attribute`,`id_image`),
  KEY `id_image` (`id_image`)
) ENGINE=InnoDB DEFAULT CHARSET=utf8;

--
-- Dumping data for table `ps_product_attribute_image`
--


--
-- Table structure for table `ps_product_attribute_shop`
--

CREATE TABLE `ps_product_attribute_shop` (
  `id_product` int(10) unsigned NOT NULL,
  `id_product_attribute` int(10) unsigned NOT NULL,
  `id_shop` int(10) unsigned NOT NULL,
  `wholesale_price` decimal(20,6) NOT NULL DEFAULT '0.000000',
  `price` decimal(20,6) NOT NULL DEFAULT '0.000000',
  `ecotax` decimal(17,6) NOT NULL DEFAULT '0.000000',
  `weight` decimal(20,6) NOT NULL DEFAULT '0.000000',
  `unit_price_impact` decimal(20,6) NOT NULL DEFAULT '0.000000',
  `default_on` tinyint(1) unsigned DEFAULT NULL,
  `minimal_quantity` int(10) unsigned NOT NULL DEFAULT '1',
  `available_date` date NOT NULL DEFAULT '0000-00-00',
  PRIMARY KEY (`id_product_attribute`,`id_shop`),
  UNIQUE KEY `id_product` (`id_product`,`id_shop`,`default_on`)
) ENGINE=InnoDB DEFAULT CHARSET=utf8;

--
-- Dumping data for table `ps_product_attribute_shop`
--


--
-- Table structure for table `ps_product_carrier`
--

CREATE TABLE `ps_product_carrier` (
  `id_product` int(10) unsigned NOT NULL,
  `id_carrier_reference` int(10) unsigned NOT NULL,
  `id_shop` int(10) unsigned NOT NULL,
  PRIMARY KEY (`id_product`,`id_carrier_reference`,`id_shop`)
) ENGINE=InnoDB DEFAULT CHARSET=utf8;

--
-- Dumping data for table `ps_product_carrier`
--


--
-- Table structure for table `ps_product_comment`
--

CREATE TABLE `ps_product_comment` (
  `id_product_comment` int(10) unsigned NOT NULL AUTO_INCREMENT,
  `id_product` int(10) unsigned NOT NULL,
  `id_customer` int(10) unsigned NOT NULL,
  `id_guest` int(10) unsigned DEFAULT NULL,
  `title` varchar(64) DEFAULT NULL,
  `content` text NOT NULL,
  `customer_name` varchar(64) DEFAULT NULL,
  `grade` float unsigned NOT NULL,
  `validate` tinyint(1) NOT NULL,
  `deleted` tinyint(1) NOT NULL,
  `date_add` datetime NOT NULL,
  PRIMARY KEY (`id_product_comment`),
  KEY `id_product` (`id_product`),
  KEY `id_customer` (`id_customer`),
  KEY `id_guest` (`id_guest`)
) ENGINE=InnoDB DEFAULT CHARSET=utf8;

--
-- Dumping data for table `ps_product_comment`
--


--
-- Table structure for table `ps_product_comment_criterion`
--

CREATE TABLE `ps_product_comment_criterion` (
  `id_product_comment_criterion` int(10) unsigned NOT NULL AUTO_INCREMENT,
  `id_product_comment_criterion_type` tinyint(1) NOT NULL,
  `active` tinyint(1) NOT NULL,
  PRIMARY KEY (`id_product_comment_criterion`)
) ENGINE=InnoDB AUTO_INCREMENT=2 DEFAULT CHARSET=utf8;

--
-- Dumping data for table `ps_product_comment_criterion`
--

INSERT INTO `ps_product_comment_criterion` VALUES (1,1,1);

--
-- Table structure for table `ps_product_comment_criterion_category`
--

CREATE TABLE `ps_product_comment_criterion_category` (
  `id_product_comment_criterion` int(10) unsigned NOT NULL,
  `id_category` int(10) unsigned NOT NULL,
  PRIMARY KEY (`id_product_comment_criterion`,`id_category`),
  KEY `id_category` (`id_category`)
) ENGINE=InnoDB DEFAULT CHARSET=utf8;

--
-- Dumping data for table `ps_product_comment_criterion_category`
--


--
-- Table structure for table `ps_product_comment_criterion_lang`
--

CREATE TABLE `ps_product_comment_criterion_lang` (
  `id_product_comment_criterion` int(11) unsigned NOT NULL,
  `id_lang` int(11) unsigned NOT NULL,
  `name` varchar(64) NOT NULL,
  PRIMARY KEY (`id_product_comment_criterion`,`id_lang`)
) ENGINE=InnoDB DEFAULT CHARSET=utf8;

--
-- Dumping data for table `ps_product_comment_criterion_lang`
--

INSERT INTO `ps_product_comment_criterion_lang` VALUES (1,1,'Quality'),(1,2,'Quality'),(1,7,'Quality');

--
-- Table structure for table `ps_product_comment_criterion_product`
--

CREATE TABLE `ps_product_comment_criterion_product` (
  `id_product` int(10) unsigned NOT NULL,
  `id_product_comment_criterion` int(10) unsigned NOT NULL,
  PRIMARY KEY (`id_product`,`id_product_comment_criterion`),
  KEY `id_product_comment_criterion` (`id_product_comment_criterion`)
) ENGINE=InnoDB DEFAULT CHARSET=utf8;

--
-- Dumping data for table `ps_product_comment_criterion_product`
--


--
-- Table structure for table `ps_product_comment_grade`
--

CREATE TABLE `ps_product_comment_grade` (
  `id_product_comment` int(10) unsigned NOT NULL,
  `id_product_comment_criterion` int(10) unsigned NOT NULL,
  `grade` int(10) unsigned NOT NULL,
  PRIMARY KEY (`id_product_comment`,`id_product_comment_criterion`),
  KEY `id_product_comment_criterion` (`id_product_comment_criterion`)
) ENGINE=InnoDB DEFAULT CHARSET=utf8;

--
-- Dumping data for table `ps_product_comment_grade`
--


--
-- Table structure for table `ps_product_comment_report`
--

CREATE TABLE `ps_product_comment_report` (
  `id_product_comment` int(10) unsigned NOT NULL,
  `id_customer` int(10) unsigned NOT NULL,
  PRIMARY KEY (`id_product_comment`,`id_customer`)
) ENGINE=InnoDB DEFAULT CHARSET=utf8;

--
-- Dumping data for table `ps_product_comment_report`
--


--
-- Table structure for table `ps_product_comment_usefulness`
--

CREATE TABLE `ps_product_comment_usefulness` (
  `id_product_comment` int(10) unsigned NOT NULL,
  `id_customer` int(10) unsigned NOT NULL,
  `usefulness` tinyint(1) unsigned NOT NULL,
  PRIMARY KEY (`id_product_comment`,`id_customer`)
) ENGINE=InnoDB DEFAULT CHARSET=utf8;

--
-- Dumping data for table `ps_product_comment_usefulness`
--


--
-- Table structure for table `ps_product_country_tax`
--

CREATE TABLE `ps_product_country_tax` (
  `id_product` int(11) NOT NULL,
  `id_country` int(11) NOT NULL,
  `id_tax` int(11) NOT NULL,
  PRIMARY KEY (`id_product`,`id_country`)
) ENGINE=InnoDB DEFAULT CHARSET=utf8;

--
-- Dumping data for table `ps_product_country_tax`
--


--
-- Table structure for table `ps_product_download`
--

CREATE TABLE `ps_product_download` (
  `id_product_download` int(10) unsigned NOT NULL AUTO_INCREMENT,
  `id_product` int(10) unsigned NOT NULL,
  `display_filename` varchar(255) DEFAULT NULL,
  `filename` varchar(255) DEFAULT NULL,
  `date_add` datetime NOT NULL,
  `date_expiration` datetime DEFAULT NULL,
  `nb_days_accessible` int(10) unsigned DEFAULT NULL,
  `nb_downloadable` int(10) unsigned DEFAULT '1',
  `active` tinyint(1) unsigned NOT NULL DEFAULT '1',
  `is_shareable` tinyint(1) unsigned NOT NULL DEFAULT '0',
  PRIMARY KEY (`id_product_download`),
  UNIQUE KEY `id_product` (`id_product`),
  KEY `product_active` (`id_product`,`active`)
) ENGINE=InnoDB DEFAULT CHARSET=utf8;

--
-- Dumping data for table `ps_product_download`
--


--
-- Table structure for table `ps_product_group_reduction_cache`
--

CREATE TABLE `ps_product_group_reduction_cache` (
  `id_product` int(10) unsigned NOT NULL,
  `id_group` int(10) unsigned NOT NULL,
  `reduction` decimal(4,3) NOT NULL,
  PRIMARY KEY (`id_product`,`id_group`)
) ENGINE=InnoDB DEFAULT CHARSET=utf8;

--
-- Dumping data for table `ps_product_group_reduction_cache`
--


--
-- Table structure for table `ps_product_lang`
--

CREATE TABLE `ps_product_lang` (
  `id_product` int(10) unsigned NOT NULL,
  `id_shop` int(11) unsigned NOT NULL DEFAULT '1',
  `id_lang` int(10) unsigned NOT NULL,
  `description` text,
  `description_short` text,
  `link_rewrite` varchar(128) NOT NULL,
  `meta_description` varchar(255) DEFAULT NULL,
  `meta_keywords` varchar(255) DEFAULT NULL,
  `meta_title` varchar(128) DEFAULT NULL,
  `name` varchar(128) NOT NULL,
  `available_now` varchar(255) DEFAULT NULL,
  `available_later` varchar(255) DEFAULT NULL,
  PRIMARY KEY (`id_product`,`id_shop`,`id_lang`),
  KEY `id_lang` (`id_lang`),
  KEY `name` (`name`)
) ENGINE=InnoDB DEFAULT CHARSET=utf8;

--
-- Dumping data for table `ps_product_lang`
--

INSERT INTO `ps_product_lang` VALUES (1,1,1,'','','t','','','','test','',''),(1,1,2,'','','t','','','','test','',''),(1,1,7,'','','t','','','','test','','');

--
-- Table structure for table `ps_product_sale`
--

CREATE TABLE `ps_product_sale` (
  `id_product` int(10) unsigned NOT NULL,
  `quantity` int(10) unsigned NOT NULL DEFAULT '0',
  `sale_nbr` int(10) unsigned NOT NULL DEFAULT '0',
  `date_upd` date NOT NULL,
  PRIMARY KEY (`id_product`),
  KEY `quantity` (`quantity`)
) ENGINE=InnoDB DEFAULT CHARSET=utf8;

--
-- Dumping data for table `ps_product_sale`
--

INSERT INTO `ps_product_sale` VALUES (1,3,2,'2021-05-04');

--
-- Table structure for table `ps_product_shop`
--

CREATE TABLE `ps_product_shop` (
  `id_product` int(10) unsigned NOT NULL,
  `id_shop` int(10) unsigned NOT NULL,
  `id_category_default` int(10) unsigned DEFAULT NULL,
  `id_tax_rules_group` int(11) unsigned NOT NULL,
  `on_sale` tinyint(1) unsigned NOT NULL DEFAULT '0',
  `online_only` tinyint(1) unsigned NOT NULL DEFAULT '0',
  `ecotax` decimal(17,6) NOT NULL DEFAULT '0.000000',
  `minimal_quantity` int(10) unsigned NOT NULL DEFAULT '1',
  `price` decimal(20,6) NOT NULL DEFAULT '0.000000',
  `wholesale_price` decimal(20,6) NOT NULL DEFAULT '0.000000',
  `unity` varchar(255) DEFAULT NULL,
  `unit_price_ratio` decimal(20,6) NOT NULL DEFAULT '0.000000',
  `additional_shipping_cost` decimal(20,2) NOT NULL DEFAULT '0.00',
  `customizable` tinyint(2) NOT NULL DEFAULT '0',
  `uploadable_files` tinyint(4) NOT NULL DEFAULT '0',
  `text_fields` tinyint(4) NOT NULL DEFAULT '0',
  `active` tinyint(1) unsigned NOT NULL DEFAULT '0',
  `redirect_type` enum('','404','301','302') NOT NULL DEFAULT '',
  `id_product_redirected` int(10) unsigned NOT NULL DEFAULT '0',
  `available_for_order` tinyint(1) NOT NULL DEFAULT '1',
  `available_date` date NOT NULL DEFAULT '0000-00-00',
  `condition` enum('new','used','refurbished') NOT NULL DEFAULT 'new',
  `show_price` tinyint(1) NOT NULL DEFAULT '1',
  `indexed` tinyint(1) NOT NULL DEFAULT '0',
  `visibility` enum('both','catalog','search','none') NOT NULL DEFAULT 'both',
  `cache_default_attribute` int(10) unsigned DEFAULT NULL,
  `advanced_stock_management` tinyint(1) NOT NULL DEFAULT '0',
  `date_add` datetime NOT NULL,
  `date_upd` datetime NOT NULL,
  `pack_stock_type` int(11) unsigned NOT NULL DEFAULT '3',
  PRIMARY KEY (`id_product`,`id_shop`),
  KEY `id_category_default` (`id_category_default`),
  KEY `date_add` (`date_add`,`active`,`visibility`),
  KEY `indexed` (`indexed`,`active`,`id_product`)
) ENGINE=InnoDB DEFAULT CHARSET=utf8;

--
-- Dumping data for table `ps_product_shop`
--

INSERT INTO `ps_product_shop` VALUES (1,1,2,0,0,0,0.000000,1,1.000000,0.000000,'',0.000000,0.00,0,0,0,1,'404',0,1,'0000-00-00','new',1,1,'both',0,0,'2021-05-04 11:22:26','2021-05-04 11:22:38',3);

--
-- Table structure for table `ps_product_supplier`
--

CREATE TABLE `ps_product_supplier` (
  `id_product_supplier` int(11) unsigned NOT NULL AUTO_INCREMENT,
  `id_product` int(11) unsigned NOT NULL,
  `id_product_attribute` int(11) unsigned NOT NULL DEFAULT '0',
  `id_supplier` int(11) unsigned NOT NULL,
  `product_supplier_reference` varchar(32) DEFAULT NULL,
  `product_supplier_price_te` decimal(20,6) NOT NULL DEFAULT '0.000000',
  `id_currency` int(11) unsigned NOT NULL,
  PRIMARY KEY (`id_product_supplier`),
  UNIQUE KEY `id_product` (`id_product`,`id_product_attribute`,`id_supplier`),
  KEY `id_supplier` (`id_supplier`,`id_product`)
) ENGINE=InnoDB DEFAULT CHARSET=utf8;

--
-- Dumping data for table `ps_product_supplier`
--


--
-- Table structure for table `ps_product_tag`
--

CREATE TABLE `ps_product_tag` (
  `id_product` int(10) unsigned NOT NULL,
  `id_tag` int(10) unsigned NOT NULL,
  `id_lang` int(10) unsigned NOT NULL,
  PRIMARY KEY (`id_product`,`id_tag`),
  KEY `id_tag` (`id_tag`),
  KEY `id_lang` (`id_lang`,`id_tag`)
) ENGINE=InnoDB DEFAULT CHARSET=utf8;

--
-- Dumping data for table `ps_product_tag`
--


--
-- Table structure for table `ps_profile`
--

CREATE TABLE `ps_profile` (
  `id_profile` int(10) unsigned NOT NULL AUTO_INCREMENT,
  PRIMARY KEY (`id_profile`)
) ENGINE=InnoDB AUTO_INCREMENT=8 DEFAULT CHARSET=utf8;

--
-- Dumping data for table `ps_profile`
--

INSERT INTO `ps_profile` VALUES (1),(2),(3),(4),(5),(6),(7);

--
-- Table structure for table `ps_profile_lang`
--

CREATE TABLE `ps_profile_lang` (
  `id_lang` int(10) unsigned NOT NULL,
  `id_profile` int(10) unsigned NOT NULL,
  `name` varchar(128) NOT NULL,
  PRIMARY KEY (`id_profile`,`id_lang`)
) ENGINE=InnoDB DEFAULT CHARSET=utf8;

--
-- Dumping data for table `ps_profile_lang`
--

INSERT INTO `ps_profile_lang` VALUES (1,1,'SuperAdmin'),(2,1,'SuperAdmin'),(3,1,'SuperAdmin'),(4,1,'SuperAdmin'),(5,1,'SuperAdmin'),(6,1,'SuperAdmin'),(7,1,'SuperAdmin'),(8,1,'SuperAdmin'),(9,1,'SuperAdmin'),(10,1,'SuperAdmin'),(11,1,'SuperAdmin'),(1,2,'Logistician'),(2,2,'Logistician'),(3,2,'Logistician'),(4,2,'Logistician'),(5,2,'Logistician'),(6,2,'Logistician'),(7,2,'Logistician'),(8,2,'Logistician'),(9,2,'Logistician'),(10,2,'Logistician'),(11,2,'Logistician'),(1,3,'Translator'),(2,3,'Translator'),(3,3,'Translator'),(4,3,'Translator'),(5,3,'Translator'),(6,3,'Translator'),(7,3,'Translator'),(8,3,'Translator'),(9,3,'Translator'),(10,3,'Translator'),(11,3,'Translator'),(1,4,'Salesman'),(2,4,'Salesman'),(3,4,'Salesman'),(4,4,'Salesman'),(5,4,'Salesman'),(6,4,'Salesman'),(7,4,'Salesman'),(8,4,'Salesman'),(9,4,'Salesman'),(10,4,'Salesman'),(11,4,'Salesman'),(1,5,'Admin'),(2,5,'Shop Manager'),(3,5,'Shop Manager'),(4,5,'Shop Manager'),(5,5,'Shop Manager'),(6,5,'Shop Manager'),(7,5,'Shop Manager'),(8,5,'Shop Manager'),(9,5,'Shop Manager'),(10,5,'Shop Manager'),(11,5,'Shop Manager'),(1,6,'POS'),(2,6,'POS'),(7,6,'POS'),(1,7,'Manager'),(2,7,'Manager'),(7,7,'Manager');

--
-- Table structure for table `ps_quick_access`
--

CREATE TABLE `ps_quick_access` (
  `id_quick_access` int(10) unsigned NOT NULL AUTO_INCREMENT,
  `new_window` tinyint(1) NOT NULL DEFAULT '0',
  `link` varchar(255) NOT NULL,
  PRIMARY KEY (`id_quick_access`)
) ENGINE=InnoDB AUTO_INCREMENT=33 DEFAULT CHARSET=utf8;

--
-- Dumping data for table `ps_quick_access`
--

INSERT INTO `ps_quick_access` VALUES (6,0,'index.php?controller=AdminModules&configure=productcomments&tab_module=front_office_features&module_name=productcomments'),(7,0,'index.php?controller=AdminModules&configure=loyalty&tab_module=pricing_promotion&module_name=loyalty'),(9,0,'index.php?controller=AdminModules&configure=zeromanager&tab_module=front_office_features&module_name=zeromanager'),(19,0,'index.php?controller=AdminModules&configure=zerocolors&tab_module=front_office_features&module_name=zerocolors'),(20,0,'index.php?controller=AdminModules&configure=zerodeals&tab_module=front_office_features&module_name=zerodeals'),(21,0,'index.php?controller=AdminModules&configure=zerohomepage&tab_module=front_office_features&module_name=zerohomepage'),(22,0,'index.php?controller=AdminModules&configure=zerofeaturedcategories&tab_module=front_office_features&module_name=zerofeaturedcategories'),(23,0,'index.php?controller=AdminModules&configure=zeromenu&tab_module=front_office_features&module_name=zeromenu'),(24,0,'index.php?controller=AdminModules&configure=zeroslideshow&tab_module=front_office_features&module_name=zeroslideshow'),(25,0,'index.php?controller=AdminModules&configure=zerosidebar&tab_module=front_office_features&module_name=zerosidebar'),(26,0,'index.php?controller=AdminModules&configure=zeroproductadditional&tab_module=front_office_features&module_name=zeroproductadditional'),(27,0,'index.php?controller=AdminModules&configure=birthdaycoupon&tab_module=front_office_features&module_name=birthdaycoupon'),(28,0,'index.php?controller=AdminModules&configure=deliverydateswizard&tab_module=checkout&module_name=deliverydateswizard'),(29,0,'index.php?controller=AdminModules&configure=fileuploads&tab_module=front_office_features&module_name=fileuploads'),(30,0,'index.php?controller=AdminModules&configure=blocklayered&tab_module=front_office_features&module_name=blocklayered'),(31,0,'index.php?controller=AdminModules&configure=referralbyphone&tab_module=advertising_marketing&module_name=referralbyphone'),(32,0,'index.php?controller=AdminModules&configure=webcash&tab_module=payments_gateways&module_name=webcash');

--
-- Table structure for table `ps_quick_access_lang`
--

CREATE TABLE `ps_quick_access_lang` (
  `id_quick_access` int(10) unsigned NOT NULL,
  `id_lang` int(10) unsigned NOT NULL,
  `name` varchar(32) NOT NULL,
  PRIMARY KEY (`id_quick_access`,`id_lang`)
) ENGINE=InnoDB DEFAULT CHARSET=utf8;

--
-- Dumping data for table `ps_quick_access_lang`
--

INSERT INTO `ps_quick_access_lang` VALUES (6,1,'Product Comment'),(6,2,'Product Comment'),(6,3,'Product Comment'),(6,4,'Product Comment'),(6,5,'Product Comment'),(6,6,'Product Comment'),(6,7,'Product Comment'),(6,8,'Product Comment'),(6,9,'Product Comment'),(6,10,'Product Comment'),(6,11,'Product Comment'),(7,1,'Loyalty Program'),(7,2,'Loyalty Program'),(7,3,'Loyalty Program'),(7,4,'Loyalty Program'),(7,5,'Loyalty Program'),(7,6,'Loyalty Program'),(7,7,'Loyalty Program'),(7,8,'Loyalty Program'),(7,9,'Loyalty Program'),(7,10,'Loyalty Program'),(7,11,'Loyalty Program'),(9,1,'Theme Manager'),(9,2,'Theme Manager'),(9,7,'Theme Manager'),(9,8,'Theme Manager'),(9,9,'Theme Manager'),(9,10,'Theme Manager'),(9,11,'Theme Manager'),(19,1,'Theme Color and Font'),(19,2,'Theme Color and Font'),(19,7,'Theme Color and Font'),(20,1,'Homepage Daily Deals'),(20,2,'Homepage Daily Deals'),(20,7,'Homepage Daily Deals'),(21,1,'Homepage Contains'),(21,2,'Homepage Contains'),(21,7,'Homepage Contains'),(22,1,'Homepage Features Category'),(22,2,'Homepage Features Category'),(22,7,'Homepage Features Category'),(23,1,'Homepage Menu Bar'),(23,2,'Homepage Menu Bar'),(23,7,'Homepage Menu Bar'),(24,1,'Homepage Slide Picture'),(24,2,'Homepage Slide Picture'),(24,7,'Homepage Slide Picture'),(25,1,'Homepage Sidebar Contains'),(25,2,'Homepage Sidebar Contains'),(25,7,'Homepage Sidebar Contains'),(26,1,'Product Additional Contains'),(26,2,'Product Additional Contains'),(26,7,'Product Additional Contains'),(27,1,'Birthday Configuration'),(27,2,'Birthday Configuration'),(27,7,'Birthday Configuration'),(28,1,'Delivery Date Configuration'),(28,2,'Delivery Date Configuration'),(28,7,'Delivery Date Configuration'),(29,1,'File Upload Configuration'),(29,2,'File Upload Configuration'),(29,7,'File Upload Configuration'),(30,1,'Category Filter'),(30,2,'Category Filter'),(30,7,'Category Filter'),(31,1,'Referral Plus'),(31,2,'Referral Plus'),(31,7,'Referral Plus'),(32,1,'KipplePay'),(32,2,'KipplePay'),(32,7,'KipplePay');

--
-- Table structure for table `ps_quotation`
--

CREATE TABLE `ps_quotation` (
  `id_quotation` int(11) NOT NULL AUTO_INCREMENT,
  `ref_quotation` varchar(255) DEFAULT NULL,
  `id_cart` int(11) NOT NULL,
  `id_customer` int(11) DEFAULT NULL,
  `first_name` varchar(255) NOT NULL,
  `last_name` varchar(255) NOT NULL,
  `email` varchar(255) NOT NULL,
  `phone` varchar(255) DEFAULT NULL,
  `contacted` tinyint(1) NOT NULL,
  `deleted` tinyint(1) NOT NULL,
  `date_add` datetime NOT NULL,
  PRIMARY KEY (`id_quotation`)
) ENGINE=InnoDB DEFAULT CHARSET=utf8;

--
-- Dumping data for table `ps_quotation`
--


--
-- Table structure for table `ps_range_price`
--

CREATE TABLE `ps_range_price` (
  `id_range_price` int(10) unsigned NOT NULL AUTO_INCREMENT,
  `id_carrier` int(10) unsigned NOT NULL,
  `delimiter1` decimal(20,6) NOT NULL,
  `delimiter2` decimal(20,6) NOT NULL,
  PRIMARY KEY (`id_range_price`),
  UNIQUE KEY `id_carrier` (`id_carrier`,`delimiter1`,`delimiter2`)
) ENGINE=InnoDB AUTO_INCREMENT=19 DEFAULT CHARSET=utf8;

--
-- Dumping data for table `ps_range_price`
--

INSERT INTO `ps_range_price` VALUES (1,2,0.000000,10000.000000),(2,20,0.010000,20.000000),(3,20,20.000000,50.000000),(4,20,50.000000,100.000000),(5,20,100.000000,1000.000000),(6,20,1000.000000,10000.000000),(8,21,200.000000,10000.000000),(7,28,0.000000,200.000000),(9,41,200.010000,10000.000000),(10,45,0.000000,200.010000),(11,51,0.000000,200.000000),(12,51,200.000000,10000.000000),(13,58,0.000000,0.100000),(14,87,0.000000,100.000000),(15,87,100.000000,10000.000000),(18,102,0.000000,10000.000000),(16,104,0.000000,200.000000),(17,104,200.000000,10000.000000);

--
-- Table structure for table `ps_range_weight`
--

CREATE TABLE `ps_range_weight` (
  `id_range_weight` int(10) unsigned NOT NULL AUTO_INCREMENT,
  `id_carrier` int(10) unsigned NOT NULL,
  `delimiter1` decimal(20,6) NOT NULL,
  `delimiter2` decimal(20,6) NOT NULL,
  PRIMARY KEY (`id_range_weight`),
  UNIQUE KEY `id_carrier` (`id_carrier`,`delimiter1`,`delimiter2`)
) ENGINE=InnoDB AUTO_INCREMENT=82 DEFAULT CHARSET=utf8;

--
-- Dumping data for table `ps_range_weight`
--

INSERT INTO `ps_range_weight` VALUES (3,8,0.000000,2.000000),(2,12,0.100000,1.000000),(5,13,0.500000,0.750000),(6,13,0.750000,1.000000),(7,13,1.000000,1.250000),(8,13,1.250000,1.500000),(9,13,1.500000,1.750000),(10,13,1.750000,2.000000),(11,13,2.000000,2.500000),(12,13,2.500000,3.000000),(13,17,0.501000,0.750000),(14,17,0.751000,1.000000),(15,17,1.001000,1.250000),(16,17,1.251000,1.500000),(17,17,1.501000,1.750000),(18,17,1.751000,2.000000),(19,17,2.001000,2.500000),(20,17,2.501000,3.000000),(21,26,0.000000,0.500000),(1,26,0.000000,10000.000000),(22,31,0.000000,0.500000),(23,31,0.501000,0.750000),(24,31,0.751000,1.000000),(25,52,0.000000,0.501000),(4,56,0.100000,0.500000),(48,57,0.000000,0.000000),(49,59,0.010000,1.000000),(26,59,0.501000,0.751000),(27,59,0.751000,1.001000),(28,59,1.001000,1.251000),(29,59,1.251000,1.501000),(30,59,1.501000,1.751000),(31,59,1.751000,2.001000),(32,59,2.001000,2.501000),(33,59,2.501000,3.001000),(34,59,3.001000,3.501000),(35,59,3.501000,4.001000),(36,59,4.001000,4.501000),(37,59,4.501000,5.001000),(38,59,5.001000,5.501000),(39,59,5.501000,6.001000),(40,59,6.001000,6.501000),(41,59,6.501000,7.001000),(42,59,7.001000,7.501000),(43,59,7.501000,8.001000),(44,59,8.001000,8.501000),(45,59,8.501000,9.001000),(46,59,9.001000,9.501000),(47,59,9.501000,10.001000),(50,67,0.100000,0.500000),(51,67,0.600000,0.700000),(52,67,0.800000,1.000000),(53,67,1.100000,1.200000),(54,67,1.300000,1.500000),(55,67,1.600000,1.700000),(56,67,1.800000,2.000000),(57,67,2.100000,2.500000),(58,97,0.000000,0.501000),(59,97,0.501000,0.751000),(60,97,0.751000,1.001000),(61,97,1.001000,1.251000),(62,97,1.251000,1.501000),(63,97,1.501000,1.751000),(64,97,1.751000,2.001000),(65,97,2.001000,2.501000),(66,97,2.501000,3.001000),(67,97,3.001000,3.500000),(68,97,3.500000,4.001000),(69,97,4.001000,4.501000),(70,97,4.501000,5.001000),(71,97,5.001000,5.501000),(72,97,5.501000,6.001000),(73,97,6.001000,6.501000),(74,97,6.501000,7.001000),(75,97,7.001000,7.501000),(76,97,7.501000,8.001000),(77,97,8.001000,8.501000),(78,97,8.501000,9.001000),(79,97,9.001000,9.501000),(80,97,9.501000,10.001000),(81,105,0.000000,10000.000000);

--
-- Table structure for table `ps_referralbyphone`
--

CREATE TABLE `ps_referralbyphone` (
  `id_referralbyphone` int(10) unsigned NOT NULL AUTO_INCREMENT,
  `id_sponsor` int(10) unsigned NOT NULL,
  `email` varchar(255) NOT NULL,
  `lastname` varchar(128) NOT NULL,
  `firstname` varchar(128) NOT NULL,
  `id_customer` int(10) unsigned DEFAULT NULL,
  `id_cart_rule` int(10) unsigned DEFAULT NULL,
  `id_cart_rule_sponsor` int(10) unsigned DEFAULT NULL,
  `date_add` datetime NOT NULL,
  `date_upd` datetime NOT NULL,
  PRIMARY KEY (`id_referralbyphone`),
  UNIQUE KEY `index_unique_referralbyphone_email` (`email`)
) ENGINE=InnoDB DEFAULT CHARSET=utf8;

--
-- Dumping data for table `ps_referralbyphone`
--


--
-- Table structure for table `ps_referralprogram`
--

CREATE TABLE `ps_referralprogram` (
  `id_referralprogram` int(10) unsigned NOT NULL AUTO_INCREMENT,
  `id_sponsor` int(10) unsigned NOT NULL,
  `email` varchar(255) NOT NULL,
  `lastname` varchar(128) NOT NULL,
  `firstname` varchar(128) NOT NULL,
  `id_customer` int(10) unsigned DEFAULT NULL,
  `id_cart_rule` int(10) unsigned DEFAULT NULL,
  `id_cart_rule_sponsor` int(10) unsigned DEFAULT NULL,
  `date_add` datetime NOT NULL,
  `date_upd` datetime NOT NULL,
  PRIMARY KEY (`id_referralprogram`),
  UNIQUE KEY `index_unique_referralprogram_email` (`email`)
) ENGINE=InnoDB AUTO_INCREMENT=2 DEFAULT CHARSET=utf8;

--
-- Dumping data for table `ps_referralprogram`
--

INSERT INTO `ps_referralprogram` VALUES (1,6,'kc_alice@yahoo.com','Alice','wong',0,0,0,'2019-09-23 17:12:28','2019-09-23 17:12:28');

--
-- Table structure for table `ps_referrer`
--

CREATE TABLE `ps_referrer` (
  `id_referrer` int(10) unsigned NOT NULL AUTO_INCREMENT,
  `name` varchar(64) NOT NULL,
  `passwd` varchar(32) DEFAULT NULL,
  `http_referer_regexp` varchar(64) DEFAULT NULL,
  `http_referer_like` varchar(64) DEFAULT NULL,
  `request_uri_regexp` varchar(64) DEFAULT NULL,
  `request_uri_like` varchar(64) DEFAULT NULL,
  `http_referer_regexp_not` varchar(64) DEFAULT NULL,
  `http_referer_like_not` varchar(64) DEFAULT NULL,
  `request_uri_regexp_not` varchar(64) DEFAULT NULL,
  `request_uri_like_not` varchar(64) DEFAULT NULL,
  `base_fee` decimal(5,2) NOT NULL DEFAULT '0.00',
  `percent_fee` decimal(5,2) NOT NULL DEFAULT '0.00',
  `click_fee` decimal(5,2) NOT NULL DEFAULT '0.00',
  `date_add` datetime NOT NULL,
  PRIMARY KEY (`id_referrer`)
) ENGINE=InnoDB DEFAULT CHARSET=utf8;

--
-- Dumping data for table `ps_referrer`
--


--
-- Table structure for table `ps_referrer_cache`
--

CREATE TABLE `ps_referrer_cache` (
  `id_connections_source` int(11) unsigned NOT NULL,
  `id_referrer` int(11) unsigned NOT NULL,
  PRIMARY KEY (`id_connections_source`,`id_referrer`)
) ENGINE=InnoDB DEFAULT CHARSET=utf8;

--
-- Dumping data for table `ps_referrer_cache`
--


--
-- Table structure for table `ps_referrer_shop`
--

CREATE TABLE `ps_referrer_shop` (
  `id_referrer` int(10) unsigned NOT NULL AUTO_INCREMENT,
  `id_shop` int(10) unsigned NOT NULL DEFAULT '1',
  `cache_visitors` int(11) DEFAULT NULL,
  `cache_visits` int(11) DEFAULT NULL,
  `cache_pages` int(11) DEFAULT NULL,
  `cache_registrations` int(11) DEFAULT NULL,
  `cache_orders` int(11) DEFAULT NULL,
  `cache_sales` decimal(17,2) DEFAULT NULL,
  `cache_reg_rate` decimal(5,4) DEFAULT NULL,
  `cache_order_rate` decimal(5,4) DEFAULT NULL,
  PRIMARY KEY (`id_referrer`,`id_shop`)
) ENGINE=InnoDB DEFAULT CHARSET=utf8;

--
-- Dumping data for table `ps_referrer_shop`
--


--
-- Table structure for table `ps_request_sql`
--

CREATE TABLE `ps_request_sql` (
  `id_request_sql` int(11) NOT NULL AUTO_INCREMENT,
  `name` varchar(200) NOT NULL,
  `sql` text NOT NULL,
  PRIMARY KEY (`id_request_sql`)
) ENGINE=InnoDB DEFAULT CHARSET=utf8;

--
-- Dumping data for table `ps_request_sql`
--


--
-- Table structure for table `ps_required_field`
--

CREATE TABLE `ps_required_field` (
  `id_required_field` int(11) NOT NULL AUTO_INCREMENT,
  `object_name` varchar(32) NOT NULL,
  `field_name` varchar(32) NOT NULL,
  PRIMARY KEY (`id_required_field`),
  KEY `object_name` (`object_name`)
) ENGINE=InnoDB DEFAULT CHARSET=utf8;

--
-- Dumping data for table `ps_required_field`
--


--
-- Table structure for table `ps_risk`
--

CREATE TABLE `ps_risk` (
  `id_risk` int(11) unsigned NOT NULL AUTO_INCREMENT,
  `percent` tinyint(3) NOT NULL,
  `color` varchar(32) DEFAULT NULL,
  PRIMARY KEY (`id_risk`)
) ENGINE=InnoDB AUTO_INCREMENT=5 DEFAULT CHARSET=utf8;

--
-- Dumping data for table `ps_risk`
--

INSERT INTO `ps_risk` VALUES (1,0,'#32CD32'),(2,35,'#FF8C00'),(3,75,'#DC143C'),(4,100,'#ec2e15');

--
-- Table structure for table `ps_risk_lang`
--

CREATE TABLE `ps_risk_lang` (
  `id_risk` int(10) unsigned NOT NULL,
  `id_lang` int(10) unsigned NOT NULL,
  `name` varchar(20) NOT NULL,
  PRIMARY KEY (`id_risk`,`id_lang`),
  KEY `id_risk` (`id_risk`)
) ENGINE=InnoDB DEFAULT CHARSET=utf8;

--
-- Dumping data for table `ps_risk_lang`
--

INSERT INTO `ps_risk_lang` VALUES (1,1,'None'),(1,2,'None'),(1,3,'None'),(1,4,'None'),(1,5,'None'),(1,6,'None'),(1,7,'None'),(1,8,'None'),(1,9,'None'),(1,10,'None'),(1,11,'None'),(2,1,'Low'),(2,2,'Low'),(2,3,'Low'),(2,4,'Low'),(2,5,'Low'),(2,6,'Low'),(2,7,'Low'),(2,8,'Low'),(2,9,'Low'),(2,10,'Low'),(2,11,'Low'),(3,1,'Medium'),(3,2,'Medium'),(3,3,'Medium'),(3,4,'Medium'),(3,5,'Medium'),(3,6,'Medium'),(3,7,'Medium'),(3,8,'Medium'),(3,9,'Medium'),(3,10,'Medium'),(3,11,'Medium'),(4,1,'High'),(4,2,'High'),(4,3,'High'),(4,4,'High'),(4,5,'High'),(4,6,'High'),(4,7,'High'),(4,8,'High'),(4,9,'High'),(4,10,'High'),(4,11,'High');

--
-- Table structure for table `ps_scene`
--

CREATE TABLE `ps_scene` (
  `id_scene` int(10) unsigned NOT NULL AUTO_INCREMENT,
  `active` tinyint(1) NOT NULL DEFAULT '1',
  PRIMARY KEY (`id_scene`)
) ENGINE=InnoDB DEFAULT CHARSET=utf8;

--
-- Dumping data for table `ps_scene`
--


--
-- Table structure for table `ps_scene_category`
--

CREATE TABLE `ps_scene_category` (
  `id_scene` int(10) unsigned NOT NULL,
  `id_category` int(10) unsigned NOT NULL,
  PRIMARY KEY (`id_scene`,`id_category`)
) ENGINE=InnoDB DEFAULT CHARSET=utf8;

--
-- Dumping data for table `ps_scene_category`
--


--
-- Table structure for table `ps_scene_lang`
--

CREATE TABLE `ps_scene_lang` (
  `id_scene` int(10) unsigned NOT NULL,
  `id_lang` int(10) unsigned NOT NULL,
  `name` varchar(100) NOT NULL,
  PRIMARY KEY (`id_scene`,`id_lang`)
) ENGINE=InnoDB DEFAULT CHARSET=utf8;

--
-- Dumping data for table `ps_scene_lang`
--


--
-- Table structure for table `ps_scene_products`
--

CREATE TABLE `ps_scene_products` (
  `id_scene` int(10) unsigned NOT NULL,
  `id_product` int(10) unsigned NOT NULL,
  `x_axis` int(4) NOT NULL,
  `y_axis` int(4) NOT NULL,
  `zone_width` int(3) NOT NULL,
  `zone_height` int(3) NOT NULL,
  PRIMARY KEY (`id_scene`,`id_product`,`x_axis`,`y_axis`)
) ENGINE=InnoDB DEFAULT CHARSET=utf8;

--
-- Dumping data for table `ps_scene_products`
--


--
-- Table structure for table `ps_scene_shop`
--

CREATE TABLE `ps_scene_shop` (
  `id_scene` int(11) unsigned NOT NULL,
  `id_shop` int(11) unsigned NOT NULL,
  PRIMARY KEY (`id_scene`,`id_shop`),
  KEY `id_shop` (`id_shop`)
) ENGINE=InnoDB DEFAULT CHARSET=utf8;

--
-- Dumping data for table `ps_scene_shop`
--


--
-- Table structure for table `ps_search_engine`
--

CREATE TABLE `ps_search_engine` (
  `id_search_engine` int(10) unsigned NOT NULL AUTO_INCREMENT,
  `server` varchar(64) NOT NULL,
  `getvar` varchar(16) NOT NULL,
  PRIMARY KEY (`id_search_engine`)
) ENGINE=InnoDB AUTO_INCREMENT=39 DEFAULT CHARSET=utf8;

--
-- Dumping data for table `ps_search_engine`
--

INSERT INTO `ps_search_engine` VALUES (1,'google','q'),(2,'aol','q'),(3,'yandex','text'),(4,'ask.com','q'),(5,'nhl.com','q'),(6,'yahoo','p'),(7,'baidu','wd'),(8,'lycos','query'),(9,'exalead','q'),(10,'search.live','q'),(11,'voila','rdata'),(12,'altavista','q'),(13,'bing','q'),(14,'daum','q'),(15,'eniro','search_word'),(16,'naver','query'),(17,'msn','q'),(18,'netscape','query'),(19,'cnn','query'),(20,'about','terms'),(21,'mamma','query'),(22,'alltheweb','q'),(23,'virgilio','qs'),(24,'alice','qs'),(25,'najdi','q'),(26,'mama','query'),(27,'seznam','q'),(28,'onet','qt'),(29,'szukacz','q'),(30,'yam','k'),(31,'pchome','q'),(32,'kvasir','q'),(33,'sesam','q'),(34,'ozu','q'),(35,'terra','query'),(36,'mynet','q'),(37,'ekolay','q'),(38,'rambler','words');

--
-- Table structure for table `ps_search_index`
--

CREATE TABLE `ps_search_index` (
  `id_product` int(11) unsigned NOT NULL,
  `id_word` int(11) unsigned NOT NULL,
  `weight` smallint(4) unsigned NOT NULL DEFAULT '1',
  PRIMARY KEY (`id_word`,`id_product`),
  KEY `id_product` (`id_product`)
) ENGINE=InnoDB DEFAULT CHARSET=utf8;

--
-- Dumping data for table `ps_search_index`
--

INSERT INTO `ps_search_index` VALUES (1,1,6),(1,2,3),(1,3,6),(1,4,3),(1,5,6),(1,6,3);

--
-- Table structure for table `ps_search_word`
--

CREATE TABLE `ps_search_word` (
  `id_word` int(10) unsigned NOT NULL AUTO_INCREMENT,
  `id_shop` int(11) unsigned NOT NULL DEFAULT '1',
  `id_lang` int(10) unsigned NOT NULL,
  `word` varchar(15) NOT NULL,
  PRIMARY KEY (`id_word`),
  UNIQUE KEY `id_lang` (`id_lang`,`id_shop`,`word`)
) ENGINE=InnoDB AUTO_INCREMENT=7 DEFAULT CHARSET=utf8;

--
-- Dumping data for table `ps_search_word`
--

INSERT INTO `ps_search_word` VALUES (2,1,1,'home'),(1,1,1,'test'),(4,1,2,'home'),(3,1,2,'test'),(6,1,7,'home'),(5,1,7,'test');

--
-- Table structure for table `ps_sekeyword`
--

CREATE TABLE `ps_sekeyword` (
  `id_sekeyword` int(10) unsigned NOT NULL AUTO_INCREMENT,
  `id_shop` int(10) unsigned NOT NULL DEFAULT '1',
  `id_shop_group` int(10) unsigned NOT NULL DEFAULT '1',
  `keyword` varchar(256) NOT NULL,
  `date_add` datetime NOT NULL,
  PRIMARY KEY (`id_sekeyword`)
) ENGINE=InnoDB DEFAULT CHARSET=utf8;

--
-- Dumping data for table `ps_sekeyword`
--


--
-- Table structure for table `ps_shop`
--

CREATE TABLE `ps_shop` (
  `id_shop` int(11) unsigned NOT NULL AUTO_INCREMENT,
  `id_shop_group` int(11) unsigned NOT NULL,
  `name` varchar(64) NOT NULL,
  `id_category` int(11) unsigned NOT NULL DEFAULT '1',
  `id_theme` int(1) unsigned NOT NULL,
  `active` tinyint(1) NOT NULL DEFAULT '1',
  `deleted` tinyint(1) NOT NULL DEFAULT '0',
  PRIMARY KEY (`id_shop`),
  KEY `id_shop_group` (`id_shop_group`,`deleted`),
  KEY `id_category` (`id_category`),
  KEY `id_theme` (`id_theme`)
) ENGINE=InnoDB AUTO_INCREMENT=2 DEFAULT CHARSET=utf8;

--
-- Dumping data for table `ps_shop`
--

INSERT INTO `ps_shop` VALUES (1,1,'My shop',2,2,1,0);

--
-- Table structure for table `ps_shop_group`
--

CREATE TABLE `ps_shop_group` (
  `id_shop_group` int(11) unsigned NOT NULL AUTO_INCREMENT,
  `name` varchar(64) NOT NULL,
  `share_customer` tinyint(1) NOT NULL,
  `share_order` tinyint(1) NOT NULL,
  `share_stock` tinyint(1) NOT NULL,
  `active` tinyint(1) NOT NULL DEFAULT '1',
  `deleted` tinyint(1) NOT NULL DEFAULT '0',
  PRIMARY KEY (`id_shop_group`),
  KEY `deleted` (`deleted`,`name`)
) ENGINE=InnoDB AUTO_INCREMENT=2 DEFAULT CHARSET=utf8;

--
-- Dumping data for table `ps_shop_group`
--

INSERT INTO `ps_shop_group` VALUES (1,'Default',0,0,0,1,0);

--
-- Table structure for table `ps_shop_url`
--

CREATE TABLE `ps_shop_url` (
  `id_shop_url` int(11) unsigned NOT NULL AUTO_INCREMENT,
  `id_shop` int(11) unsigned NOT NULL,
  `domain` varchar(150) NOT NULL,
  `domain_ssl` varchar(150) NOT NULL,
  `physical_uri` varchar(64) NOT NULL,
  `virtual_uri` varchar(64) NOT NULL,
  `main` tinyint(1) NOT NULL,
  `active` tinyint(1) NOT NULL,
  PRIMARY KEY (`id_shop_url`),
  UNIQUE KEY `full_shop_url` (`domain`,`physical_uri`,`virtual_uri`),
  UNIQUE KEY `full_shop_url_ssl` (`domain_ssl`,`physical_uri`,`virtual_uri`),
  KEY `id_shop` (`id_shop`,`main`)
) ENGINE=InnoDB AUTO_INCREMENT=2 DEFAULT CHARSET=utf8;

--
-- Dumping data for table `ps_shop_url`
--

INSERT INTO `ps_shop_url` VALUES (1,1,'ezecnow.com','ezecnow.com','/mockup/','',1,1);

--
-- Table structure for table `ps_smarty_cache`
--

CREATE TABLE `ps_smarty_cache` (
  `id_smarty_cache` char(40) NOT NULL,
  `name` char(40) NOT NULL,
  `cache_id` varchar(254) DEFAULT NULL,
  `modified` timestamp NOT NULL DEFAULT CURRENT_TIMESTAMP,
  `content` longtext NOT NULL,
  PRIMARY KEY (`id_smarty_cache`),
  KEY `name` (`name`),
  KEY `cache_id` (`cache_id`),
  KEY `modified` (`modified`)
) ENGINE=InnoDB DEFAULT CHARSET=utf8;

--
-- Dumping data for table `ps_smarty_cache`
--

INSERT INTO `ps_smarty_cache` VALUES ('002aec5d71489a22c9feb0593b9ce84ae082ed6c','1cf27adb5bc846fad4143dd3eda52aea25608d4e','zeromanager|1|1|1|3|136','2021-05-14 07:15:11','<?php /*%%SmartyHeaderCode:6031394606090c2c433a078-57314945%%*/if(!defined(\'SMARTY_DIR\')) exit(\'no direct access allowed\');\n$_valid = $_smarty_tpl->decodeProperties(array (\n  \'file_dependency\' => \n  array (\n    \'1cf27adb5bc846fad4143dd3eda52aea25608d4e\' => \n    array (\n      0 => \'/home/jackieyap/public_html/mockup/modules/zeromanager/views/templates/hook/zeromanager_banner.tpl\',\n      1 => 1572947409,\n      2 => \'file\',\n    ),\n  ),\n  \'nocache_hash\' => \'6031394606090c2c433a078-57314945\',\n  \'version\' => \'Smarty-3.1.19\',\n  \'unifunc\' => \'content_609e237f8a2f27_90063186\',\n  \'has_nocache_code\' => false,\n  \'cache_lifetime\' => 31536000,\n),true); /*/%%SmartyHeaderCode%%*/?>\n<?php if ($_valid && !is_callable(\'content_609e237f8a2f27_90063186\')) {function content_609e237f8a2f27_90063186($_smarty_tpl) {?><div class=\"header-event-banner\" id=\"event_banner\" style=\"background-color: #ffffff;\">\n	<div class=\"container\">\n		<p><marquee> Welcome to EZ e-Commerce Solutions</marquee></p>\n        \n        <div class=\"close-banner\"></div>\n	</div>\n    \n</div>\n\n<?php }} ?>\n'),('0438ae0c853c4fd2f473e7f16b0d66558859fba3','0d7791d426067c64a79c2678888045abe9a2a3e5','zerobrands|1|1|1|3|136','2021-05-14 07:15:11','<?php /*%%SmartyHeaderCode:9766131996090c2c45e8e13-07299112%%*/if(!defined(\'SMARTY_DIR\')) exit(\'no direct access allowed\');\n$_valid = $_smarty_tpl->decodeProperties(array (\n  \'file_dependency\' => \n  array (\n    \'0d7791d426067c64a79c2678888045abe9a2a3e5\' => \n    array (\n      0 => \'/home/jackieyap/public_html/mockup/modules/zerobrands/views/templates/hook/zerobrands.tpl\',\n      1 => 1572947409,\n      2 => \'file\',\n    ),\n  ),\n  \'nocache_hash\' => \'9766131996090c2c45e8e13-07299112\',\n  \'version\' => \'Smarty-3.1.19\',\n  \'unifunc\' => \'content_609e237f9eeac4_24274977\',\n  \'has_nocache_code\' => false,\n  \'cache_lifetime\' => 31536000,\n),true); /*/%%SmartyHeaderCode%%*/?>\n<?php if ($_valid && !is_callable(\'content_609e237f9eeac4_24274977\')) {function content_609e237f9eeac4_24274977($_smarty_tpl) {?>\n<!-- MODULE Zero - Brand Logos -->\n<!-- /MODULE Zero - Brand Logos-->\n<?php }} ?>\n'),('0937f83e215b5a62ab521959a815536b26c3022a','2a7c43141b5a0bee27ba4e079cea7c5f6ad80d99','zeromenu|1|3|3|3|136','2021-05-11 07:01:32','<?php /*%%SmartyHeaderCode:1247143716090c2c3e780d1-18966216%%*/if(!defined(\'SMARTY_DIR\')) exit(\'no direct access allowed\');\n$_valid = $_smarty_tpl->decodeProperties(array (\n  \'file_dependency\' => \n  array (\n    \'2a7c43141b5a0bee27ba4e079cea7c5f6ad80d99\' => \n    array (\n      0 => \'/home/jackieyap/public_html/mockup/modules/zeromenu/views/templates/hook/zeromenu.tpl\',\n      1 => 1572947409,\n      2 => \'file\',\n    ),\n  ),\n  \'nocache_hash\' => \'1247143716090c2c3e780d1-18966216\',\n  \'version\' => \'Smarty-3.1.19\',\n  \'unifunc\' => \'content_609a2bccb2a8a6_01002660\',\n  \'has_nocache_code\' => false,\n  \'cache_lifetime\' => 31536000,\n),true); /*/%%SmartyHeaderCode%%*/?>\n<?php if ($_valid && !is_callable(\'content_609a2bccb2a8a6_01002660\')) {function content_609a2bccb2a8a6_01002660($_smarty_tpl) {?>\n<!-- MODULE Zero - Mega Menu -->\n<div class=\"zmega-menu hidden-xs\">\n<div id=\"zmegamenu\" >\n  <div class=\"mobile-title visible-xs\">Menu</div>\n  <ul class=\"znav-top clearfix\">\n  	<li class=\"m-4 plex \">\n		<a href=\"https://ezecnow.com/mockup/index.php?controller=prices-drop\">Highlight\n		</a>\n				<span class=\"mobile-toggle-plus\"></span>\n		<div class=\"dropdown zdropdown-3\" >\n			<div class=\"dropdown-bgimage\" ></div>\n			\n									<div class=\"dropdown-content zcontent-3 d-3\">\n																			<div class=\"product-line\">					<div class=\"product-item\">\n						<p><a class=\"product_img_link\" href=\"https://ezecnow.com/mockup/index.php?id_product=1&amp;controller=product\" title=\"test\"><img class=\"replace-2x img-responsive\" src=\"https://ezecnow.com/mockup/img/p/en-default-medium_default.jpg\" alt=\"test\" title=\"test\" /></a></p>\n						<h5><a class=\"product-name\" href=\"https://ezecnow.com/mockup/index.php?id_product=1&amp;controller=product\" title=\"\">test</a></h5>\n												<p>    \n                            <span class=\"price product-price\">RM1.00</span>\n                        </p>\n											</div>\n					</div>																	</div>\n								</div>\n			</li>\n  	<li class=\"m-1 plex \">\n		<a href=\"\">Products\n		</a>\n				<span class=\"mobile-toggle-plus\"></span>\n		<div class=\"dropdown zdropdown-1\" style=\"background-color: #E3DFDE;\">\n			<div class=\"dropdown-bgimage\" ></div>\n			\n									<div class=\"dropdown-content zcontent-1 d-1\">\n													\n							</div>\n								</div>\n			</li>\n  	<li class=\"m-8 plex \">\n		<a href=\"https://ezecnow.com/mockup/index.php?fc=module&amp;module=zeroblog&amp;controller=zblog\">Latest News\n		</a>\n				<span class=\"mobile-toggle-plus\"></span>\n		<div class=\"dropdown zdropdown-3\" >\n			<div class=\"dropdown-bgimage\" ></div>\n			\n									<div class=\"dropdown-content zcontent-3 d-6\">\n																</div>\n								</div>\n			</li>\n  	<li class=\"m-5  \">\n		<a href=\"https://ezecnow.com/mockup/index.php?controller=contact\">Contact Us\n		</a>\n			</li>\n    </ul>\n</div>\n</div>\n			\n<!-- /MODULE Zero - Mega Menu -->\n<?php }} ?>\n'),('0f87e9d9a672deb5984c912031c9890a2bbba70e','faf079b48b16d73610ceb645f9c94ac2438618e3','zerosidebar|1|1|1|3|136','2021-05-09 15:59:12','<?php /*%%SmartyHeaderCode:8905596426090c3009f2720-49620382%%*/if(!defined(\'SMARTY_DIR\')) exit(\'no direct access allowed\');\n$_valid = $_smarty_tpl->decodeProperties(array (\n  \'file_dependency\' => \n  array (\n    \'faf079b48b16d73610ceb645f9c94ac2438618e3\' => \n    array (\n      0 => \'/home/jackieyap/public_html/mockup/modules/zerosidebar/views/templates/hook/zerosidebar_right.tpl\',\n      1 => 1572947409,\n      2 => \'file\',\n    ),\n  ),\n  \'nocache_hash\' => \'8905596426090c3009f2720-49620382\',\n  \'version\' => \'Smarty-3.1.19\',\n  \'unifunc\' => \'content_609806d0158e65_45036621\',\n  \'has_nocache_code\' => false,\n  \'cache_lifetime\' => 31536000,\n),true); /*/%%SmartyHeaderCode%%*/?>\n<?php if ($_valid && !is_callable(\'content_609806d0158e65_45036621\')) {function content_609806d0158e65_45036621($_smarty_tpl) {?>\n<!-- MODULE Zero - Sidebar Main Blocks -->\n<!-- /MODULE Zero - Sidebar Main Blocks -->\n<?php }} ?>\n'),('118b29e199337384bf2161e11f9a2794ae248102','b8de94a05594ed28006f96de544847d17861ffc4','zeromanager|1|3|3|3|136','2021-05-11 07:01:32','<?php /*%%SmartyHeaderCode:19231270446090c2c42efea0-73244101%%*/if(!defined(\'SMARTY_DIR\')) exit(\'no direct access allowed\');\n$_valid = $_smarty_tpl->decodeProperties(array (\n  \'file_dependency\' => \n  array (\n    \'b8de94a05594ed28006f96de544847d17861ffc4\' => \n    array (\n      0 => \'/home/jackieyap/public_html/mockup/modules/zeromanager/views/templates/hook/zeromanager_nav.tpl\',\n      1 => 1572947409,\n      2 => \'file\',\n    ),\n  ),\n  \'nocache_hash\' => \'19231270446090c2c42efea0-73244101\',\n  \'version\' => \'Smarty-3.1.19\',\n  \'unifunc\' => \'content_609a2bccbc1097_24209170\',\n  \'has_nocache_code\' => false,\n  \'cache_lifetime\' => 31536000,\n),true); /*/%%SmartyHeaderCode%%*/?>\n<?php if ($_valid && !is_callable(\'content_609a2bccbc1097_24209170\')) {function content_609a2bccbc1097_24209170($_smarty_tpl) {?>\n<!-- zeromanager_nav -->\n\n<div class=\"zmenu-nav nav-megamenu\">\n  <!-- MODULE Zero - Mega Menu -->\n  <ul class=\"znav-top\">\n  	<li>\n		<a href=\"https://ezecnow.com/mockup/index.php?controller=prices-drop\" class=\"link-toggle-plus\">\n			Highlight\n			<span class=\"mobile-toggle-plus\"></span>\n		</a>\n				<div class=\"dropdown\">\n			\n									<div class=\"dropdown-content\">\n																			<div class=\"product-item\">\n						<p><a class=\"product_img_link\" href=\"https://ezecnow.com/mockup/index.php?id_product=1&amp;controller=product\" title=\"test\"><img class=\"replace-2x img-responsive\" src=\"https://ezecnow.com/mockup/img/p/en-default-medium_default.jpg\" alt=\"test\" title=\"test\" /></a></p>\n						<h5><a class=\"product-name\" href=\"https://ezecnow.com/mockup/index.php?id_product=1&amp;controller=product\" title=\"\">test</a></h5>\n												<p>    \n                            <span class=\"price product-price\">RM1.00</span>\n                        </p>\n											</div>\n																	</div>\n								</div>\n			</li>\n  	<li>\n		<a href=\"\" class=\"link-toggle-plus\">\n			Products\n			<span class=\"mobile-toggle-plus\"></span>\n		</a>\n				<div class=\"dropdown\">\n			\n									<div class=\"dropdown-content\">\n													\n							</div>\n								</div>\n			</li>\n  	<li>\n		<a href=\"https://ezecnow.com/mockup/index.php?fc=module&amp;module=zeroblog&amp;controller=zblog\" class=\"link-toggle-plus\">\n			Latest News\n			<span class=\"mobile-toggle-plus\"></span>\n		</a>\n				<div class=\"dropdown\">\n			\n									<div class=\"dropdown-content\">\n																</div>\n								</div>\n			</li>\n  	<li>\n		<a href=\"https://ezecnow.com/mockup/index.php?controller=contact\" >\n			Contact Us\n			<span class=\"mobile-toggle-plus\"></span>\n		</a>\n			</li>\n    </ul>\n<!-- /MODULE Zero - Mega Menu -->\n\n</div>\n\n<div class=\"header-custom-links\">\n    <ul>\n          <li><a href=\"https://ezecnow.com/mockup/index.php?id_cms=3&amp;controller=cms\" title=\"Terms and Conditions \">Terms and Conditions </a></li>\n          <li><a href=\"https://ezecnow.com/mockup/index.php?id_cms=6&amp;controller=cms\" title=\"Private Policy \">Private Policy </a></li>\n          <li><a href=\"https://ezecnow.com/mockup/index.php?id_cms=4&amp;controller=cms\" title=\"About us \">About us </a></li>\n          <li><a href=\"https://ezecnow.com/mockup/index.php?controller=prices-drop\" title=\"Price Drop\">Price Drop</a></li>\n          <li><a href=\"https://ezecnow.com/mockup/index.php?controller=new-products\" title=\"New Products\">New Products</a></li>\n          <li><a href=\"https://ezecnow.com/mockup/index.php?controller=contact\" title=\"Contact us\">Contact us</a></li>\n      </ul>\n  \n  \n</div>\n<!-- /zeromanager_nav -->\n\n<?php }} ?>\n'),('15755a74a8b9b4f3bcd497ac084e235565b79c72','996bc9ab1e858d88a1e6470124335223a77728da','zerosidebar|1|3|3|3|136','2021-05-11 07:01:32','<?php /*%%SmartyHeaderCode:19228853136090c2c3f34189-95373020%%*/if(!defined(\'SMARTY_DIR\')) exit(\'no direct access allowed\');\n$_valid = $_smarty_tpl->decodeProperties(array (\n  \'file_dependency\' => \n  array (\n    \'996bc9ab1e858d88a1e6470124335223a77728da\' => \n    array (\n      0 => \'/home/jackieyap/public_html/mockup/modules/zerosidebar/views/templates/hook/zerosidebar.tpl\',\n      1 => 1572947409,\n      2 => \'file\',\n    ),\n  ),\n  \'nocache_hash\' => \'19228853136090c2c3f34189-95373020\',\n  \'version\' => \'Smarty-3.1.19\',\n  \'unifunc\' => \'content_609a2bccb418c2_97351485\',\n  \'has_nocache_code\' => false,\n  \'cache_lifetime\' => 31536000,\n),true); /*/%%SmartyHeaderCode%%*/?>\n<?php if ($_valid && !is_callable(\'content_609a2bccb418c2_97351485\')) {function content_609a2bccb418c2_97351485($_smarty_tpl) {?>\n<!-- MODULE Zero - Sidebar Main Blocks -->\n<!-- /MODULE Zero - Sidebar Main Blocks -->\n<?php }} ?>\n'),('15907e9aba57aefa3daa8ed17d5527337f393e16','f384846b3c1934035d7e81b8a5cf23138587f2db','zerohomepage|1|1|1|3|136','2021-05-14 07:15:11','<?php /*%%SmartyHeaderCode:5793716346090c2c4034b99-83765976%%*/if(!defined(\'SMARTY_DIR\')) exit(\'no direct access allowed\');\n$_valid = $_smarty_tpl->decodeProperties(array (\n  \'file_dependency\' => \n  array (\n    \'f384846b3c1934035d7e81b8a5cf23138587f2db\' => \n    array (\n      0 => \'/home/jackieyap/public_html/mockup/modules/zerohomepage/views/templates/hook/zerohomepage.tpl\',\n      1 => 1572947409,\n      2 => \'file\',\n    ),\n  ),\n  \'nocache_hash\' => \'5793716346090c2c4034b99-83765976\',\n  \'version\' => \'Smarty-3.1.19\',\n  \'unifunc\' => \'content_609e237f5f6f28_48007111\',\n  \'has_nocache_code\' => false,\n  \'cache_lifetime\' => 31536000,\n),true); /*/%%SmartyHeaderCode%%*/?>\n<?php if ($_valid && !is_callable(\'content_609e237f5f6f28_48007111\')) {function content_609e237f5f6f28_48007111($_smarty_tpl) {?>\n<!-- MODULE Zero - Homepage Main Blocks -->\n<!-- /MODULE Zero - Homepage Main Blocks -->\n<?php }} ?>\n'),('1a9c8c21325fc2fa3fbe2143b3561d5c905f1106','5b02247b4d0c5509947ace319bf9fe3e43f38b0b','zerosidebar|1|1|1|3|136','2021-05-14 07:15:09','<?php /*%%SmartyHeaderCode:3713980596090c2c27ae8b0-47044120%%*/if(!defined(\'SMARTY_DIR\')) exit(\'no direct access allowed\');\n$_valid = $_smarty_tpl->decodeProperties(array (\n  \'file_dependency\' => \n  array (\n    \'5b02247b4d0c5509947ace319bf9fe3e43f38b0b\' => \n    array (\n      0 => \'/home/jackieyap/public_html/mockup/modules/zerosidebar/views/templates/hook/zerosidebar_header.tpl\',\n      1 => 1572947409,\n      2 => \'file\',\n    ),\n  ),\n  \'nocache_hash\' => \'3713980596090c2c27ae8b0-47044120\',\n  \'version\' => \'Smarty-3.1.19\',\n  \'unifunc\' => \'content_609e237d1d8822_93194660\',\n  \'has_nocache_code\' => false,\n  \'cache_lifetime\' => 31536000,\n),true); /*/%%SmartyHeaderCode%%*/?>\n<?php if ($_valid && !is_callable(\'content_609e237d1d8822_93194660\')) {function content_609e237d1d8822_93194660($_smarty_tpl) {?>\n<?php }} ?>\n'),('1cf147e37fe3d256e9d8003bb9bb58a555c07d2b','0d7791d426067c64a79c2678888045abe9a2a3e5','zerobrands|1|3|3|3|136','2021-05-11 07:01:32','<?php /*%%SmartyHeaderCode:9766131996090c2c45e8e13-07299112%%*/if(!defined(\'SMARTY_DIR\')) exit(\'no direct access allowed\');\n$_valid = $_smarty_tpl->decodeProperties(array (\n  \'file_dependency\' => \n  array (\n    \'0d7791d426067c64a79c2678888045abe9a2a3e5\' => \n    array (\n      0 => \'/home/jackieyap/public_html/mockup/modules/zerobrands/views/templates/hook/zerobrands.tpl\',\n      1 => 1572947409,\n      2 => \'file\',\n    ),\n  ),\n  \'nocache_hash\' => \'9766131996090c2c45e8e13-07299112\',\n  \'version\' => \'Smarty-3.1.19\',\n  \'unifunc\' => \'content_609a2bccc2fc79_84806133\',\n  \'has_nocache_code\' => false,\n  \'cache_lifetime\' => 31536000,\n),true); /*/%%SmartyHeaderCode%%*/?>\n<?php if ($_valid && !is_callable(\'content_609a2bccc2fc79_84806133\')) {function content_609a2bccc2fc79_84806133($_smarty_tpl) {?>\n<!-- MODULE Zero - Brand Logos -->\n<!-- /MODULE Zero - Brand Logos-->\n<?php }} ?>\n'),('1e6c9ae4b7133678d49ba5094f5a060a9d38f933','b8de94a05594ed28006f96de544847d17861ffc4','zeromanager|1|1|1|3|136','2021-05-14 07:15:11','<?php /*%%SmartyHeaderCode:19231270446090c2c42efea0-73244101%%*/if(!defined(\'SMARTY_DIR\')) exit(\'no direct access allowed\');\n$_valid = $_smarty_tpl->decodeProperties(array (\n  \'file_dependency\' => \n  array (\n    \'b8de94a05594ed28006f96de544847d17861ffc4\' => \n    array (\n      0 => \'/home/jackieyap/public_html/mockup/modules/zeromanager/views/templates/hook/zeromanager_nav.tpl\',\n      1 => 1572947409,\n      2 => \'file\',\n    ),\n  ),\n  \'nocache_hash\' => \'19231270446090c2c42efea0-73244101\',\n  \'version\' => \'Smarty-3.1.19\',\n  \'unifunc\' => \'content_609e237f87d561_35704870\',\n  \'has_nocache_code\' => false,\n  \'cache_lifetime\' => 31536000,\n),true); /*/%%SmartyHeaderCode%%*/?>\n<?php if ($_valid && !is_callable(\'content_609e237f87d561_35704870\')) {function content_609e237f87d561_35704870($_smarty_tpl) {?>\n<!-- zeromanager_nav -->\n\n<div class=\"zmenu-nav nav-megamenu\">\n  <!-- MODULE Zero - Mega Menu -->\n  <ul class=\"znav-top\">\n  	<li>\n		<a href=\"https://ezecnow.com/mockup/index.php?controller=prices-drop\" class=\"link-toggle-plus\">\n			Highlight\n			<span class=\"mobile-toggle-plus\"></span>\n		</a>\n				<div class=\"dropdown\">\n			\n									<div class=\"dropdown-content\">\n																			<div class=\"product-item\">\n						<p><a class=\"product_img_link\" href=\"https://ezecnow.com/mockup/index.php?id_product=1&amp;controller=product\" title=\"test\"><img class=\"replace-2x img-responsive\" src=\"https://ezecnow.com/mockup/img/p/en-default-medium_default.jpg\" alt=\"test\" title=\"test\" /></a></p>\n						<h5><a class=\"product-name\" href=\"https://ezecnow.com/mockup/index.php?id_product=1&amp;controller=product\" title=\"\">test</a></h5>\n												<p>    \n                            <span class=\"price product-price\">RM1.00</span>\n                        </p>\n											</div>\n																	</div>\n								</div>\n			</li>\n  	<li>\n		<a href=\"\" class=\"link-toggle-plus\">\n			Products\n			<span class=\"mobile-toggle-plus\"></span>\n		</a>\n				<div class=\"dropdown\">\n			\n									<div class=\"dropdown-content\">\n													\n							</div>\n								</div>\n			</li>\n  	<li>\n		<a href=\"https://ezecnow.com/mockup/index.php?fc=module&amp;module=zeroblog&amp;controller=zblog\" class=\"link-toggle-plus\">\n			Latest News\n			<span class=\"mobile-toggle-plus\"></span>\n		</a>\n				<div class=\"dropdown\">\n			\n									<div class=\"dropdown-content\">\n																</div>\n								</div>\n			</li>\n  	<li>\n		<a href=\"https://ezecnow.com/mockup/index.php?controller=contact\" >\n			Contact Us\n			<span class=\"mobile-toggle-plus\"></span>\n		</a>\n			</li>\n    </ul>\n<!-- /MODULE Zero - Mega Menu -->\n\n</div>\n\n<div class=\"header-custom-links\">\n    <ul>\n          <li><a href=\"https://ezecnow.com/mockup/index.php?id_cms=3&amp;controller=cms\" title=\"Terms and Conditions \">Terms and Conditions </a></li>\n          <li><a href=\"https://ezecnow.com/mockup/index.php?id_cms=6&amp;controller=cms\" title=\"Private Policy \">Private Policy </a></li>\n          <li><a href=\"https://ezecnow.com/mockup/index.php?id_cms=4&amp;controller=cms\" title=\"About us \">About us </a></li>\n          <li><a href=\"https://ezecnow.com/mockup/index.php?controller=prices-drop\" title=\"Price Drop\">Price Drop</a></li>\n          <li><a href=\"https://ezecnow.com/mockup/index.php?controller=new-products\" title=\"New Products\">New Products</a></li>\n          <li><a href=\"https://ezecnow.com/mockup/index.php?controller=contact\" title=\"Contact us\">Contact us</a></li>\n      </ul>\n  \n  \n</div>\n<!-- /zeromanager_nav -->\n\n<?php }} ?>\n'),('201e6e9a7086a7fcb626e12a0173908a60847d73','faf079b48b16d73610ceb645f9c94ac2438618e3','zerosidebar|1|3|3|3|136','2021-05-04 03:44:05','<?php /*%%SmartyHeaderCode:8905596426090c3009f2720-49620382%%*/if(!defined(\'SMARTY_DIR\')) exit(\'no direct access allowed\');\n$_valid = $_smarty_tpl->decodeProperties(array (\n  \'file_dependency\' => \n  array (\n    \'faf079b48b16d73610ceb645f9c94ac2438618e3\' => \n    array (\n      0 => \'/home/jackieyap/public_html/mockup/modules/zerosidebar/views/templates/hook/zerosidebar_right.tpl\',\n      1 => 1572947409,\n      2 => \'file\',\n    ),\n  ),\n  \'nocache_hash\' => \'8905596426090c3009f2720-49620382\',\n  \'version\' => \'Smarty-3.1.19\',\n  \'unifunc\' => \'content_6090c30599a935_10795742\',\n  \'has_nocache_code\' => false,\n  \'cache_lifetime\' => 31536000,\n),true); /*/%%SmartyHeaderCode%%*/?>\n<?php if ($_valid && !is_callable(\'content_6090c30599a935_10795742\')) {function content_6090c30599a935_10795742($_smarty_tpl) {?>\n<!-- MODULE Zero - Sidebar Main Blocks -->\n<!-- /MODULE Zero - Sidebar Main Blocks -->\n<?php }} ?>\n'),('27823081dbae930dc89a37a48e426b4efa9475dc','e31897cdcc2981e25ea3683e3f1a03149f5521df','zerohomepage|1|3|3|3|136','2021-05-11 07:01:32','<?php /*%%SmartyHeaderCode:1968055326090c2c45b52e7-48192113%%*/if(!defined(\'SMARTY_DIR\')) exit(\'no direct access allowed\');\n$_valid = $_smarty_tpl->decodeProperties(array (\n  \'file_dependency\' => \n  array (\n    \'e31897cdcc2981e25ea3683e3f1a03149f5521df\' => \n    array (\n      0 => \'/home/jackieyap/public_html/mockup/modules/zerohomepage/views/templates/hook/zerohomepage_top.tpl\',\n      1 => 1572947409,\n      2 => \'file\',\n    ),\n  ),\n  \'nocache_hash\' => \'1968055326090c2c45b52e7-48192113\',\n  \'version\' => \'Smarty-3.1.19\',\n  \'unifunc\' => \'content_609a2bccc1e817_73569517\',\n  \'has_nocache_code\' => false,\n  \'cache_lifetime\' => 31536000,\n),true); /*/%%SmartyHeaderCode%%*/?>\n<?php if ($_valid && !is_callable(\'content_609a2bccc1e817_73569517\')) {function content_609a2bccc1e817_73569517($_smarty_tpl) {?>\n<!-- MODULE Zero - Homepage Main Blocks -->\n<!-- /MODULE Zero - Homepage Main Blocks -->\n<?php }} ?>\n'),('29a0349099c6863d490e0e0d188400d8d045de31','9d26a60c810b2197de0b10c2934bd1c2be7e5491','zeroblog|1|1|1|3|136','2021-05-14 07:15:11','<?php /*%%SmartyHeaderCode:12080939596090c2c4624565-42581817%%*/if(!defined(\'SMARTY_DIR\')) exit(\'no direct access allowed\');\n$_valid = $_smarty_tpl->decodeProperties(array (\n  \'file_dependency\' => \n  array (\n    \'9d26a60c810b2197de0b10c2934bd1c2be7e5491\' => \n    array (\n      0 => \'/home/jackieyap/public_html/mockup/modules/zeroblog/views/templates/hook/zposts_home.tpl\',\n      1 => 1572947409,\n      2 => \'file\',\n    ),\n  ),\n  \'nocache_hash\' => \'12080939596090c2c4624565-42581817\',\n  \'version\' => \'Smarty-3.1.19\',\n  \'unifunc\' => \'content_609e237fa40fb1_37525178\',\n  \'has_nocache_code\' => false,\n  \'cache_lifetime\' => 31536000,\n),true); /*/%%SmartyHeaderCode%%*/?>\n<?php if ($_valid && !is_callable(\'content_609e237fa40fb1_37525178\')) {function content_609e237fa40fb1_37525178($_smarty_tpl) {?>\n<!-- Latest Posts Block -->\n<!-- /Latest Posts Block -->\n<?php }} ?>\n'),('37a80c310196f3dcabeea3bb105e83037a76ed07','65de915ef2646ba64fa392beed9ca2494ada2dc6','zerocolors|1|3|3|3|136','2021-05-11 07:01:32','<?php /*%%SmartyHeaderCode:8582447146090c2c2757a66-09502261%%*/if(!defined(\'SMARTY_DIR\')) exit(\'no direct access allowed\');\n$_valid = $_smarty_tpl->decodeProperties(array (\n  \'file_dependency\' => \n  array (\n    \'65de915ef2646ba64fa392beed9ca2494ada2dc6\' => \n    array (\n      0 => \'/home/jackieyap/public_html/mockup/modules/zerocolors/views/templates/hook/zerocolors.tpl\',\n      1 => 1572947409,\n      2 => \'file\',\n    ),\n  ),\n  \'nocache_hash\' => \'8582447146090c2c2757a66-09502261\',\n  \'version\' => \'Smarty-3.1.19\',\n  \'unifunc\' => \'content_609a2bcc9e60e6_58240976\',\n  \'has_nocache_code\' => false,\n  \'cache_lifetime\' => 31536000,\n),true); /*/%%SmartyHeaderCode%%*/?>\n<?php if ($_valid && !is_callable(\'content_609a2bcc9e60e6_58240976\')) {function content_609a2bcc9e60e6_58240976($_smarty_tpl) {?>\n<!-- Zero Colors -->\n<link href=\"https://fonts.googleapis.com/css?family=Raleway:300,400&display=swap\" rel=\"stylesheet\">\r\n<link href=\"https://fonts.googleapis.com/css2?family=Just+Another+Hand&display=swap\" rel=\"stylesheet\">\r\n<link href=\"https://fonts.googleapis.com/css2?family=Patrick+Hand&display=swap\" rel=\"stylesheet\">\r\n<link href=\"https://fonts.googleapis.com/css2?family=Gochi+Hand&display=swap\" rel=\"stylesheet\">\r\n<link href=\"https://fonts.googleapis.com/css?family=Ubuntu&display=swap\" rel=\"stylesheet\">\n<style type=\"text/css\">.content_scene_cat .content_scene, #cms #center_column #admin-action-cms p .button.lnk_view, table#product_comparison tbody tr td.td_empty, table#product_comparison tbody tr td.feature-name, table#product_comparison tbody tr.comparison_header, table#product_comparison .remove a, .form-control, body, p.info-title, .dark, .btn.button-plus, .btn.button-minus, .btn.button-plus:hover, .btn.button-plus:focus, .btn.button-plus:active, .btn.button-minus:hover, .btn.button-minus:focus, .btn.button-minus:active, .button.exclusive-medium, .button.exclusive-medium:hover, .button.lnk_view, .table > thead > tr > th, .content_sortPagiBar .display li.display-title, .content_sortPagiBar .display_m li.display-title, .top-pagination-content ul.pagination li > a, .top-pagination-content ul.pagination li > span, .bottom-pagination-content ul.pagination li > a, .bottom-pagination-content ul.pagination li > span, .listcomment .titlecomment, .listcomment .txtcomment, .breadcrumb .breadcrumb-wrapper a, .cart_delete a.cart_quantity_delete, a.price_discount_delete, #cart_summary tbody td.cart_unit ul.price li.price, #cart_summary tfoot td.text-right, #cart_summary tfoot tbody td.cart_unit, #cart_summary tbody tfoot td.cart_unit, #cart_summary tfoot tbody td.cart_total, #cart_summary tbody tfoot td.cart_total, .cart_voucher .title-offers, #multishipping_mode_box .title, .order_carrier_content .carrier_title, a.iframe, p.payment_module a, p.payment_module a span, #pagenotfound .pagenotfound h1, #pagenotfound .pagenotfound h3, .fancybox-skin .fancybox-close, .table tfoot strong, #maintenance h1, .shopping_cart > a:first-child b, .cart_block .product-atributes a, #layer_cart .layer_cart_cart .title, #layer_cart .cross, #contact_block p.tel, form#searchbox label, .sf-menu li li li a:hover, .sf-menu > li > ul > li > a, #module-blockwishlist-mywishlist .wishlistLinkTop ul.display_list a, #product_comments_block_extra .comments_note span, .comments_advices a, .comments_advices a:hover, #new_comment_form, #new_comment_form .product .product_desc, #product_comments_block_tab div.comment .comment_details ul li:before, #product_comments_block_tab .comment_author_infos strong, .button.lnk_view:hover, .button.lnk_view:focus, .button.lnk_view:active, .button.lnk_view.active, div.selector span, #order-opc .title_block, .pb-left-column #image-block #view_full_size .span_link:after, #view_scroll_left:before,   #view_scroll_right:before, #usefull_link_block li#favoriteproducts_block_extra_remove:before, #usefull_link_block li#favoriteproducts_block_extra_add:before, #usefull_link_block li#favoriteproducts_block_extra_removed:before, #usefull_link_block li#favoriteproducts_block_extra_added:before, #product p#loyalty b, #attributes .attribute_list .form-control option, .table-data-sheet tr td:first-child, table.table-product-discounts tr th, #quantity_wanted_p input, #quantityAvailable, #pQuantityAvailable span, #send_friend_form .form_container p.intro_form, ul.product_base_list .product-flags, .thumbs_banner .space-keeper a.prev, .thumbs_banner .space-keeper a.next, #listpage_content div.tree_top a:before, #stores label, .slick-dots li button:before {color: #717171} .pagination > li > a:hover, .pagination > li > a:focus, .pagination > li > span:hover, .pagination > li > span:focus, .pager li > a:hover, .pager li > a:focus, #home-page-tabs > li.active a, #home-page-tabs > li a:hover, .cat-title:hover, #homepage-slider .bx-wrapper .bx-controls-direction a:hover:before, .ie8 #homepage-slider .bx-wrapper .bx-controls-direction a:before, #new_comment_form .title {background-color: #717171} .cart_block dd .cart_block_customizations {border-top-color: #717171} #center_column .page_product_box h3, label, .product-name, .product-name a, #home-page-tabs > li a, .block .title_block, .block h4, .block .title_block > a, .block h4 > a, .page-heading, h3.page-product-heading, .cart_voucher h4, #layer_cart .crossseling h2, #new_comment_form .product .product_desc .product_name, #productscategory_list .product-name a, .zpost .name, #footer .footer-main h3, #footer .footer-main h4, .nav-tabs > li > a, .nav-tabs > li.active > a, .nav-tabs > li.active > a:hover, .nav-tabs > li.active > a:focus, .zaccordions .panel .title_panel, .zaccordions .panel .title_panel a, .rte .banner1 span:first-of-type, .znav-top > li > a, #send_friend_form .product .product_desc .product_name, .st-menu-title {color: #555555} .content_scene_cat .content_scene .cat_desc a, a, .btn-link, .table td a.color-myaccount, .page-heading span.heading-counter, .content_sortPagiBar .display li a:hover i, .content_sortPagiBar .display_m li a:hover i, .content_sortPagiBar .display li.selected i, .content_sortPagiBar .display_m li.selected i, .cart_voucher #display_cart_vouchers span, p.payment_module a.cheque:after, p.payment_module a.bankwire:after, p.payment_module a.cash:after, #footer .about-us [class^=\"icon-\"]:before, .rte .feature, .rte .feature2, #my-account ul.myaccount-link-list li a i {color: #717171} div.uploader span.action, .btn-default, .btn-default.disabled, .btn-default.disabled:hover, .btn-default.disabled:focus, .btn-default.disabled:active, .btn-default.disabled.active, .btn-default[disabled], .btn-default[disabled]:hover, .btn-default[disabled]:focus, .btn-default[disabled]:active, .btn-default[disabled].active, fieldset[disabled] .btn-default, fieldset[disabled] .btn-default:hover, fieldset[disabled] .btn-default:focus, fieldset[disabled] .btn-default:active, fieldset[disabled] .btn-default.active, input.button_mini:hover, input.button_small:hover, input.button:hover, input.button_large:hover, input.exclusive_mini:hover, input.exclusive_small:hover, input.exclusive:hover, input.exclusive_large:hover, a.button_mini:hover, a.button_small:hover, a.button:hover, a.button_large:hover, a.exclusive_mini:hover, a.exclusive_small:hover, a.exclusive:hover, a.exclusive_large:hover, .button.button-small, .button.ajax_add_to_cart_button, .top-pagination-content ul.pagination li.active > span, .bottom-pagination-content ul.pagination li.active > span, .shopping_cart > a:first-child, .currencies-block-content ul li.selected span, #languages-block-top ul li.selected span, #searchbox .btn.button-search, a.zrss, #footer .social-link .social-icons a:hover, #footer .social-link .social-icons a:active, #footer .social-link .social-icons a:focus, .rte .banner3:hover, .rte .feature:hover, .rte .feature2:hover, .box-info-product .exclusive, ul.product_base_list .hover-box .wishlist a, ul.product_base_list .hover-box .compare a, ul.product_base_list .hover-box .quickview a, #nprogress .bar, .languages-block-top ul li.selected span, .currencies-block-content ul li.selected span {background-color: #717171} .nav .open > a, .nav .open > a:hover, .nav .open > a:focus, a.thumbnail:hover, a.thumbnail:focus, .top-pagination-content ul.pagination li.active > span, .bottom-pagination-content ul.pagination li.active > span, .rte .feature:hover, .rte .feature2:hover, #thumbs_list li a:hover, #thumbs_list li a.shown {border-color: #717171} .nav .caret, #nprogress .spinner-icon {border-top-color: #717171} .nav .caret {border-bottom-color: #717171} #nprogress .spinner-icon {border-left-color: #717171} .button.button-small:hover, .button.button-small:focus, .button.button-small:active, .button.ajax_add_to_cart_button:hover, .button.ajax_add_to_cart_button:focus, .button.ajax_add_to_cart_button:active, .shopping_cart > a:first-child:hover, #layer_cart .layer_cart_cart .button-container .btn.continue:hover, #searchbox .btn.button-search:hover, .zmenu-nav ul li a > sup, #footer .scroll-top:hover a, .btn-default:hover, .btn-default:focus, .btn-default:active, .btn-default.active, .znav-top > li > a > sup, .zero-popupnewsletter .newsletter-form .button:hover, .box-info-product .exclusive:hover, .box-info-product .exclusive:focus, .box-info-product .exclusive:active, ul.product_base_list .hover-box .wishlist a:hover, ul.product_base_list .hover-box .compare a:hover, ul.product_base_list .hover-box .quickview a:hover {background-color: #ffd358} .header-order-detail .free-ship-text, .st-menu-close:hover {color: #ffd358} .content_scene_cat .content_scene .cat_desc a:hover, #cms #center_column #admin-action-cms p span, table#product_comparison .remove a:hover, table#product_comparison .comparison_unit_price, a:hover, a:focus, .btn-link:hover, .btn-link:focus, .product-name a:hover, .price, .product-price, .special-price, .product-price.special-price, ul.step li.step_current, .breadcrumb .breadcrumb-wrapper a:hover, .cart_delete a.cart_quantity_delete:hover, a.price_discount_delete:hover, #cart_summary tbody td.cart_total .price, #cart_summary tfoot td#total_price_container, .cart_voucher #display_cart_vouchers span:hover, #instant_search_results a.close:hover, .fancybox-skin .fancybox-close:hover, .cart_block .cart_block_list .remove_link a:hover, .cart_block .cart_block_list .ajax_cart_block_remove_link:hover, #layer_cart .layer_cart_cart .ajax_block_cart_total, #layer_cart .cross:hover, #categories_block_left li span.grower:hover + a, #categories_block_left li a:hover, #categories_block_left li a.selected, .sf-menu > li > ul > li > a:hover, #wishlist_block .ajax_cart_block_remove_link:hover, #module-blockwishlist-mywishlist .wishlistLinkTop ul.display_list a:hover, .block_wishlist_extra #wishlist_button_nopop:hover, #product_comments_block_tab div.comment .comment_details .title_block, #product_comments_block_tab div.comment .comment_details .comment-useful .total-advice, #productscategory_list .product-name a:hover, .zpost .name:hover, #zblog-category li a:hover, #zblog-category li a.selected, .zerodeals-countdown span, .header-services ul > li .icon, .header-services ul > li [class^=\"icon-\"], .header-custom-links ul li .icon, .header-custom-links ul li [class^=\"icon-\"], .header-sidebar-login ul li .icon, .header-sidebar-login ul li [class^=\"icon-\"], .rte .feature2, .nivo-controlNav a, .theme-default .nivo-directionNav a, #my-account ul.myaccount-link-list li a:hover i, #order-opc .page-heading.step-num span, #view_scroll_left:hover:before, #view_scroll_right:hover:before, p.our_price_display, p.our_price_display .price, #listpage_content div.tree_top a:hover:before {color: #717171} .button.ajax_add_to_cart_button.added > span:after, .price-percent-reduction, .shopping_cart .ajax_cart_quantity, #layer_cart .layer_cart_cart .button-container .btn.continue, #categories_block_left ul.tree > li > span.grower:hover + a:before, #categories_block_left ul.tree > li > a:hover:before, #zblog-category > .block_content > ul > li > a:hover:before, a.zrss:hover, .zmenu-nav ul li a:hover:before, #footer .scroll-top a, .rte .feature2:hover, .znav-top .category-item li a:hover:before, .zero-popupnewsletter .newsletter-form .button, .zero-popupnewsletter .newsletter-close, .box-info-product .exclusive.added:after, .slick-prev, .slick-next {background-color: #717171} #categories_block_left ul.tree > li > span.grower:hover + a:before, #categories_block_left ul.tree > li > a:hover:before, #zblog-category > .block_content > ul > li > a:hover:before, .zmenu-nav ul li a:hover:before, .rte .feature2:hover, .znav-top .category-item li a:hover:before, .rte .banner2 a:before {border-color: #717171} .nav a:hover .caret {border-top-color: #717171} .nav a:hover .caret {border-bottom-color: #717171} .zmega-menu {background-color: #ffffff} .button.ajax_add_to_cart_button, .btn-default, .box-info-product .exclusive, .button.button-small, ul.product_base_list .hover-box .wishlist a, ul.product_base_list .hover-box .compare a, ul.product_base_list .hover-box .quickview a {background-color: #717171} .button.ajax_add_to_cart_button:hover, .btn-default:hover, .box-info-product .exclusive:hover, .button.button-small:hover, ul.product_base_list .hover-box .wishlist a:hover, ul.product_base_list .hover-box .compare a:hover, ul.product_base_list .hover-box .quickview a:hover {background-color: #ffd358} .content_scene_cat span.category-name, #cms #center_column #admin-action-cms p .button, table#product_comparison tbody tr td.td_empty > span, .button.button-small, .button.lnk_view, .price, #home-page-tabs > li a, .block .products-block .price-percent-reduction, .page-heading span.heading-counter, #cart_summary tfoot td.total_price_container span, #cart_summary tfoot td#total_price_container, .cart_voucher h4, #pagenotfound .pagenotfound h1, #pagenotfound .pagenotfound p, #facebook_block h4, #cmsinfo_block h3, #maintenance h1, #maintenance #message, #layer_cart .layer_cart_product .title, #layer_cart .layer_cart_cart .title, #contact_block p.tel, .sf-menu > li > a, .sf-menu > li > ul > li > a, .zmega-menu .mobile-title, #my-account ul.myaccount-link-list li a, table#product_comparison .comparison_unit_price, body, #center_column .page_product_box h3, .product-name, .block .title_block .view-all-link, .block h4 .view-all-link, #instant_search_results a.close, .product-heading-h5, p.our_price_display, #reduction_percent span, #reduction_amount span {font-family: Ubuntu} h1, h2, h3, h4, h5, h6, .h1, .h2, .h3, .h4, .h5, .h6, .page-subheading, #footer .footer-main h3, #footer .footer-main h4, .znav-top > li > a, .nivo-caption h1, .nivo-caption h2, .nivo-caption h3, .block .title_block, .block h4, .page-heading, h3.page-product-heading, #layer_cart .crossseling h2, .nav-tabs > li > a, .zaccordions .panel .title_panel, .znav-top .category-item .category-title a, .st-menu-title {font-family: Ubuntu} body {font-size: 15px} </style>\n\n<?php }} ?>\n'),('4f5abfa855c5f417bc007d5589120e48f4c43a4b','713dbc1f1a6f3309372308d5f73d7200cccead85','zerohomepage|1|1|1|3|136','2021-05-14 07:15:09','<?php /*%%SmartyHeaderCode:20914494656090c2c27d3e09-86608811%%*/if(!defined(\'SMARTY_DIR\')) exit(\'no direct access allowed\');\n$_valid = $_smarty_tpl->decodeProperties(array (\n  \'file_dependency\' => \n  array (\n    \'713dbc1f1a6f3309372308d5f73d7200cccead85\' => \n    array (\n      0 => \'/home/jackieyap/public_html/mockup/modules/zerohomepage/views/templates/hook/zerohomepage_header.tpl\',\n      1 => 1572947409,\n      2 => \'file\',\n    ),\n  ),\n  \'nocache_hash\' => \'20914494656090c2c27d3e09-86608811\',\n  \'version\' => \'Smarty-3.1.19\',\n  \'unifunc\' => \'content_609e237d2e6f65_71998634\',\n  \'has_nocache_code\' => false,\n  \'cache_lifetime\' => 31536000,\n),true); /*/%%SmartyHeaderCode%%*/?>\n<?php if ($_valid && !is_callable(\'content_609e237d2e6f65_71998634\')) {function content_609e237d2e6f65_71998634($_smarty_tpl) {?>\n<style type=\"text/css\">.row.no-gutters {\r\n  margin-right: 0;\r\n  margin-left: 0;\r\n}\r\n.row.no-gutters > [class^=\"col-\"],\r\n.row.no-gutters > [class*=\" col-\"] {\r\n  padding-right: 0;\r\n  padding-left: 0;\r\n}\r\n\r\n.whatsappBlock a {\r\n    border-radius: 20px;\r\n    height: 40px;\r\n    padding: 5px 15px 5px 10px;\r\n}\r\n\r\n.header-sidebar-login ul li a.logout {\r\n    padding: 0 10px;\r\n    margin-left: 0px;\r\n    line-height: 28px;\r\n    display: inline-block;\r\n    border: 2px solid;\r\n    border-radius: 3px;\r\n}\r\n\r\nheader .header-login .account {\r\n    display: block;\r\n    padding: 0px 10px;\r\n    border: 2px solid;\r\n    height: 35px;\r\n    line-height: 32px;\r\n    margin-top: 23px;\r\n    background: #ffffff;\r\n    color: #717171;\r\n    font size: 14px;\r\n    border-radius: 5px;\r\n    transition: all 0.3s;\r\n}\r\n\r\nheader .header-login .account:hover {\r\n    background: #ffd358;\r\n    color: #ffffff;\r\nborder: 2px solid #ffd358;\r\n}\r\n\r\nheader .header-left-nav .nav-icon:hover {\r\n    color: #ffd358\r\n}\r\n\r\n.rte img {\r\nborder-radius: 10px;\r\n}\r\n\r\n.zerofeaturedcategories .category-block .category-image img:hover {\r\n	opacity:0.7;\r\n}\r\n\r\ninput {\r\n    padding: 0 10px;\r\n    height: 35px;\r\n    line-height: 31px;\r\n    border: 1px solid #c7c7c7;\r\n    -moz-border-radius: 5px;\r\n    -webkit-border-radius: 5px;\r\n    border-radius: 5px;\r\n    -webkit-box-shadow: none;\r\n    box-shadow: none;\r\n}\r\n\r\n#total_frinds_tab, #total_orders_tab, #total_loyalty_tab {\r\n border-radius: 5px;\r\n}\r\n\r\n.referral_voucher {\r\n border-radius: 5px;\r\n}\r\n\r\n.alert-warning {\r\n  border-radius: 5px;\r\n}\r\n\r\nzero-popupnewsletter .popup-content{\r\npadding: 0;\r\nborder: none;\r\nbackground-color: transparent !important;\r\nbackground-image: none !important;\r\noverflow: hidden;\r\n}\r\n\r\n.zero-popupnewsletter .newsletter-form .noshow{\r\nwidth: 100%;\r\n}\r\n\r\n.zero-popupnewsletter .newsletter-form .noshow a{\r\npadding: 0 !important;\r\nfont-size: 9px !important;\r\n}\r\n\r\n.zero-popupnewsletter .newsletter-form .noshow .icon{\r\nfont-size: 12px;\r\n}\r\n\r\n.zero-popupnewsletter .newsletter-content, .zero-popupnewsletter .newsletter-form{\r\nmax-width: 100%;\r\n}\r\n\r\n.zero-popupnewsletter .newsletter-form{\r\nmargin-top: -5px;\r\n}\r\n\r\n.zero-popupnewsletter .newsletter-content p{\r\nmargin: 0;\r\n}\r\n\r\n.zero-popupnewsletter .popup-content {\r\n    padding: 0px 0px;\r\n    border: 0px;\r\n}\r\n\r\n.fancybox-skin, .fancybox-image{\r\nborder-radius: 3rem;\r\n}\r\n\r\n.zero-popupnewsletter .newsletter-form .noshow a {\r\ncolor: inherit;\r\ntext-decoration: none;\r\nfont-size:10px;\r\npadding: 40px;\r\n}\r\n\r\n.fancybox-inner {\r\noverflow: hidden;\r\nborder-radius: 10px;\r\n}\r\n\r\n.zerofeaturedcategories .category-block .category-image img:hover {\r\n	opacity:0.7;\r\n}\r\n\r\nheader .main-header #header_logo img.logo:hover {\r\n	opacity:0.7;\r\n}\r\n\r\n\r\n\r\n.header-sidebar-login ul li a.logout {\r\n    padding: 0 10px;\r\n    margin-left: 0px;\r\n    line-height: 28px;\r\n    display: inline-block;\r\n    border: 2px solid;\r\n    border-radius: 3px;\r\n}\r\n\r\nheader .header-login .account {\r\n    display: block;\r\n    padding: 0px 10px;\r\n    border: 2px solid;\r\n    height: 35px;\r\n    line-height: 32px;\r\n    margin-top: 23px;\r\n    background: #ffffff;\r\n    color: #717171;\r\n    font size: 14px;\r\n    border-radius: 5px;\r\n    transition: all 0.3s;\r\n}\r\n\r\nheader .header-login .account:hover {\r\n    background: #ffd358;\r\n    color: #ffffff;\r\nborder: 2px solid #ffd358;\r\n}\r\n\r\nheader .header-left-nav .nav-icon:hover {\r\n    color: #ffd358\r\n}\r\n\r\n#wkpos-header {\r\n    height: 54px;\r\n    background: #E9869B;\r\n    color: white;\r\n    display: flex;\r\n}\r\n\r\n#pQuantityAvailable span {\r\n    color: #E9869B;\r\n}\r\n\r\n.slide-products-related {\r\n    height: 200px;\r\n    opacity: 1;\r\n}\r\n\r\n.zerofeaturedcategories .category-block .category-image img:hover {\r\n	opacity:0.7;\r\n}\r\n\r\ninput {\r\n    padding: 0 10px;\r\n    height: 35px;\r\n    line-height: 31px;\r\n    border: 1px solid #c7c7c7;\r\n    -moz-border-radius: 5px;\r\n    -webkit-border-radius: 5px;\r\n    border-radius: 5px;\r\n    -webkit-box-shadow: none;\r\n    box-shadow: none;\r\nmax-width: 100%;\r\n}\r\n\r\n#total_frinds_tab, #total_orders_tab, #total_loyalty_tab {\r\n border-radius: 5px;\r\n}\r\n\r\n.referral_voucher {\r\n border-radius: 5px;\r\n}\r\n\r\n.alert-warning {\r\n  border-radius: 5px;\r\n}\r\n\r\ndiv.zhqrcode {\r\npadding: 15px;\r\n	opacity:0.7;\r\n}\r\ndiv.zhqrcode:hover {\r\n	opacity:0.5;\r\n}\r\n\r\n#usefull_link_block a{\r\n    color: #1877F2;\r\n}\r\n\r\n#usefull_link_block b{\r\n    color: #717171;\r\n    font-size: 10px;\r\n}\r\n\r\nli.print {\r\n visibility: hidden;\r\n}\r\n\r\n\r\n#usefull_link_block {\r\n    padding: 10px 4%;\r\npadding-bottom: 0px;\r\n    margin-top: 15px;\r\n    margin-bottom: 15px;\r\nmargin-left: 0px;\r\nmargin-right: 0px;\r\n    border: 1px dashed #c7c7c7;\r\n    -moz-border-radius: 5px;\r\n    -webkit-border-radius: 5px;\r\n    border-radius: 5px;\r\n}\r\n\r\ndiv.row.qrbox {\r\n    padding: 10px 4%;\r\npadding-bottom: 0px;\r\npadding-top: 0px;\r\n    margin-top: 15px;\r\n    margin-bottom: 15px;\r\nmargin-left: 0px;\r\nmargin-right: 0px;\r\n    border: 1px dashed #c7c7c7;\r\n    -moz-border-radius: 5px;\r\n    -webkit-border-radius: 5px;\r\n    border-radius: 5px;\r\n}\r\n\r\ndiv.row.qrbox col-xs-12 col-sm-7 {\r\npadding: 0px;\r\n}\r\n\r\nul.product_base_list .color-list-container ul.color_to_pick_list {\r\n    height: 200%;\r\n}\r\n\r\nli a:hover{\r\n	opacity:0.7;\r\n}\r\n\r\n.rte img {\r\nborder-radius: 5px;\r\n}\r\n\r\n.ytp-cued-thumbnail-overlay-image {\r\nborder-radius: 5px;\r\n}\r\n\r\n.product-image-container .fade:nth-child(2), .product-box .product-image .fade:nth-child(2), .product-image-container .fade.ybc_img_hover, .product-box .product-image .fade.ybc_img_hover {\r\n    transition: all 1s ease 0s;\r\n    -moz-transition: all 1s ease 0s;\r\n    -webkit-transition: all 1s ease 0s;\r\n    -o-transition: all 1s ease 0s;\r\n}\r\n\r\n.zerofeaturedcategories .category-block .category-image img:hover {\r\ntransition: transform 3s;\r\ntransform: scale(1.1);\r\n}\r\n\r\ntextarea#addname.form-control {\r\nheight: 35px;\r\n}\r\n\r\ntextarea#addcontact.form-control {\r\nheight: 35px;\r\n}\r\n\r\n#usefull_link_block {\r\n    border: none;\r\n}\r\n\r\n#usefull_link_block li#left_share_fb a {\r\n    padding-left: 30px;\r\n}\r\n\r\n#usefull_link_block li {\r\n    width: 60%;\r\n}</style>\n<?php }} ?>\n'),('508974c5e587d7efee72b35d701d3c5a4b354f16','77c6b955db879dd62ee0fd5530a9cec52fd4c9e6','blocksearch-top|1|3|3|3|136','2021-05-11 07:01:32','<?php /*%%SmartyHeaderCode:15824558176090c2c3df84c1-98655821%%*/if(!defined(\'SMARTY_DIR\')) exit(\'no direct access allowed\');\n$_valid = $_smarty_tpl->decodeProperties(array (\n  \'file_dependency\' => \n  array (\n    \'77c6b955db879dd62ee0fd5530a9cec52fd4c9e6\' => \n    array (\n      0 => \'/home/jackieyap/public_html/mockup/themes/zro03/modules/blocksearch/blocksearch-top.tpl\',\n      1 => 1572947410,\n      2 => \'file\',\n    ),\n  ),\n  \'nocache_hash\' => \'15824558176090c2c3df84c1-98655821\',\n  \'version\' => \'Smarty-3.1.19\',\n  \'unifunc\' => \'content_609a2bccaee840_95731126\',\n  \'has_nocache_code\' => false,\n  \'cache_lifetime\' => 31536000,\n),true); /*/%%SmartyHeaderCode%%*/?>\n<?php if ($_valid && !is_callable(\'content_609a2bccaee840_95731126\')) {function content_609a2bccaee840_95731126($_smarty_tpl) {?><!-- Block search module TOP -->\n<div id=\"search_block_top\" class=\"hidden-xs\">\n	<form id=\"searchbox\" method=\"get\" action=\"//ezecnow.com/mockup/index.php?controller=search\" >\n		<input type=\"hidden\" name=\"controller\" value=\"search\" />\n		<input type=\"hidden\" name=\"orderby\" value=\"position\" />\n		<input type=\"hidden\" name=\"orderway\" value=\"desc\" />\n		<input class=\"search_query form-control\" type=\"text\" id=\"search_query_top\" name=\"search_query\" placeholder=\"Search here\" value=\"\" />\n		<button type=\"submit\" name=\"submit_search\" class=\"btn button-search\">\n			<span>Search</span>\n		</button>\n	</form>\n</div>\n<!-- /Block search module TOP --><?php }} ?>\n'),('5b0315668d744ad50c64b7ba260ecacc2df48c3b','828b8dc20d098b5efd837a0872e22e2547ef5223','zeromanager|1|3|3|3|136','2021-05-11 07:01:32','<?php /*%%SmartyHeaderCode:7638606786090c2c26d02b4-80304595%%*/if(!defined(\'SMARTY_DIR\')) exit(\'no direct access allowed\');\n$_valid = $_smarty_tpl->decodeProperties(array (\n  \'file_dependency\' => \n  array (\n    \'828b8dc20d098b5efd837a0872e22e2547ef5223\' => \n    array (\n      0 => \'/home/jackieyap/public_html/mockup/modules/zeromanager/views/templates/hook/zeromanager_header.tpl\',\n      1 => 1572947409,\n      2 => \'file\',\n    ),\n  ),\n  \'nocache_hash\' => \'7638606786090c2c26d02b4-80304595\',\n  \'version\' => \'Smarty-3.1.19\',\n  \'unifunc\' => \'content_609a2bcc9bbd96_71048117\',\n  \'has_nocache_code\' => false,\n  \'cache_lifetime\' => 31536000,\n),true); /*/%%SmartyHeaderCode%%*/?>\n<?php if ($_valid && !is_callable(\'content_609a2bcc9bbd96_71048117\')) {function content_609a2bcc9bbd96_71048117($_smarty_tpl) {?>\n<?php }} ?>\n'),('5ecadfa2ec7d138059b44d2093c9ad3dbd88b015','5ee669557517e3131a2718fcfa6304790b6e663d','zeropopupnewsletter|1|3|3|3|136','2021-05-11 07:01:32','<?php /*%%SmartyHeaderCode:19667927386090c2c4084381-66208233%%*/if(!defined(\'SMARTY_DIR\')) exit(\'no direct access allowed\');\n$_valid = $_smarty_tpl->decodeProperties(array (\n  \'file_dependency\' => \n  array (\n    \'5ee669557517e3131a2718fcfa6304790b6e663d\' => \n    array (\n      0 => \'/home/jackieyap/public_html/mockup/modules/zeropopupnewsletter/views/templates/hook/zeropopupnewsletter.tpl\',\n      1 => 1609738562,\n      2 => \'file\',\n    ),\n  ),\n  \'nocache_hash\' => \'19667927386090c2c4084381-66208233\',\n  \'version\' => \'Smarty-3.1.19\',\n  \'unifunc\' => \'content_609a2bccb64827_05734637\',\n  \'has_nocache_code\' => false,\n  \'cache_lifetime\' => 31536000,\n),true); /*/%%SmartyHeaderCode%%*/?>\n<?php if ($_valid && !is_callable(\'content_609a2bccb64827_05734637\')) {function content_609a2bccb64827_05734637($_smarty_tpl) {?>\n<!-- MODULE Zero - Popup Newsletter -->\n<div class=\"zero-popupnewsletter\" id=\"zero_newsletter\">\n<div class=\"popup-content\" style=\"width:350px; min-height:450px;background-color:#ffffff;background-image:url(\'/mockup/modules/zeropopupnewsletter/views/img/bgImages/\');\">\n	<div class=\"clearfix newsletter-content\">\n		<h3 style=\"text-align: center;\"><span style=\"color: #4a4a4a;\"><img src=\"https://ezecnow.com/mockup/img/cms/EZ-Square.png\" width=\"101\" height=\"100\" /></span></h3>\r\n<h3 style=\"text-align: center;\"><span style=\"color: #4a4a4a;\">Your Best e-Commerce Solution<br />Partner In Town</span></h3>\n	</div>\n	<div class=\"newsletter-form\">\n		<form action=\"\" method=\"post\" id=\"zero_newsletter_form\">\n			<input type=\"hidden\" name=\"action\" value=\"0\" />\n			<input type=\"hidden\" name=\"submitNewsletter\" value=\"1\" />\n			<div class=\"message\"></div>\n			<p class=\"noshow\"><a href=\"#no-thanks\" class=\"nothanks\"><i class=\"icon icon-minus-sign\"></i>Do not show this popup again.</a></p>\n		</form>\n	</div>\n</div>\n</div>\n\n<script type=\"text/javascript\">\n$(window).load(function () {\n	zeroNewsletterLoad(\'/mockup/modules/zeropopupnewsletter/ajax_subcribe.php\', 0);\n});\n</script>\n<!-- /MODULE Zero - Popup Newsletter -->\n<?php }} ?>\n'),('5ed6c28a74bbb7dac30ff03bbafd5f655705db09','9ca0e3585bd84f923ccf24d67909b7e0f98104fc','crossselling|shoppingcart|1|1|3|3|3|136','2021-05-04 04:38:40','<?php /*%%SmartyHeaderCode:18254971676090c2c9d0a6f3-36125356%%*/if(!defined(\'SMARTY_DIR\')) exit(\'no direct access allowed\');\n$_valid = $_smarty_tpl->decodeProperties(array (\n  \'file_dependency\' => \n  array (\n    \'9ca0e3585bd84f923ccf24d67909b7e0f98104fc\' => \n    array (\n      0 => \'/home/jackieyap/public_html/mockup/themes/zro03/modules/crossselling/crossselling.tpl\',\n      1 => 1572947410,\n      2 => \'file\',\n    ),\n  ),\n  \'nocache_hash\' => \'18254971676090c2c9d0a6f3-36125356\',\n  \'version\' => \'Smarty-3.1.19\',\n  \'unifunc\' => \'content_6090cfd0e91848_23497514\',\n  \'has_nocache_code\' => false,\n  \'cache_lifetime\' => 31536000,\n),true); /*/%%SmartyHeaderCode%%*/?>\n<?php if ($_valid && !is_callable(\'content_6090cfd0e91848_23497514\')) {function content_6090cfd0e91848_23497514($_smarty_tpl) {?><?php }} ?>\n'),('6cc70c2c9dc4e3a8c73ac6107230af34cf361fe5','996bc9ab1e858d88a1e6470124335223a77728da','zerosidebar|1|1|1|3|136','2021-05-14 07:15:11','<?php /*%%SmartyHeaderCode:19228853136090c2c3f34189-95373020%%*/if(!defined(\'SMARTY_DIR\')) exit(\'no direct access allowed\');\n$_valid = $_smarty_tpl->decodeProperties(array (\n  \'file_dependency\' => \n  array (\n    \'996bc9ab1e858d88a1e6470124335223a77728da\' => \n    array (\n      0 => \'/home/jackieyap/public_html/mockup/modules/zerosidebar/views/templates/hook/zerosidebar.tpl\',\n      1 => 1572947409,\n      2 => \'file\',\n    ),\n  ),\n  \'nocache_hash\' => \'19228853136090c2c3f34189-95373020\',\n  \'version\' => \'Smarty-3.1.19\',\n  \'unifunc\' => \'content_609e237f5d7b05_42570320\',\n  \'has_nocache_code\' => false,\n  \'cache_lifetime\' => 31536000,\n),true); /*/%%SmartyHeaderCode%%*/?>\n<?php if ($_valid && !is_callable(\'content_609e237f5d7b05_42570320\')) {function content_609e237f5d7b05_42570320($_smarty_tpl) {?>\n<!-- MODULE Zero - Sidebar Main Blocks -->\n<!-- /MODULE Zero - Sidebar Main Blocks -->\n<?php }} ?>\n'),('709eeaf7f65c2df205ad9935627bd2eae92a9417','3aa69fbdd7016fbf218258231425356345d6e687','zerohomepage|1|1|1|3|136','2021-05-14 07:15:11','<?php /*%%SmartyHeaderCode:13638430896090c2c4607636-47398819%%*/if(!defined(\'SMARTY_DIR\')) exit(\'no direct access allowed\');\n$_valid = $_smarty_tpl->decodeProperties(array (\n  \'file_dependency\' => \n  array (\n    \'3aa69fbdd7016fbf218258231425356345d6e687\' => \n    array (\n      0 => \'/home/jackieyap/public_html/mockup/modules/zerohomepage/views/templates/hook/zerohomepage_bottom.tpl\',\n      1 => 1572947409,\n      2 => \'file\',\n    ),\n  ),\n  \'nocache_hash\' => \'13638430896090c2c4607636-47398819\',\n  \'version\' => \'Smarty-3.1.19\',\n  \'unifunc\' => \'content_609e237fa0e290_53522524\',\n  \'has_nocache_code\' => false,\n  \'cache_lifetime\' => 31536000,\n),true); /*/%%SmartyHeaderCode%%*/?>\n<?php if ($_valid && !is_callable(\'content_609e237fa0e290_53522524\')) {function content_609e237fa0e290_53522524($_smarty_tpl) {?>\n<!-- MODULE Zero - Homepage Main Blocks -->\n<!-- /MODULE Zero - Homepage Main Blocks -->\n<?php }} ?>\n'),('969a394bd53471b26784a271d599e7b03ccb47e4','fac95e190050647f7923b47f81be3d815db12729','zeromenu|1|3|3|3|136','2021-05-11 07:01:32','<?php /*%%SmartyHeaderCode:6991644956090c2c4276521-70728120%%*/if(!defined(\'SMARTY_DIR\')) exit(\'no direct access allowed\');\n$_valid = $_smarty_tpl->decodeProperties(array (\n  \'file_dependency\' => \n  array (\n    \'fac95e190050647f7923b47f81be3d815db12729\' => \n    array (\n      0 => \'/home/jackieyap/public_html/mockup/modules/zeromenu/views/templates/hook/zeromenu_nav.tpl\',\n      1 => 1572947409,\n      2 => \'file\',\n    ),\n  ),\n  \'nocache_hash\' => \'6991644956090c2c4276521-70728120\',\n  \'version\' => \'Smarty-3.1.19\',\n  \'unifunc\' => \'content_609a2bccbbc117_72285814\',\n  \'has_nocache_code\' => false,\n  \'cache_lifetime\' => 31536000,\n),true); /*/%%SmartyHeaderCode%%*/?>\n<?php if ($_valid && !is_callable(\'content_609a2bccbbc117_72285814\')) {function content_609a2bccbbc117_72285814($_smarty_tpl) {?>\n<!-- MODULE Zero - Mega Menu -->\n  <ul class=\"znav-top\">\n  	<li>\n		<a href=\"https://ezecnow.com/mockup/index.php?controller=prices-drop\" class=\"link-toggle-plus\">\n			Highlight\n			<span class=\"mobile-toggle-plus\"></span>\n		</a>\n				<div class=\"dropdown\">\n			\n									<div class=\"dropdown-content\">\n																			<div class=\"product-item\">\n						<p><a class=\"product_img_link\" href=\"https://ezecnow.com/mockup/index.php?id_product=1&amp;controller=product\" title=\"test\"><img class=\"replace-2x img-responsive\" src=\"https://ezecnow.com/mockup/img/p/en-default-medium_default.jpg\" alt=\"test\" title=\"test\" /></a></p>\n						<h5><a class=\"product-name\" href=\"https://ezecnow.com/mockup/index.php?id_product=1&amp;controller=product\" title=\"\">test</a></h5>\n												<p>    \n                            <span class=\"price product-price\">RM1.00</span>\n                        </p>\n											</div>\n																	</div>\n								</div>\n			</li>\n  	<li>\n		<a href=\"\" class=\"link-toggle-plus\">\n			Products\n			<span class=\"mobile-toggle-plus\"></span>\n		</a>\n				<div class=\"dropdown\">\n			\n									<div class=\"dropdown-content\">\n													\n							</div>\n								</div>\n			</li>\n  	<li>\n		<a href=\"https://ezecnow.com/mockup/index.php?fc=module&amp;module=zeroblog&amp;controller=zblog\" class=\"link-toggle-plus\">\n			Latest News\n			<span class=\"mobile-toggle-plus\"></span>\n		</a>\n				<div class=\"dropdown\">\n			\n									<div class=\"dropdown-content\">\n																</div>\n								</div>\n			</li>\n  	<li>\n		<a href=\"https://ezecnow.com/mockup/index.php?controller=contact\" >\n			Contact Us\n			<span class=\"mobile-toggle-plus\"></span>\n		</a>\n			</li>\n    </ul>\n<!-- /MODULE Zero - Mega Menu -->\n<?php }} ?>\n'),('9f58a09c5e2287c486d497547ac7c276e5f5ce6f','17493f278b1935d5a5e0c7599d0e94f78506395c','zerodeals||1|3|3|3|136','2021-05-11 07:01:32','<?php /*%%SmartyHeaderCode:17900398766090c2c443ea71-69789280%%*/if(!defined(\'SMARTY_DIR\')) exit(\'no direct access allowed\');\n$_valid = $_smarty_tpl->decodeProperties(array (\n  \'file_dependency\' => \n  array (\n    \'17493f278b1935d5a5e0c7599d0e94f78506395c\' => \n    array (\n      0 => \'/home/jackieyap/public_html/mockup/modules/zerodeals/views/templates/hook/zerodeals_top.tpl\',\n      1 => 1572947409,\n      2 => \'file\',\n    ),\n    \'509585e2579e62715a6964a709de8acd6cd0c3ad\' => \n    array (\n      0 => \'/home/jackieyap/public_html/mockup/modules/zerodeals/views/templates/hook/product-list.tpl\',\n      1 => 1572947409,\n      2 => \'file\',\n    ),\n    \'58037ae542f2a978cc8d0c46f78fb59f51a14452\' => \n    array (\n      0 => \'/home/jackieyap/public_html/mockup/themes/zro03/product-list.tpl\',\n      1 => 1574001691,\n      2 => \'file\',\n    ),\n  ),\n  \'nocache_hash\' => \'17900398766090c2c443ea71-69789280\',\n  \'version\' => \'Smarty-3.1.19\',\n  \'unifunc\' => \'content_609a2bccc12356_55285043\',\n  \'has_nocache_code\' => false,\n  \'cache_lifetime\' => 31536000,\n),true); /*/%%SmartyHeaderCode%%*/?>\n<?php if ($_valid && !is_callable(\'content_609a2bccc12356_55285043\')) {function content_609a2bccc12356_55285043($_smarty_tpl) {?>\n<!-- MODULE Zero - Daily Deals -->\n<div class=\"zerodeals clearfix\">\n    <div class=\"container\">\n      <div class=\"block\">\n        <p class=\"title_block\">Today\'s Deals <span class=\"dline\"></span></p>\n        <div class=\"block_content\">\n            \n<div class=\"product_list_wrapper\">\n	\n<ul id=\"product_list\" class=\"product_list product_base_list  list\">\n	<li class=\"ajax_block_product base_product\">\n		<div class=\"product-container\" itemscope itemtype=\"https://schema.org/Product\">\n			<div class=\"left-block\">\n				<div class=\"product-image-container\">\n					<a class=\"product_img_link\" href=\"https://ezecnow.com/mockup/index.php?id_product=1&amp;controller=product\">\n						<img class=\"replace-2x img-responsive\" src=\"https://ezecnow.com/mockup/img/p/en-default-large_default.jpg\" alt=\"test\"  width=\"455\" height=\"455\" itemprop=\"image\" />\n						\n					</a>\n					<div class=\"label-box\">\n													<a class=\"new-box\" href=\"https://ezecnow.com/mockup/index.php?id_product=1&amp;controller=product\">\n								<span class=\"new-label\">New</span>\n							</a>\n																	</div>\n										<div class=\"quickview for-list-mode\">\n						<a class=\"quick-view ajax_quick_view\" href=\"https://ezecnow.com/mockup/index.php?id_product=1&amp;controller=product\" rel=\"https://ezecnow.com/mockup/index.php?id_product=1&amp;controller=product\" title=\"Quick View\" data-toggle=\"tooltip\" data-placement=\"top\">\n							<span>Quick View</span>\n						</a>\n					</div>\n									</div>\n				<div class=\"hover-box\">\n										\n										<div class=\"quickview\">\n						<a class=\"quick-view ajax_quick_view\" href=\"https://ezecnow.com/mockup/index.php?id_product=1&amp;controller=product\" rel=\"https://ezecnow.com/mockup/index.php?id_product=1&amp;controller=product\">\n							<span>Quick View</span>\n						</a>\n					</div>\n									</div>\n								\n			</div>\n			<div class=\"right-block\">\n                <h5 itemprop=\"name\">\n                                        <a class=\"product-name\" href=\"https://ezecnow.com/mockup/index.php?id_product=1&amp;controller=product\" title=\"test\" itemprop=\"url\" >\n                        test\n                    </a>\n                </h5>\n                <div class=\"grid-bottom\">\n                    <div class=\"grid-left-bottom\">\n                                                    <div class=\"content_price\" itemprop=\"offers\" itemscope itemtype=\"https://schema.org/Offer\">\n                                                                    \n                                    <meta itemprop=\"priceCurrency\" content=\"MYR\" />\n                                    <meta itemprop=\"price\" content=\"1\" />\n                                                                            <span class=\"price product-price\">\n                                            RM1.00                                        </span>\n                                                                                                                <link itemprop=\"availability\" href=\"https://schema.org/InStock\" />\n                                                                        \n                                    \n                                    \n                                                            </div>\n                                                \n                    </div>\n\n                    <div class=\"button-container button-grid\">\n                                                                                <a class=\"button ajax_add_to_cart_button btn btn-default\" href=\"https://ezecnow.com/mockup/index.php?controller=cart&amp;add=1&amp;id_product=1&amp;token=7dab893824dd5f9cf476217ac5305e28\" rel=\"nofollow\" title=\"Add to cart\" data-id-product-attribute=\"0\" data-id-product=\"1\" data-minimal_quantity=\"1\">\n                                <span>Buy</span>\n                            </a>\n                                            </div>\n                </div>\n\n                                                            <span class=\"availability\">\n                                                            <span class=\"label-success\">\n                                                                                                                        In Stock\n                                                                                                            </span>\n                                                    </span>\n                                                    <div class=\"product-flags\">\n                                                                                                    </div>\n                \n                				\n				<p class=\"product-desc\" itemprop=\"description\">\n					\n				</p>\n									<div class=\"color-list-container\"></div>\n								\n                <div class=\"absolute-bottom\">\n                    <div class=\"button-container button-list\">\n                                                                                <a class=\"button ajax_add_to_cart_button btn btn-default\" href=\"https://ezecnow.com/mockup/index.php?controller=cart&amp;add=1&amp;id_product=1&amp;token=7dab893824dd5f9cf476217ac5305e28\" rel=\"nofollow\" title=\"Add to cart\" data-id-product-attribute=\"0\" data-id-product=\"1\" data-minimal_quantity=\"1\">\n                                <span><i class=\"icon icon-plus\"></i> Add to cart</span>\n                            </a>\n                                            </div>\n                    <div class=\"functional-buttons clearfix\">\n                        \n                                            </div>\n                </div>\n			</div>\n		</div><!-- .product-container> -->\n	</li>\n</ul>\n\n\n\n\n\n</div>\n\n        </div>			\n      </div>\n    </div>\n</div>\n<!-- /MODULE Zero - Daily Deals -->\n<?php }} ?>\n'),('a1d13b24fbff2bb0d3021ef9aff498c2fc2c1bc2','5b02247b4d0c5509947ace319bf9fe3e43f38b0b','zerosidebar|1|3|3|3|136','2021-05-11 07:01:32','<?php /*%%SmartyHeaderCode:3713980596090c2c27ae8b0-47044120%%*/if(!defined(\'SMARTY_DIR\')) exit(\'no direct access allowed\');\n$_valid = $_smarty_tpl->decodeProperties(array (\n  \'file_dependency\' => \n  array (\n    \'5b02247b4d0c5509947ace319bf9fe3e43f38b0b\' => \n    array (\n      0 => \'/home/jackieyap/public_html/mockup/modules/zerosidebar/views/templates/hook/zerosidebar_header.tpl\',\n      1 => 1572947409,\n      2 => \'file\',\n    ),\n  ),\n  \'nocache_hash\' => \'3713980596090c2c27ae8b0-47044120\',\n  \'version\' => \'Smarty-3.1.19\',\n  \'unifunc\' => \'content_609a2bcca035d6_79377109\',\n  \'has_nocache_code\' => false,\n  \'cache_lifetime\' => 31536000,\n),true); /*/%%SmartyHeaderCode%%*/?>\n<?php if ($_valid && !is_callable(\'content_609a2bcca035d6_79377109\')) {function content_609a2bcca035d6_79377109($_smarty_tpl) {?>\n<?php }} ?>\n'),('a40a75d2477a9a04d4b0028efce1dae251b1860a','9d26a60c810b2197de0b10c2934bd1c2be7e5491','zeroblog|1|3|3|3|136','2021-05-11 07:01:32','<?php /*%%SmartyHeaderCode:12080939596090c2c4624565-42581817%%*/if(!defined(\'SMARTY_DIR\')) exit(\'no direct access allowed\');\n$_valid = $_smarty_tpl->decodeProperties(array (\n  \'file_dependency\' => \n  array (\n    \'9d26a60c810b2197de0b10c2934bd1c2be7e5491\' => \n    array (\n      0 => \'/home/jackieyap/public_html/mockup/modules/zeroblog/views/templates/hook/zposts_home.tpl\',\n      1 => 1572947409,\n      2 => \'file\',\n    ),\n  ),\n  \'nocache_hash\' => \'12080939596090c2c4624565-42581817\',\n  \'version\' => \'Smarty-3.1.19\',\n  \'unifunc\' => \'content_609a2bccc44865_95270513\',\n  \'has_nocache_code\' => false,\n  \'cache_lifetime\' => 31536000,\n),true); /*/%%SmartyHeaderCode%%*/?>\n<?php if ($_valid && !is_callable(\'content_609a2bccc44865_95270513\')) {function content_609a2bccc44865_95270513($_smarty_tpl) {?>\n<!-- Latest Posts Block -->\n<!-- /Latest Posts Block -->\n<?php }} ?>\n'),('a42597ededfad66ca474e59708d27a9b7a9cd36a','5ee669557517e3131a2718fcfa6304790b6e663d','zeropopupnewsletter|1|1|1|3|136','2021-05-14 07:15:11','<?php /*%%SmartyHeaderCode:19667927386090c2c4084381-66208233%%*/if(!defined(\'SMARTY_DIR\')) exit(\'no direct access allowed\');\n$_valid = $_smarty_tpl->decodeProperties(array (\n  \'file_dependency\' => \n  array (\n    \'5ee669557517e3131a2718fcfa6304790b6e663d\' => \n    array (\n      0 => \'/home/jackieyap/public_html/mockup/modules/zeropopupnewsletter/views/templates/hook/zeropopupnewsletter.tpl\',\n      1 => 1609738562,\n      2 => \'file\',\n    ),\n  ),\n  \'nocache_hash\' => \'19667927386090c2c4084381-66208233\',\n  \'version\' => \'Smarty-3.1.19\',\n  \'unifunc\' => \'content_609e237f636603_24057701\',\n  \'has_nocache_code\' => false,\n  \'cache_lifetime\' => 31536000,\n),true); /*/%%SmartyHeaderCode%%*/?>\n<?php if ($_valid && !is_callable(\'content_609e237f636603_24057701\')) {function content_609e237f636603_24057701($_smarty_tpl) {?>\n<!-- MODULE Zero - Popup Newsletter -->\n<div class=\"zero-popupnewsletter\" id=\"zero_newsletter\">\n<div class=\"popup-content\" style=\"width:350px; min-height:450px;background-color:#ffffff;background-image:url(\'/mockup/modules/zeropopupnewsletter/views/img/bgImages/\');\">\n	<div class=\"clearfix newsletter-content\">\n		<h3 style=\"text-align: center;\"><span style=\"color: #4a4a4a;\"><img src=\"https://ezecnow.com/mockup/img/cms/EZ-Square.png\" width=\"101\" height=\"100\" /></span></h3>\r\n<h3 style=\"text-align: center;\"><span style=\"color: #4a4a4a;\">Your Best e-Commerce Solution<br />Partner In Town</span></h3>\n	</div>\n	<div class=\"newsletter-form\">\n		<form action=\"\" method=\"post\" id=\"zero_newsletter_form\">\n			<input type=\"hidden\" name=\"action\" value=\"0\" />\n			<input type=\"hidden\" name=\"submitNewsletter\" value=\"1\" />\n			<div class=\"message\"></div>\n			<p class=\"noshow\"><a href=\"#no-thanks\" class=\"nothanks\"><i class=\"icon icon-minus-sign\"></i>Do not show this popup again.</a></p>\n		</form>\n	</div>\n</div>\n</div>\n\n<script type=\"text/javascript\">\n$(window).load(function () {\n	zeroNewsletterLoad(\'/mockup/modules/zeropopupnewsletter/ajax_subcribe.php\', 0);\n});\n</script>\n<!-- /MODULE Zero - Popup Newsletter -->\n<?php }} ?>\n'),('ad4db4188c398ac0ca87a2ea4c5c5aa15dd1d051','828b8dc20d098b5efd837a0872e22e2547ef5223','zeromanager|1|1|1|3|136','2021-05-14 07:15:08','<?php /*%%SmartyHeaderCode:7638606786090c2c26d02b4-80304595%%*/if(!defined(\'SMARTY_DIR\')) exit(\'no direct access allowed\');\n$_valid = $_smarty_tpl->decodeProperties(array (\n  \'file_dependency\' => \n  array (\n    \'828b8dc20d098b5efd837a0872e22e2547ef5223\' => \n    array (\n      0 => \'/home/jackieyap/public_html/mockup/modules/zeromanager/views/templates/hook/zeromanager_header.tpl\',\n      1 => 1572947409,\n      2 => \'file\',\n    ),\n  ),\n  \'nocache_hash\' => \'7638606786090c2c26d02b4-80304595\',\n  \'version\' => \'Smarty-3.1.19\',\n  \'unifunc\' => \'content_609e237cb92296_80066915\',\n  \'has_nocache_code\' => false,\n  \'cache_lifetime\' => 31536000,\n),true); /*/%%SmartyHeaderCode%%*/?>\n<?php if ($_valid && !is_callable(\'content_609e237cb92296_80066915\')) {function content_609e237cb92296_80066915($_smarty_tpl) {?>\n<?php }} ?>\n'),('ae8cb54d87d17a5fe06dc2df52ea5f0cee471a18','c05f45ce6371716c5e90b18c6efc7f9e0d529c0e','zeromanager|1|1|1|3|136','2021-05-14 07:15:11','<?php /*%%SmartyHeaderCode:3312134696090c2c40d1929-98226497%%*/if(!defined(\'SMARTY_DIR\')) exit(\'no direct access allowed\');\n$_valid = $_smarty_tpl->decodeProperties(array (\n  \'file_dependency\' => \n  array (\n    \'c05f45ce6371716c5e90b18c6efc7f9e0d529c0e\' => \n    array (\n      0 => \'/home/jackieyap/public_html/mockup/modules/zeromanager/views/templates/hook/zeromanager_footer.tpl\',\n      1 => 1572947409,\n      2 => \'file\',\n    ),\n  ),\n  \'nocache_hash\' => \'3312134696090c2c40d1929-98226497\',\n  \'version\' => \'Smarty-3.1.19\',\n  \'unifunc\' => \'content_609e237f686927_71667784\',\n  \'has_nocache_code\' => false,\n  \'cache_lifetime\' => 31536000,\n),true); /*/%%SmartyHeaderCode%%*/?>\n<?php if ($_valid && !is_callable(\'content_609e237f686927_71667784\')) {function content_609e237f686927_71667784($_smarty_tpl) {?>\n<div class=\"footer-main clearfix\">\n	<div class=\"container\"><div class=\"row\">\n        <div class=\"footer-top-left col-xs-12 col-sm-6 col-md-4\">\n                        <div class=\"about-us rte\">\n                <p style=\"text-align: center;\"><img src=\"https://ezecnow.com/mockup/img/cms/EZ-Square.png\" width=\"200\" height=\"197\" /></p>\r\n<h4 style=\"text-align: center;\"><span color=\"#4a4a4a\" style=\"color: #4a4a4a;\">EZ e-Commerce</span></h4>\r\n<p style=\"text-align: center;\"><span style=\"color: #4a4a4a;\"><span>Suite 833A, Level 28,</span><br /><span>The Gardens South Tower,</span><br /><span>Mid Valley City, Lingkaran Syed Putra,</span><br /><span>59200, Kuala Lumpur, Malaysia.</span><br /></span></p>\r\n<p style=\"text-align: center;\"><span style=\"color: #4a4a4a;\">Whatsapp: +012-239 5575</span></p>\r\n<p style=\"text-align: center;\"><a href=\"https://ezecnow.com/mockup/index.php?controller=contact\" class=\"btn btn-default\">Message Us</a></p>\n            </div>\n                                    <div class=\"social-link\">\n                <h4>Follow Us</h4>\n                <ul class=\"social-icons\">\n                                    <li><a href=\"https://ezecnow.com/mockup/\" class=\"twitter\" title=\"Twitter\" target=\"_blank\"><i class=\"icon icon-twitter\"></i></a></li>                                    <li><a href=\"https://www.facebook.com/mockup36/\" class=\"facebook\" title=\"Facebook\" target=\"_blank\"><i class=\"icon icon-facebook\"></i></a></li>                                    <li><a href=\"https://ezecnow.com/mockup/gdalluc6qpy5l0bw/\" class=\"google-plus\" title=\"Google Plus\" target=\"_blank\"><i class=\"icon icon-google-plus\"></i></a></li>                                    <li><a href=\"https://ezecnow.com/mockup/\" class=\"youtube\" title=\"Youtube\" target=\"_blank\"><i class=\"icon icon-youtube\"></i></a></li>                                                                        <li><a href=\"https://ezecnow.com/mockup/\" class=\"instagram\" title=\"Instagram\" target=\"_blank\"><i class=\"icon icon-instagram\"></i></a></li>                                                                                                                                                                                                                    </ul>\n            </div>\n                    </div>\n        <div class=\"footer-top-right col-xs-12 col-sm-6 col-md-8\">\n            <div class=\"newsletter\" id=\"footer_newsletter\"></div>\n\n                        <div class=\"footer-menu\"><div class=\"row\">\n                <div class=\"col-sm-12 col-md-4\">\n                    <h4>Information</h4>\n                    <ul>\n                                            <li><a href=\"https://ezecnow.com/mockup/index.php?id_cms=3&amp;controller=cms\" title=\"Terms and Conditions \">Terms and Conditions </a></li>\n                                            <li><a href=\"https://ezecnow.com/mockup/index.php?id_cms=6&amp;controller=cms\" title=\"Private Policy \">Private Policy </a></li>\n                                            <li><a href=\"https://ezecnow.com/mockup/index.php?id_cms=4&amp;controller=cms\" title=\"About us \">About us </a></li>\n                                            <li><a href=\"https://ezecnow.com/mockup/index.php?controller=prices-drop\" title=\"Price Drop\">Price Drop</a></li>\n                                            <li><a href=\"https://ezecnow.com/mockup/index.php?controller=new-products\" title=\"New Products\">New Products</a></li>\n                                            <li><a href=\"https://ezecnow.com/mockup/index.php?controller=contact\" title=\"Contact us\">Contact us</a></li>\n                                        </ul>\n                </div>\n                <p><a href=\"https://ul.waze.com/ul?ll=3.11775132%2C101.67528950&navigate=yes&zoom=17\"><img src=\"https://ezecnow.com/mockup/img/cms/livemap.PNG\" alt=\"\" width=\"350\" style=\"display: block; margin-left: auto; margin-right: auto;\" /></a></p>\n            </div></div>\n                    </div>\n	</div></div>\n</div>\n<div class=\"footer-bottom clearfix\">\n	<div class=\"container\"><div class=\"row\">\n		<div class=\"bottom-block copyright col-xs-12 col-sm-7\">\n			<p><a href=\"http://www.ezecnow.com/\"><img src=\"https://www.ezecnow.com/wp-content/uploads/2019/09/logo2.png\" width=\"128\" height=\"40\" alt=\"ezecnowlogonew-banner-mod.png\" /></a> <span style=\"color: #4a4a4a;\">Powered by <strong>EZ e-Commerce</strong> | Copyright © 2021 <b>EZ e-Commerce</b></span></p>\n		</div>\n		<div class=\"bottom-block payment col-xs-12 col-sm-5\">\n			<p><img src=\"https://ezecnow.com/mockup/img/cms/secured-payment.png\" alt=\"\" width=\"300\" height=\"89\" /></p>\n		</div>\n	</div></div>\n</div>\n<div class=\"scroll-top\" id=\"scroll_to_top\">\n	<a href=\"#page\" title=\"Back to Top\" data-toggle=\"tooltip\" data-placement=\"top\"><i class=\"icon-angle-double-up\"></i></a>\n</div>\n\n<script type=\"text/javascript\">\n    $(document).ready(function() {\n        $(\'#footer_newsletter\').append($(\'#newsletter_block_left\'));\n		$(\'#scroll_to_top a\').smoothScroll({\n			speed: 500,\n		});\n    });\n</script>\n<?php }} ?>\n'),('b39b1e0fe2465d0f452fa218ba7843de4c53698e','c05f45ce6371716c5e90b18c6efc7f9e0d529c0e','zeromanager|1|3|3|3|136','2021-05-11 07:01:32','<?php /*%%SmartyHeaderCode:3312134696090c2c40d1929-98226497%%*/if(!defined(\'SMARTY_DIR\')) exit(\'no direct access allowed\');\n$_valid = $_smarty_tpl->decodeProperties(array (\n  \'file_dependency\' => \n  array (\n    \'c05f45ce6371716c5e90b18c6efc7f9e0d529c0e\' => \n    array (\n      0 => \'/home/jackieyap/public_html/mockup/modules/zeromanager/views/templates/hook/zeromanager_footer.tpl\',\n      1 => 1572947409,\n      2 => \'file\',\n    ),\n  ),\n  \'nocache_hash\' => \'3312134696090c2c40d1929-98226497\',\n  \'version\' => \'Smarty-3.1.19\',\n  \'unifunc\' => \'content_609a2bccb7c936_47649066\',\n  \'has_nocache_code\' => false,\n  \'cache_lifetime\' => 31536000,\n),true); /*/%%SmartyHeaderCode%%*/?>\n<?php if ($_valid && !is_callable(\'content_609a2bccb7c936_47649066\')) {function content_609a2bccb7c936_47649066($_smarty_tpl) {?>\n<div class=\"footer-main clearfix\">\n	<div class=\"container\"><div class=\"row\">\n        <div class=\"footer-top-left col-xs-12 col-sm-6 col-md-4\">\n                        <div class=\"about-us rte\">\n                <p style=\"text-align: center;\"><img src=\"https://ezecnow.com/mockup/img/cms/EZ-Square.png\" width=\"200\" height=\"197\" /></p>\r\n<h4 style=\"text-align: center;\"><span color=\"#4a4a4a\" style=\"color: #4a4a4a;\">EZ e-Commerce</span></h4>\r\n<p style=\"text-align: center;\"><span style=\"color: #4a4a4a;\"><span>Suite 833A, Level 28,</span><br /><span>The Gardens South Tower,</span><br /><span>Mid Valley City, Lingkaran Syed Putra,</span><br /><span>59200, Kuala Lumpur, Malaysia.</span><br /></span></p>\r\n<p style=\"text-align: center;\"><span style=\"color: #4a4a4a;\">Whatsapp: +012-239 5575</span></p>\r\n<p style=\"text-align: center;\"><a href=\"https://ezecnow.com/mockup/index.php?controller=contact\" class=\"btn btn-default\">Message Us</a></p>\n            </div>\n                                    <div class=\"social-link\">\n                <h4>Follow Us</h4>\n                <ul class=\"social-icons\">\n                                    <li><a href=\"https://ezecnow.com/mockup/\" class=\"twitter\" title=\"Twitter\" target=\"_blank\"><i class=\"icon icon-twitter\"></i></a></li>                                    <li><a href=\"https://www.facebook.com/mockup36/\" class=\"facebook\" title=\"Facebook\" target=\"_blank\"><i class=\"icon icon-facebook\"></i></a></li>                                    <li><a href=\"https://ezecnow.com/mockup/gdalluc6qpy5l0bw/\" class=\"google-plus\" title=\"Google Plus\" target=\"_blank\"><i class=\"icon icon-google-plus\"></i></a></li>                                    <li><a href=\"https://ezecnow.com/mockup/\" class=\"youtube\" title=\"Youtube\" target=\"_blank\"><i class=\"icon icon-youtube\"></i></a></li>                                                                        <li><a href=\"https://ezecnow.com/mockup/\" class=\"instagram\" title=\"Instagram\" target=\"_blank\"><i class=\"icon icon-instagram\"></i></a></li>                                                                                                                                                                                                                    </ul>\n            </div>\n                    </div>\n        <div class=\"footer-top-right col-xs-12 col-sm-6 col-md-8\">\n            <div class=\"newsletter\" id=\"footer_newsletter\"></div>\n\n                        <div class=\"footer-menu\"><div class=\"row\">\n                <div class=\"col-sm-12 col-md-4\">\n                    <h4>Information</h4>\n                    <ul>\n                                            <li><a href=\"https://ezecnow.com/mockup/index.php?id_cms=3&amp;controller=cms\" title=\"Terms and Conditions \">Terms and Conditions </a></li>\n                                            <li><a href=\"https://ezecnow.com/mockup/index.php?id_cms=6&amp;controller=cms\" title=\"Private Policy \">Private Policy </a></li>\n                                            <li><a href=\"https://ezecnow.com/mockup/index.php?id_cms=4&amp;controller=cms\" title=\"About us \">About us </a></li>\n                                            <li><a href=\"https://ezecnow.com/mockup/index.php?controller=prices-drop\" title=\"Price Drop\">Price Drop</a></li>\n                                            <li><a href=\"https://ezecnow.com/mockup/index.php?controller=new-products\" title=\"New Products\">New Products</a></li>\n                                            <li><a href=\"https://ezecnow.com/mockup/index.php?controller=contact\" title=\"Contact us\">Contact us</a></li>\n                                        </ul>\n                </div>\n                <p><a href=\"https://ul.waze.com/ul?ll=3.11775132%2C101.67528950&navigate=yes&zoom=17\"><img src=\"https://ezecnow.com/mockup/img/cms/livemap.PNG\" alt=\"\" width=\"350\" style=\"display: block; margin-left: auto; margin-right: auto;\" /></a></p>\n            </div></div>\n                    </div>\n	</div></div>\n</div>\n<div class=\"footer-bottom clearfix\">\n	<div class=\"container\"><div class=\"row\">\n		<div class=\"bottom-block copyright col-xs-12 col-sm-7\">\n			<p><a href=\"http://www.ezecnow.com/\"><img src=\"https://www.ezecnow.com/wp-content/uploads/2019/09/logo2.png\" width=\"128\" height=\"40\" alt=\"ezecnowlogonew-banner-mod.png\" /></a> <span style=\"color: #4a4a4a;\">Powered by <strong>EZ e-Commerce</strong> | Copyright © 2021 <b>EZ e-Commerce</b></span></p>\n		</div>\n		<div class=\"bottom-block payment col-xs-12 col-sm-5\">\n			<p><img src=\"https://ezecnow.com/mockup/img/cms/secured-payment.png\" alt=\"\" width=\"300\" height=\"89\" /></p>\n		</div>\n	</div></div>\n</div>\n<div class=\"scroll-top\" id=\"scroll_to_top\">\n	<a href=\"#page\" title=\"Back to Top\" data-toggle=\"tooltip\" data-placement=\"top\"><i class=\"icon-angle-double-up\"></i></a>\n</div>\n\n<script type=\"text/javascript\">\n    $(document).ready(function() {\n        $(\'#footer_newsletter\').append($(\'#newsletter_block_left\'));\n		$(\'#scroll_to_top a\').smoothScroll({\n			speed: 500,\n		});\n    });\n</script>\n<?php }} ?>\n'),('b8caed415331feba521fb5ab7624df20ecb1b194','fac95e190050647f7923b47f81be3d815db12729','zeromenu|1|1|1|3|136','2021-05-14 07:15:11','<?php /*%%SmartyHeaderCode:6991644956090c2c4276521-70728120%%*/if(!defined(\'SMARTY_DIR\')) exit(\'no direct access allowed\');\n$_valid = $_smarty_tpl->decodeProperties(array (\n  \'file_dependency\' => \n  array (\n    \'fac95e190050647f7923b47f81be3d815db12729\' => \n    array (\n      0 => \'/home/jackieyap/public_html/mockup/modules/zeromenu/views/templates/hook/zeromenu_nav.tpl\',\n      1 => 1572947409,\n      2 => \'file\',\n    ),\n  ),\n  \'nocache_hash\' => \'6991644956090c2c4276521-70728120\',\n  \'version\' => \'Smarty-3.1.19\',\n  \'unifunc\' => \'content_609e237f869e46_33400341\',\n  \'has_nocache_code\' => false,\n  \'cache_lifetime\' => 31536000,\n),true); /*/%%SmartyHeaderCode%%*/?>\n<?php if ($_valid && !is_callable(\'content_609e237f869e46_33400341\')) {function content_609e237f869e46_33400341($_smarty_tpl) {?>\n<!-- MODULE Zero - Mega Menu -->\n  <ul class=\"znav-top\">\n  	<li>\n		<a href=\"https://ezecnow.com/mockup/index.php?controller=prices-drop\" class=\"link-toggle-plus\">\n			Highlight\n			<span class=\"mobile-toggle-plus\"></span>\n		</a>\n				<div class=\"dropdown\">\n			\n									<div class=\"dropdown-content\">\n																			<div class=\"product-item\">\n						<p><a class=\"product_img_link\" href=\"https://ezecnow.com/mockup/index.php?id_product=1&amp;controller=product\" title=\"test\"><img class=\"replace-2x img-responsive\" src=\"https://ezecnow.com/mockup/img/p/en-default-medium_default.jpg\" alt=\"test\" title=\"test\" /></a></p>\n						<h5><a class=\"product-name\" href=\"https://ezecnow.com/mockup/index.php?id_product=1&amp;controller=product\" title=\"\">test</a></h5>\n												<p>    \n                            <span class=\"price product-price\">RM1.00</span>\n                        </p>\n											</div>\n																	</div>\n								</div>\n			</li>\n  	<li>\n		<a href=\"\" class=\"link-toggle-plus\">\n			Products\n			<span class=\"mobile-toggle-plus\"></span>\n		</a>\n				<div class=\"dropdown\">\n			\n									<div class=\"dropdown-content\">\n													\n							</div>\n								</div>\n			</li>\n  	<li>\n		<a href=\"https://ezecnow.com/mockup/index.php?fc=module&amp;module=zeroblog&amp;controller=zblog\" class=\"link-toggle-plus\">\n			Latest News\n			<span class=\"mobile-toggle-plus\"></span>\n		</a>\n				<div class=\"dropdown\">\n			\n									<div class=\"dropdown-content\">\n																</div>\n								</div>\n			</li>\n  	<li>\n		<a href=\"https://ezecnow.com/mockup/index.php?controller=contact\" >\n			Contact Us\n			<span class=\"mobile-toggle-plus\"></span>\n		</a>\n			</li>\n    </ul>\n<!-- /MODULE Zero - Mega Menu -->\n<?php }} ?>\n'),('bb82cdb1a987355c906969626b1a8f7ec7ad8ae3','1cf27adb5bc846fad4143dd3eda52aea25608d4e','zeromanager|1|3|3|3|136','2021-05-11 07:01:32','<?php /*%%SmartyHeaderCode:6031394606090c2c433a078-57314945%%*/if(!defined(\'SMARTY_DIR\')) exit(\'no direct access allowed\');\n$_valid = $_smarty_tpl->decodeProperties(array (\n  \'file_dependency\' => \n  array (\n    \'1cf27adb5bc846fad4143dd3eda52aea25608d4e\' => \n    array (\n      0 => \'/home/jackieyap/public_html/mockup/modules/zeromanager/views/templates/hook/zeromanager_banner.tpl\',\n      1 => 1572947409,\n      2 => \'file\',\n    ),\n  ),\n  \'nocache_hash\' => \'6031394606090c2c433a078-57314945\',\n  \'version\' => \'Smarty-3.1.19\',\n  \'unifunc\' => \'content_609a2bccbccf77_85655028\',\n  \'has_nocache_code\' => false,\n  \'cache_lifetime\' => 31536000,\n),true); /*/%%SmartyHeaderCode%%*/?>\n<?php if ($_valid && !is_callable(\'content_609a2bccbccf77_85655028\')) {function content_609a2bccbccf77_85655028($_smarty_tpl) {?><div class=\"header-event-banner\" id=\"event_banner\" style=\"background-color: #ffffff;\">\n	<div class=\"container\">\n		<p><marquee> Welcome to EZ e-Commerce Solutions</marquee></p>\n        \n        <div class=\"close-banner\"></div>\n	</div>\n    \n</div>\n\n<?php }} ?>\n'),('bc89df41d2d9e83c5be6ba965e4fb7528d70729a','2a7c43141b5a0bee27ba4e079cea7c5f6ad80d99','zeromenu|1|1|1|3|136','2021-05-14 07:15:11','<?php /*%%SmartyHeaderCode:1247143716090c2c3e780d1-18966216%%*/if(!defined(\'SMARTY_DIR\')) exit(\'no direct access allowed\');\n$_valid = $_smarty_tpl->decodeProperties(array (\n  \'file_dependency\' => \n  array (\n    \'2a7c43141b5a0bee27ba4e079cea7c5f6ad80d99\' => \n    array (\n      0 => \'/home/jackieyap/public_html/mockup/modules/zeromenu/views/templates/hook/zeromenu.tpl\',\n      1 => 1572947409,\n      2 => \'file\',\n    ),\n  ),\n  \'nocache_hash\' => \'1247143716090c2c3e780d1-18966216\',\n  \'version\' => \'Smarty-3.1.19\',\n  \'unifunc\' => \'content_609e237f58ea56_65820179\',\n  \'has_nocache_code\' => false,\n  \'cache_lifetime\' => 31536000,\n),true); /*/%%SmartyHeaderCode%%*/?>\n<?php if ($_valid && !is_callable(\'content_609e237f58ea56_65820179\')) {function content_609e237f58ea56_65820179($_smarty_tpl) {?>\n<!-- MODULE Zero - Mega Menu -->\n<div class=\"zmega-menu hidden-xs\">\n<div id=\"zmegamenu\" >\n  <div class=\"mobile-title visible-xs\">Menu</div>\n  <ul class=\"znav-top clearfix\">\n  	<li class=\"m-4 plex \">\n		<a href=\"https://ezecnow.com/mockup/index.php?controller=prices-drop\">Highlight\n		</a>\n				<span class=\"mobile-toggle-plus\"></span>\n		<div class=\"dropdown zdropdown-3\" >\n			<div class=\"dropdown-bgimage\" ></div>\n			\n									<div class=\"dropdown-content zcontent-3 d-3\">\n																			<div class=\"product-line\">					<div class=\"product-item\">\n						<p><a class=\"product_img_link\" href=\"https://ezecnow.com/mockup/index.php?id_product=1&amp;controller=product\" title=\"test\"><img class=\"replace-2x img-responsive\" src=\"https://ezecnow.com/mockup/img/p/en-default-medium_default.jpg\" alt=\"test\" title=\"test\" /></a></p>\n						<h5><a class=\"product-name\" href=\"https://ezecnow.com/mockup/index.php?id_product=1&amp;controller=product\" title=\"\">test</a></h5>\n												<p>    \n                            <span class=\"price product-price\">RM1.00</span>\n                        </p>\n											</div>\n					</div>																	</div>\n								</div>\n			</li>\n  	<li class=\"m-1 plex \">\n		<a href=\"\">Products\n		</a>\n				<span class=\"mobile-toggle-plus\"></span>\n		<div class=\"dropdown zdropdown-1\" style=\"background-color: #E3DFDE;\">\n			<div class=\"dropdown-bgimage\" ></div>\n			\n									<div class=\"dropdown-content zcontent-1 d-1\">\n													\n							</div>\n								</div>\n			</li>\n  	<li class=\"m-8 plex \">\n		<a href=\"https://ezecnow.com/mockup/index.php?fc=module&amp;module=zeroblog&amp;controller=zblog\">Latest News\n		</a>\n				<span class=\"mobile-toggle-plus\"></span>\n		<div class=\"dropdown zdropdown-3\" >\n			<div class=\"dropdown-bgimage\" ></div>\n			\n									<div class=\"dropdown-content zcontent-3 d-6\">\n																</div>\n								</div>\n			</li>\n  	<li class=\"m-5  \">\n		<a href=\"https://ezecnow.com/mockup/index.php?controller=contact\">Contact Us\n		</a>\n			</li>\n    </ul>\n</div>\n</div>\n			\n<!-- /MODULE Zero - Mega Menu -->\n<?php }} ?>\n'),('bc92d6c6890621fea4719d6c1f0bf05404384457','77c6b955db879dd62ee0fd5530a9cec52fd4c9e6','blocksearch-top|1|1|1|3|136','2021-05-14 07:15:11','<?php /*%%SmartyHeaderCode:15824558176090c2c3df84c1-98655821%%*/if(!defined(\'SMARTY_DIR\')) exit(\'no direct access allowed\');\n$_valid = $_smarty_tpl->decodeProperties(array (\n  \'file_dependency\' => \n  array (\n    \'77c6b955db879dd62ee0fd5530a9cec52fd4c9e6\' => \n    array (\n      0 => \'/home/jackieyap/public_html/mockup/themes/zro03/modules/blocksearch/blocksearch-top.tpl\',\n      1 => 1572947410,\n      2 => \'file\',\n    ),\n  ),\n  \'nocache_hash\' => \'15824558176090c2c3df84c1-98655821\',\n  \'version\' => \'Smarty-3.1.19\',\n  \'unifunc\' => \'content_609e237f340757_61306556\',\n  \'has_nocache_code\' => false,\n  \'cache_lifetime\' => 31536000,\n),true); /*/%%SmartyHeaderCode%%*/?>\n<?php if ($_valid && !is_callable(\'content_609e237f340757_61306556\')) {function content_609e237f340757_61306556($_smarty_tpl) {?><!-- Block search module TOP -->\n<div id=\"search_block_top\" class=\"hidden-xs\">\n	<form id=\"searchbox\" method=\"get\" action=\"//ezecnow.com/mockup/index.php?controller=search\" >\n		<input type=\"hidden\" name=\"controller\" value=\"search\" />\n		<input type=\"hidden\" name=\"orderby\" value=\"position\" />\n		<input type=\"hidden\" name=\"orderway\" value=\"desc\" />\n		<input class=\"search_query form-control\" type=\"text\" id=\"search_query_top\" name=\"search_query\" placeholder=\"Search here\" value=\"\" />\n		<button type=\"submit\" name=\"submit_search\" class=\"btn button-search\">\n			<span>Search</span>\n		</button>\n	</form>\n</div>\n<!-- /Block search module TOP --><?php }} ?>\n'),('be0359fcda516d70be371e323b3aa8ada7fd91b7','3aa69fbdd7016fbf218258231425356345d6e687','zerohomepage|1|3|3|3|136','2021-05-11 07:01:32','<?php /*%%SmartyHeaderCode:13638430896090c2c4607636-47398819%%*/if(!defined(\'SMARTY_DIR\')) exit(\'no direct access allowed\');\n$_valid = $_smarty_tpl->decodeProperties(array (\n  \'file_dependency\' => \n  array (\n    \'3aa69fbdd7016fbf218258231425356345d6e687\' => \n    array (\n      0 => \'/home/jackieyap/public_html/mockup/modules/zerohomepage/views/templates/hook/zerohomepage_bottom.tpl\',\n      1 => 1572947409,\n      2 => \'file\',\n    ),\n  ),\n  \'nocache_hash\' => \'13638430896090c2c4607636-47398819\',\n  \'version\' => \'Smarty-3.1.19\',\n  \'unifunc\' => \'content_609a2bccc3a645_35638110\',\n  \'has_nocache_code\' => false,\n  \'cache_lifetime\' => 31536000,\n),true); /*/%%SmartyHeaderCode%%*/?>\n<?php if ($_valid && !is_callable(\'content_609a2bccc3a645_35638110\')) {function content_609a2bccc3a645_35638110($_smarty_tpl) {?>\n<!-- MODULE Zero - Homepage Main Blocks -->\n<!-- /MODULE Zero - Homepage Main Blocks -->\n<?php }} ?>\n'),('bfff8d6c9daf2ded79166481a5a2a91549e01af3','d46db038908d027cf376de097b86f796af17bb73','zeroslideshow|1|1|1|3|136','2021-05-14 07:15:11','<?php /*%%SmartyHeaderCode:15420786496090c2c4365d58-28166604%%*/if(!defined(\'SMARTY_DIR\')) exit(\'no direct access allowed\');\n$_valid = $_smarty_tpl->decodeProperties(array (\n  \'file_dependency\' => \n  array (\n    \'d46db038908d027cf376de097b86f796af17bb73\' => \n    array (\n      0 => \'/home/jackieyap/public_html/mockup/modules/zeroslideshow/views/templates/hook/zeroslideshow.tpl\',\n      1 => 1572947409,\n      2 => \'file\',\n    ),\n  ),\n  \'nocache_hash\' => \'15420786496090c2c4365d58-28166604\',\n  \'version\' => \'Smarty-3.1.19\',\n  \'unifunc\' => \'content_609e237f8cb064_94144966\',\n  \'has_nocache_code\' => false,\n  \'cache_lifetime\' => 31536000,\n),true); /*/%%SmartyHeaderCode%%*/?>\n<?php if ($_valid && !is_callable(\'content_609e237f8cb064_94144966\')) {function content_609e237f8cb064_94144966($_smarty_tpl) {?>\n<!-- MODULE Zero - Slideshow -->\n<!-- /MODULE Zero - Slideshow -->\n<?php }} ?>\n'),('c1ab6fe903feb99ad63d18bb7a240c863faf8783','c3ac4eb68e58dea2f0ac6cc98587f56a688b0f3a','productcomments|1|3|3|3|136|1','2021-05-11 07:01:32','<?php /*%%SmartyHeaderCode:139542876090c2c4588374-64344773%%*/if(!defined(\'SMARTY_DIR\')) exit(\'no direct access allowed\');\n$_valid = $_smarty_tpl->decodeProperties(array (\n  \'file_dependency\' => \n  array (\n    \'c3ac4eb68e58dea2f0ac6cc98587f56a688b0f3a\' => \n    array (\n      0 => \'/home/jackieyap/public_html/mockup/themes/zro03/modules/productcomments/productcomments_reviews.tpl\',\n      1 => 1572947411,\n      2 => \'file\',\n    ),\n  ),\n  \'nocache_hash\' => \'139542876090c2c4588374-64344773\',\n  \'version\' => \'Smarty-3.1.19\',\n  \'unifunc\' => \'content_609a2bccc0d314_39713531\',\n  \'has_nocache_code\' => false,\n  \'cache_lifetime\' => 31536000,\n),true); /*/%%SmartyHeaderCode%%*/?>\n<?php if ($_valid && !is_callable(\'content_609a2bccc0d314_39713531\')) {function content_609a2bccc0d314_39713531($_smarty_tpl) {?><?php }} ?>\n'),('c57260dea98b5e08c0395c456a3520fd095a483d','e31897cdcc2981e25ea3683e3f1a03149f5521df','zerohomepage|1|1|1|3|136','2021-05-14 07:15:11','<?php /*%%SmartyHeaderCode:1968055326090c2c45b52e7-48192113%%*/if(!defined(\'SMARTY_DIR\')) exit(\'no direct access allowed\');\n$_valid = $_smarty_tpl->decodeProperties(array (\n  \'file_dependency\' => \n  array (\n    \'e31897cdcc2981e25ea3683e3f1a03149f5521df\' => \n    array (\n      0 => \'/home/jackieyap/public_html/mockup/modules/zerohomepage/views/templates/hook/zerohomepage_top.tpl\',\n      1 => 1572947409,\n      2 => \'file\',\n    ),\n  ),\n  \'nocache_hash\' => \'1968055326090c2c45b52e7-48192113\',\n  \'version\' => \'Smarty-3.1.19\',\n  \'unifunc\' => \'content_609e237f9b8de2_98341086\',\n  \'has_nocache_code\' => false,\n  \'cache_lifetime\' => 31536000,\n),true); /*/%%SmartyHeaderCode%%*/?>\n<?php if ($_valid && !is_callable(\'content_609e237f9b8de2_98341086\')) {function content_609e237f9b8de2_98341086($_smarty_tpl) {?>\n<!-- MODULE Zero - Homepage Main Blocks -->\n<!-- /MODULE Zero - Homepage Main Blocks -->\n<?php }} ?>\n'),('c89adf6c1e4b3e2de74677bfe43084a0f0f7b5cf','f77a1dbc397422b80c16387676c629f2289421e6','zerofeaturedcategories|1|3|3|3|136','2021-05-11 07:01:32','<?php /*%%SmartyHeaderCode:13112203836090c2c43eedc0-30921334%%*/if(!defined(\'SMARTY_DIR\')) exit(\'no direct access allowed\');\n$_valid = $_smarty_tpl->decodeProperties(array (\n  \'file_dependency\' => \n  array (\n    \'f77a1dbc397422b80c16387676c629f2289421e6\' => \n    array (\n      0 => \'/home/jackieyap/public_html/mockup/modules/zerofeaturedcategories/views/templates/hook/zerofeaturedcategories_bottomcolumn.tpl\',\n      1 => 1572947409,\n      2 => \'file\',\n    ),\n  ),\n  \'nocache_hash\' => \'13112203836090c2c43eedc0-30921334\',\n  \'version\' => \'Smarty-3.1.19\',\n  \'unifunc\' => \'content_609a2bccbe4d53_49182677\',\n  \'has_nocache_code\' => false,\n  \'cache_lifetime\' => 31536000,\n),true); /*/%%SmartyHeaderCode%%*/?>\n<?php if ($_valid && !is_callable(\'content_609a2bccbe4d53_49182677\')) {function content_609a2bccbe4d53_49182677($_smarty_tpl) {?>\n<!-- MODULE Zero - Featured Categories -->\n<!-- /MODULE Zero - Featured Categories -->\n<?php }} ?>\n'),('d7080966a2e03e7fe9e16235d6416ba1ae4bf624','65de915ef2646ba64fa392beed9ca2494ada2dc6','zerocolors|1|1|1|3|136','2021-05-14 07:15:08','<?php /*%%SmartyHeaderCode:8582447146090c2c2757a66-09502261%%*/if(!defined(\'SMARTY_DIR\')) exit(\'no direct access allowed\');\n$_valid = $_smarty_tpl->decodeProperties(array (\n  \'file_dependency\' => \n  array (\n    \'65de915ef2646ba64fa392beed9ca2494ada2dc6\' => \n    array (\n      0 => \'/home/jackieyap/public_html/mockup/modules/zerocolors/views/templates/hook/zerocolors.tpl\',\n      1 => 1572947409,\n      2 => \'file\',\n    ),\n  ),\n  \'nocache_hash\' => \'8582447146090c2c2757a66-09502261\',\n  \'version\' => \'Smarty-3.1.19\',\n  \'unifunc\' => \'content_609e237ce97312_56550726\',\n  \'has_nocache_code\' => false,\n  \'cache_lifetime\' => 31536000,\n),true); /*/%%SmartyHeaderCode%%*/?>\n<?php if ($_valid && !is_callable(\'content_609e237ce97312_56550726\')) {function content_609e237ce97312_56550726($_smarty_tpl) {?>\n<!-- Zero Colors -->\n<link href=\"https://fonts.googleapis.com/css?family=Raleway:300,400&display=swap\" rel=\"stylesheet\">\r\n<link href=\"https://fonts.googleapis.com/css2?family=Just+Another+Hand&display=swap\" rel=\"stylesheet\">\r\n<link href=\"https://fonts.googleapis.com/css2?family=Patrick+Hand&display=swap\" rel=\"stylesheet\">\r\n<link href=\"https://fonts.googleapis.com/css2?family=Gochi+Hand&display=swap\" rel=\"stylesheet\">\r\n<link href=\"https://fonts.googleapis.com/css?family=Ubuntu&display=swap\" rel=\"stylesheet\">\n<style type=\"text/css\">.content_scene_cat .content_scene, #cms #center_column #admin-action-cms p .button.lnk_view, table#product_comparison tbody tr td.td_empty, table#product_comparison tbody tr td.feature-name, table#product_comparison tbody tr.comparison_header, table#product_comparison .remove a, .form-control, body, p.info-title, .dark, .btn.button-plus, .btn.button-minus, .btn.button-plus:hover, .btn.button-plus:focus, .btn.button-plus:active, .btn.button-minus:hover, .btn.button-minus:focus, .btn.button-minus:active, .button.exclusive-medium, .button.exclusive-medium:hover, .button.lnk_view, .table > thead > tr > th, .content_sortPagiBar .display li.display-title, .content_sortPagiBar .display_m li.display-title, .top-pagination-content ul.pagination li > a, .top-pagination-content ul.pagination li > span, .bottom-pagination-content ul.pagination li > a, .bottom-pagination-content ul.pagination li > span, .listcomment .titlecomment, .listcomment .txtcomment, .breadcrumb .breadcrumb-wrapper a, .cart_delete a.cart_quantity_delete, a.price_discount_delete, #cart_summary tbody td.cart_unit ul.price li.price, #cart_summary tfoot td.text-right, #cart_summary tfoot tbody td.cart_unit, #cart_summary tbody tfoot td.cart_unit, #cart_summary tfoot tbody td.cart_total, #cart_summary tbody tfoot td.cart_total, .cart_voucher .title-offers, #multishipping_mode_box .title, .order_carrier_content .carrier_title, a.iframe, p.payment_module a, p.payment_module a span, #pagenotfound .pagenotfound h1, #pagenotfound .pagenotfound h3, .fancybox-skin .fancybox-close, .table tfoot strong, #maintenance h1, .shopping_cart > a:first-child b, .cart_block .product-atributes a, #layer_cart .layer_cart_cart .title, #layer_cart .cross, #contact_block p.tel, form#searchbox label, .sf-menu li li li a:hover, .sf-menu > li > ul > li > a, #module-blockwishlist-mywishlist .wishlistLinkTop ul.display_list a, #product_comments_block_extra .comments_note span, .comments_advices a, .comments_advices a:hover, #new_comment_form, #new_comment_form .product .product_desc, #product_comments_block_tab div.comment .comment_details ul li:before, #product_comments_block_tab .comment_author_infos strong, .button.lnk_view:hover, .button.lnk_view:focus, .button.lnk_view:active, .button.lnk_view.active, div.selector span, #order-opc .title_block, .pb-left-column #image-block #view_full_size .span_link:after, #view_scroll_left:before,   #view_scroll_right:before, #usefull_link_block li#favoriteproducts_block_extra_remove:before, #usefull_link_block li#favoriteproducts_block_extra_add:before, #usefull_link_block li#favoriteproducts_block_extra_removed:before, #usefull_link_block li#favoriteproducts_block_extra_added:before, #product p#loyalty b, #attributes .attribute_list .form-control option, .table-data-sheet tr td:first-child, table.table-product-discounts tr th, #quantity_wanted_p input, #quantityAvailable, #pQuantityAvailable span, #send_friend_form .form_container p.intro_form, ul.product_base_list .product-flags, .thumbs_banner .space-keeper a.prev, .thumbs_banner .space-keeper a.next, #listpage_content div.tree_top a:before, #stores label, .slick-dots li button:before {color: #717171} .pagination > li > a:hover, .pagination > li > a:focus, .pagination > li > span:hover, .pagination > li > span:focus, .pager li > a:hover, .pager li > a:focus, #home-page-tabs > li.active a, #home-page-tabs > li a:hover, .cat-title:hover, #homepage-slider .bx-wrapper .bx-controls-direction a:hover:before, .ie8 #homepage-slider .bx-wrapper .bx-controls-direction a:before, #new_comment_form .title {background-color: #717171} .cart_block dd .cart_block_customizations {border-top-color: #717171} #center_column .page_product_box h3, label, .product-name, .product-name a, #home-page-tabs > li a, .block .title_block, .block h4, .block .title_block > a, .block h4 > a, .page-heading, h3.page-product-heading, .cart_voucher h4, #layer_cart .crossseling h2, #new_comment_form .product .product_desc .product_name, #productscategory_list .product-name a, .zpost .name, #footer .footer-main h3, #footer .footer-main h4, .nav-tabs > li > a, .nav-tabs > li.active > a, .nav-tabs > li.active > a:hover, .nav-tabs > li.active > a:focus, .zaccordions .panel .title_panel, .zaccordions .panel .title_panel a, .rte .banner1 span:first-of-type, .znav-top > li > a, #send_friend_form .product .product_desc .product_name, .st-menu-title {color: #555555} .content_scene_cat .content_scene .cat_desc a, a, .btn-link, .table td a.color-myaccount, .page-heading span.heading-counter, .content_sortPagiBar .display li a:hover i, .content_sortPagiBar .display_m li a:hover i, .content_sortPagiBar .display li.selected i, .content_sortPagiBar .display_m li.selected i, .cart_voucher #display_cart_vouchers span, p.payment_module a.cheque:after, p.payment_module a.bankwire:after, p.payment_module a.cash:after, #footer .about-us [class^=\"icon-\"]:before, .rte .feature, .rte .feature2, #my-account ul.myaccount-link-list li a i {color: #717171} div.uploader span.action, .btn-default, .btn-default.disabled, .btn-default.disabled:hover, .btn-default.disabled:focus, .btn-default.disabled:active, .btn-default.disabled.active, .btn-default[disabled], .btn-default[disabled]:hover, .btn-default[disabled]:focus, .btn-default[disabled]:active, .btn-default[disabled].active, fieldset[disabled] .btn-default, fieldset[disabled] .btn-default:hover, fieldset[disabled] .btn-default:focus, fieldset[disabled] .btn-default:active, fieldset[disabled] .btn-default.active, input.button_mini:hover, input.button_small:hover, input.button:hover, input.button_large:hover, input.exclusive_mini:hover, input.exclusive_small:hover, input.exclusive:hover, input.exclusive_large:hover, a.button_mini:hover, a.button_small:hover, a.button:hover, a.button_large:hover, a.exclusive_mini:hover, a.exclusive_small:hover, a.exclusive:hover, a.exclusive_large:hover, .button.button-small, .button.ajax_add_to_cart_button, .top-pagination-content ul.pagination li.active > span, .bottom-pagination-content ul.pagination li.active > span, .shopping_cart > a:first-child, .currencies-block-content ul li.selected span, #languages-block-top ul li.selected span, #searchbox .btn.button-search, a.zrss, #footer .social-link .social-icons a:hover, #footer .social-link .social-icons a:active, #footer .social-link .social-icons a:focus, .rte .banner3:hover, .rte .feature:hover, .rte .feature2:hover, .box-info-product .exclusive, ul.product_base_list .hover-box .wishlist a, ul.product_base_list .hover-box .compare a, ul.product_base_list .hover-box .quickview a, #nprogress .bar, .languages-block-top ul li.selected span, .currencies-block-content ul li.selected span {background-color: #717171} .nav .open > a, .nav .open > a:hover, .nav .open > a:focus, a.thumbnail:hover, a.thumbnail:focus, .top-pagination-content ul.pagination li.active > span, .bottom-pagination-content ul.pagination li.active > span, .rte .feature:hover, .rte .feature2:hover, #thumbs_list li a:hover, #thumbs_list li a.shown {border-color: #717171} .nav .caret, #nprogress .spinner-icon {border-top-color: #717171} .nav .caret {border-bottom-color: #717171} #nprogress .spinner-icon {border-left-color: #717171} .button.button-small:hover, .button.button-small:focus, .button.button-small:active, .button.ajax_add_to_cart_button:hover, .button.ajax_add_to_cart_button:focus, .button.ajax_add_to_cart_button:active, .shopping_cart > a:first-child:hover, #layer_cart .layer_cart_cart .button-container .btn.continue:hover, #searchbox .btn.button-search:hover, .zmenu-nav ul li a > sup, #footer .scroll-top:hover a, .btn-default:hover, .btn-default:focus, .btn-default:active, .btn-default.active, .znav-top > li > a > sup, .zero-popupnewsletter .newsletter-form .button:hover, .box-info-product .exclusive:hover, .box-info-product .exclusive:focus, .box-info-product .exclusive:active, ul.product_base_list .hover-box .wishlist a:hover, ul.product_base_list .hover-box .compare a:hover, ul.product_base_list .hover-box .quickview a:hover {background-color: #ffd358} .header-order-detail .free-ship-text, .st-menu-close:hover {color: #ffd358} .content_scene_cat .content_scene .cat_desc a:hover, #cms #center_column #admin-action-cms p span, table#product_comparison .remove a:hover, table#product_comparison .comparison_unit_price, a:hover, a:focus, .btn-link:hover, .btn-link:focus, .product-name a:hover, .price, .product-price, .special-price, .product-price.special-price, ul.step li.step_current, .breadcrumb .breadcrumb-wrapper a:hover, .cart_delete a.cart_quantity_delete:hover, a.price_discount_delete:hover, #cart_summary tbody td.cart_total .price, #cart_summary tfoot td#total_price_container, .cart_voucher #display_cart_vouchers span:hover, #instant_search_results a.close:hover, .fancybox-skin .fancybox-close:hover, .cart_block .cart_block_list .remove_link a:hover, .cart_block .cart_block_list .ajax_cart_block_remove_link:hover, #layer_cart .layer_cart_cart .ajax_block_cart_total, #layer_cart .cross:hover, #categories_block_left li span.grower:hover + a, #categories_block_left li a:hover, #categories_block_left li a.selected, .sf-menu > li > ul > li > a:hover, #wishlist_block .ajax_cart_block_remove_link:hover, #module-blockwishlist-mywishlist .wishlistLinkTop ul.display_list a:hover, .block_wishlist_extra #wishlist_button_nopop:hover, #product_comments_block_tab div.comment .comment_details .title_block, #product_comments_block_tab div.comment .comment_details .comment-useful .total-advice, #productscategory_list .product-name a:hover, .zpost .name:hover, #zblog-category li a:hover, #zblog-category li a.selected, .zerodeals-countdown span, .header-services ul > li .icon, .header-services ul > li [class^=\"icon-\"], .header-custom-links ul li .icon, .header-custom-links ul li [class^=\"icon-\"], .header-sidebar-login ul li .icon, .header-sidebar-login ul li [class^=\"icon-\"], .rte .feature2, .nivo-controlNav a, .theme-default .nivo-directionNav a, #my-account ul.myaccount-link-list li a:hover i, #order-opc .page-heading.step-num span, #view_scroll_left:hover:before, #view_scroll_right:hover:before, p.our_price_display, p.our_price_display .price, #listpage_content div.tree_top a:hover:before {color: #717171} .button.ajax_add_to_cart_button.added > span:after, .price-percent-reduction, .shopping_cart .ajax_cart_quantity, #layer_cart .layer_cart_cart .button-container .btn.continue, #categories_block_left ul.tree > li > span.grower:hover + a:before, #categories_block_left ul.tree > li > a:hover:before, #zblog-category > .block_content > ul > li > a:hover:before, a.zrss:hover, .zmenu-nav ul li a:hover:before, #footer .scroll-top a, .rte .feature2:hover, .znav-top .category-item li a:hover:before, .zero-popupnewsletter .newsletter-form .button, .zero-popupnewsletter .newsletter-close, .box-info-product .exclusive.added:after, .slick-prev, .slick-next {background-color: #717171} #categories_block_left ul.tree > li > span.grower:hover + a:before, #categories_block_left ul.tree > li > a:hover:before, #zblog-category > .block_content > ul > li > a:hover:before, .zmenu-nav ul li a:hover:before, .rte .feature2:hover, .znav-top .category-item li a:hover:before, .rte .banner2 a:before {border-color: #717171} .nav a:hover .caret {border-top-color: #717171} .nav a:hover .caret {border-bottom-color: #717171} .zmega-menu {background-color: #ffffff} .button.ajax_add_to_cart_button, .btn-default, .box-info-product .exclusive, .button.button-small, ul.product_base_list .hover-box .wishlist a, ul.product_base_list .hover-box .compare a, ul.product_base_list .hover-box .quickview a {background-color: #717171} .button.ajax_add_to_cart_button:hover, .btn-default:hover, .box-info-product .exclusive:hover, .button.button-small:hover, ul.product_base_list .hover-box .wishlist a:hover, ul.product_base_list .hover-box .compare a:hover, ul.product_base_list .hover-box .quickview a:hover {background-color: #ffd358} .content_scene_cat span.category-name, #cms #center_column #admin-action-cms p .button, table#product_comparison tbody tr td.td_empty > span, .button.button-small, .button.lnk_view, .price, #home-page-tabs > li a, .block .products-block .price-percent-reduction, .page-heading span.heading-counter, #cart_summary tfoot td.total_price_container span, #cart_summary tfoot td#total_price_container, .cart_voucher h4, #pagenotfound .pagenotfound h1, #pagenotfound .pagenotfound p, #facebook_block h4, #cmsinfo_block h3, #maintenance h1, #maintenance #message, #layer_cart .layer_cart_product .title, #layer_cart .layer_cart_cart .title, #contact_block p.tel, .sf-menu > li > a, .sf-menu > li > ul > li > a, .zmega-menu .mobile-title, #my-account ul.myaccount-link-list li a, table#product_comparison .comparison_unit_price, body, #center_column .page_product_box h3, .product-name, .block .title_block .view-all-link, .block h4 .view-all-link, #instant_search_results a.close, .product-heading-h5, p.our_price_display, #reduction_percent span, #reduction_amount span {font-family: Ubuntu} h1, h2, h3, h4, h5, h6, .h1, .h2, .h3, .h4, .h5, .h6, .page-subheading, #footer .footer-main h3, #footer .footer-main h4, .znav-top > li > a, .nivo-caption h1, .nivo-caption h2, .nivo-caption h3, .block .title_block, .block h4, .page-heading, h3.page-product-heading, #layer_cart .crossseling h2, .nav-tabs > li > a, .zaccordions .panel .title_panel, .znav-top .category-item .category-title a, .st-menu-title {font-family: Ubuntu} body {font-size: 15px} </style>\n\n<?php }} ?>\n'),('d7c9c9c48cb2d8f4f6f5b825f86ea0dc027ca186','c3ac4eb68e58dea2f0ac6cc98587f56a688b0f3a','productcomments|1|1|1|3|136|1','2021-05-14 07:15:11','<?php /*%%SmartyHeaderCode:139542876090c2c4588374-64344773%%*/if(!defined(\'SMARTY_DIR\')) exit(\'no direct access allowed\');\n$_valid = $_smarty_tpl->decodeProperties(array (\n  \'file_dependency\' => \n  array (\n    \'c3ac4eb68e58dea2f0ac6cc98587f56a688b0f3a\' => \n    array (\n      0 => \'/home/jackieyap/public_html/mockup/themes/zro03/modules/productcomments/productcomments_reviews.tpl\',\n      1 => 1572947411,\n      2 => \'file\',\n    ),\n  ),\n  \'nocache_hash\' => \'139542876090c2c4588374-64344773\',\n  \'version\' => \'Smarty-3.1.19\',\n  \'unifunc\' => \'content_609e237f99f244_69534245\',\n  \'has_nocache_code\' => false,\n  \'cache_lifetime\' => 31536000,\n),true); /*/%%SmartyHeaderCode%%*/?>\n<?php if ($_valid && !is_callable(\'content_609e237f99f244_69534245\')) {function content_609e237f99f244_69534245($_smarty_tpl) {?><?php }} ?>\n'),('d8d688283417fc124428e210f8b03d1f38cf35f6','f77a1dbc397422b80c16387676c629f2289421e6','zerofeaturedcategories|1|1|1|3|136','2021-05-14 07:15:11','<?php /*%%SmartyHeaderCode:13112203836090c2c43eedc0-30921334%%*/if(!defined(\'SMARTY_DIR\')) exit(\'no direct access allowed\');\n$_valid = $_smarty_tpl->decodeProperties(array (\n  \'file_dependency\' => \n  array (\n    \'f77a1dbc397422b80c16387676c629f2289421e6\' => \n    array (\n      0 => \'/home/jackieyap/public_html/mockup/modules/zerofeaturedcategories/views/templates/hook/zerofeaturedcategories_bottomcolumn.tpl\',\n      1 => 1572947409,\n      2 => \'file\',\n    ),\n  ),\n  \'nocache_hash\' => \'13112203836090c2c43eedc0-30921334\',\n  \'version\' => \'Smarty-3.1.19\',\n  \'unifunc\' => \'content_609e237f8f0a81_70218952\',\n  \'has_nocache_code\' => false,\n  \'cache_lifetime\' => 31536000,\n),true); /*/%%SmartyHeaderCode%%*/?>\n<?php if ($_valid && !is_callable(\'content_609e237f8f0a81_70218952\')) {function content_609e237f8f0a81_70218952($_smarty_tpl) {?>\n<!-- MODULE Zero - Featured Categories -->\n<!-- /MODULE Zero - Featured Categories -->\n<?php }} ?>\n'),('d99072eb0703f22887658d6a798877a97e162ac2','d46db038908d027cf376de097b86f796af17bb73','zeroslideshow|1|3|3|3|136','2021-05-11 07:01:32','<?php /*%%SmartyHeaderCode:15420786496090c2c4365d58-28166604%%*/if(!defined(\'SMARTY_DIR\')) exit(\'no direct access allowed\');\n$_valid = $_smarty_tpl->decodeProperties(array (\n  \'file_dependency\' => \n  array (\n    \'d46db038908d027cf376de097b86f796af17bb73\' => \n    array (\n      0 => \'/home/jackieyap/public_html/mockup/modules/zeroslideshow/views/templates/hook/zeroslideshow.tpl\',\n      1 => 1572947409,\n      2 => \'file\',\n    ),\n  ),\n  \'nocache_hash\' => \'15420786496090c2c4365d58-28166604\',\n  \'version\' => \'Smarty-3.1.19\',\n  \'unifunc\' => \'content_609a2bccbd6f58_67450425\',\n  \'has_nocache_code\' => false,\n  \'cache_lifetime\' => 31536000,\n),true); /*/%%SmartyHeaderCode%%*/?>\n<?php if ($_valid && !is_callable(\'content_609a2bccbd6f58_67450425\')) {function content_609a2bccbd6f58_67450425($_smarty_tpl) {?>\n<!-- MODULE Zero - Slideshow -->\n<!-- /MODULE Zero - Slideshow -->\n<?php }} ?>\n'),('e1efe65c84e9b8c37354f498406d4c55736663c8','f384846b3c1934035d7e81b8a5cf23138587f2db','zerohomepage|1|3|3|3|136','2021-05-11 07:01:32','<?php /*%%SmartyHeaderCode:5793716346090c2c4034b99-83765976%%*/if(!defined(\'SMARTY_DIR\')) exit(\'no direct access allowed\');\n$_valid = $_smarty_tpl->decodeProperties(array (\n  \'file_dependency\' => \n  array (\n    \'f384846b3c1934035d7e81b8a5cf23138587f2db\' => \n    array (\n      0 => \'/home/jackieyap/public_html/mockup/modules/zerohomepage/views/templates/hook/zerohomepage.tpl\',\n      1 => 1572947409,\n      2 => \'file\',\n    ),\n  ),\n  \'nocache_hash\' => \'5793716346090c2c4034b99-83765976\',\n  \'version\' => \'Smarty-3.1.19\',\n  \'unifunc\' => \'content_609a2bccb50e08_87981790\',\n  \'has_nocache_code\' => false,\n  \'cache_lifetime\' => 31536000,\n),true); /*/%%SmartyHeaderCode%%*/?>\n<?php if ($_valid && !is_callable(\'content_609a2bccb50e08_87981790\')) {function content_609a2bccb50e08_87981790($_smarty_tpl) {?>\n<!-- MODULE Zero - Homepage Main Blocks -->\n<!-- /MODULE Zero - Homepage Main Blocks -->\n<?php }} ?>\n'),('ebd23ed372fb6a328498f990e6ce4a86b9043a4f','17493f278b1935d5a5e0c7599d0e94f78506395c','zerodeals||1|1|1|3|136','2021-05-14 07:15:11','<?php /*%%SmartyHeaderCode:17900398766090c2c443ea71-69789280%%*/if(!defined(\'SMARTY_DIR\')) exit(\'no direct access allowed\');\n$_valid = $_smarty_tpl->decodeProperties(array (\n  \'file_dependency\' => \n  array (\n    \'17493f278b1935d5a5e0c7599d0e94f78506395c\' => \n    array (\n      0 => \'/home/jackieyap/public_html/mockup/modules/zerodeals/views/templates/hook/zerodeals_top.tpl\',\n      1 => 1572947409,\n      2 => \'file\',\n    ),\n    \'509585e2579e62715a6964a709de8acd6cd0c3ad\' => \n    array (\n      0 => \'/home/jackieyap/public_html/mockup/modules/zerodeals/views/templates/hook/product-list.tpl\',\n      1 => 1572947409,\n      2 => \'file\',\n    ),\n    \'58037ae542f2a978cc8d0c46f78fb59f51a14452\' => \n    array (\n      0 => \'/home/jackieyap/public_html/mockup/themes/zro03/product-list.tpl\',\n      1 => 1574001691,\n      2 => \'file\',\n    ),\n  ),\n  \'nocache_hash\' => \'17900398766090c2c443ea71-69789280\',\n  \'version\' => \'Smarty-3.1.19\',\n  \'unifunc\' => \'content_609e237f9a37d9_31414359\',\n  \'has_nocache_code\' => false,\n  \'cache_lifetime\' => 31536000,\n),true); /*/%%SmartyHeaderCode%%*/?>\n<?php if ($_valid && !is_callable(\'content_609e237f9a37d9_31414359\')) {function content_609e237f9a37d9_31414359($_smarty_tpl) {?>\n<!-- MODULE Zero - Daily Deals -->\n<div class=\"zerodeals clearfix\">\n    <div class=\"container\">\n      <div class=\"block\">\n        <p class=\"title_block\">Today\'s Deals <span class=\"dline\"></span></p>\n        <div class=\"block_content\">\n            \n<div class=\"product_list_wrapper\">\n	\n<ul id=\"product_list\" class=\"product_list product_base_list  list\">\n	<li class=\"ajax_block_product base_product\">\n		<div class=\"product-container\" itemscope itemtype=\"https://schema.org/Product\">\n			<div class=\"left-block\">\n				<div class=\"product-image-container\">\n					<a class=\"product_img_link\" href=\"https://ezecnow.com/mockup/index.php?id_product=1&amp;controller=product\">\n						<img class=\"replace-2x img-responsive\" src=\"https://ezecnow.com/mockup/img/p/en-default-large_default.jpg\" alt=\"test\"  width=\"455\" height=\"455\" itemprop=\"image\" />\n						\n					</a>\n					<div class=\"label-box\">\n													<a class=\"new-box\" href=\"https://ezecnow.com/mockup/index.php?id_product=1&amp;controller=product\">\n								<span class=\"new-label\">New</span>\n							</a>\n																	</div>\n										<div class=\"quickview for-list-mode\">\n						<a class=\"quick-view ajax_quick_view\" href=\"https://ezecnow.com/mockup/index.php?id_product=1&amp;controller=product\" rel=\"https://ezecnow.com/mockup/index.php?id_product=1&amp;controller=product\" title=\"Quick View\" data-toggle=\"tooltip\" data-placement=\"top\">\n							<span>Quick View</span>\n						</a>\n					</div>\n									</div>\n				<div class=\"hover-box\">\n										\n										<div class=\"quickview\">\n						<a class=\"quick-view ajax_quick_view\" href=\"https://ezecnow.com/mockup/index.php?id_product=1&amp;controller=product\" rel=\"https://ezecnow.com/mockup/index.php?id_product=1&amp;controller=product\">\n							<span>Quick View</span>\n						</a>\n					</div>\n									</div>\n								\n			</div>\n			<div class=\"right-block\">\n                <h5 itemprop=\"name\">\n                                        <a class=\"product-name\" href=\"https://ezecnow.com/mockup/index.php?id_product=1&amp;controller=product\" title=\"test\" itemprop=\"url\" >\n                        test\n                    </a>\n                </h5>\n                <div class=\"grid-bottom\">\n                    <div class=\"grid-left-bottom\">\n                                                    <div class=\"content_price\" itemprop=\"offers\" itemscope itemtype=\"https://schema.org/Offer\">\n                                                                    \n                                    <meta itemprop=\"priceCurrency\" content=\"MYR\" />\n                                    <meta itemprop=\"price\" content=\"1\" />\n                                                                            <span class=\"price product-price\">\n                                            RM1.00                                        </span>\n                                                                                                                <link itemprop=\"availability\" href=\"https://schema.org/InStock\" />\n                                                                        \n                                    \n                                    \n                                                            </div>\n                                                \n                    </div>\n\n                    <div class=\"button-container button-grid\">\n                                                                                <a class=\"button ajax_add_to_cart_button btn btn-default\" href=\"https://ezecnow.com/mockup/index.php?controller=cart&amp;add=1&amp;id_product=1&amp;token=b3d2f774441f14f1a74da271039954fb\" rel=\"nofollow\" title=\"Add to cart\" data-id-product-attribute=\"0\" data-id-product=\"1\" data-minimal_quantity=\"1\">\n                                <span>Buy</span>\n                            </a>\n                                            </div>\n                </div>\n\n                                                            <span class=\"availability\">\n                                                            <span class=\"label-success\">\n                                                                                                                        In Stock\n                                                                                                            </span>\n                                                    </span>\n                                                    <div class=\"product-flags\">\n                                                                                                    </div>\n                \n                				\n				<p class=\"product-desc\" itemprop=\"description\">\n					\n				</p>\n									<div class=\"color-list-container\"></div>\n								\n                <div class=\"absolute-bottom\">\n                    <div class=\"button-container button-list\">\n                                                                                <a class=\"button ajax_add_to_cart_button btn btn-default\" href=\"https://ezecnow.com/mockup/index.php?controller=cart&amp;add=1&amp;id_product=1&amp;token=b3d2f774441f14f1a74da271039954fb\" rel=\"nofollow\" title=\"Add to cart\" data-id-product-attribute=\"0\" data-id-product=\"1\" data-minimal_quantity=\"1\">\n                                <span><i class=\"icon icon-plus\"></i> Add to cart</span>\n                            </a>\n                                            </div>\n                    <div class=\"functional-buttons clearfix\">\n                        \n                                            </div>\n                </div>\n			</div>\n		</div><!-- .product-container> -->\n	</li>\n</ul>\n\n\n\n\n\n</div>\n\n        </div>			\n      </div>\n    </div>\n</div>\n<!-- /MODULE Zero - Daily Deals -->\n<?php }} ?>\n'),('f0cf18397c4ee273ed3af844602bd818f1488213','713dbc1f1a6f3309372308d5f73d7200cccead85','zerohomepage|1|3|3|3|136','2021-05-11 07:01:32','<?php /*%%SmartyHeaderCode:20914494656090c2c27d3e09-86608811%%*/if(!defined(\'SMARTY_DIR\')) exit(\'no direct access allowed\');\n$_valid = $_smarty_tpl->decodeProperties(array (\n  \'file_dependency\' => \n  array (\n    \'713dbc1f1a6f3309372308d5f73d7200cccead85\' => \n    array (\n      0 => \'/home/jackieyap/public_html/mockup/modules/zerohomepage/views/templates/hook/zerohomepage_header.tpl\',\n      1 => 1572947409,\n      2 => \'file\',\n    ),\n  ),\n  \'nocache_hash\' => \'20914494656090c2c27d3e09-86608811\',\n  \'version\' => \'Smarty-3.1.19\',\n  \'unifunc\' => \'content_609a2bcca1c801_87599904\',\n  \'has_nocache_code\' => false,\n  \'cache_lifetime\' => 31536000,\n),true); /*/%%SmartyHeaderCode%%*/?>\n<?php if ($_valid && !is_callable(\'content_609a2bcca1c801_87599904\')) {function content_609a2bcca1c801_87599904($_smarty_tpl) {?>\n<style type=\"text/css\">.row.no-gutters {\r\n  margin-right: 0;\r\n  margin-left: 0;\r\n}\r\n.row.no-gutters > [class^=\"col-\"],\r\n.row.no-gutters > [class*=\" col-\"] {\r\n  padding-right: 0;\r\n  padding-left: 0;\r\n}\r\n\r\n.whatsappBlock a {\r\n    border-radius: 20px;\r\n    height: 40px;\r\n    padding: 5px 15px 5px 10px;\r\n}\r\n\r\n.header-sidebar-login ul li a.logout {\r\n    padding: 0 10px;\r\n    margin-left: 0px;\r\n    line-height: 28px;\r\n    display: inline-block;\r\n    border: 2px solid;\r\n    border-radius: 3px;\r\n}\r\n\r\nheader .header-login .account {\r\n    display: block;\r\n    padding: 0px 10px;\r\n    border: 2px solid;\r\n    height: 35px;\r\n    line-height: 32px;\r\n    margin-top: 23px;\r\n    background: #ffffff;\r\n    color: #717171;\r\n    font size: 14px;\r\n    border-radius: 5px;\r\n    transition: all 0.3s;\r\n}\r\n\r\nheader .header-login .account:hover {\r\n    background: #ffd358;\r\n    color: #ffffff;\r\nborder: 2px solid #ffd358;\r\n}\r\n\r\nheader .header-left-nav .nav-icon:hover {\r\n    color: #ffd358\r\n}\r\n\r\n.rte img {\r\nborder-radius: 10px;\r\n}\r\n\r\n.zerofeaturedcategories .category-block .category-image img:hover {\r\n	opacity:0.7;\r\n}\r\n\r\ninput {\r\n    padding: 0 10px;\r\n    height: 35px;\r\n    line-height: 31px;\r\n    border: 1px solid #c7c7c7;\r\n    -moz-border-radius: 5px;\r\n    -webkit-border-radius: 5px;\r\n    border-radius: 5px;\r\n    -webkit-box-shadow: none;\r\n    box-shadow: none;\r\n}\r\n\r\n#total_frinds_tab, #total_orders_tab, #total_loyalty_tab {\r\n border-radius: 5px;\r\n}\r\n\r\n.referral_voucher {\r\n border-radius: 5px;\r\n}\r\n\r\n.alert-warning {\r\n  border-radius: 5px;\r\n}\r\n\r\nzero-popupnewsletter .popup-content{\r\npadding: 0;\r\nborder: none;\r\nbackground-color: transparent !important;\r\nbackground-image: none !important;\r\noverflow: hidden;\r\n}\r\n\r\n.zero-popupnewsletter .newsletter-form .noshow{\r\nwidth: 100%;\r\n}\r\n\r\n.zero-popupnewsletter .newsletter-form .noshow a{\r\npadding: 0 !important;\r\nfont-size: 9px !important;\r\n}\r\n\r\n.zero-popupnewsletter .newsletter-form .noshow .icon{\r\nfont-size: 12px;\r\n}\r\n\r\n.zero-popupnewsletter .newsletter-content, .zero-popupnewsletter .newsletter-form{\r\nmax-width: 100%;\r\n}\r\n\r\n.zero-popupnewsletter .newsletter-form{\r\nmargin-top: -5px;\r\n}\r\n\r\n.zero-popupnewsletter .newsletter-content p{\r\nmargin: 0;\r\n}\r\n\r\n.zero-popupnewsletter .popup-content {\r\n    padding: 0px 0px;\r\n    border: 0px;\r\n}\r\n\r\n.fancybox-skin, .fancybox-image{\r\nborder-radius: 3rem;\r\n}\r\n\r\n.zero-popupnewsletter .newsletter-form .noshow a {\r\ncolor: inherit;\r\ntext-decoration: none;\r\nfont-size:10px;\r\npadding: 40px;\r\n}\r\n\r\n.fancybox-inner {\r\noverflow: hidden;\r\nborder-radius: 10px;\r\n}\r\n\r\n.zerofeaturedcategories .category-block .category-image img:hover {\r\n	opacity:0.7;\r\n}\r\n\r\nheader .main-header #header_logo img.logo:hover {\r\n	opacity:0.7;\r\n}\r\n\r\n\r\n\r\n.header-sidebar-login ul li a.logout {\r\n    padding: 0 10px;\r\n    margin-left: 0px;\r\n    line-height: 28px;\r\n    display: inline-block;\r\n    border: 2px solid;\r\n    border-radius: 3px;\r\n}\r\n\r\nheader .header-login .account {\r\n    display: block;\r\n    padding: 0px 10px;\r\n    border: 2px solid;\r\n    height: 35px;\r\n    line-height: 32px;\r\n    margin-top: 23px;\r\n    background: #ffffff;\r\n    color: #717171;\r\n    font size: 14px;\r\n    border-radius: 5px;\r\n    transition: all 0.3s;\r\n}\r\n\r\nheader .header-login .account:hover {\r\n    background: #ffd358;\r\n    color: #ffffff;\r\nborder: 2px solid #ffd358;\r\n}\r\n\r\nheader .header-left-nav .nav-icon:hover {\r\n    color: #ffd358\r\n}\r\n\r\n#wkpos-header {\r\n    height: 54px;\r\n    background: #E9869B;\r\n    color: white;\r\n    display: flex;\r\n}\r\n\r\n#pQuantityAvailable span {\r\n    color: #E9869B;\r\n}\r\n\r\n.slide-products-related {\r\n    height: 200px;\r\n    opacity: 1;\r\n}\r\n\r\n.zerofeaturedcategories .category-block .category-image img:hover {\r\n	opacity:0.7;\r\n}\r\n\r\ninput {\r\n    padding: 0 10px;\r\n    height: 35px;\r\n    line-height: 31px;\r\n    border: 1px solid #c7c7c7;\r\n    -moz-border-radius: 5px;\r\n    -webkit-border-radius: 5px;\r\n    border-radius: 5px;\r\n    -webkit-box-shadow: none;\r\n    box-shadow: none;\r\nmax-width: 100%;\r\n}\r\n\r\n#total_frinds_tab, #total_orders_tab, #total_loyalty_tab {\r\n border-radius: 5px;\r\n}\r\n\r\n.referral_voucher {\r\n border-radius: 5px;\r\n}\r\n\r\n.alert-warning {\r\n  border-radius: 5px;\r\n}\r\n\r\ndiv.zhqrcode {\r\npadding: 15px;\r\n	opacity:0.7;\r\n}\r\ndiv.zhqrcode:hover {\r\n	opacity:0.5;\r\n}\r\n\r\n#usefull_link_block a{\r\n    color: #1877F2;\r\n}\r\n\r\n#usefull_link_block b{\r\n    color: #717171;\r\n    font-size: 10px;\r\n}\r\n\r\nli.print {\r\n visibility: hidden;\r\n}\r\n\r\n\r\n#usefull_link_block {\r\n    padding: 10px 4%;\r\npadding-bottom: 0px;\r\n    margin-top: 15px;\r\n    margin-bottom: 15px;\r\nmargin-left: 0px;\r\nmargin-right: 0px;\r\n    border: 1px dashed #c7c7c7;\r\n    -moz-border-radius: 5px;\r\n    -webkit-border-radius: 5px;\r\n    border-radius: 5px;\r\n}\r\n\r\ndiv.row.qrbox {\r\n    padding: 10px 4%;\r\npadding-bottom: 0px;\r\npadding-top: 0px;\r\n    margin-top: 15px;\r\n    margin-bottom: 15px;\r\nmargin-left: 0px;\r\nmargin-right: 0px;\r\n    border: 1px dashed #c7c7c7;\r\n    -moz-border-radius: 5px;\r\n    -webkit-border-radius: 5px;\r\n    border-radius: 5px;\r\n}\r\n\r\ndiv.row.qrbox col-xs-12 col-sm-7 {\r\npadding: 0px;\r\n}\r\n\r\nul.product_base_list .color-list-container ul.color_to_pick_list {\r\n    height: 200%;\r\n}\r\n\r\nli a:hover{\r\n	opacity:0.7;\r\n}\r\n\r\n.rte img {\r\nborder-radius: 5px;\r\n}\r\n\r\n.ytp-cued-thumbnail-overlay-image {\r\nborder-radius: 5px;\r\n}\r\n\r\n.product-image-container .fade:nth-child(2), .product-box .product-image .fade:nth-child(2), .product-image-container .fade.ybc_img_hover, .product-box .product-image .fade.ybc_img_hover {\r\n    transition: all 1s ease 0s;\r\n    -moz-transition: all 1s ease 0s;\r\n    -webkit-transition: all 1s ease 0s;\r\n    -o-transition: all 1s ease 0s;\r\n}\r\n\r\n.zerofeaturedcategories .category-block .category-image img:hover {\r\ntransition: transform 3s;\r\ntransform: scale(1.1);\r\n}\r\n\r\ntextarea#addname.form-control {\r\nheight: 35px;\r\n}\r\n\r\ntextarea#addcontact.form-control {\r\nheight: 35px;\r\n}\r\n\r\n#usefull_link_block {\r\n    border: none;\r\n}\r\n\r\n#usefull_link_block li#left_share_fb a {\r\n    padding-left: 30px;\r\n}\r\n\r\n#usefull_link_block li {\r\n    width: 60%;\r\n}</style>\n<?php }} ?>\n');

--
-- Table structure for table `ps_smarty_last_flush`
--

CREATE TABLE `ps_smarty_last_flush` (
  `type` enum('compile','template') NOT NULL DEFAULT 'compile',
  `last_flush` datetime NOT NULL DEFAULT '0000-00-00 00:00:00',
  PRIMARY KEY (`type`)
) ENGINE=InnoDB DEFAULT CHARSET=utf8;

--
-- Dumping data for table `ps_smarty_last_flush`
--

INSERT INTO `ps_smarty_last_flush` VALUES ('compile','2021-05-04 11:42:53'),('template','2021-05-04 11:42:53');

--
-- Table structure for table `ps_smarty_lazy_cache`
--

CREATE TABLE `ps_smarty_lazy_cache` (
  `template_hash` varchar(32) NOT NULL DEFAULT '',
  `cache_id` varchar(255) NOT NULL DEFAULT '',
  `compile_id` varchar(32) NOT NULL DEFAULT '',
  `filepath` varchar(255) NOT NULL DEFAULT '',
  `last_update` datetime NOT NULL DEFAULT '0000-00-00 00:00:00',
  PRIMARY KEY (`template_hash`,`cache_id`,`compile_id`)
) ENGINE=InnoDB DEFAULT CHARSET=utf8;

--
-- Dumping data for table `ps_smarty_lazy_cache`
--

INSERT INTO `ps_smarty_lazy_cache` VALUES ('00535b502edbab5ca91263260ed43084','zeromenu|1|3|3|3|136','','','2021-05-11 15:01:28'),('07469ee68cd1d60bfacd1fe27ac83fa6','zeromenu|1|1|1|3|136','','b8caed415331feba521fb5ab7624df20ecb1b194','2021-05-04 20:24:23'),('07469ee68cd1d60bfacd1fe27ac83fa6','zeromenu|1|3|3|3|136','','969a394bd53471b26784a271d599e7b03ccb47e4','2021-05-04 12:35:45'),('0982e75574a158b4d68e8a1e021def67','crossselling|shoppingcart|1|1|3|3|3|136','','5ed6c28a74bbb7dac30ff03bbafd5f655705db09','2021-05-04 12:38:40'),('1b2e20799a7a84892b20a1dd91ae5d86','zerosidebar|1|1|1|3|136','','0f87e9d9a672deb5984c912031c9890a2bbba70e','2021-05-04 20:45:51'),('31302d7d04f874d3efa2e0e074625d86','zeromanager|1|1|1|3|136','','ae8cb54d87d17a5fe06dc2df52ea5f0cee471a18','2021-05-04 20:24:23'),('31302d7d04f874d3efa2e0e074625d86','zeromanager|1|3|3|3|136','','b39b1e0fe2465d0f452fa218ba7843de4c53698e','2021-05-04 12:35:45'),('3fdae94d8678253b62ed494bee8e33dc','zeroblog|1|1|1|3|136','','29a0349099c6863d490e0e0d188400d8d045de31','2021-05-04 20:24:23'),('3fdae94d8678253b62ed494bee8e33dc','zeroblog|1|3|3|3|136','','a40a75d2477a9a04d4b0028efce1dae251b1860a','2021-05-11 15:01:30'),('4662bb3b33036bbe8780d2ac78ba93ab','zeromanager|1|1|1|3|136','','1e6c9ae4b7133678d49ba5094f5a060a9d38f933','2021-05-04 20:24:23'),('4662bb3b33036bbe8780d2ac78ba93ab','zeromanager|1|3|3|3|136','','118b29e199337384bf2161e11f9a2794ae248102','2021-05-04 12:35:45'),('4862e158ccb11fae7b73471be9c9481c','zerohomepage|1|1|1|3|136','','709eeaf7f65c2df205ad9935627bd2eae92a9417','2021-05-04 20:24:23'),('4862e158ccb11fae7b73471be9c9481c','zerohomepage|1|3|3|3|136','','be0359fcda516d70be371e323b3aa8ada7fd91b7','2021-05-11 15:01:30'),('4ff8419f8bd0ea64ef022210db121b67','blocksearch-top|1|1|1|3|136','','bc92d6c6890621fea4719d6c1f0bf05404384457','2021-05-04 20:24:23'),('4ff8419f8bd0ea64ef022210db121b67','blocksearch-top|1|3|3|3|136','','508974c5e587d7efee72b35d701d3c5a4b354f16','2021-05-04 12:35:44'),('50b9b7383e20313aa7083020305173f4','zerohomepage|1|1|1|3|136','','15907e9aba57aefa3daa8ed17d5527337f393e16','2021-05-04 20:24:23'),('50b9b7383e20313aa7083020305173f4','zerohomepage|1|3|3|3|136','','e1efe65c84e9b8c37354f498406d4c55736663c8','2021-05-11 15:01:29'),('5a372647f5b7bb0931635abbbe28b954','zeromanager|1|1|1|3|136','','002aec5d71489a22c9feb0593b9ce84ae082ed6c','2021-05-04 20:24:23'),('5a372647f5b7bb0931635abbbe28b954','zeromanager|1|3|3|3|136','','bb82cdb1a987355c906969626b1a8f7ec7ad8ae3','2021-05-04 12:35:45'),('5d4ffc943c780cca36a3e336255637b2','zeroslideshow|1|1|1|3|136','','bfff8d6c9daf2ded79166481a5a2a91549e01af3','2021-05-04 20:24:23'),('5d4ffc943c780cca36a3e336255637b2','zeroslideshow|1|3|3|3|136','','d99072eb0703f22887658d6a798877a97e162ac2','2021-05-11 15:01:30'),('65ec4a43886ca1b36635fd0b7943d0de','zeropopupnewsletter|1|1|1|3|136','','a42597ededfad66ca474e59708d27a9b7a9cd36a','2021-05-04 20:24:23'),('65ec4a43886ca1b36635fd0b7943d0de','zeropopupnewsletter|1|3|3|3|136','','5ecadfa2ec7d138059b44d2093c9ad3dbd88b015','2021-05-04 12:35:45'),('6a1a0bffcfd35f6bad17f08fbd7be4c7','zerosidebar|1|1|1|3|136','','1a9c8c21325fc2fa3fbe2143b3561d5c905f1106','2021-05-04 20:24:22'),('6a1a0bffcfd35f6bad17f08fbd7be4c7','zerosidebar|1|3|3|3|136','','a1d13b24fbff2bb0d3021ef9aff498c2fc2c1bc2','2021-05-04 12:35:44'),('6e46a32afcd239e1c526b0ed42ecab56','zerofeaturedcategories|1|1|1|3|136','','d8d688283417fc124428e210f8b03d1f38cf35f6','2021-05-04 20:24:23'),('6e46a32afcd239e1c526b0ed42ecab56','zerofeaturedcategories|1|3|3|3|136','','c89adf6c1e4b3e2de74677bfe43084a0f0f7b5cf','2021-05-11 15:01:30'),('6efe69c857a36f35b35586f0724f9281','zerohomepage|1|1|1|3|136','','4f5abfa855c5f417bc007d5589120e48f4c43a4b','2021-05-04 20:24:22'),('6efe69c857a36f35b35586f0724f9281','zerohomepage|1|3|3|3|136','','f0cf18397c4ee273ed3af844602bd818f1488213','2021-05-04 12:35:44'),('6fa288de6dd6806d48794fbdf293995b','zerosidebar|1|1|1|3|136','','6cc70c2c9dc4e3a8c73ac6107230af34cf361fe5','2021-05-04 20:24:23'),('6fa288de6dd6806d48794fbdf293995b','zerosidebar|1|3|3|3|136','','15755a74a8b9b4f3bcd497ac084e235565b79c72','2021-05-11 15:01:29'),('7c347c95d24b4ed4e583c1cf9ab9d864','zerodeals||1|1|1|3|136','','ebd23ed372fb6a328498f990e6ce4a86b9043a4f','2021-05-04 20:24:23'),('7c347c95d24b4ed4e583c1cf9ab9d864','zerodeals||1|3|3|3|136','','9f58a09c5e2287c486d497547ac7c276e5f5ce6f','2021-05-11 15:01:30'),('7d366d271c96bcc485de5f232d974596','zerocolors|1|1|1|3|136','','d7080966a2e03e7fe9e16235d6416ba1ae4bf624','2021-05-04 20:24:22'),('7d366d271c96bcc485de5f232d974596','zerocolors|1|3|3|3|136','','37a80c310196f3dcabeea3bb105e83037a76ed07','2021-05-04 12:35:44'),('a9351bd703630625dc81123c9ec6beef','zeromanager|1|1|1|3|136','','ad4db4188c398ac0ca87a2ea4c5c5aa15dd1d051','2021-05-04 20:24:22'),('a9351bd703630625dc81123c9ec6beef','zeromanager|1|3|3|3|136','','5b0315668d744ad50c64b7ba260ecacc2df48c3b','2021-05-04 12:35:44'),('d14c2d686d4235c8226aceb1dcf7b63a','zerohomepage|1|1|1|3|136','','c57260dea98b5e08c0395c456a3520fd095a483d','2021-05-04 20:24:23'),('d14c2d686d4235c8226aceb1dcf7b63a','zerohomepage|1|3|3|3|136','','27823081dbae930dc89a37a48e426b4efa9475dc','2021-05-11 15:01:30'),('dbc8a17b25a37032e8e5c92f5d141755','zeromenu|1|1|1|3|136','','bc89df41d2d9e83c5be6ba965e4fb7528d70729a','2021-05-04 20:24:23'),('dbc8a17b25a37032e8e5c92f5d141755','zeromenu|1|3|3|3|136','','0937f83e215b5a62ab521959a815536b26c3022a','2021-05-04 12:35:44'),('de8c7270adcfc21767d0e678d7644da6','zerobrands|1|1|1|3|136','','0438ae0c853c4fd2f473e7f16b0d66558859fba3','2021-05-04 20:24:23'),('de8c7270adcfc21767d0e678d7644da6','zerobrands|1|3|3|3|136','','1cf147e37fe3d256e9d8003bb9bb58a555c07d2b','2021-05-11 15:01:30'),('fbc8839f2c67eb7ba5871bbd68d61b7a','productcomments|1|1|1|3|136|1','','d7c9c9c48cb2d8f4f6f5b825f86ea0dc027ca186','2021-05-04 20:24:23'),('fbc8839f2c67eb7ba5871bbd68d61b7a','productcomments|1|3|3|3|136|1','','c1ab6fe903feb99ad63d18bb7a240c863faf8783','2021-05-11 15:01:30');

--
-- Table structure for table `ps_specific_price`
--

CREATE TABLE `ps_specific_price` (
  `id_specific_price` int(10) unsigned NOT NULL AUTO_INCREMENT,
  `id_specific_price_rule` int(11) unsigned NOT NULL,
  `id_cart` int(11) unsigned NOT NULL,
  `id_product` int(10) unsigned NOT NULL,
  `id_shop` int(11) unsigned NOT NULL DEFAULT '1',
  `id_shop_group` int(11) unsigned NOT NULL,
  `id_currency` int(10) unsigned NOT NULL,
  `id_country` int(10) unsigned NOT NULL,
  `id_group` int(10) unsigned NOT NULL,
  `id_customer` int(10) unsigned NOT NULL,
  `id_product_attribute` int(10) unsigned NOT NULL,
  `price` decimal(20,6) NOT NULL,
  `from_quantity` mediumint(8) unsigned NOT NULL,
  `reduction` decimal(20,6) NOT NULL,
  `reduction_tax` tinyint(1) NOT NULL DEFAULT '1',
  `reduction_type` enum('amount','percentage') NOT NULL,
  `from` datetime NOT NULL,
  `to` datetime NOT NULL,
  PRIMARY KEY (`id_specific_price`),
  UNIQUE KEY `id_product_2` (`id_product`,`id_product_attribute`,`id_customer`,`id_cart`,`from`,`to`,`id_shop`,`id_shop_group`,`id_currency`,`id_country`,`id_group`,`from_quantity`,`id_specific_price_rule`),
  KEY `id_product` (`id_product`,`id_shop`,`id_currency`,`id_country`,`id_group`,`id_customer`,`from_quantity`,`from`,`to`),
  KEY `from_quantity` (`from_quantity`),
  KEY `id_specific_price_rule` (`id_specific_price_rule`),
  KEY `id_cart` (`id_cart`),
  KEY `id_product_attribute` (`id_product_attribute`),
  KEY `id_shop` (`id_shop`),
  KEY `id_customer` (`id_customer`),
  KEY `from` (`from`),
  KEY `to` (`to`)
) ENGINE=InnoDB DEFAULT CHARSET=utf8;

--
-- Dumping data for table `ps_specific_price`
--


--
-- Table structure for table `ps_specific_price_priority`
--

CREATE TABLE `ps_specific_price_priority` (
  `id_specific_price_priority` int(11) NOT NULL AUTO_INCREMENT,
  `id_product` int(11) NOT NULL,
  `priority` varchar(80) NOT NULL,
  PRIMARY KEY (`id_specific_price_priority`,`id_product`),
  UNIQUE KEY `id_product` (`id_product`)
) ENGINE=InnoDB AUTO_INCREMENT=2 DEFAULT CHARSET=utf8;

--
-- Dumping data for table `ps_specific_price_priority`
--

INSERT INTO `ps_specific_price_priority` VALUES (1,1,'id_shop;id_currency;id_country;id_group');

--
-- Table structure for table `ps_specific_price_rule`
--

CREATE TABLE `ps_specific_price_rule` (
  `id_specific_price_rule` int(10) unsigned NOT NULL AUTO_INCREMENT,
  `name` varchar(255) NOT NULL,
  `id_shop` int(11) unsigned NOT NULL DEFAULT '1',
  `id_currency` int(10) unsigned NOT NULL,
  `id_country` int(10) unsigned NOT NULL,
  `id_group` int(10) unsigned NOT NULL,
  `from_quantity` mediumint(8) unsigned NOT NULL,
  `price` decimal(20,6) DEFAULT NULL,
  `reduction` decimal(20,6) NOT NULL,
  `reduction_tax` tinyint(1) NOT NULL DEFAULT '1',
  `reduction_type` enum('amount','percentage') NOT NULL,
  `from` datetime NOT NULL,
  `to` datetime NOT NULL,
  PRIMARY KEY (`id_specific_price_rule`),
  KEY `id_product` (`id_shop`,`id_currency`,`id_country`,`id_group`,`from_quantity`,`from`,`to`)
) ENGINE=InnoDB DEFAULT CHARSET=utf8;

--
-- Dumping data for table `ps_specific_price_rule`
--


--
-- Table structure for table `ps_specific_price_rule_condition`
--

CREATE TABLE `ps_specific_price_rule_condition` (
  `id_specific_price_rule_condition` int(11) unsigned NOT NULL AUTO_INCREMENT,
  `id_specific_price_rule_condition_group` int(11) unsigned NOT NULL,
  `type` varchar(255) NOT NULL,
  `value` varchar(255) NOT NULL,
  PRIMARY KEY (`id_specific_price_rule_condition`),
  KEY `id_specific_price_rule_condition_group` (`id_specific_price_rule_condition_group`)
) ENGINE=InnoDB DEFAULT CHARSET=utf8;

--
-- Dumping data for table `ps_specific_price_rule_condition`
--


--
-- Table structure for table `ps_specific_price_rule_condition_group`
--

CREATE TABLE `ps_specific_price_rule_condition_group` (
  `id_specific_price_rule_condition_group` int(11) unsigned NOT NULL AUTO_INCREMENT,
  `id_specific_price_rule` int(11) unsigned NOT NULL,
  PRIMARY KEY (`id_specific_price_rule_condition_group`,`id_specific_price_rule`)
) ENGINE=InnoDB DEFAULT CHARSET=utf8;

--
-- Dumping data for table `ps_specific_price_rule_condition_group`
--


--
-- Table structure for table `ps_state`
--

CREATE TABLE `ps_state` (
  `id_state` int(10) unsigned NOT NULL AUTO_INCREMENT,
  `id_country` int(11) unsigned NOT NULL,
  `id_zone` int(11) unsigned NOT NULL,
  `name` varchar(64) NOT NULL,
  `iso_code` varchar(7) NOT NULL,
  `tax_behavior` smallint(1) NOT NULL DEFAULT '0',
  `active` tinyint(1) NOT NULL DEFAULT '0',
  PRIMARY KEY (`id_state`),
  KEY `id_country` (`id_country`),
  KEY `name` (`name`),
  KEY `id_zone` (`id_zone`)
) ENGINE=InnoDB AUTO_INCREMENT=410 DEFAULT CHARSET=utf8;

--
-- Dumping data for table `ps_state`
--

INSERT INTO `ps_state` VALUES (1,21,2,'Alabama','AL',0,1),(2,21,2,'Alaska','AK',0,1),(3,21,2,'Arizona','AZ',0,1),(4,21,2,'Arkansas','AR',0,1),(5,21,2,'California','CA',0,1),(6,21,2,'Colorado','CO',0,1),(7,21,2,'Connecticut','CT',0,1),(8,21,2,'Delaware','DE',0,1),(9,21,2,'Florida','FL',0,1),(10,21,2,'Georgia','GA',0,1),(11,21,2,'Hawaii','HI',0,1),(12,21,2,'Idaho','ID',0,1),(13,21,2,'Illinois','IL',0,1),(14,21,2,'Indiana','IN',0,1),(15,21,2,'Iowa','IA',0,1),(16,21,2,'Kansas','KS',0,1),(17,21,2,'Kentucky','KY',0,1),(18,21,2,'Louisiana','LA',0,1),(19,21,2,'Maine','ME',0,1),(20,21,2,'Maryland','MD',0,1),(21,21,2,'Massachusetts','MA',0,1),(22,21,2,'Michigan','MI',0,1),(23,21,2,'Minnesota','MN',0,1),(24,21,2,'Mississippi','MS',0,1),(25,21,2,'Missouri','MO',0,1),(26,21,2,'Montana','MT',0,1),(27,21,2,'Nebraska','NE',0,1),(28,21,2,'Nevada','NV',0,1),(29,21,2,'New Hampshire','NH',0,1),(30,21,2,'New Jersey','NJ',0,1),(31,21,2,'New Mexico','NM',0,1),(32,21,2,'New York','NY',0,1),(33,21,2,'North Carolina','NC',0,1),(34,21,2,'North Dakota','ND',0,1),(35,21,2,'Ohio','OH',0,1),(36,21,2,'Oklahoma','OK',0,1),(37,21,2,'Oregon','OR',0,1),(38,21,2,'Pennsylvania','PA',0,1),(39,21,2,'Rhode Island','RI',0,1),(40,21,2,'South Carolina','SC',0,1),(41,21,2,'South Dakota','SD',0,1),(42,21,2,'Tennessee','TN',0,1),(43,21,2,'Texas','TX',0,1),(44,21,2,'Utah','UT',0,1),(45,21,2,'Vermont','VT',0,1),(46,21,2,'Virginia','VA',0,1),(47,21,2,'Washington','WA',0,1),(48,21,2,'West Virginia','WV',0,1),(49,21,2,'Wisconsin','WI',0,1),(50,21,2,'Wyoming','WY',0,1),(51,21,2,'Puerto Rico','PR',0,1),(52,21,2,'US Virgin Islands','VI',0,1),(53,21,2,'District of Columbia','DC',0,1),(54,145,2,'Aguascalientes','AGS',0,1),(55,145,2,'Baja California','BCN',0,1),(56,145,2,'Baja California Sur','BCS',0,1),(57,145,2,'Campeche','CAM',0,1),(58,145,2,'Chiapas','CHP',0,1),(59,145,2,'Chihuahua','CHH',0,1),(60,145,2,'Coahuila','COA',0,1),(61,145,2,'Colima','COL',0,1),(62,145,2,'Distrito Federal','DIF',0,1),(63,145,2,'Durango','DUR',0,1),(64,145,2,'Guanajuato','GUA',0,1),(65,145,2,'Guerrero','GRO',0,1),(66,145,2,'Hidalgo','HID',0,1),(67,145,2,'Jalisco','JAL',0,1),(68,145,2,'Estado de México','MEX',0,1),(69,145,2,'Michoacán','MIC',0,1),(70,145,2,'Morelos','MOR',0,1),(71,145,2,'Nayarit','NAY',0,1),(72,145,2,'Nuevo León','NLE',0,1),(73,145,2,'Oaxaca','OAX',0,1),(74,145,2,'Puebla','PUE',0,1),(75,145,2,'Querétaro','QUE',0,1),(76,145,2,'Quintana Roo','ROO',0,1),(77,145,2,'San Luis Potosí','SLP',0,1),(78,145,2,'Sinaloa','SIN',0,1),(79,145,2,'Sonora','SON',0,1),(80,145,2,'Tabasco','TAB',0,1),(81,145,2,'Tamaulipas','TAM',0,1),(82,145,2,'Tlaxcala','TLA',0,1),(83,145,2,'Veracruz','VER',0,1),(84,145,2,'Yucatán','YUC',0,1),(85,145,2,'Zacatecas','ZAC',0,1),(86,4,2,'Ontario','ON',0,1),(87,4,2,'Quebec','QC',0,1),(88,4,2,'British Columbia','BC',0,1),(89,4,2,'Alberta','AB',0,1),(90,4,2,'Manitoba','MB',0,1),(91,4,2,'Saskatchewan','SK',0,1),(92,4,2,'Nova Scotia','NS',0,1),(93,4,2,'New Brunswick','NB',0,1),(94,4,2,'Newfoundland and Labrador','NL',0,1),(95,4,2,'Prince Edward Island','PE',0,1),(96,4,2,'Northwest Territories','NT',0,1),(97,4,2,'Yukon','YT',0,1),(98,4,2,'Nunavut','NU',0,1),(99,44,6,'Buenos Aires','B',0,1),(100,44,6,'Catamarca','K',0,1),(101,44,6,'Chaco','H',0,1),(102,44,6,'Chubut','U',0,1),(103,44,6,'Ciudad de Buenos Aires','C',0,1),(104,44,6,'Córdoba','X',0,1),(105,44,6,'Corrientes','W',0,1),(106,44,6,'Entre Ríos','E',0,1),(107,44,6,'Formosa','P',0,1),(108,44,6,'Jujuy','Y',0,1),(109,44,6,'La Pampa','L',0,1),(110,44,6,'La Rioja','F',0,1),(111,44,6,'Mendoza','M',0,1),(112,44,6,'Misiones','N',0,1),(113,44,6,'Neuquén','Q',0,1),(114,44,6,'Río Negro','R',0,1),(115,44,6,'Salta','A',0,1),(116,44,6,'San Juan','J',0,1),(117,44,6,'San Luis','D',0,1),(118,44,6,'Santa Cruz','Z',0,1),(119,44,6,'Santa Fe','S',0,1),(120,44,6,'Santiago del Estero','G',0,1),(121,44,6,'Tierra del Fuego','V',0,1),(122,44,6,'Tucumán','T',0,1),(123,10,1,'Agrigento','AG',0,1),(124,10,1,'Alessandria','AL',0,1),(125,10,1,'Ancona','AN',0,1),(126,10,1,'Aosta','AO',0,1),(127,10,1,'Arezzo','AR',0,1),(128,10,1,'Ascoli Piceno','AP',0,1),(129,10,1,'Asti','AT',0,1),(130,10,1,'Avellino','AV',0,1),(131,10,1,'Bari','BA',0,1),(132,10,1,'Barletta-Andria-Trani','BT',0,1),(133,10,1,'Belluno','BL',0,1),(134,10,1,'Benevento','BN',0,1),(135,10,1,'Bergamo','BG',0,1),(136,10,1,'Biella','BI',0,1),(137,10,1,'Bologna','BO',0,1),(138,10,1,'Bolzano','BZ',0,1),(139,10,1,'Brescia','BS',0,1),(140,10,1,'Brindisi','BR',0,1),(141,10,1,'Cagliari','CA',0,1),(142,10,1,'Caltanissetta','CL',0,1),(143,10,1,'Campobasso','CB',0,1),(144,10,1,'Carbonia-Iglesias','CI',0,1),(145,10,1,'Caserta','CE',0,1),(146,10,1,'Catania','CT',0,1),(147,10,1,'Catanzaro','CZ',0,1),(148,10,1,'Chieti','CH',0,1),(149,10,1,'Como','CO',0,1),(150,10,1,'Cosenza','CS',0,1),(151,10,1,'Cremona','CR',0,1),(152,10,1,'Crotone','KR',0,1),(153,10,1,'Cuneo','CN',0,1),(154,10,1,'Enna','EN',0,1),(155,10,1,'Fermo','FM',0,1),(156,10,1,'Ferrara','FE',0,1),(157,10,1,'Firenze','FI',0,1),(158,10,1,'Foggia','FG',0,1),(159,10,1,'Forlì-Cesena','FC',0,1),(160,10,1,'Frosinone','FR',0,1),(161,10,1,'Genova','GE',0,1),(162,10,1,'Gorizia','GO',0,1),(163,10,1,'Grosseto','GR',0,1),(164,10,1,'Imperia','IM',0,1),(165,10,1,'Isernia','IS',0,1),(166,10,1,'L\'Aquila','AQ',0,1),(167,10,1,'La Spezia','SP',0,1),(168,10,1,'Latina','LT',0,1),(169,10,1,'Lecce','LE',0,1),(170,10,1,'Lecco','LC',0,1),(171,10,1,'Livorno','LI',0,1),(172,10,1,'Lodi','LO',0,1),(173,10,1,'Lucca','LU',0,1),(174,10,1,'Macerata','MC',0,1),(175,10,1,'Mantova','MN',0,1),(176,10,1,'Massa','MS',0,1),(177,10,1,'Matera','MT',0,1),(178,10,1,'Medio Campidano','VS',0,1),(179,10,1,'Messina','ME',0,1),(180,10,1,'Milano','MI',0,1),(181,10,1,'Modena','MO',0,1),(182,10,1,'Monza e della Brianza','MB',0,1),(183,10,1,'Napoli','NA',0,1),(184,10,1,'Novara','NO',0,1),(185,10,1,'Nuoro','NU',0,1),(186,10,1,'Ogliastra','OG',0,1),(187,10,1,'Olbia-Tempio','OT',0,1),(188,10,1,'Oristano','OR',0,1),(189,10,1,'Padova','PD',0,1),(190,10,1,'Palermo','PA',0,1),(191,10,1,'Parma','PR',0,1),(192,10,1,'Pavia','PV',0,1),(193,10,1,'Perugia','PG',0,1),(194,10,1,'Pesaro-Urbino','PU',0,1),(195,10,1,'Pescara','PE',0,1),(196,10,1,'Piacenza','PC',0,1),(197,10,1,'Pisa','PI',0,1),(198,10,1,'Pistoia','PT',0,1),(199,10,1,'Pordenone','PN',0,1),(200,10,1,'Potenza','PZ',0,1),(201,10,1,'Prato','PO',0,1),(202,10,1,'Ragusa','RG',0,1),(203,10,1,'Ravenna','RA',0,1),(204,10,1,'Reggio Calabria','RC',0,1),(205,10,1,'Reggio Emilia','RE',0,1),(206,10,1,'Rieti','RI',0,1),(207,10,1,'Rimini','RN',0,1),(208,10,1,'Roma','RM',0,1),(209,10,1,'Rovigo','RO',0,1),(210,10,1,'Salerno','SA',0,1),(211,10,1,'Sassari','SS',0,1),(212,10,1,'Savona','SV',0,1),(213,10,1,'Siena','SI',0,1),(214,10,1,'Siracusa','SR',0,1),(215,10,1,'Sondrio','SO',0,1),(216,10,1,'Taranto','TA',0,1),(217,10,1,'Teramo','TE',0,1),(218,10,1,'Terni','TR',0,1),(219,10,1,'Torino','TO',0,1),(220,10,1,'Trapani','TP',0,1),(221,10,1,'Trento','TN',0,1),(222,10,1,'Treviso','TV',0,1),(223,10,1,'Trieste','TS',0,1),(224,10,1,'Udine','UD',0,1),(225,10,1,'Varese','VA',0,1),(226,10,1,'Venezia','VE',0,1),(227,10,1,'Verbano-Cusio-Ossola','VB',0,1),(228,10,1,'Vercelli','VC',0,1),(229,10,1,'Verona','VR',0,1),(230,10,1,'Vibo Valentia','VV',0,1),(231,10,1,'Vicenza','VI',0,1),(232,10,1,'Viterbo','VT',0,1),(233,111,3,'Aceh','AC',0,1),(234,111,3,'Bali','BA',0,1),(235,111,3,'Bangka','BB',0,1),(236,111,3,'Banten','BT',0,1),(237,111,3,'Bengkulu','BE',0,1),(238,111,3,'Central Java','JT',0,1),(239,111,3,'Central Kalimantan','KT',0,1),(240,111,3,'Central Sulawesi','ST',0,1),(241,111,3,'Coat of arms of East Java','JI',0,1),(242,111,3,'East kalimantan','KI',0,1),(243,111,3,'East Nusa Tenggara','NT',0,1),(244,111,3,'Lambang propinsi','GO',0,1),(245,111,3,'Jakarta','JK',0,1),(246,111,3,'Jambi','JA',0,1),(247,111,3,'Lampung','LA',0,1),(248,111,3,'Maluku','MA',0,1),(249,111,3,'North Maluku','MU',0,1),(250,111,3,'North Sulawesi','SA',0,1),(251,111,3,'North Sumatra','SU',0,1),(252,111,3,'Papua','PA',0,1),(253,111,3,'Riau','RI',0,1),(254,111,3,'Lambang Riau','KR',0,1),(255,111,3,'Southeast Sulawesi','SG',0,1),(256,111,3,'South Kalimantan','KS',0,1),(257,111,3,'South Sulawesi','SN',0,1),(258,111,3,'South Sumatra','SS',0,1),(259,111,3,'West Java','JB',0,1),(260,111,3,'West Kalimantan','KB',0,1),(261,111,3,'West Nusa Tenggara','NB',0,1),(262,111,3,'Lambang Provinsi Papua Barat','PB',0,1),(263,111,3,'West Sulawesi','SR',0,1),(264,111,3,'West Sumatra','SB',0,1),(265,111,3,'Yogyakarta','YO',0,1),(266,11,3,'Aichi','23',0,1),(267,11,3,'Akita','05',0,1),(268,11,3,'Aomori','02',0,1),(269,11,3,'Chiba','12',0,1),(270,11,3,'Ehime','38',0,1),(271,11,3,'Fukui','18',0,1),(272,11,3,'Fukuoka','40',0,1),(273,11,3,'Fukushima','07',0,1),(274,11,3,'Gifu','21',0,1),(275,11,3,'Gunma','10',0,1),(276,11,3,'Hiroshima','34',0,1),(277,11,3,'Hokkaido','01',0,1),(278,11,3,'Hyogo','28',0,1),(279,11,3,'Ibaraki','08',0,1),(280,11,3,'Ishikawa','17',0,1),(281,11,3,'Iwate','03',0,1),(282,11,3,'Kagawa','37',0,1),(283,11,3,'Kagoshima','46',0,1),(284,11,3,'Kanagawa','14',0,1),(285,11,3,'Kochi','39',0,1),(286,11,3,'Kumamoto','43',0,1),(287,11,3,'Kyoto','26',0,1),(288,11,3,'Mie','24',0,1),(289,11,3,'Miyagi','04',0,1),(290,11,3,'Miyazaki','45',0,1),(291,11,3,'Nagano','20',0,1),(292,11,3,'Nagasaki','42',0,1),(293,11,3,'Nara','29',0,1),(294,11,3,'Niigata','15',0,1),(295,11,3,'Oita','44',0,1),(296,11,3,'Okayama','33',0,1),(297,11,3,'Okinawa','47',0,1),(298,11,3,'Osaka','27',0,1),(299,11,3,'Saga','41',0,1),(300,11,3,'Saitama','11',0,1),(301,11,3,'Shiga','25',0,1),(302,11,3,'Shimane','32',0,1),(303,11,3,'Shizuoka','22',0,1),(304,11,3,'Tochigi','09',0,1),(305,11,3,'Tokushima','36',0,1),(306,11,3,'Tokyo','13',0,1),(307,11,3,'Tottori','31',0,1),(308,11,3,'Toyama','16',0,1),(309,11,3,'Wakayama','30',0,1),(310,11,3,'Yamagata','06',0,1),(311,11,3,'Yamaguchi','35',0,1),(312,11,3,'Yamanashi','19',0,1),(313,136,12,'W.P Kuala Lumpur','MY-14',0,1),(314,136,9,'W.P Labuan','MY-15',0,1),(315,136,9,'W.P Putrajaya','MY-16',0,1),(316,136,9,'Johor','MY-01',0,1),(317,136,9,'Kedah','MY-02',0,1),(318,136,9,'Kelantan','MY-03',0,1),(319,136,9,'Melaka','MY-04',0,1),(320,136,9,'Negeri Sembilan','MY-05',0,1),(321,136,9,'Pahang','MY-06',0,1),(322,136,9,'Perak','MY-08',0,1),(323,136,9,'Perlis','MY-09',0,1),(324,136,9,'Pulau Pinang','MY-07',0,1),(325,136,10,'Sabah','MY-12',0,1),(326,136,11,'Sarawak','MY-13',0,1),(327,136,12,'Selangor','MY-10',0,1),(328,136,9,'Terengganu','MY-11',0,1),(329,11,3,'Aichi','JP-23',0,1),(330,11,3,'Akita','JP-05',0,1),(331,11,3,'Aomori','JP-02',0,1),(332,11,3,'Chiba','JP-12',0,1),(333,11,3,'Ehime','JP-38',0,1),(334,11,3,'Fukui','JP-18',0,1),(335,11,3,'Fukuoka','JP-40',0,1),(336,11,3,'Fukushima','JP-07',0,1),(337,11,3,'Gifu','JP-21',0,1),(338,11,3,'Gunma','JP-10',0,1),(339,11,3,'Hiroshima','JP-34',0,1),(340,11,3,'Hokkaido','JP-01',0,1),(341,11,3,'Hyōgo','JP-28',0,1),(342,11,3,'Ibaraki','JP-08',0,1),(343,11,3,'Ishikawa','JP-17',0,1),(344,11,3,'Iwate','JP-03',0,1),(345,11,3,'Kagawa','JP-37',0,1),(346,11,3,'Kagoshima','JP-46',0,1),(347,11,3,'Kanagawa','JP-14',0,1),(348,11,3,'Kōchi','JP-39',0,1),(349,11,3,'Kumamoto','JP-43',0,1),(350,11,3,'Kyoto','JP-26',0,1),(351,11,3,'Mie','JP-24',0,1),(352,11,3,'Miyagi','JP-04',0,1),(353,11,3,'Miyazaki','JP-45',0,1),(354,11,3,'Nagano','JP-20',0,1),(355,11,3,'Nagasaki','JP-42',0,1),(356,11,3,'Nara','JP-29',0,1),(357,11,3,'Niigata','JP-15',0,1),(358,11,3,'Ōita','JP-44',0,1),(359,11,3,'Okayama','JP-33',0,1),(360,11,3,'Okinawa','JP-47',0,1),(361,11,3,'Osaka','JP-27',0,1),(362,11,3,'Saga','JP-41',0,1),(363,11,3,'Saitama','JP-11',0,1),(364,11,3,'Shiga','JP-25',0,1),(365,11,3,'Shimane','JP-32',0,1),(366,11,3,'Shizuoka','JP-22',0,1),(367,11,3,'Tochigi','JP-09',0,1),(368,11,3,'Tokushima','JP-36',0,1),(369,11,3,'Tokyo','JP-13',0,1),(370,11,3,'Tottori','JP-31',0,1),(371,11,3,'Toyama','JP-16',0,1),(372,11,3,'Wakayama','JP-30',0,1),(373,11,3,'Yamagata','JP-06',0,1),(374,11,3,'Yamaguchi','JP-35',0,1),(375,11,3,'Yamanashi','JP-19',0,1),(376,5,3,'Beijing','11',0,1),(377,5,3,'Chongqing','50',0,1),(378,5,3,'Shanghai','31',0,1),(379,5,3,'Tianjin','12',0,1),(380,5,3,'Anhui','34',0,1),(381,5,3,'Fujian','35',0,1),(382,5,3,'Gansu','62',0,1),(383,5,3,'Guangdong','44',0,1),(384,5,3,'Guizhou','52',0,1),(385,5,3,'Hainan','46',0,1),(386,5,3,'Hebei','13',0,1),(387,5,3,'Heilongjiang','23',0,1),(388,5,3,'Henan','41',0,1),(389,5,3,'Hubei','42',0,1),(390,5,3,'Hunan','43',0,1),(391,5,3,'Jiangsu','32',0,1),(392,5,3,'Jiangxi','36',0,1),(393,5,3,'Jilin','22',0,1),(394,5,3,'Liaoning','21',0,1),(395,5,3,'Qinghai','63',0,1),(396,5,3,'Shaanxi','61',0,1),(397,5,3,'Shandong','37',0,1),(398,5,3,'Shanxi','14',0,1),(399,5,3,'Sichuan','51',0,1),(400,5,3,'Taiwan','71',0,1),(401,5,3,'Yunnan','53',0,1),(402,5,3,'Guangxi','45',0,1),(403,5,3,'Neimenggu','15',0,1),(404,5,3,'Ningxia','64',0,1),(405,5,3,'Xinjiang','65',0,1),(406,5,3,'Xizang','54',0,1),(407,5,3,'Xianggang','91',0,1),(408,5,3,'Aomen','92',0,1),(409,5,3,'Zhejiang','33',0,1);

--
-- Table structure for table `ps_statssearch`
--

CREATE TABLE `ps_statssearch` (
  `id_statssearch` int(10) unsigned NOT NULL AUTO_INCREMENT,
  `id_shop` int(10) unsigned NOT NULL DEFAULT '1',
  `id_shop_group` int(10) unsigned NOT NULL DEFAULT '1',
  `keywords` varchar(255) NOT NULL,
  `results` int(6) NOT NULL DEFAULT '0',
  `date_add` datetime NOT NULL,
  PRIMARY KEY (`id_statssearch`)
) ENGINE=InnoDB AUTO_INCREMENT=767 DEFAULT CHARSET=utf8;

--
-- Dumping data for table `ps_statssearch`
--

INSERT INTO `ps_statssearch` VALUES (1,1,1,'pen',21,'2018-01-02 23:27:08'),(2,1,1,'pen',21,'2018-01-02 23:27:09'),(3,1,1,'pen',10,'2018-01-02 23:27:09'),(4,1,1,'pen',21,'2018-01-02 23:27:43'),(5,1,1,'pen',21,'2018-01-02 23:28:50'),(6,1,1,'pen',21,'2018-01-02 23:29:01'),(7,1,1,'pen',21,'2018-01-02 23:29:36'),(8,1,1,'pen',10,'2018-01-02 23:29:40'),(9,1,1,'mono;',1,'2018-01-02 23:29:42'),(10,1,1,'mono',1,'2018-01-02 23:29:42'),(11,1,1,'mono',1,'2018-01-02 23:29:43'),(12,1,1,'mono',1,'2018-01-02 23:29:54'),(13,1,1,'sche',0,'2018-01-03 03:55:06'),(14,1,1,'sch',0,'2018-01-03 03:55:06'),(15,1,1,'school',0,'2018-01-03 03:55:07'),(16,1,1,'school',0,'2018-01-03 03:55:07'),(17,1,1,'school',0,'2018-01-03 03:55:10'),(18,1,1,'笔',1,'2018-01-03 03:55:13'),(19,1,1,'笔',1,'2018-01-03 03:55:21'),(20,1,1,'pen',21,'2018-01-03 03:55:28'),(21,1,1,'pen',10,'2018-01-03 03:55:29'),(22,1,1,'笔',1,'2018-01-03 03:55:42'),(23,1,1,'中性笔',0,'2018-01-03 03:55:56'),(24,1,1,'中性笔',0,'2018-01-03 03:55:56'),(25,1,1,'笔',1,'2018-01-03 03:56:01'),(26,1,1,'bag',1,'2018-01-03 03:56:19'),(27,1,1,'bag',1,'2018-01-03 03:56:19'),(28,1,1,'beg',0,'2018-01-03 03:56:24'),(29,1,1,'beg',0,'2018-01-03 03:56:24'),(30,1,1,'bag',1,'2018-01-03 03:56:28'),(31,1,1,'bag',1,'2018-01-03 03:56:28'),(32,1,1,'dai',0,'2018-01-03 03:56:32'),(33,1,1,'gift',1,'2018-01-03 03:56:35'),(34,1,1,'gift',1,'2018-01-03 03:56:35'),(35,1,1,'hand',1,'2018-01-03 03:56:41'),(36,1,1,'hand',1,'2018-01-03 03:56:41'),(37,1,1,'tatto',3,'2018-01-03 03:56:49'),(38,1,1,'tatto',3,'2018-01-03 03:56:49'),(39,1,1,'diao',0,'2018-01-03 03:57:50'),(40,1,1,'吊',0,'2018-01-03 03:57:53'),(41,1,1,'吊kou',0,'2018-01-03 03:57:57'),(42,1,1,'吊扣',0,'2018-01-03 03:57:58'),(43,1,1,'gong\'zai',0,'2018-01-03 03:58:27'),(44,1,1,'公仔',0,'2018-01-03 03:58:27'),(45,1,1,'sui',0,'2018-01-03 03:58:37'),(46,1,1,'水',0,'2018-01-03 03:58:38'),(47,1,1,'guo',0,'2018-01-03 03:58:44'),(48,1,1,'sui\'g',0,'2018-01-03 03:58:46'),(49,1,1,'水果',0,'2018-01-03 03:58:46'),(50,1,1,'pen',0,'2018-01-03 04:00:28'),(51,1,1,'pen set',0,'2018-01-03 04:00:29'),(52,1,1,'pen set',0,'2018-01-03 04:00:29'),(53,1,1,'pen set',2,'2018-01-03 04:00:33'),(54,1,1,'笔',1,'2018-01-03 04:00:44'),(55,1,1,'dai\'zi',0,'2018-01-03 04:00:51'),(56,1,1,'袋',0,'2018-01-03 04:00:52'),(57,1,1,'笔',21,'2018-01-03 04:03:22'),(58,1,1,'笔',21,'2018-01-03 04:03:29'),(59,1,1,'卡通',5,'2018-01-03 04:04:27'),(60,1,1,'dai',0,'2018-01-03 04:04:39'),(61,1,1,'袋',0,'2018-01-03 04:04:44'),(62,1,1,'防尘塞',0,'2018-01-03 04:05:18'),(63,1,1,'防尘塞',0,'2018-01-03 04:05:18'),(64,1,1,'防尘塞',0,'2018-01-03 04:05:21'),(65,1,1,'su\'kou\'dai',0,'2018-01-03 04:09:43'),(66,1,1,'束口袋',0,'2018-01-03 04:09:44'),(67,1,1,'zong',0,'2018-01-03 04:09:53'),(68,1,1,'zong\'xing\'bi',0,'2018-01-03 04:09:54'),(69,1,1,'中性笔',0,'2018-01-03 04:09:54'),(70,1,1,'笔',21,'2018-01-03 05:07:58'),(71,1,1,'tao',0,'2018-01-03 05:08:11'),(72,1,1,'套',0,'2018-01-03 05:08:11'),(73,1,1,'sou lian',0,'2018-01-03 05:08:38'),(74,1,1,'手链',0,'2018-01-03 05:08:39'),(75,1,1,'Hand',1,'2018-01-03 05:13:36'),(76,1,1,'hand',1,'2018-01-03 05:13:43'),(77,1,1,'Hand',1,'2018-01-03 05:13:44'),(78,1,1,'套',0,'2018-01-03 06:41:34'),(79,1,1,'套',0,'2018-01-03 06:43:15'),(80,1,1,'套',0,'2018-01-03 06:43:15'),(81,1,1,'九',1,'2018-01-03 06:48:12'),(82,1,1,'阳',0,'2018-01-03 06:48:22'),(83,1,1,'神功',0,'2018-01-03 06:48:27'),(84,1,1,'九阳',1,'2018-01-03 06:48:32'),(85,1,1,'圣女果',0,'2018-01-03 06:48:44'),(86,1,1,'sheng',0,'2018-01-03 06:48:45'),(87,1,1,'神功',0,'2018-01-03 06:48:45'),(88,1,1,'几样神功',0,'2018-01-03 06:48:50'),(89,1,1,'j神功',0,'2018-01-03 06:48:51'),(90,1,1,'九阳神功',1,'2018-01-03 06:48:53'),(91,1,1,'九阳神功',1,'2018-01-03 06:48:53'),(92,1,1,'蝴蝶',1,'2018-01-03 06:49:48'),(93,1,1,'蝴蝶',1,'2018-01-03 06:54:52'),(94,1,1,'蝴蝶',9,'2018-01-03 06:56:21'),(95,1,1,'中性笔',4,'2018-01-03 06:56:32'),(96,1,1,'中性笔',4,'2018-01-03 06:56:32'),(97,1,1,'剪',3,'2018-01-03 06:56:46'),(98,1,1,'伐ku',0,'2018-01-03 07:01:20'),(99,1,1,'发箍',2,'2018-01-03 07:01:23'),(100,1,1,'bts',5,'2018-01-03 07:05:00'),(101,1,1,'bts',5,'2018-01-03 07:05:00'),(102,1,1,'big',0,'2018-01-03 07:05:14'),(103,1,1,'big bang',0,'2018-01-03 07:05:16'),(104,1,1,'big bang',0,'2018-01-03 07:05:16'),(105,1,1,'bigbagn',0,'2018-01-03 07:05:20'),(106,1,1,'bigbagn',0,'2018-01-03 07:05:20'),(107,1,1,'bigbang',0,'2018-01-03 07:05:23'),(108,1,1,'bigbang',0,'2018-01-03 07:05:23'),(109,1,1,'exo',10,'2018-01-03 07:05:26'),(110,1,1,'exo',13,'2018-01-03 07:05:26'),(111,1,1,'exo',13,'2018-01-03 07:05:52'),(112,1,1,'exo',10,'2018-01-03 07:05:52'),(113,1,1,'jia',0,'2018-01-03 07:06:59'),(114,1,1,'夹',10,'2018-01-03 07:07:05'),(115,1,1,'fa gu',0,'2018-01-03 08:42:37'),(116,1,1,'发箍',2,'2018-01-03 08:42:37'),(117,1,1,'zen',1,'2018-01-03 08:42:52'),(118,1,1,'zen zu',1,'2018-01-03 08:42:52'),(119,1,1,'珍珠',5,'2018-01-03 08:42:56'),(120,1,1,'14427',1,'2018-01-03 21:09:48'),(121,1,1,'ming\'xing\'p',0,'2018-01-03 21:12:32'),(122,1,1,'明信片',1,'2018-01-03 21:12:33'),(123,1,1,'zao\'p',0,'2018-01-03 21:12:37'),(124,1,1,'照片',0,'2018-01-03 21:12:37'),(125,1,1,'xiang\'kang',0,'2018-01-03 21:12:43'),(126,1,1,'xiang',0,'2018-01-03 21:12:45'),(127,1,1,'xiang\'kuang',0,'2018-01-03 21:12:46'),(128,1,1,'相框',0,'2018-01-03 21:12:47'),(129,1,1,'sou\'lian',0,'2018-01-03 21:12:50'),(130,1,1,'手链',10,'2018-01-03 21:12:51'),(131,1,1,'17192',4,'2018-01-03 21:16:45'),(132,1,1,'yeg',0,'2018-01-03 23:41:18'),(133,1,1,'yeguang',0,'2018-01-03 23:41:19'),(134,1,1,'夜光',3,'2018-01-03 23:41:20'),(135,1,1,'rila',0,'2018-01-04 00:02:22'),(136,1,1,'rilakuma',0,'2018-01-04 00:02:23'),(137,1,1,'rilakuma',0,'2018-01-04 00:02:23'),(138,1,1,'book',10,'2018-01-04 07:57:30'),(139,1,1,'book',17,'2018-01-04 07:57:30'),(140,1,1,'book',10,'2018-01-04 07:57:40'),(141,1,1,'书',3,'2018-01-04 07:57:43'),(142,1,1,'发束',4,'2018-01-04 07:58:04'),(143,1,1,'学校',0,'2018-01-04 07:58:52'),(144,1,1,'school',0,'2018-01-04 07:58:58'),(145,1,1,'school',0,'2018-01-04 07:58:58'),(146,1,1,'fagu',0,'2018-01-05 00:00:19'),(147,1,1,'发箍',2,'2018-01-05 00:00:20'),(148,1,1,'pen',10,'2018-01-05 00:00:40'),(149,1,1,'发箍',2,'2018-01-05 00:01:20'),(150,1,1,'笔dai',0,'2018-01-05 00:59:54'),(151,1,1,'笔袋',8,'2018-01-05 00:59:55'),(152,1,1,'笔袋',8,'2018-01-05 01:00:54'),(153,1,1,'笔袋',8,'2018-01-05 01:09:56'),(154,1,1,'10342',1,'2018-01-05 01:38:53'),(155,1,1,'10342',1,'2018-01-05 01:40:06'),(156,1,1,'15006',0,'2018-01-05 01:41:18'),(157,1,1,'15006',1,'2018-01-05 01:41:35'),(158,1,1,'bi dai',0,'2018-01-05 03:05:58'),(159,1,1,'笔袋',8,'2018-01-05 03:05:58'),(160,1,1,'10342',1,'2018-01-05 06:17:59'),(161,1,1,'10342',1,'2018-01-05 06:17:59'),(162,1,1,'10342',1,'2018-01-05 06:18:26'),(163,1,1,'stationery',10,'2018-01-05 06:18:30'),(164,1,1,'99999',1,'2018-01-05 06:44:24'),(165,1,1,'99999',1,'2018-01-05 06:44:24'),(166,1,1,'吊带',0,'2018-01-05 07:16:38'),(167,1,1,'笔袋',8,'2018-01-05 07:16:43'),(168,1,1,'笔袋',8,'2018-01-05 07:17:20'),(169,1,1,'0.8',0,'2018-01-05 07:17:39'),(170,1,1,'0.99',1,'2018-01-05 07:17:40'),(171,1,1,'0.99',1,'2018-01-05 07:17:41'),(172,1,1,'exo',10,'2018-01-05 07:17:54'),(173,1,1,'exo',13,'2018-01-05 07:17:54'),(174,1,1,'C014',1,'2018-01-05 07:33:48'),(175,1,1,'c014',1,'2018-01-05 07:33:48'),(176,1,1,'马卡龙',1,'2018-01-05 07:34:26'),(177,1,1,'马卡龙',1,'2018-01-05 07:34:27'),(178,1,1,'卡通',14,'2018-01-06 03:32:52'),(179,1,1,'卡通',14,'2018-01-06 03:33:04'),(180,1,1,'美国',6,'2018-01-06 03:33:10'),(181,1,1,'卡通',14,'2018-01-06 04:14:12'),(182,1,1,'卡通',14,'2018-01-06 04:14:18'),(183,1,1,'卡通',14,'2018-01-06 04:14:53'),(184,1,1,'笔袋',14,'2018-01-06 04:15:18'),(185,1,1,'卡通',14,'2018-01-06 04:15:43'),(186,1,1,'中性笔',4,'2018-01-06 04:18:51'),(187,1,1,'中性笔',4,'2018-01-06 04:18:51'),(188,1,1,'中性笔',4,'2018-01-06 04:19:24'),(189,1,1,'卡通',14,'2018-01-06 04:19:39'),(190,1,1,'卡通',14,'2018-01-06 04:20:09'),(191,1,1,'中性笔',4,'2018-01-06 04:20:16'),(192,1,1,'中性笔',4,'2018-01-06 04:20:16'),(193,1,1,'美国',6,'2018-01-06 04:20:20'),(194,1,1,'笔袋',14,'2018-01-06 04:21:03'),(195,1,1,'中性笔',4,'2018-01-06 04:21:07'),(196,1,1,'中性笔',4,'2018-01-06 04:21:08'),(197,1,1,'中性笔',4,'2018-01-06 04:21:36'),(198,1,1,'中性笔',4,'2018-01-06 04:21:36'),(199,1,1,'发箍',2,'2018-01-06 04:21:42'),(200,1,1,'珍珠',5,'2018-01-06 04:22:07'),(201,1,1,'exo',13,'2018-01-06 04:22:20'),(202,1,1,'exo',10,'2018-01-06 04:22:20'),(203,1,1,'包',11,'2018-01-06 04:22:36'),(204,1,1,'包',11,'2018-01-06 04:22:36'),(205,1,1,'卡通',14,'2018-01-06 04:22:57'),(206,1,1,'卡通',14,'2018-01-06 04:23:04'),(207,1,1,'卡通',14,'2018-01-06 04:23:09'),(208,1,1,'卡通',14,'2018-01-06 04:25:27'),(209,1,1,'卡通',14,'2018-01-06 04:25:43'),(210,1,1,'kat',0,'2018-01-06 04:28:31'),(211,1,1,'卡通',14,'2018-01-06 04:28:33'),(212,1,1,'黑',12,'2018-01-06 04:32:27'),(213,1,1,'蓝',3,'2018-01-06 04:32:40'),(214,1,1,'卡通',14,'2018-01-06 04:32:44'),(215,1,1,'pen',10,'2018-01-06 04:33:37'),(216,1,1,'bag',1,'2018-01-06 04:34:08'),(217,1,1,'beg',0,'2018-01-06 04:34:10'),(218,1,1,'b阿哥',0,'2018-01-06 04:34:11'),(219,1,1,'卡通',14,'2018-01-06 04:34:27'),(220,1,1,'卡通',14,'2018-01-06 04:34:30'),(221,1,1,'卡通',14,'2018-01-06 04:34:37'),(222,1,1,'卡通',29,'2018-01-06 04:34:42'),(223,1,1,'卡通',29,'2018-01-06 04:34:47'),(224,1,1,'卡通',29,'2018-01-06 04:44:53'),(225,1,1,'卡',56,'2018-01-06 04:45:04'),(226,1,1,'卡通',29,'2018-01-06 04:45:12'),(227,1,1,'找哦陪你',0,'2018-01-06 04:45:16'),(228,1,1,'中性笔',10,'2018-01-06 04:45:18'),(229,1,1,'中性笔',10,'2018-01-06 04:45:18'),(230,1,1,'包',11,'2018-01-06 04:46:42'),(231,1,1,'袋子哦',0,'2018-01-06 04:46:56'),(232,1,1,'袋',23,'2018-01-06 04:46:57'),(233,1,1,'袋',23,'2018-01-06 04:47:10'),(234,1,1,'卡通',29,'2018-01-06 05:32:35'),(235,1,1,'挂式耳环',2,'2018-01-06 19:35:34'),(236,1,1,'挂式耳环',2,'2018-01-06 19:35:35'),(237,1,1,'时尚项链',10,'2018-01-06 19:35:54'),(238,1,1,'时尚项链',28,'2018-01-06 19:35:54'),(239,1,1,'时尚项链',28,'2018-01-06 19:36:27'),(240,1,1,'笔袋',19,'2018-01-06 19:36:49'),(241,1,1,'笔袋',19,'2018-01-06 19:36:56'),(242,1,1,'rm',0,'2018-01-06 19:58:16'),(243,1,1,'rm',0,'2018-01-06 19:58:17'),(244,1,1,'RM',0,'2018-01-06 19:58:23'),(245,1,1,'RM',0,'2018-01-06 19:58:29'),(246,1,1,'RM',0,'2018-01-06 19:58:33'),(247,1,1,'RM',0,'2018-01-06 19:58:36'),(248,1,1,'cm',0,'2018-01-06 19:58:58'),(249,1,1,'明星',26,'2018-01-06 19:59:21'),(250,1,1,'明星',26,'2018-01-06 19:59:32'),(251,1,1,'卡贴',12,'2018-01-06 20:01:27'),(252,1,1,'贴',28,'2018-01-06 20:01:56'),(253,1,1,'3d',0,'2018-01-06 20:02:54'),(254,1,1,'notebook',12,'2018-01-06 20:03:03'),(255,1,1,'notebook',10,'2018-01-06 20:03:03'),(256,1,1,'3D',0,'2018-01-06 20:03:09'),(257,1,1,'3D',0,'2018-01-06 20:03:09'),(258,1,1,'note',10,'2018-01-06 20:03:14'),(259,1,1,'notebook',10,'2018-01-06 20:03:15'),(260,1,1,'notebook',12,'2018-01-06 20:03:15'),(261,1,1,'韩星',22,'2018-01-06 20:03:31'),(262,1,1,'250',1,'2018-01-06 20:25:42'),(263,1,1,'250',1,'2018-01-06 20:25:43'),(264,1,1,'250g',0,'2018-01-06 20:25:46'),(265,1,1,'250g',0,'2018-01-06 20:25:46'),(266,1,1,'test',0,'2018-01-06 20:25:50'),(267,1,1,'test',0,'2018-01-06 20:25:50'),(268,1,1,'user',0,'2018-01-06 20:25:53'),(269,1,1,'user',0,'2018-01-06 20:25:54'),(270,1,1,'user test',0,'2018-01-06 20:25:59'),(271,1,1,'user test',0,'2018-01-06 20:25:59'),(272,1,1,'user test',0,'2018-01-06 20:26:01'),(273,1,1,'test',1,'2018-01-06 20:27:21'),(274,1,1,'test',1,'2018-01-06 20:27:21'),(275,1,1,'pc001',3,'2018-01-07 21:55:14'),(276,1,1,'pc001',3,'2018-01-07 21:55:14'),(277,1,1,'pc001',3,'2018-01-07 21:55:17'),(278,1,1,'3dk',0,'2018-01-07 22:00:14'),(279,1,1,'3dke\'ai',0,'2018-01-07 22:00:16'),(280,1,1,'3d可爱',10,'2018-01-07 22:00:17'),(281,1,1,'3d可爱bi\'dai',0,'2018-01-07 22:00:19'),(282,1,1,'3D可爱笔袋',3,'2018-01-07 22:00:20'),(283,1,1,'3D可爱笔袋',3,'2018-01-07 22:00:42'),(284,1,1,'星星',52,'2018-01-07 22:43:11'),(285,1,1,'星星',52,'2018-01-07 22:43:28'),(286,1,1,'衣服',0,'2018-01-08 05:32:54'),(287,1,1,'衣',1,'2018-01-08 05:32:58'),(288,1,1,' 连身裙',0,'2018-01-08 05:33:10'),(289,1,1,' 连身裙',0,'2018-01-08 05:33:10'),(290,1,1,'tfboys',0,'2018-01-08 05:35:37'),(291,1,1,'TFBOYS',0,'2018-01-08 05:35:37'),(292,1,1,'tfboy',0,'2018-01-08 05:35:41'),(293,1,1,'折纸',1,'2018-01-08 05:35:44'),(294,1,1,'折纸',1,'2018-01-08 06:30:51'),(295,1,1,'耳机',2,'2018-01-08 06:38:06'),(296,1,1,'手拿包',0,'2018-01-08 06:38:18'),(297,1,1,'手拿包',0,'2018-01-08 06:38:18'),(298,1,1,'手拿包',0,'2018-01-08 06:38:21'),(299,1,1,'包',14,'2018-01-08 06:38:22'),(300,1,1,'包',14,'2018-01-08 06:38:31'),(301,1,1,'twi',3,'2018-01-08 07:57:15'),(302,1,1,'twic',3,'2018-01-08 07:57:16'),(303,1,1,'twice',3,'2018-01-08 07:57:16'),(304,1,1,'twice',3,'2018-01-08 07:57:17'),(305,1,1,'twice',3,'2018-01-08 07:57:18'),(306,1,1,'bla',1,'2018-01-08 07:57:41'),(307,1,1,'blaz',0,'2018-01-08 07:57:42'),(308,1,1,'blac',1,'2018-01-08 07:57:45'),(309,1,1,'black',1,'2018-01-08 07:57:45'),(310,1,1,'blackp',0,'2018-01-08 07:57:46'),(311,1,1,'black ',1,'2018-01-08 07:57:49'),(312,1,1,'black pink',1,'2018-01-08 07:57:50'),(313,1,1,'black pink',1,'2018-01-08 07:57:50'),(314,1,1,'面膜',3,'2018-01-08 08:10:25'),(315,1,1,'面膜',3,'2018-01-08 08:11:24'),(316,1,1,'pop',0,'2018-01-08 08:22:51'),(317,1,1,'popsocket',0,'2018-01-08 08:22:52'),(318,1,1,'Popsocket',0,'2018-01-08 08:22:53'),(319,1,1,'131',10,'2018-01-08 10:40:36'),(320,1,1,'13154',1,'2018-01-08 10:40:37'),(321,1,1,'13154',1,'2018-01-08 10:40:39'),(322,1,1,'1333',3,'2018-01-08 10:41:15'),(323,1,1,'13335',0,'2018-01-08 10:41:15'),(324,1,1,'13336',1,'2018-01-08 10:41:16'),(325,1,1,'13336',1,'2018-01-08 10:41:17'),(326,1,1,'170',10,'2018-01-08 10:43:01'),(327,1,1,'1704',1,'2018-01-08 10:43:01'),(328,1,1,'17049',1,'2018-01-08 10:43:01'),(329,1,1,'172',10,'2018-01-08 10:43:30'),(330,1,1,'17213',1,'2018-01-08 10:43:32'),(331,1,1,'131',10,'2018-01-08 10:44:03'),(332,1,1,'13153',1,'2018-01-08 10:44:03'),(333,1,1,'5501',0,'2018-01-08 10:45:38'),(334,1,1,'5501',0,'2018-01-08 10:45:39'),(335,1,1,'彎頭',0,'2018-01-08 10:46:08'),(336,1,1,'15501',0,'2018-01-08 10:46:34'),(337,1,1,'15501',0,'2018-01-08 10:46:36'),(338,1,1,'16155',1,'2018-01-08 10:47:07'),(339,1,1,'16155',1,'2018-01-08 10:47:07'),(340,1,1,'161',10,'2018-01-08 10:47:56'),(341,1,1,'16108',1,'2018-01-08 10:47:57'),(342,1,1,'161',10,'2018-01-08 10:48:51'),(343,1,1,'1610',3,'2018-01-08 10:48:52'),(344,1,1,'16107',1,'2018-01-08 10:48:53'),(345,1,1,'17351',1,'2018-01-08 10:49:32'),(346,1,1,'17351',1,'2018-01-08 10:49:33'),(347,1,1,'粉刺',0,'2018-01-08 10:55:38'),(348,1,1,'550',1,'2018-01-08 19:07:07'),(349,1,1,'5501',0,'2018-01-08 19:07:08'),(350,1,1,'pc001',3,'2018-01-08 22:28:15'),(351,1,1,'PC001',3,'2018-01-08 22:28:15'),(352,1,1,'PC001',3,'2018-01-08 22:32:47'),(353,1,1,'pc001',3,'2018-01-08 22:32:47'),(354,1,1,'PC001',3,'2018-01-08 22:32:50'),(355,1,1,'5501',0,'2018-01-08 23:12:54'),(356,1,1,'5501a',0,'2018-01-08 23:12:55'),(357,1,1,'5501A',0,'2018-01-08 23:12:56'),(358,1,1,'5501',0,'2018-01-08 23:12:59'),(359,1,1,'5501',0,'2018-01-08 23:13:00'),(360,1,1,'5501',0,'2018-01-08 23:13:58'),(361,1,1,'5501',0,'2018-01-08 23:13:58'),(362,1,1,'12211',1,'2018-01-08 23:36:30'),(363,1,1,'12211',1,'2018-01-08 23:36:31'),(364,1,1,'12211',1,'2018-01-08 23:40:51'),(365,1,1,'5501',1,'2018-01-08 23:56:10'),(366,1,1,'卡通',31,'2018-01-09 02:19:36'),(367,1,1,'xi lian',0,'2018-01-09 04:54:25'),(368,1,1,'洗脸shen qi',1,'2018-01-09 04:54:28'),(369,1,1,'洗脸神器',1,'2018-01-09 04:54:28'),(370,1,1,'洗脸神器',1,'2018-01-09 04:54:51'),(371,1,1,'洗脸神器tao zhuang',0,'2018-01-09 04:55:03'),(372,1,1,'洗脸神器套装',1,'2018-01-09 04:55:04'),(373,1,1,'洗脸神器套',1,'2018-01-09 04:57:01'),(374,1,1,'172',10,'2018-01-09 04:57:08'),(375,1,1,'17265',1,'2018-01-09 04:57:08'),(376,1,1,'17265',1,'2018-01-09 04:57:08'),(377,1,1,'1726',3,'2018-01-09 04:57:19'),(378,1,1,'101',2,'2018-01-09 04:58:29'),(379,1,1,'101123',0,'2018-01-09 04:58:31'),(380,1,1,'101123',0,'2018-01-09 04:58:31'),(381,1,1,'10112',0,'2018-01-09 04:58:41'),(382,1,1,'101',2,'2018-01-09 04:58:46'),(383,1,1,'10123',1,'2018-01-09 04:58:47'),(384,1,1,'10123',1,'2018-01-09 04:58:52'),(385,1,1,'1012',1,'2018-01-09 04:59:05'),(386,1,1,'160',10,'2018-01-09 04:59:15'),(387,1,1,'16040',1,'2018-01-09 04:59:16'),(388,1,1,'16040',1,'2018-01-09 04:59:17'),(389,1,1,'160',10,'2018-01-09 04:59:45'),(390,1,1,'16042',1,'2018-01-09 04:59:46'),(391,1,1,'16042',1,'2018-01-09 04:59:46'),(392,1,1,'1604',3,'2018-01-09 05:00:01'),(393,1,1,'132',10,'2018-01-09 05:00:20'),(394,1,1,'13248',1,'2018-01-09 05:00:20'),(395,1,1,'13248',1,'2018-01-09 05:00:21'),(396,1,1,'1324',4,'2018-01-09 05:00:33'),(397,1,1,'172',10,'2018-01-09 05:00:47'),(398,1,1,'17283',1,'2018-01-09 05:00:48'),(399,1,1,'17283',1,'2018-01-09 05:00:48'),(400,1,1,'1728',1,'2018-01-09 05:00:59'),(401,1,1,'173',10,'2018-01-09 05:01:04'),(402,1,1,'17340',1,'2018-01-09 05:01:05'),(403,1,1,'17340',1,'2018-01-09 05:01:06'),(404,1,1,'pc00',3,'2018-01-09 06:16:57'),(405,1,1,'pc001',3,'2018-01-09 06:16:57'),(406,1,1,'pc001-',3,'2018-01-09 06:17:00'),(407,1,1,'pc001-3',0,'2018-01-09 06:17:01'),(408,1,1,'pc001-3',0,'2018-01-09 06:17:02'),(409,1,1,'3d可爱',10,'2018-01-09 06:17:24'),(410,1,1,'3d可爱笔袋',3,'2018-01-09 06:17:27'),(411,1,1,'3D可爱笔袋',3,'2018-01-09 06:17:27'),(412,1,1,'3D可爱笔袋',3,'2018-01-09 06:19:04'),(413,1,1,'魔术',2,'2018-01-09 18:44:30'),(414,1,1,'魔术',2,'2018-01-09 18:44:45'),(415,1,1,'pank',0,'2018-01-09 18:45:45'),(416,1,1,'park ',0,'2018-01-09 18:45:48'),(417,1,1,'Park ',0,'2018-01-09 18:45:50'),(418,1,1,'恶整',0,'2018-01-09 18:46:39'),(419,1,1,'恶整用',0,'2018-01-09 18:47:13'),(420,1,1,'恶整用具',0,'2018-01-09 18:47:18'),(421,1,1,'恶整用具',0,'2018-01-09 18:47:18'),(422,1,1,'恶整',0,'2018-01-09 18:47:26'),(423,1,1,'pow',0,'2018-01-09 18:47:34'),(424,1,1,'power',0,'2018-01-09 18:47:35'),(425,1,1,'power ',0,'2018-01-09 18:47:35'),(426,1,1,'power bank',0,'2018-01-09 18:47:37'),(427,1,1,'Power bank 袋子',0,'2018-01-09 18:47:39'),(428,1,1,'袋子',1,'2018-01-09 18:47:49'),(429,1,1,'袋子power',1,'2018-01-09 18:48:02'),(430,1,1,'袋子power ',1,'2018-01-09 18:48:03'),(431,1,1,'袋子power bank',0,'2018-01-09 18:48:07'),(432,1,1,'袋子power bank ',0,'2018-01-09 18:48:08'),(433,1,1,'袋子Power bank ',0,'2018-01-09 18:48:08'),(434,1,1,'power bank 地址',0,'2018-01-09 18:48:20'),(435,1,1,'power bank 地',0,'2018-01-09 18:48:20'),(436,1,1,'Power bank 袋子',0,'2018-01-09 18:48:22'),(437,1,1,'pow',0,'2018-01-09 18:48:32'),(438,1,1,'恶整用',0,'2018-01-09 18:48:57'),(439,1,1,'恶整用具',0,'2018-01-09 18:49:07'),(440,1,1,'恶整用具',0,'2018-01-09 18:49:07'),(441,1,1,'整人游戏',0,'2018-01-09 18:49:44'),(442,1,1,'整人游戏',0,'2018-01-09 18:49:44'),(443,1,1,'迷你d',2,'2018-01-09 18:50:31'),(444,1,1,'迷你diy',2,'2018-01-09 18:50:31'),(445,1,1,'迷你diy房子',0,'2018-01-09 18:50:37'),(446,1,1,'迷你DIY房子',0,'2018-01-09 18:50:38'),(447,1,1,'迷你diy',2,'2018-01-09 18:50:46'),(448,1,1,'迷你DIY',2,'2018-01-09 18:50:46'),(449,1,1,'迷你diy',2,'2018-01-09 18:50:57'),(450,1,1,'diy',5,'2018-01-09 18:50:59'),(451,1,1,'DIY',5,'2018-01-09 18:51:01'),(452,1,1,'摩托车',0,'2018-01-09 19:57:02'),(453,1,1,'摩托车',0,'2018-01-09 19:58:03'),(454,1,1,'gd',0,'2018-01-09 20:02:16'),(455,1,1,'gd',0,'2018-01-09 20:03:16'),(456,1,1,'黑执事',0,'2018-01-09 20:06:07'),(457,1,1,'黑执事',0,'2018-01-09 20:06:08'),(458,1,1,'高腰ly',0,'2018-01-09 20:27:06'),(459,1,1,'高腰女',0,'2018-01-09 20:27:06'),(460,1,1,'高腰女短',0,'2018-01-09 20:27:10'),(461,1,1,'高腰女短裤',0,'2018-01-09 20:27:11'),(462,1,1,'高腰女短裤',0,'2018-01-09 20:27:18'),(463,1,1,'星星纸',3,'2018-01-09 22:27:33'),(464,1,1,'手表',7,'2018-01-10 00:13:20'),(465,1,1,'手表',7,'2018-01-10 00:13:26'),(466,1,1,'手表',7,'2018-01-10 00:13:49'),(467,1,1,'exo',4,'2018-01-10 04:00:59'),(468,1,1,'EXO',4,'2018-01-10 04:01:00'),(469,1,1,'EXO',4,'2018-01-10 04:01:03'),(470,1,1,'EXO',4,'2018-01-10 04:02:01'),(471,1,1,'黑头贴',0,'2018-01-10 04:05:06'),(472,1,1,'黑头贴',0,'2018-01-10 04:05:06'),(473,1,1,'黑头贴',0,'2018-01-10 04:06:06'),(474,1,1,'比基尼',0,'2018-01-10 04:30:34'),(475,1,1,'笔记本',10,'2018-01-10 04:30:38'),(476,1,1,'笔记本',11,'2018-01-10 04:30:38'),(477,1,1,'笔记本',11,'2018-01-10 04:31:38'),(478,1,1,'toy',10,'2018-01-10 06:21:22'),(479,1,1,'日历',0,'2018-01-10 07:04:18'),(480,1,1,'exo',4,'2018-01-10 19:46:26'),(481,1,1,'EXO',4,'2018-01-10 19:46:35'),(482,1,1,'katong',0,'2018-01-10 19:51:16'),(483,1,1,'kat',0,'2018-01-10 19:51:20'),(484,1,1,'卡通',31,'2018-01-10 19:51:21'),(485,1,1,'卡通',31,'2018-01-10 19:51:36'),(486,1,1,'卡通',31,'2018-01-10 19:51:42'),(487,1,1,'卡通',31,'2018-01-10 19:52:01'),(488,1,1,'5501',1,'2018-01-10 20:44:16'),(489,1,1,'5501',1,'2018-01-10 20:46:39'),(490,1,1,'5501',1,'2018-01-10 20:46:40'),(491,1,1,'abc',1,'2018-01-10 20:54:57'),(492,1,1,'ABC',1,'2018-01-10 20:54:58'),(493,1,1,'ABC',0,'2018-01-10 20:55:13'),(494,1,1,'ABC',1,'2018-01-10 20:55:21'),(495,1,1,'ABC',1,'2018-01-10 20:56:23'),(496,1,1,'exo',5,'2018-01-10 21:02:00'),(497,1,1,'EXO',5,'2018-01-10 21:02:01'),(498,1,1,'13173',1,'2018-01-10 21:34:11'),(499,1,1,'13173',1,'2018-01-10 21:34:13'),(500,1,1,'ktong',0,'2018-01-10 21:48:32'),(501,1,1,'卡通',16,'2018-01-10 21:48:37'),(502,1,1,'卡通',31,'2018-01-10 21:48:48'),(503,1,1,'1433',2,'2018-01-10 22:24:32'),(504,1,1,'14337',1,'2018-01-10 22:24:33'),(505,1,1,'14337',1,'2018-01-10 22:24:33'),(506,1,1,'1433',2,'2018-01-10 22:24:52'),(507,1,1,'exo',0,'2018-01-10 22:24:54'),(508,1,1,'Exo',0,'2018-01-10 22:24:55'),(509,1,1,'c709',0,'2018-01-10 22:26:25'),(510,1,1,'C709',0,'2018-01-10 22:26:27'),(511,1,1,'709',0,'2018-01-10 22:28:21'),(512,1,1,'709',0,'2018-01-10 22:28:22'),(513,1,1,'15190',1,'2018-01-11 00:06:33'),(514,1,1,'15190',1,'2018-01-11 00:06:33'),(515,1,1,'15190',1,'2018-01-11 00:06:46'),(516,1,1,'15190',1,'2018-01-11 00:06:53'),(517,1,1,'151',10,'2018-01-11 00:09:21'),(518,1,1,'15190',1,'2018-01-11 00:09:22'),(519,1,1,'15190',1,'2018-01-11 00:09:23'),(520,1,1,'15190',1,'2018-01-11 00:09:34'),(521,1,1,'15190',1,'2018-01-11 00:10:29'),(522,1,1,'13331',1,'2018-01-11 00:27:11'),(523,1,1,'13331',1,'2018-01-11 00:27:12'),(524,1,1,'13331',1,'2018-01-11 00:27:19'),(525,1,1,'13331',1,'2018-01-11 00:27:23'),(526,1,1,'13331',1,'2018-01-11 00:27:28'),(527,1,1,'mao\'z',0,'2018-01-11 02:18:02'),(528,1,1,'帽子',0,'2018-01-11 02:18:02'),(529,1,1,'mao',0,'2018-01-11 02:20:11'),(530,1,1,'帽子',0,'2018-01-11 02:20:13'),(531,1,1,'17360',1,'2018-01-11 06:06:25'),(532,1,1,'17360',1,'2018-01-11 06:06:26'),(533,1,1,'包',14,'2018-01-11 06:49:19'),(534,1,1,'包',14,'2018-01-11 06:49:38'),(535,1,1,'防水',2,'2018-01-11 06:49:57'),(536,1,1,'er h',0,'2018-01-11 09:26:32'),(537,1,1,'耳环',20,'2018-01-11 09:26:34'),(538,1,1,'耳环',20,'2018-01-11 09:26:50'),(539,1,1,'耳',28,'2018-01-11 09:29:39'),(540,1,1,'耳',28,'2018-01-11 09:29:58'),(541,1,1,'耳',28,'2018-01-11 09:30:18'),(542,1,1,'c709',0,'2018-01-11 12:21:16'),(543,1,1,'C709',0,'2018-01-11 12:21:17'),(544,1,1,'choker',0,'2018-01-11 19:01:03'),(545,1,1,'Choker',0,'2018-01-11 19:01:05'),(546,1,1,'Choker',0,'2018-01-11 19:03:57'),(547,1,1,'chok',0,'2018-01-11 19:42:25'),(548,1,1,'choker',0,'2018-01-11 19:42:27'),(549,1,1,'Choker',0,'2018-01-11 19:42:30'),(550,1,1,'choke',0,'2018-01-11 19:42:41'),(551,1,1,'16042',1,'2018-01-11 20:42:21'),(552,1,1,'1604',3,'2018-01-11 20:42:22'),(553,1,1,'16043',1,'2018-01-11 20:42:22'),(554,1,1,'16043',1,'2018-01-11 20:42:23'),(555,1,1,'131',10,'2018-01-11 20:55:40'),(556,1,1,'1317',3,'2018-01-11 20:55:41'),(557,1,1,'13173',1,'2018-01-11 20:55:42'),(558,1,1,'13173',1,'2018-01-11 20:55:42'),(559,1,1,'s0416',0,'2018-01-11 21:38:17'),(560,1,1,'S0416',0,'2018-01-11 21:38:17'),(561,1,1,'s0417',0,'2018-01-11 21:38:23'),(562,1,1,'S0417',0,'2018-01-11 21:38:24'),(563,1,1,'s0418',0,'2018-01-11 21:38:28'),(564,1,1,'S0418',0,'2018-01-11 21:38:29'),(565,1,1,'s0036',0,'2018-01-11 21:38:44'),(566,1,1,'s0036、、',0,'2018-01-11 21:38:45'),(567,1,1,'s00',2,'2018-01-11 21:38:47'),(568,1,1,'s0064',1,'2018-01-11 21:38:48'),(569,1,1,'S0064',1,'2018-01-11 21:38:50'),(570,1,1,'s0419',0,'2018-01-11 21:39:03'),(571,1,1,'S0419',0,'2018-01-11 21:39:03'),(572,1,1,'3306',0,'2018-01-11 21:39:18'),(573,1,1,'3306',0,'2018-01-11 21:39:19'),(574,1,1,'s0420',0,'2018-01-11 21:39:25'),(575,1,1,'S0420',0,'2018-01-11 21:39:26'),(576,1,1,'s042',1,'2018-01-11 21:39:53'),(577,1,1,'s0421',0,'2018-01-11 21:39:54'),(578,1,1,'S0421',0,'2018-01-11 21:39:55'),(579,1,1,'sc6908780',0,'2018-01-11 21:40:08'),(580,1,1,'SC6908780',0,'2018-01-11 21:40:10'),(581,1,1,'s042',1,'2018-01-11 21:40:28'),(582,1,1,'s0422',0,'2018-01-11 21:40:29'),(583,1,1,'S0422',0,'2018-01-11 21:40:32'),(584,1,1,'s0191',0,'2018-01-11 21:40:41'),(585,1,1,'S0191',0,'2018-01-11 21:40:42'),(586,1,1,'s019',1,'2018-01-11 21:40:50'),(587,1,1,'s0190',0,'2018-01-11 21:40:50'),(588,1,1,'S0190',0,'2018-01-11 21:40:51'),(589,1,1,'15156',0,'2018-01-11 21:41:06'),(590,1,1,'15156',0,'2018-01-11 21:41:07'),(591,1,1,'bt8867',0,'2018-01-11 21:41:16'),(592,1,1,'BT8867',0,'2018-01-11 21:41:17'),(593,1,1,'s0425',0,'2018-01-11 21:41:40'),(594,1,1,'20195',0,'2018-01-12 00:05:20'),(595,1,1,'20195',0,'2018-01-12 00:05:22'),(596,1,1,'c70',0,'2018-01-12 00:05:34'),(597,1,1,'C709',0,'2018-01-12 00:05:36'),(598,1,1,'s0426',0,'2018-01-12 00:05:44'),(599,1,1,'S0426',0,'2018-01-12 00:05:45'),(600,1,1,'s0428',0,'2018-01-12 00:05:49'),(601,1,1,'S0428',0,'2018-01-12 00:05:50'),(602,1,1,'1447',3,'2018-01-12 00:06:02'),(603,1,1,'14471',1,'2018-01-12 00:06:03'),(604,1,1,'14471',1,'2018-01-12 00:06:04'),(605,1,1,'s025',0,'2018-01-12 00:06:29'),(606,1,1,'s0250',0,'2018-01-12 00:06:31'),(607,1,1,'S0250',0,'2018-01-12 00:06:33'),(608,1,1,'1214',0,'2018-01-12 00:06:47'),(609,1,1,'12147',0,'2018-01-12 00:06:48'),(610,1,1,'12147',0,'2018-01-12 00:06:50'),(611,1,1,'1214',0,'2018-01-12 00:06:52'),(612,1,1,'12146',0,'2018-01-12 00:06:53'),(613,1,1,'12146',0,'2018-01-12 00:06:54'),(614,1,1,'18034',0,'2018-01-12 00:07:09'),(615,1,1,'18034',0,'2018-01-12 00:07:10'),(616,1,1,'s04',10,'2018-01-12 00:07:29'),(617,1,1,'s0412',0,'2018-01-12 00:07:30'),(618,1,1,'S0412',0,'2018-01-12 00:07:31'),(619,1,1,'pzz',0,'2018-01-12 00:07:40'),(620,1,1,'pz63',0,'2018-01-12 00:07:42'),(621,1,1,'PZ63',0,'2018-01-12 00:07:43'),(622,1,1,'s0429',0,'2018-01-12 00:08:05'),(623,1,1,'S0429',0,'2018-01-12 00:08:06'),(624,1,1,'5729',0,'2018-01-12 00:08:17'),(625,1,1,'5729',0,'2018-01-12 00:08:18'),(626,1,1,'6429',0,'2018-01-12 00:08:43'),(627,1,1,'6429',0,'2018-01-12 00:08:44'),(628,1,1,'15165',1,'2018-01-12 00:08:58'),(629,1,1,'15165',1,'2018-01-12 00:08:59'),(630,1,1,'16144',0,'2018-01-12 00:09:11'),(631,1,1,'16144',0,'2018-01-12 00:09:13'),(632,1,1,'18132',0,'2018-01-12 00:09:31'),(633,1,1,'18132',0,'2018-01-12 00:09:33'),(634,1,1,'5665',0,'2018-01-12 00:09:40'),(635,1,1,'5665',0,'2018-01-12 00:09:42'),(636,1,1,'5507',0,'2018-01-12 00:09:51'),(637,1,1,'5507',0,'2018-01-12 00:09:52'),(638,1,1,'5507',0,'2018-01-12 00:51:31'),(639,1,1,'5507',0,'2018-01-12 00:51:41'),(640,1,1,'5507',0,'2018-01-12 00:51:51'),(641,1,1,'5507',0,'2018-01-12 00:51:55'),(642,1,1,'5507',0,'2018-01-12 00:57:34'),(643,1,1,'15000',0,'2018-01-12 01:08:16'),(644,1,1,'15000',0,'2018-01-12 01:08:18'),(645,1,1,'1500',2,'2018-01-12 01:08:21'),(646,1,1,'15006',1,'2018-01-12 01:08:21'),(647,1,1,'15006',1,'2018-01-12 01:08:24'),(648,1,1,'s0422',1,'2018-01-12 02:03:54'),(649,1,1,'s0422',1,'2018-01-12 02:03:57'),(650,1,1,'16017',1,'2018-01-12 07:01:37'),(651,1,1,'16017',1,'2018-01-12 07:01:39'),(652,1,1,'16017',1,'2018-01-12 07:02:39'),(653,1,1,'chko',0,'2018-01-12 16:24:13'),(654,1,1,'chk',0,'2018-01-12 16:24:14'),(655,1,1,'chok',0,'2018-01-12 16:24:15'),(656,1,1,'choker',0,'2018-01-12 16:24:16'),(657,1,1,'Choker',0,'2018-01-12 16:24:20'),(658,1,1,'s0425',0,'2018-01-12 18:39:41'),(659,1,1,'S0425',0,'2018-01-12 18:39:41'),(660,1,1,'kp074',4,'2018-01-12 19:19:25'),(661,1,1,'kp074-4',0,'2018-01-12 19:19:26'),(662,1,1,'KP074-4',0,'2018-01-12 19:19:28'),(663,1,1,'kp074',4,'2018-01-12 19:20:46'),(664,1,1,'kp074',4,'2018-01-12 19:20:55'),(665,1,1,'衣服',0,'2018-01-12 21:59:24'),(666,1,1,'手',51,'2018-01-13 09:31:00'),(667,1,1,'笔记本',10,'2018-01-13 12:56:06'),(668,1,1,'笔记本',13,'2018-01-13 12:56:07'),(669,1,1,'笔记本',13,'2018-01-13 12:56:14'),(670,1,1,'笔记本',13,'2018-01-13 12:57:32'),(671,1,1,'test',4,'2018-01-14 05:41:55'),(672,1,1,'test',4,'2018-01-14 05:41:56'),(673,1,1,'test',4,'2018-01-14 05:42:05'),(674,1,1,'test',4,'2018-01-14 05:44:05'),(675,1,1,'test',4,'2018-01-14 05:47:13'),(676,1,1,'test',4,'2018-01-14 05:47:25'),(677,1,1,'mct',0,'2018-01-29 03:07:33'),(678,1,1,'Mct',0,'2018-01-29 03:07:34'),(679,1,1,'Coconut',5,'2018-02-02 05:19:13'),(680,1,1,'X',0,'2018-02-02 14:27:57'),(681,1,1,'Xc',0,'2018-02-02 14:28:03'),(682,1,1,'xc 1',0,'2018-02-02 14:28:15'),(683,1,1,'xc1',3,'2018-02-02 14:28:16'),(684,1,1,'Xc1',3,'2018-02-02 14:28:17'),(685,1,1,'Xc1',3,'2018-02-02 14:28:20'),(686,1,1,'Xc',0,'2018-02-02 14:28:29'),(687,1,1,'charger',2,'2018-02-03 03:19:56'),(688,1,1,'charger',2,'2018-02-03 03:19:56'),(689,1,1,'cable',1,'2018-02-03 03:20:35'),(690,1,1,'cable',1,'2018-02-03 03:20:35'),(691,1,1,'power',3,'2018-02-03 03:20:43'),(692,1,1,'power',3,'2018-02-03 03:20:43'),(693,1,1,'power ',4,'2018-03-05 03:32:42'),(694,1,1,'POWER BANK',3,'2018-03-05 03:32:42'),(695,1,1,'power bank',3,'2018-03-05 03:32:42'),(696,1,1,'951',1,'2018-03-15 09:23:52'),(697,1,1,'951',1,'2018-03-15 09:23:52'),(698,1,1,'951',1,'2018-03-15 09:30:02'),(699,1,1,'951',1,'2018-03-15 09:30:03'),(700,1,1,'951',1,'2018-03-15 09:37:51'),(701,1,1,'951',1,'2018-03-15 09:37:51'),(702,1,1,'951',1,'2018-03-15 09:39:04'),(703,1,1,'951',1,'2018-03-15 09:39:04'),(704,1,1,'pn 888',0,'2018-07-16 07:21:42'),(705,1,1,'PN 888',0,'2018-07-16 07:21:42'),(706,1,1,'pn888',0,'2018-07-16 07:21:50'),(707,1,1,'PN-888',0,'2018-07-16 07:21:51'),(708,1,1,'pin',10,'2018-07-16 07:22:04'),(709,1,1,'pineng ',4,'2018-07-16 07:22:05'),(710,1,1,'pineng p',4,'2018-07-16 07:22:07'),(711,1,1,'pineng pn',4,'2018-07-16 07:22:10'),(712,1,1,'pineng pn888',0,'2018-07-16 07:22:11'),(713,1,1,'PINENG PN888',0,'2018-07-16 07:22:11'),(714,1,1,'pineng ',4,'2018-07-16 07:22:16'),(715,1,1,'pineng wireless',0,'2018-07-16 07:22:18'),(716,1,1,'PINENG WIRELESS',0,'2018-07-16 07:22:18'),(717,1,1,'pineng wireles',0,'2018-07-16 13:39:05'),(718,1,1,'pn ',0,'2018-07-16 13:39:08'),(719,1,1,'pn 969',0,'2018-07-16 13:39:10'),(720,1,1,'pn 969',0,'2018-07-16 13:39:11'),(721,1,1,'pro',3,'2018-07-16 17:29:02'),(722,1,1,'proda',0,'2018-07-16 17:29:02'),(723,1,1,'proda n',0,'2018-07-16 17:29:03'),(724,1,1,'proda noteb',0,'2018-07-16 17:29:05'),(725,1,1,'proda notebook',0,'2018-07-16 17:29:06'),(726,1,1,'proda',0,'2018-07-16 19:22:14'),(727,1,1,'proda',0,'2018-07-16 19:22:14'),(728,1,1,' ',0,'2018-08-07 09:19:54'),(729,1,1,'*',0,'2018-08-07 09:20:04'),(730,1,1,'home',5,'2018-08-07 09:20:14'),(731,1,1,'home',5,'2018-08-07 09:20:14'),(732,1,1,'home',5,'2018-08-07 09:20:14'),(733,1,1,'home',5,'2018-08-07 09:22:39'),(734,1,1,'ninento switch',0,'2019-01-17 09:44:22'),(735,1,1,'mario kart',0,'2019-01-17 09:44:40'),(736,1,1,'C200',0,'2019-03-12 11:17:11'),(737,1,1,'oral',1,'2019-03-13 23:30:55'),(738,1,1,'oral',1,'2019-03-13 23:30:55'),(739,1,1,'loreal',0,'2019-03-13 23:31:11'),(740,1,1,'loreal',0,'2019-03-13 23:31:11'),(741,1,1,'olay',1,'2019-03-13 23:31:16'),(742,1,1,'olay',1,'2019-03-13 23:31:16'),(743,1,1,'z g',0,'2019-04-09 15:07:51'),(744,1,1,'z g f',0,'2019-04-09 15:07:54'),(745,1,1,'z g f\\',0,'2019-04-09 15:07:56'),(746,1,1,'z g f',0,'2019-04-09 15:08:03'),(747,1,1,'中国风',1,'2019-04-09 15:08:03'),(748,1,1,'中国风',1,'2019-04-09 15:08:04'),(749,1,1,'sal',3,'2019-04-27 14:38:39'),(750,1,1,'sal',3,'2019-04-27 14:38:39'),(751,1,1,'fru',3,'2019-04-27 14:45:40'),(752,1,1,'bake',1,'2019-06-02 20:20:26'),(753,1,1,'voucher',3,'2019-09-30 23:24:58'),(754,1,1,'voucher',3,'2019-09-30 23:24:58'),(755,1,1,'031',1,'2019-10-09 17:08:56'),(756,1,1,'031',1,'2019-10-09 17:08:56'),(757,1,1,'090',0,'2019-10-11 15:29:13'),(758,1,1,'090',0,'2019-10-11 15:29:14'),(759,1,1,'089',0,'2019-10-11 15:29:21'),(760,1,1,'089',0,'2019-10-11 15:29:21'),(761,1,1,'086',1,'2019-10-11 15:29:30'),(762,1,1,'086',1,'2019-10-11 15:29:30'),(763,1,1,'086',1,'2019-10-11 15:32:22'),(764,1,1,'086',1,'2019-10-11 15:32:22'),(765,1,1,'f550',1,'2019-10-11 15:32:46'),(766,1,1,'f550',1,'2019-10-11 15:32:46');

--
-- Table structure for table `ps_stock`
--

CREATE TABLE `ps_stock` (
  `id_stock` int(11) unsigned NOT NULL AUTO_INCREMENT,
  `id_warehouse` int(11) unsigned NOT NULL,
  `id_product` int(11) unsigned NOT NULL,
  `id_product_attribute` int(11) unsigned NOT NULL,
  `reference` varchar(32) NOT NULL,
  `ean13` varchar(13) DEFAULT NULL,
  `upc` varchar(12) DEFAULT NULL,
  `physical_quantity` int(11) unsigned NOT NULL,
  `usable_quantity` int(11) unsigned NOT NULL,
  `price_te` decimal(20,6) DEFAULT '0.000000',
  PRIMARY KEY (`id_stock`),
  KEY `id_warehouse` (`id_warehouse`),
  KEY `id_product` (`id_product`),
  KEY `id_product_attribute` (`id_product_attribute`)
) ENGINE=InnoDB DEFAULT CHARSET=utf8;

--
-- Dumping data for table `ps_stock`
--


--
-- Table structure for table `ps_stock_available`
--

CREATE TABLE `ps_stock_available` (
  `id_stock_available` int(11) unsigned NOT NULL AUTO_INCREMENT,
  `id_product` int(11) unsigned NOT NULL,
  `id_product_attribute` int(11) unsigned NOT NULL,
  `id_shop` int(11) unsigned NOT NULL,
  `id_shop_group` int(11) unsigned NOT NULL,
  `quantity` int(10) NOT NULL DEFAULT '0',
  `depends_on_stock` tinyint(1) unsigned NOT NULL DEFAULT '0',
  `out_of_stock` tinyint(1) unsigned NOT NULL DEFAULT '0',
  PRIMARY KEY (`id_stock_available`),
  UNIQUE KEY `product_sqlstock` (`id_product`,`id_product_attribute`,`id_shop`,`id_shop_group`),
  KEY `id_shop` (`id_shop`),
  KEY `id_shop_group` (`id_shop_group`),
  KEY `id_product` (`id_product`),
  KEY `id_product_attribute` (`id_product_attribute`)
) ENGINE=InnoDB AUTO_INCREMENT=2 DEFAULT CHARSET=utf8;

--
-- Dumping data for table `ps_stock_available`
--

INSERT INTO `ps_stock_available` VALUES (1,1,0,1,0,98,0,2);

--
-- Table structure for table `ps_stock_mvt`
--

CREATE TABLE `ps_stock_mvt` (
  `id_stock_mvt` bigint(20) unsigned NOT NULL AUTO_INCREMENT,
  `id_stock` int(11) unsigned NOT NULL,
  `id_order` int(11) unsigned DEFAULT NULL,
  `id_supply_order` int(11) unsigned DEFAULT NULL,
  `id_stock_mvt_reason` int(11) unsigned NOT NULL,
  `id_employee` int(11) unsigned NOT NULL,
  `employee_lastname` varchar(32) DEFAULT '',
  `employee_firstname` varchar(32) DEFAULT '',
  `physical_quantity` int(11) unsigned NOT NULL,
  `date_add` datetime NOT NULL,
  `sign` tinyint(1) NOT NULL DEFAULT '1',
  `price_te` decimal(20,6) DEFAULT '0.000000',
  `last_wa` decimal(20,6) DEFAULT '0.000000',
  `current_wa` decimal(20,6) DEFAULT '0.000000',
  `referer` bigint(20) unsigned DEFAULT NULL,
  PRIMARY KEY (`id_stock_mvt`),
  KEY `id_stock` (`id_stock`),
  KEY `id_stock_mvt_reason` (`id_stock_mvt_reason`)
) ENGINE=InnoDB DEFAULT CHARSET=utf8;

--
-- Dumping data for table `ps_stock_mvt`
--


--
-- Table structure for table `ps_stock_mvt_reason`
--

CREATE TABLE `ps_stock_mvt_reason` (
  `id_stock_mvt_reason` int(11) unsigned NOT NULL AUTO_INCREMENT,
  `sign` tinyint(1) NOT NULL DEFAULT '1',
  `date_add` datetime NOT NULL,
  `date_upd` datetime NOT NULL,
  `deleted` tinyint(1) unsigned NOT NULL DEFAULT '0',
  PRIMARY KEY (`id_stock_mvt_reason`)
) ENGINE=InnoDB AUTO_INCREMENT=9 DEFAULT CHARSET=utf8;

--
-- Dumping data for table `ps_stock_mvt_reason`
--

INSERT INTO `ps_stock_mvt_reason` VALUES (1,1,'2017-10-17 04:53:29','2017-10-17 04:53:29',0),(2,-1,'2017-10-17 04:53:29','2017-10-17 04:53:29',0),(3,-1,'2017-10-17 04:53:29','2017-10-17 04:53:29',0),(4,-1,'2017-10-17 04:53:29','2017-10-17 04:53:29',0),(5,1,'2017-10-17 04:53:29','2017-10-17 04:53:29',0),(6,-1,'2017-10-17 04:53:29','2017-10-17 04:53:29',0),(7,1,'2017-10-17 04:53:29','2017-10-17 04:53:29',0),(8,1,'2017-10-17 04:53:29','2017-10-17 04:53:29',0);

--
-- Table structure for table `ps_stock_mvt_reason_lang`
--

CREATE TABLE `ps_stock_mvt_reason_lang` (
  `id_stock_mvt_reason` int(11) unsigned NOT NULL,
  `id_lang` int(11) unsigned NOT NULL,
  `name` varchar(255) NOT NULL,
  PRIMARY KEY (`id_stock_mvt_reason`,`id_lang`)
) ENGINE=InnoDB DEFAULT CHARSET=utf8;

--
-- Dumping data for table `ps_stock_mvt_reason_lang`
--

INSERT INTO `ps_stock_mvt_reason_lang` VALUES (1,1,'Increase'),(1,2,'Increase'),(1,3,'Increase'),(1,4,'Increase'),(1,5,'Increase'),(1,6,'Increase'),(1,7,'Increase'),(1,8,'Increase'),(1,9,'Increase'),(1,10,'Increase'),(1,11,'Increase'),(2,1,'Decrease'),(2,2,'Decrease'),(2,3,'Decrease'),(2,4,'Decrease'),(2,5,'Decrease'),(2,6,'Decrease'),(2,7,'Decrease'),(2,8,'Decrease'),(2,9,'Decrease'),(2,10,'Decrease'),(2,11,'Decrease'),(3,1,'Customer Order'),(3,2,'Customer Order'),(3,3,'Customer Order'),(3,4,'Customer Order'),(3,5,'Customer Order'),(3,6,'Customer Order'),(3,7,'Customer Order'),(3,8,'Customer Order'),(3,9,'Customer Order'),(3,10,'Customer Order'),(3,11,'Customer Order'),(4,1,'Regulation following an inventory of stock'),(4,2,'Regulation following an inventory of stock'),(4,3,'Regulation following an inventory of stock'),(4,4,'Regulation following an inventory of stock'),(4,5,'Regulation following an inventory of stock'),(4,6,'Regulation following an inventory of stock'),(4,7,'Regulation following an inventory of stock'),(4,8,'Regulation following an inventory of stock'),(4,9,'Regulation following an inventory of stock'),(4,10,'Regulation following an inventory of stock'),(4,11,'Regulation following an inventory of stock'),(5,1,'Regulation following an inventory of stock'),(5,2,'Regulation following an inventory of stock'),(5,3,'Regulation following an inventory of stock'),(5,4,'Regulation following an inventory of stock'),(5,5,'Regulation following an inventory of stock'),(5,6,'Regulation following an inventory of stock'),(5,7,'Regulation following an inventory of stock'),(5,8,'Regulation following an inventory of stock'),(5,9,'Regulation following an inventory of stock'),(5,10,'Regulation following an inventory of stock'),(5,11,'Regulation following an inventory of stock'),(6,1,'Transfer to another warehouse'),(6,2,'Transfer to another warehouse'),(6,3,'Transfer to another warehouse'),(6,4,'Transfer to another warehouse'),(6,5,'Transfer to another warehouse'),(6,6,'Transfer to another warehouse'),(6,7,'Transfer to another warehouse'),(6,8,'Transfer to another warehouse'),(6,9,'Transfer to another warehouse'),(6,10,'Transfer to another warehouse'),(6,11,'Transfer to another warehouse'),(7,1,'Transfer from another warehouse'),(7,2,'Transfer from another warehouse'),(7,3,'Transfer from another warehouse'),(7,4,'Transfer from another warehouse'),(7,5,'Transfer from another warehouse'),(7,6,'Transfer from another warehouse'),(7,7,'Transfer from another warehouse'),(7,8,'Transfer from another warehouse'),(7,9,'Transfer from another warehouse'),(7,10,'Transfer from another warehouse'),(7,11,'Transfer from another warehouse'),(8,1,'Supply Order'),(8,2,'Supply Order'),(8,3,'Supply Order'),(8,4,'Supply Order'),(8,5,'Supply Order'),(8,6,'Supply Order'),(8,7,'Supply Order'),(8,8,'Supply Order'),(8,9,'Supply Order'),(8,10,'Supply Order'),(8,11,'Supply Order');

--
-- Table structure for table `ps_store`
--

CREATE TABLE `ps_store` (
  `id_store` int(10) unsigned NOT NULL AUTO_INCREMENT,
  `id_country` int(10) unsigned NOT NULL,
  `id_state` int(10) unsigned DEFAULT NULL,
  `name` varchar(128) NOT NULL,
  `address1` varchar(128) NOT NULL,
  `address2` varchar(128) DEFAULT NULL,
  `city` varchar(64) NOT NULL,
  `postcode` varchar(12) NOT NULL,
  `latitude` decimal(13,8) DEFAULT NULL,
  `longitude` decimal(13,8) DEFAULT NULL,
  `hours` varchar(254) DEFAULT NULL,
  `phone` varchar(16) DEFAULT NULL,
  `fax` varchar(16) DEFAULT NULL,
  `email` varchar(128) DEFAULT NULL,
  `note` text,
  `active` tinyint(1) unsigned NOT NULL DEFAULT '0',
  `date_add` datetime NOT NULL,
  `date_upd` datetime NOT NULL,
  PRIMARY KEY (`id_store`)
) ENGINE=InnoDB DEFAULT CHARSET=utf8;

--
-- Dumping data for table `ps_store`
--


--
-- Table structure for table `ps_store_shop`
--

CREATE TABLE `ps_store_shop` (
  `id_store` int(11) unsigned NOT NULL,
  `id_shop` int(11) unsigned NOT NULL,
  PRIMARY KEY (`id_store`,`id_shop`),
  KEY `id_shop` (`id_shop`)
) ENGINE=InnoDB DEFAULT CHARSET=utf8;

--
-- Dumping data for table `ps_store_shop`
--


--
-- Table structure for table `ps_supplier`
--

CREATE TABLE `ps_supplier` (
  `id_supplier` int(10) unsigned NOT NULL AUTO_INCREMENT,
  `name` varchar(64) NOT NULL,
  `date_add` datetime NOT NULL,
  `date_upd` datetime NOT NULL,
  `active` tinyint(1) NOT NULL DEFAULT '0',
  PRIMARY KEY (`id_supplier`)
) ENGINE=InnoDB DEFAULT CHARSET=utf8;

--
-- Dumping data for table `ps_supplier`
--


--
-- Table structure for table `ps_supplier_lang`
--

CREATE TABLE `ps_supplier_lang` (
  `id_supplier` int(10) unsigned NOT NULL,
  `id_lang` int(10) unsigned NOT NULL,
  `description` text,
  `meta_title` varchar(128) DEFAULT NULL,
  `meta_keywords` varchar(255) DEFAULT NULL,
  `meta_description` varchar(255) DEFAULT NULL,
  PRIMARY KEY (`id_supplier`,`id_lang`)
) ENGINE=InnoDB DEFAULT CHARSET=utf8;

--
-- Dumping data for table `ps_supplier_lang`
--


--
-- Table structure for table `ps_supplier_shop`
--

CREATE TABLE `ps_supplier_shop` (
  `id_supplier` int(11) unsigned NOT NULL,
  `id_shop` int(11) unsigned NOT NULL,
  PRIMARY KEY (`id_supplier`,`id_shop`),
  KEY `id_shop` (`id_shop`)
) ENGINE=InnoDB DEFAULT CHARSET=utf8;

--
-- Dumping data for table `ps_supplier_shop`
--


--
-- Table structure for table `ps_supply_order`
--

CREATE TABLE `ps_supply_order` (
  `id_supply_order` int(11) unsigned NOT NULL AUTO_INCREMENT,
  `id_supplier` int(11) unsigned NOT NULL,
  `supplier_name` varchar(64) NOT NULL,
  `id_lang` int(11) unsigned NOT NULL,
  `id_warehouse` int(11) unsigned NOT NULL,
  `id_supply_order_state` int(11) unsigned NOT NULL,
  `id_currency` int(11) unsigned NOT NULL,
  `id_ref_currency` int(11) unsigned NOT NULL,
  `reference` varchar(64) NOT NULL,
  `date_add` datetime NOT NULL,
  `date_upd` datetime NOT NULL,
  `date_delivery_expected` datetime DEFAULT NULL,
  `total_te` decimal(20,6) DEFAULT '0.000000',
  `total_with_discount_te` decimal(20,6) DEFAULT '0.000000',
  `total_tax` decimal(20,6) DEFAULT '0.000000',
  `total_ti` decimal(20,6) DEFAULT '0.000000',
  `discount_rate` decimal(20,6) DEFAULT '0.000000',
  `discount_value_te` decimal(20,6) DEFAULT '0.000000',
  `is_template` tinyint(1) DEFAULT '0',
  PRIMARY KEY (`id_supply_order`),
  KEY `id_supplier` (`id_supplier`),
  KEY `id_warehouse` (`id_warehouse`),
  KEY `reference` (`reference`)
) ENGINE=InnoDB AUTO_INCREMENT=4 DEFAULT CHARSET=utf8;

--
-- Dumping data for table `ps_supply_order`
--

INSERT INTO `ps_supply_order` VALUES (1,1,'Fashion Supplier',1,1,5,3,3,'WHKLKP001','2017-11-29 10:27:11','2017-11-29 10:33:33','2017-11-30 00:00:00',0.000000,0.000000,0.000000,0.000000,0.000000,0.000000,0),(2,1,'Joey Online Sales & Trading',1,1,5,3,3,'JOST2019001','2019-02-20 16:15:49','2019-02-20 16:20:48','2019-02-21 00:00:00',480.000000,480.000000,0.000000,480.000000,0.000000,0.000000,0),(3,1,'Joey Online Sales & Trading',1,1,1,3,3,'JOST2019002','2019-02-20 16:27:38','2019-02-20 16:28:18','2019-02-21 00:00:00',540.000000,540.000000,0.000000,540.000000,0.000000,0.000000,0);

--
-- Table structure for table `ps_supply_order_detail`
--

CREATE TABLE `ps_supply_order_detail` (
  `id_supply_order_detail` int(11) unsigned NOT NULL AUTO_INCREMENT,
  `id_supply_order` int(11) unsigned NOT NULL,
  `id_currency` int(11) unsigned NOT NULL,
  `id_product` int(11) unsigned NOT NULL,
  `id_product_attribute` int(11) unsigned NOT NULL,
  `reference` varchar(32) NOT NULL,
  `supplier_reference` varchar(32) NOT NULL,
  `name` varchar(128) NOT NULL,
  `ean13` varchar(13) DEFAULT NULL,
  `upc` varchar(12) DEFAULT NULL,
  `exchange_rate` decimal(20,6) DEFAULT '0.000000',
  `unit_price_te` decimal(20,6) DEFAULT '0.000000',
  `quantity_expected` int(11) unsigned NOT NULL,
  `quantity_received` int(11) unsigned NOT NULL,
  `price_te` decimal(20,6) DEFAULT '0.000000',
  `discount_rate` decimal(20,6) DEFAULT '0.000000',
  `discount_value_te` decimal(20,6) DEFAULT '0.000000',
  `price_with_discount_te` decimal(20,6) DEFAULT '0.000000',
  `tax_rate` decimal(20,6) DEFAULT '0.000000',
  `tax_value` decimal(20,6) DEFAULT '0.000000',
  `price_ti` decimal(20,6) DEFAULT '0.000000',
  `tax_value_with_order_discount` decimal(20,6) DEFAULT '0.000000',
  `price_with_order_discount_te` decimal(20,6) DEFAULT '0.000000',
  PRIMARY KEY (`id_supply_order_detail`),
  KEY `id_supply_order` (`id_supply_order`,`id_product`),
  KEY `id_product_attribute` (`id_product_attribute`),
  KEY `id_product_product_attribute` (`id_product`,`id_product_attribute`)
) ENGINE=InnoDB DEFAULT CHARSET=utf8;

--
-- Dumping data for table `ps_supply_order_detail`
--


--
-- Table structure for table `ps_supply_order_history`
--

CREATE TABLE `ps_supply_order_history` (
  `id_supply_order_history` int(11) unsigned NOT NULL AUTO_INCREMENT,
  `id_supply_order` int(11) unsigned NOT NULL,
  `id_employee` int(11) unsigned NOT NULL,
  `employee_lastname` varchar(32) DEFAULT '',
  `employee_firstname` varchar(32) DEFAULT '',
  `id_state` int(11) unsigned NOT NULL,
  `date_add` datetime NOT NULL,
  PRIMARY KEY (`id_supply_order_history`),
  KEY `id_supply_order` (`id_supply_order`),
  KEY `id_employee` (`id_employee`),
  KEY `id_state` (`id_state`)
) ENGINE=InnoDB AUTO_INCREMENT=13 DEFAULT CHARSET=utf8;

--
-- Dumping data for table `ps_supply_order_history`
--

INSERT INTO `ps_supply_order_history` VALUES (1,1,1,'Yap','Jackie',1,'2017-11-29 10:27:11'),(2,1,1,'Yap','Jackie',1,'2017-11-29 10:27:48'),(3,1,1,'Yap','Jackie',1,'2017-11-29 10:28:50'),(4,1,1,'Yap','Jackie',1,'2017-11-29 10:28:56'),(5,1,1,'Yap','Jackie',5,'2017-11-29 10:33:33'),(6,2,1,'Yap','Jackie',1,'2019-02-20 16:15:49'),(7,2,1,'Yap','Jackie',1,'2019-02-20 16:16:15'),(8,2,1,'Yap','Jackie',1,'2019-02-20 16:16:18'),(9,2,1,'Yap','Jackie',5,'2019-02-20 16:20:48'),(10,3,1,'Yap','Jackie',1,'2019-02-20 16:27:38'),(11,3,1,'Yap','Jackie',1,'2019-02-20 16:28:18'),(12,3,1,'Yap','Jackie',1,'2019-02-20 16:28:18');

--
-- Table structure for table `ps_supply_order_receipt_history`
--

CREATE TABLE `ps_supply_order_receipt_history` (
  `id_supply_order_receipt_history` int(11) unsigned NOT NULL AUTO_INCREMENT,
  `id_supply_order_detail` int(11) unsigned NOT NULL,
  `id_employee` int(11) unsigned NOT NULL,
  `employee_lastname` varchar(32) DEFAULT '',
  `employee_firstname` varchar(32) DEFAULT '',
  `id_supply_order_state` int(11) unsigned NOT NULL,
  `quantity` int(11) unsigned NOT NULL,
  `date_add` datetime NOT NULL,
  PRIMARY KEY (`id_supply_order_receipt_history`),
  KEY `id_supply_order_detail` (`id_supply_order_detail`),
  KEY `id_supply_order_state` (`id_supply_order_state`)
) ENGINE=InnoDB DEFAULT CHARSET=utf8;

--
-- Dumping data for table `ps_supply_order_receipt_history`
--


--
-- Table structure for table `ps_supply_order_state`
--

CREATE TABLE `ps_supply_order_state` (
  `id_supply_order_state` int(11) unsigned NOT NULL AUTO_INCREMENT,
  `delivery_note` tinyint(1) NOT NULL DEFAULT '0',
  `editable` tinyint(1) NOT NULL DEFAULT '0',
  `receipt_state` tinyint(1) NOT NULL DEFAULT '0',
  `pending_receipt` tinyint(1) NOT NULL DEFAULT '0',
  `enclosed` tinyint(1) NOT NULL DEFAULT '0',
  `color` varchar(32) DEFAULT NULL,
  PRIMARY KEY (`id_supply_order_state`)
) ENGINE=InnoDB AUTO_INCREMENT=7 DEFAULT CHARSET=utf8;

--
-- Dumping data for table `ps_supply_order_state`
--

INSERT INTO `ps_supply_order_state` VALUES (1,0,1,0,0,0,'#faab00'),(2,1,0,0,0,0,'#273cff'),(3,0,0,0,1,0,'#ff37f5'),(4,0,0,1,1,0,'#ff3e33'),(5,0,0,1,0,1,'#00d60c'),(6,0,0,0,0,1,'#666666');

--
-- Table structure for table `ps_supply_order_state_lang`
--

CREATE TABLE `ps_supply_order_state_lang` (
  `id_supply_order_state` int(11) unsigned NOT NULL,
  `id_lang` int(11) unsigned NOT NULL,
  `name` varchar(128) DEFAULT NULL,
  PRIMARY KEY (`id_supply_order_state`,`id_lang`)
) ENGINE=InnoDB DEFAULT CHARSET=utf8;

--
-- Dumping data for table `ps_supply_order_state_lang`
--

INSERT INTO `ps_supply_order_state_lang` VALUES (1,1,'1 - Creation in progress'),(1,2,'1 - Creation in progress'),(1,3,'1 - Creation in progress'),(1,4,'1 - Creation in progress'),(1,5,'1 - Creation in progress'),(1,6,'1 - Creation in progress'),(1,7,'1 - Creation in progress'),(1,8,'1 - Creation in progress'),(1,9,'1 - Creation in progress'),(1,10,'1 - Creation in progress'),(1,11,'1 - Creation in progress'),(2,1,'2 - Order validated'),(2,2,'2 - Order validated'),(2,3,'2 - Order validated'),(2,4,'2 - Order validated'),(2,5,'2 - Order validated'),(2,6,'2 - Order validated'),(2,7,'2 - Order validated'),(2,8,'2 - Order validated'),(2,9,'2 - Order validated'),(2,10,'2 - Order validated'),(2,11,'2 - Order validated'),(3,1,'3 - Pending receipt'),(3,2,'3 - Pending receipt'),(3,3,'3 - Pending receipt'),(3,4,'3 - Pending receipt'),(3,5,'3 - Pending receipt'),(3,6,'3 - Pending receipt'),(3,7,'3 - Pending receipt'),(3,8,'3 - Pending receipt'),(3,9,'3 - Pending receipt'),(3,10,'3 - Pending receipt'),(3,11,'3 - Pending receipt'),(4,1,'4 - Order received in part'),(4,2,'4 - Order received in part'),(4,3,'4 - Order received in part'),(4,4,'4 - Order received in part'),(4,5,'4 - Order received in part'),(4,6,'4 - Order received in part'),(4,7,'4 - Order received in part'),(4,8,'4 - Order received in part'),(4,9,'4 - Order received in part'),(4,10,'4 - Order received in part'),(4,11,'4 - Order received in part'),(5,1,'5 - Order received completely'),(5,2,'5 - Order received completely'),(5,3,'5 - Order received completely'),(5,4,'5 - Order received completely'),(5,5,'5 - Order received completely'),(5,6,'5 - Order received completely'),(5,7,'5 - Order received completely'),(5,8,'5 - Order received completely'),(5,9,'5 - Order received completely'),(5,10,'5 - Order received completely'),(5,11,'5 - Order received completely'),(6,1,'6 - Order canceled'),(6,2,'6 - Order canceled'),(6,3,'6 - Order canceled'),(6,4,'6 - Order canceled'),(6,5,'6 - Order canceled'),(6,6,'6 - Order canceled'),(6,7,'6 - Order canceled'),(6,8,'6 - Order canceled'),(6,9,'6 - Order canceled'),(6,10,'6 - Order canceled'),(6,11,'6 - Order canceled');

--
-- Table structure for table `ps_tab`
--

CREATE TABLE `ps_tab` (
  `id_tab` int(10) unsigned NOT NULL AUTO_INCREMENT,
  `id_parent` int(11) NOT NULL,
  `class_name` varchar(64) NOT NULL,
  `module` varchar(64) DEFAULT NULL,
  `position` int(10) unsigned NOT NULL,
  `active` tinyint(1) NOT NULL DEFAULT '1',
  `hide_host_mode` tinyint(1) NOT NULL DEFAULT '0',
  PRIMARY KEY (`id_tab`),
  KEY `class_name` (`class_name`),
  KEY `id_parent` (`id_parent`)
) ENGINE=InnoDB AUTO_INCREMENT=164 DEFAULT CHARSET=utf8;

--
-- Dumping data for table `ps_tab`
--

INSERT INTO `ps_tab` VALUES (1,0,'AdminDashboard','',1,1,0),(2,-1,'AdminCms','',0,1,0),(3,-1,'AdminCmsCategories','',1,1,0),(4,-1,'AdminAttributeGenerator','',2,1,0),(5,-1,'AdminSearch','',3,1,0),(6,-1,'AdminLogin','',4,1,0),(7,-1,'AdminShop','',5,1,0),(8,-1,'AdminShopUrl','',6,1,0),(9,0,'AdminCatalog','',2,1,0),(10,0,'AdminParentOrders','',3,1,0),(11,0,'AdminParentCustomer','',4,1,0),(12,0,'AdminPriceRule','',6,1,0),(13,0,'AdminParentModules','',7,1,0),(14,0,'AdminParentShipping','',8,1,0),(15,0,'AdminParentLocalization','',9,1,0),(16,0,'AdminParentPreferences','',10,1,0),(17,0,'AdminTools','',11,1,0),(18,0,'AdminAdmin','',12,1,0),(19,0,'AdminParentStats','',13,1,0),(20,0,'AdminStock','',14,1,0),(21,9,'AdminProducts','',0,1,0),(22,9,'AdminCategories','',1,1,0),(23,9,'AdminTracking','',2,1,0),(24,9,'AdminAttributesGroups','',3,1,0),(25,9,'AdminFeatures','',4,1,0),(26,9,'AdminManufacturers','',5,1,0),(27,9,'AdminSuppliers','',6,1,0),(28,9,'AdminTags','',7,1,0),(29,9,'AdminAttachments','',8,1,0),(30,10,'AdminOrders','',0,1,0),(31,10,'AdminInvoices','',1,1,0),(32,10,'AdminReturn','',2,1,0),(33,10,'AdminDeliverySlip','',3,1,0),(34,10,'AdminSlip','',4,1,0),(35,10,'AdminStatuses','',5,1,0),(36,10,'AdminOrderMessage','',6,1,0),(37,11,'AdminCustomers','',0,1,0),(38,11,'AdminAddresses','',1,1,0),(39,11,'AdminGroups','',2,1,0),(40,11,'AdminCarts','',3,1,0),(41,11,'AdminCustomerThreads','',4,1,0),(42,11,'AdminContacts','',5,1,0),(43,11,'AdminGenders','',6,1,0),(44,11,'AdminOutstanding','',7,0,0),(45,12,'AdminCartRules','',0,1,0),(46,12,'AdminSpecificPriceRule','',1,1,0),(47,12,'AdminMarketing','',2,1,0),(48,14,'AdminCarriers','',0,1,0),(49,14,'AdminShipping','',1,1,0),(50,14,'AdminCarrierWizard','',2,1,0),(51,15,'AdminLocalization','',0,1,0),(52,15,'AdminLanguages','',1,1,0),(53,15,'AdminZones','',2,1,0),(54,15,'AdminCountries','',3,1,0),(55,15,'AdminStates','',4,1,0),(56,15,'AdminCurrencies','',5,1,0),(57,15,'AdminTaxes','',6,1,0),(58,15,'AdminTaxRulesGroup','',7,1,0),(59,15,'AdminTranslations','',8,1,0),(60,13,'AdminModules','',0,1,0),(61,13,'AdminAddonsCatalog','',1,1,0),(62,13,'AdminModulesPositions','',2,1,0),(63,13,'AdminPayment','',3,1,0),(64,16,'AdminPreferences','',0,1,0),(65,16,'AdminOrderPreferences','',1,1,0),(66,16,'AdminPPreferences','',2,1,0),(67,16,'AdminCustomerPreferences','',3,1,0),(68,16,'AdminThemes','',4,1,0),(69,16,'AdminMeta','',5,1,0),(70,16,'AdminCmsContent','',6,1,0),(71,16,'AdminImages','',7,1,0),(72,16,'AdminStores','',8,1,0),(73,16,'AdminSearchConf','',9,1,0),(74,16,'AdminMaintenance','',10,1,0),(75,16,'AdminGeolocation','',11,1,0),(76,17,'AdminInformation','',0,1,0),(77,17,'AdminPerformance','',1,1,0),(78,17,'AdminEmails','',2,1,0),(79,17,'AdminShopGroup','',3,0,0),(80,17,'AdminImport','',4,1,0),(81,17,'AdminBackup','',5,1,0),(82,17,'AdminRequestSql','',6,1,0),(83,17,'AdminLogs','',7,1,0),(84,17,'AdminWebservice','',8,1,0),(85,18,'AdminAdminPreferences','',0,1,0),(86,18,'AdminQuickAccesses','',1,1,0),(87,18,'AdminEmployees','',2,1,0),(88,18,'AdminProfiles','',3,1,0),(89,18,'AdminAccess','',4,1,0),(90,18,'AdminTabs','',5,1,0),(91,19,'AdminStats','',0,1,0),(92,19,'AdminSearchEngines','',1,1,0),(93,19,'AdminReferrers','',2,1,0),(94,20,'AdminWarehouses','',0,1,0),(95,20,'AdminStockManagement','',1,1,0),(96,20,'AdminStockMvt','',2,1,0),(97,20,'AdminStockInstantState','',3,1,0),(98,20,'AdminStockCover','',4,1,0),(99,20,'AdminSupplyOrders','',5,1,0),(100,20,'AdminStockConfiguration','',6,1,0),(101,-1,'AdminBlockCategories','blockcategories',7,1,0),(102,-1,'AdminDashgoals','dashgoals',8,1,0),(103,-1,'AdminThemeConfigurator','themeconfigurator',9,1,0),(104,18,'AdminGamification','gamification',6,1,0),(105,-1,'AdminCronJobs','cronjobs',10,1,0),(107,0,'AdminHiScFacebook','hifacebookconnect',15,0,0),(109,108,'AdminZPost','zeroblog',1,1,0),(116,0,'Theme','',16,0,0),(118,116,'zerodeals','zerodeals',1,1,0),(119,116,'zeromanager','',2,1,0),(120,116,'zerohomepage','zerohomepage',3,1,0),(130,0,'AdminZeroBlog','zeroblog',5,1,0),(131,130,'AdminZPost','zeroblog',1,1,0),(132,130,'AdminZCategory','zeroblog',2,1,0),(133,130,'AdminZComment','zeroblog',3,1,0),(134,130,'AdminZSetting','zeroblog',4,1,0),(138,10,'AdminCustomerFiles','fileuploads',7,1,0),(139,10,'AdminGuestFiles','fileuploads',8,1,0),(140,0,'AdminBirthdayCoupon','birthdaycoupon',17,0,0),(141,0,'AdminStat','fbloginblock',18,0,0),(142,141,'AdminStatistics','fbloginblock',1,1,0),(143,0,'AdminFbloginblockajax','fbloginblock',19,0,0),(144,0,'AdminPOS','wkpos',20,1,0),(145,144,'AdminWkPosConfiguration','wkpos',1,1,0),(146,144,'AdminWkPosDashboard','wkpos',2,1,0),(147,144,'AdminWkPosOutlets','wkpos',3,1,0),(148,10,'AdminPdfQuotation','pdfquotation',9,1,0),(157,0,'AdminPsWkMembership','psmembership',21,1,0),(158,157,'AdminAddMembershipPlan','psmembership',1,1,0),(159,157,'AdminMembershipPlanRequest','psmembership',2,1,0),(160,157,'AdminMembershipCustomerPlanDetail','psmembership',3,1,0),(161,0,'AdminRefCoupon','referralbyphone',22,1,0),(162,161,'AdminRefSponsor','referralbyphone',1,1,0),(163,161,'AdminRefCoupon','referralbyphone',2,1,0);

--
-- Table structure for table `ps_tab_advice`
--

CREATE TABLE `ps_tab_advice` (
  `id_tab` int(11) NOT NULL,
  `id_advice` int(11) NOT NULL,
  PRIMARY KEY (`id_tab`,`id_advice`)
) ENGINE=InnoDB DEFAULT CHARSET=utf8;

--
-- Dumping data for table `ps_tab_advice`
--

INSERT INTO `ps_tab_advice` VALUES (0,5),(0,42),(1,1),(1,4),(1,8),(1,9),(1,10),(1,14),(1,16),(1,18),(1,19),(1,20),(1,21),(1,22),(1,23),(1,24),(1,25),(1,26),(1,27),(1,28),(1,29),(1,30),(1,31),(1,32),(1,33),(1,34),(1,35),(1,36),(1,37),(1,38),(1,41),(1,45),(1,46),(1,47),(1,51),(1,53),(1,55),(1,56),(1,57),(1,58),(1,59),(1,60),(1,61),(1,62),(1,63),(1,64),(1,65),(1,66),(1,67),(1,68),(1,69),(1,70),(1,71),(1,72),(1,73),(1,74),(9,15),(9,52),(21,2),(21,6),(21,7),(21,12),(21,13),(21,16),(21,39),(21,43),(21,44),(21,49),(21,50),(21,53),(22,2),(22,16),(22,17),(22,39),(22,53),(22,54),(30,12),(30,49),(31,2),(31,39),(37,11),(37,15),(37,48),(37,52),(39,15),(39,52),(41,11),(41,48),(59,3),(59,40),(60,16),(60,53),(68,16),(68,53),(70,16),(70,53),(72,2),(72,39),(80,16),(80,53);

--
-- Table structure for table `ps_tab_lang`
--

CREATE TABLE `ps_tab_lang` (
  `id_tab` int(10) unsigned NOT NULL,
  `id_lang` int(10) unsigned NOT NULL,
  `name` varchar(64) DEFAULT NULL,
  PRIMARY KEY (`id_tab`,`id_lang`)
) ENGINE=InnoDB DEFAULT CHARSET=utf8;

--
-- Dumping data for table `ps_tab_lang`
--

INSERT INTO `ps_tab_lang` VALUES (1,1,'Dashboard'),(1,2,'Papan pemuka'),(1,3,'儀表板'),(1,4,'หน้ากระดานหลัก'),(1,5,'대시보드'),(1,6,'ダッシュボード'),(1,7,'仪表盘'),(1,8,'ダッシュボード'),(1,9,'대시보드'),(1,10,'หน้ากระดานหลัก'),(1,11,'Tableau de bord'),(2,1,'CMS Pages'),(2,2,'Laman CMS'),(2,3,'內容管理系統(CMS)頁面'),(2,4,'หน้า CMS'),(2,5,'CMS 페이지'),(2,6,'CMS ページ'),(2,7,'客服页面'),(2,8,'CMS ページ'),(2,9,'CMS 페이지'),(2,10,'หน้า CMS'),(2,11,'Pages et Catégories CMS'),(3,1,'CMS Categories'),(3,2,'Kategori CMS'),(3,3,'內容管理系統(CMS)分類'),(3,4,'หมวดหมู่ CMS'),(3,5,'CMS 분류'),(3,6,'CMS カテゴリ'),(3,7,'客服分类'),(3,8,'CMS カテゴリ'),(3,9,'CMS 분류'),(3,10,'หมวดหมู่ CMS'),(3,11,'Pages et Catégories CMS'),(4,1,'Combinations Generator'),(4,2,'Générateur de déclinaisons'),(4,3,'Générateur de déclinaisons'),(4,4,'Combinations Generator'),(4,5,'결합상품 생성기'),(4,6,'組み合わせの生成'),(4,7,'Générateur de déclinaisons'),(4,8,'組み合わせの生成'),(4,9,'결합상품 생성기'),(4,10,'Combinations Generator'),(4,11,'Générateur de déclinaisons'),(5,1,'Search'),(5,2,'Cari'),(5,3,'搜尋'),(5,4,'ค้นหา'),(5,5,'검색'),(5,6,'検索'),(5,7,'搜索'),(5,8,'検索'),(5,9,'검색'),(5,10,'ค้นหา'),(5,11,'Rechercher'),(6,1,'Login'),(6,2,'Masuk'),(6,3,'登入'),(6,4,'เข้าสู่ระบบ'),(6,5,'로그인'),(6,6,'ログイン'),(6,7,'登录'),(6,8,'ログイン'),(6,9,'로그인'),(6,10,'เข้าสู่ระบบ'),(6,11,'Identifiant'),(7,1,'Shops'),(7,2,'Kedai'),(7,3,'商店'),(7,4,'ร้านค้า'),(7,5,'상점'),(7,6,'ショップ：'),(7,7,'店铺'),(7,8,'ショップ：'),(7,9,'상점'),(7,10,'ร้านค้า'),(7,11,'Boutiques'),(8,1,'Shop URLs'),(8,2,'URL kedai'),(8,3,'商店網址'),(8,4,'URLs ร้านค้า'),(8,5,'상점 URL'),(8,6,'店舗URL'),(8,7,'店铺网址'),(8,8,'店舗URL'),(8,9,'상점 URL'),(8,10,'URLs ร้านค้า'),(8,11,'URL des boutiques'),(9,1,'Catalog'),(9,2,'Katalog'),(9,3,'商品目錄'),(9,4,'หมวดหมู่'),(9,5,'목록'),(9,6,'カタログ'),(9,7,'分类'),(9,8,'カタログ'),(9,9,'목록'),(9,10,'หมวดหมู่'),(9,11,'Catalogue'),(10,1,'Orders'),(10,2,'Pesanan'),(10,3,'訂單'),(10,4,'รายการสั่งซื้อ'),(10,5,'주문'),(10,6,'注文'),(10,7,'订单'),(10,8,'注文'),(10,9,'주문'),(10,10,'รายการสั่งซื้อ'),(10,11,'Commandes'),(11,1,'Customers'),(11,2,'Pelanggan'),(11,3,'客戶'),(11,4,'ลูกค้า'),(11,5,'고객'),(11,6,'お客様'),(11,7,'客户'),(11,8,'お客様'),(11,9,'고객'),(11,10,'ลูกค้า'),(11,11,'Clients'),(12,1,'Price Rules'),(12,2,'Peraturan Harga'),(12,3,'價格規則'),(12,4,'ข้อกำหนดสำหรับราคา'),(12,5,'가격 규칙'),(12,6,'価格ルール'),(12,7,'价格规则'),(12,8,'価格ルール'),(12,9,'가격 규칙'),(12,10,'ข้อกำหนดสำหรับราคา'),(12,11,'Promotions'),(13,1,'Modules and Services'),(13,2,'Modul dan Perkhidmatan'),(13,3,'模組及服務'),(13,4,'Modules and Services'),(13,5,'모듈과 서비스'),(13,6,'モジュールとサービス'),(13,7,'模块和服务'),(13,8,'モジュールとサービス'),(13,9,'모듈과 서비스'),(13,10,'Modules and Services'),(13,11,'Modules et services'),(14,1,'Shipping'),(14,2,'Penghantaran'),(14,3,'運費'),(14,4,'จัดส่ง'),(14,5,'배송'),(14,6,'送料'),(14,7,'配送'),(14,8,'送料'),(14,9,'배송'),(14,10,'จัดส่ง'),(14,11,'Livraison'),(15,1,'Localization'),(15,2,'Localisation'),(15,3,'本地化'),(15,4,'การตั้งค่าท้องถิ่น'),(15,5,'현지화'),(15,6,'地域設定'),(15,7,'本地化'),(15,8,'地域設定'),(15,9,'현지화'),(15,10,'การตั้งค่าท้องถิ่น'),(15,11,'Localisation'),(16,1,'Preferences'),(16,2,'Keutamaan'),(16,3,'偏好設定'),(16,4,'การตั้งค่า'),(16,5,'환경 설정'),(16,6,'環境設定'),(16,7,'选项'),(16,8,'環境設定'),(16,9,'환경 설정'),(16,10,'การตั้งค่า'),(16,11,'Préférences'),(17,1,'Advanced Parameters'),(17,2,'Paramètres avancés'),(17,3,'進階設定'),(17,4,'พารามิเตอร์ขั้นสูง'),(17,5,'고급 매개 변수'),(17,6,'拡張パラメータ'),(17,7,'高级参数'),(17,8,'拡張パラメータ'),(17,9,'고급 매개 변수'),(17,10,'พารามิเตอร์ขั้นสูง'),(17,11,'Paramètres avancés'),(18,1,'Administration'),(18,2,'Pentadbiran'),(18,3,'管理'),(18,4,'การบริหาร'),(18,5,'관리'),(18,6,'管理'),(18,7,'行政'),(18,8,'管理'),(18,9,'관리'),(18,10,'การบริหาร'),(18,11,'Administration'),(19,1,'Statistics'),(19,2,'Statistik'),(19,3,'統計資訊'),(19,4,'สถิติ'),(19,5,'통계'),(19,6,'統計'),(19,7,'统计信息'),(19,8,'統計'),(19,9,'통계'),(19,10,'สถิติ'),(19,11,'Statistiques'),(20,1,'Stock'),(20,2,'Stok'),(20,3,'庫存'),(20,4,'คลังสินค้า'),(20,5,'재고'),(20,6,'在庫'),(20,7,'库存'),(20,8,'在庫'),(20,9,'재고'),(20,10,'คลังสินค้า'),(20,11,'Stock'),(21,1,'Products'),(21,2,'Produk'),(21,3,'商品'),(21,4,'รายการสินค้า'),(21,5,'상품'),(21,6,'商品'),(21,7,'单件商品'),(21,8,'商品'),(21,9,'상품'),(21,10,'รายการสินค้า'),(21,11,'Produits'),(22,1,'Categories'),(22,2,'Kategori'),(22,3,'分類'),(22,4,'หมวดหมู่สินค้า'),(22,5,'분류'),(22,6,'カテゴリ'),(22,7,'分类'),(22,8,'カテゴリ'),(22,9,'분류'),(22,10,'หมวดหมู่สินค้า'),(22,11,'Catégories'),(23,1,'Monitoring'),(23,2,'Pengawasan'),(23,3,'監控'),(23,4,'ตรวจสอบ'),(23,5,'모니터링'),(23,6,'モニタリング'),(23,7,'监测'),(23,8,'モニタリング'),(23,9,'모니터링'),(23,10,'ตรวจสอบ'),(23,11,'Suivi'),(24,1,'Product Attributes'),(24,2,'Sifat Produk'),(24,3,'商品屬性'),(24,4,'คุณลักษณะสินค้า'),(24,5,'상품 속성'),(24,6,'商品属性'),(24,7,'产品属性'),(24,8,'商品属性'),(24,9,'상품 속성'),(24,10,'คุณลักษณะสินค้า'),(24,11,'Attributs des produits'),(25,1,'Product Features'),(25,2,'Ciri Produk'),(25,3,'商品特點'),(25,4,'คุณสมบัติสินค้า'),(25,5,'상품 기능'),(25,6,'商品仕様'),(25,7,'产品特点'),(25,8,'商品仕様'),(25,9,'상품 기능'),(25,10,'คุณสมบัติสินค้า'),(25,11,'Caractéristiques'),(26,1,'Manufacturers'),(26,2,'Pengeluar'),(26,3,'製造商'),(26,4,'ผู้ผลิต'),(26,5,'제조사'),(26,6,'メーカー'),(26,7,'制造商'),(26,8,'メーカー'),(26,9,'제조사'),(26,10,'ผู้ผลิต'),(26,11,'Fabricants'),(27,1,'Suppliers'),(27,2,'Pembekal'),(27,3,'供應商'),(27,4,'ผู้จัดหาสินค้า'),(27,5,'공급사'),(27,6,'サプライヤー'),(27,7,'供应商'),(27,8,'サプライヤー'),(27,9,'공급사'),(27,10,'ผู้จัดหาสินค้า'),(27,11,'Fournisseurs'),(28,1,'Tags'),(28,2,'Tag'),(28,3,'標籤'),(28,4,'ป้ายกำกับ'),(28,5,'태그'),(28,6,'タグ：'),(28,7,'标签'),(28,8,'タグ：'),(28,9,'태그'),(28,10,'ป้ายกำกับ'),(28,11,'Mots-clés'),(29,1,'Attachments'),(29,2,'Pièces jointes'),(29,3,'附檔'),(29,4,'ไฟล์แนบ'),(29,5,'첨부파일'),(29,6,'添付'),(29,7,'附件'),(29,8,'添付'),(29,9,'첨부파일'),(29,10,'ไฟล์แนบ'),(29,11,'Documents joints'),(30,1,'Orders'),(30,2,'Commandes'),(30,3,'訂單'),(30,4,'รายการสั่งซื้อ'),(30,5,'주문'),(30,6,'注文'),(30,7,'订单'),(30,8,'注文'),(30,9,'주문'),(30,10,'รายการสั่งซื้อ'),(30,11,'Commandes'),(31,1,'Invoices'),(31,2,'Factures'),(31,3,'發票'),(31,4,'ใบกำกับสินค้า'),(31,5,'청구서'),(31,6,'請求書'),(31,7,'发票'),(31,8,'請求書'),(31,9,'청구서'),(31,10,'ใบกำกับสินค้า'),(31,11,'Factures'),(32,1,'Merchandise Returns'),(32,2,'Retours produit'),(32,3,'退貨'),(32,4,'การคืนสินค้า'),(32,5,'상품 반품'),(32,6,'商品返品'),(32,7,'Retours produit'),(32,8,'商品返品'),(32,9,'상품 반품'),(32,10,'การคืนสินค้า'),(32,11,'Retours produits'),(33,1,'Delivery Slips'),(33,2,'Slip Penghantaran'),(33,3,'送貨單'),(33,4,'ใบส่งสินค้า'),(33,5,'배송장'),(33,6,'配送伝票'),(33,7,'交货单'),(33,8,'配送伝票'),(33,9,'배송장'),(33,10,'ใบส่งสินค้า'),(33,11,'Bons de livraison'),(34,1,'Credit Slips'),(34,2,'Slip Kredit'),(34,3,'貸方票據'),(34,4,'เครดิตสลิป'),(34,5,'신용 전표'),(34,6,'クレジット伝票'),(34,7,'Avoirs'),(34,8,'クレジット伝票'),(34,9,'신용 전표'),(34,10,'เครดิตสลิป'),(34,11,'Avoirs'),(35,1,'Statuses'),(35,2,'États'),(35,3,'États'),(35,4,'สถานะ'),(35,5,'상태'),(35,6,'ステータス'),(35,7,'状态'),(35,8,'ステータス'),(35,9,'상태'),(35,10,'สถานะ'),(35,11,'États de commandes'),(36,1,'Order Messages'),(36,2,'Mesej Tempahan'),(36,3,'訂購消息'),(36,4,'ข้อความในคำสั่งซื้อ'),(36,5,'주문 메시지'),(36,6,'注文メッセージ'),(36,7,'Messages prédéfinis'),(36,8,'注文メッセージ'),(36,9,'주문 메시지'),(36,10,'ข้อความในคำสั่งซื้อ'),(36,11,'Messages prédéfinis'),(37,1,'Customers'),(37,2,'Pelanggan'),(37,3,'客戶'),(37,4,'ลูกค้า'),(37,5,'고객'),(37,6,'お客様'),(37,7,'客户'),(37,8,'お客様'),(37,9,'고객'),(37,10,'ลูกค้า'),(37,11,'Clients'),(38,1,'Addresses'),(38,2,'Alamat'),(38,3,'地址'),(38,4,'ที่อยู่'),(38,5,'주소'),(38,6,'住所'),(38,7,'地址'),(38,8,'住所'),(38,9,'주소'),(38,10,'ที่อยู่'),(38,11,'Adresses'),(39,1,'Groups'),(39,2,'Kumpulan'),(39,3,'群組'),(39,4,'กลุ่ม'),(39,5,'그룹'),(39,6,'グループ'),(39,7,'组'),(39,8,'グループ'),(39,9,'그룹'),(39,10,'กลุ่ม'),(39,11,'Groupes'),(40,1,'Shopping Carts'),(40,2,'Troli Belian'),(40,3,'購物車'),(40,4,'ตะกร้าสินค้า'),(40,5,'장바구니'),(40,6,'買い物カゴ'),(40,7,'购物车'),(40,8,'買い物カゴ'),(40,9,'장바구니'),(40,10,'ตะกร้าสินค้า'),(40,11,'Paniers'),(41,1,'Customer Service'),(41,2,'Khidmat Pelanggan'),(41,3,'客戶服務'),(41,4,'ฝ่ายบริการลูกค้า'),(41,5,'고객 서비스'),(41,6,'お客様サービス'),(41,7,'客户服务'),(41,8,'お客様サービス'),(41,9,'고객 서비스'),(41,10,'ฝ่ายบริการลูกค้า'),(41,11,'SAV'),(42,1,'Contacts'),(42,2,'Hubungi'),(42,3,'聯絡人'),(42,4,'ติดต่อ'),(42,5,'연락처'),(42,6,'お問合せ'),(42,7,'联系方式'),(42,8,'お問合せ'),(42,9,'연락처'),(42,10,'ติดต่อ'),(42,11,'Contacts'),(43,1,'Titles'),(43,2,'Tajuk'),(43,3,'標題'),(43,4,'คำนำหน้าชื่อ'),(43,5,'직위'),(43,6,'タイトル'),(43,7,'Titres de civilité'),(43,8,'タイトル'),(43,9,'직위'),(43,10,'คำนำหน้าชื่อ'),(43,11,'Titres de civilité'),(44,1,'Outstanding'),(44,2,'Cemerlang'),(44,3,'未付'),(44,4,'เครดิตลูกค้า'),(44,5,'미지불'),(44,6,'未処理'),(44,7,'未支付'),(44,8,'未処理'),(44,9,'미지불'),(44,10,'เครดิตลูกค้า'),(44,11,'Encours autorisés'),(45,1,'Cart Rules'),(45,2,'Peraturan Troli'),(45,3,'購物車規則'),(45,4,'ข้อกำหนดสำหรับตะกร้า'),(45,5,'장바구니 규칙'),(45,6,'カートルール'),(45,7,'购物车规则'),(45,8,'カートルール'),(45,9,'장바구니 규칙'),(45,10,'ข้อกำหนดสำหรับตะกร้า'),(45,11,'Règles panier'),(46,1,'Catalog Price Rules'),(46,2,'Règles de prix catalogue'),(46,3,'目錄價格規則'),(46,4,'กฏการตั้งราคาตามหมวดหมู่'),(46,5,'목록 가격 규칙'),(46,6,'カタログの価格ルール'),(46,7,'Règles de prix catalogue'),(46,8,'カタログの価格ルール'),(46,9,'목록 가격 규칙'),(46,10,'กฏการตั้งราคาตามหมวดหมู่'),(46,11,'Règles de prix catalogue'),(47,1,'Marketing'),(47,2,'Pemasaran'),(47,3,'行銷'),(47,4,'การตลาด'),(47,5,'마케팅'),(47,6,'マーケティング'),(47,7,'商场'),(47,8,'マーケティング'),(47,9,'마케팅'),(47,10,'การตลาด'),(47,11,'Marketing'),(48,1,'Carriers'),(48,2,'Pembawa'),(48,3,'承運商'),(48,4,'ผู้จัดส่ง'),(48,5,'배송업체'),(48,6,'配送'),(48,7,'货运商'),(48,8,'配送'),(48,9,'배송업체'),(48,10,'ผู้จัดส่ง'),(48,11,'Transporteurs'),(49,1,'Preferences'),(49,2,'Keutamaan'),(49,3,'偏好設定'),(49,4,'การตั้งค่า'),(49,5,'환경 설정'),(49,6,'環境設定'),(49,7,'选项'),(49,8,'環境設定'),(49,9,'환경 설정'),(49,10,'การตั้งค่า'),(49,11,'Préférences'),(50,1,'Carrier'),(50,2,'Pembawa'),(50,3,'承運商'),(50,4,'ค่าจัดส่ง'),(50,5,'배송업체'),(50,6,'配送'),(50,7,'配送商'),(50,8,'配送'),(50,9,'배송업체'),(50,10,'ค่าจัดส่ง'),(50,11,'Transporteur'),(51,1,'Localization'),(51,2,'Lokaliti'),(51,3,'本地化'),(51,4,'การตั้งค่าท้องถิ่น'),(51,5,'현지화'),(51,6,'地域設定'),(51,7,'本地化'),(51,8,'地域設定'),(51,9,'현지화'),(51,10,'การตั้งค่าท้องถิ่น'),(51,11,'Localisation'),(52,1,'Languages'),(52,2,'Bahasa'),(52,3,'語言'),(52,4,'ภาษา'),(52,5,'언어'),(52,6,'言語'),(52,7,'语言'),(52,8,'言語'),(52,9,'언어'),(52,10,'ภาษา'),(52,11,'Langues'),(53,1,'Zones'),(53,2,'Zon'),(53,3,'區域'),(53,4,'โซน'),(53,5,'지역'),(53,6,'ゾーン'),(53,7,'洲'),(53,8,'ゾーン'),(53,9,'지역'),(53,10,'โซน'),(53,11,'Zones'),(54,1,'Countries'),(54,2,'Negara'),(54,3,'國家'),(54,4,'ประเทศ'),(54,5,'국가'),(54,6,'国'),(54,7,'国家'),(54,8,'国'),(54,9,'국가'),(54,10,'ประเทศ'),(54,11,'Pays'),(55,1,'States'),(55,2,'Negeri'),(55,3,'州'),(55,4,'รัฐ'),(55,5,'주'),(55,6,'都道府県：'),(55,7,'省/市'),(55,8,'都道府県：'),(55,9,'주'),(55,10,'รัฐ'),(55,11,'États'),(56,1,'Currencies'),(56,2,'Mata Wang'),(56,3,'貨幣'),(56,4,'สกุลเงิน'),(56,5,'통화'),(56,6,'通貨'),(56,7,'货币'),(56,8,'通貨'),(56,9,'통화'),(56,10,'สกุลเงิน'),(56,11,'Devises'),(57,1,'Taxes'),(57,2,'Cukai'),(57,3,'稅'),(57,4,'ภาษี'),(57,5,'세금'),(57,6,'税'),(57,7,'税'),(57,8,'税'),(57,9,'세금'),(57,10,'ภาษี'),(57,11,'Taxes'),(58,1,'Tax Rules'),(58,2,'Peraturan Cukai'),(58,3,'稅務規則'),(58,4,'ข้อกำหนดภาษี'),(58,5,'세금 규칙'),(58,6,'税ルール'),(58,7,'税法'),(58,8,'税ルール'),(58,9,'세금 규칙'),(58,10,'ข้อกำหนดภาษี'),(58,11,'Règles de taxes'),(59,1,'Translations'),(59,2,'Penterjemahan'),(59,3,'翻譯'),(59,4,'การแปลภาษา'),(59,5,'번역'),(59,6,'翻訳'),(59,7,'翻译'),(59,8,'翻訳'),(59,9,'번역'),(59,10,'การแปลภาษา'),(59,11,'Traductions'),(60,1,'Modules and Services'),(60,2,'Modul dan Perkhidmatan'),(60,3,'模組及服務'),(60,4,'Modules and Services'),(60,5,'모듈과 서비스'),(60,6,'モジュールとサービス'),(60,7,'模块和服务'),(60,8,'モジュールとサービス'),(60,9,'모듈과 서비스'),(60,10,'Modules and Services'),(60,11,'Modules et services'),(61,1,'Modules & Themes Catalog'),(61,2,'Modul & Katalog Tema'),(61,3,'模塊和主題目錄'),(61,4,'แค็ตตาล็อกโมดูลและธีม'),(61,5,'모듈 & 테마 목록'),(61,6,'モジュール/テーマ カタログ'),(61,7,'模块和主题目录'),(61,8,'モジュール/テーマ カタログ'),(61,9,'모듈 & 테마 목록'),(61,10,'แค็ตตาล็อกโมดูลและธีม'),(61,11,'Catalogue de Modules et Thèmes'),(62,1,'Positions'),(62,2,'Kedudukan'),(62,3,'位置'),(62,4,'ตำแหน่ง'),(62,5,'위치'),(62,6,'位置'),(62,7,'位置'),(62,8,'位置'),(62,9,'위치'),(62,10,'ตำแหน่ง'),(62,11,'Positions'),(63,1,'Payment'),(63,2,'Pembayaran'),(63,3,'付款方式'),(63,4,'ชำระเงิน'),(63,5,'결제'),(63,6,'お支払い'),(63,7,'付款'),(63,8,'お支払い'),(63,9,'결제'),(63,10,'ชำระเงิน'),(63,11,'Paiement'),(64,1,'General'),(64,2,'Umum'),(64,3,'一般'),(64,4,'ทั่วไป'),(64,5,'일반'),(64,6,'一般'),(64,7,'一般'),(64,8,'一般'),(64,9,'일반'),(64,10,'ทั่วไป'),(64,11,'Paramètres généraux'),(65,1,'Orders'),(65,2,'Pesanan'),(65,3,'訂單'),(65,4,'รายการสั่งซื้อ'),(65,5,'주문'),(65,6,'注文'),(65,7,'订单'),(65,8,'注文'),(65,9,'주문'),(65,10,'รายการสั่งซื้อ'),(65,11,'Commandes'),(66,1,'Products'),(66,2,'Produk'),(66,3,'商品'),(66,4,'สินค้า'),(66,5,'상품'),(66,6,'商品'),(66,7,'单件商品'),(66,8,'商品'),(66,9,'상품'),(66,10,'สินค้า'),(66,11,'Produits'),(67,1,'Customers'),(67,2,'Pelanggan'),(67,3,'客戶'),(67,4,'ลูกค้า'),(67,5,'고객'),(67,6,'お客様'),(67,7,'客户'),(67,8,'お客様'),(67,9,'고객'),(67,10,'ลูกค้า'),(67,11,'Clients'),(68,1,'Themes'),(68,2,'Tema'),(68,3,'主題'),(68,4,'ธีม'),(68,5,'테마'),(68,6,'テーマ'),(68,7,'主题'),(68,8,'テーマ'),(68,9,'테마'),(68,10,'ธีม'),(68,11,'Thèmes'),(69,1,'SEO & URLs'),(69,2,'SEO & URL'),(69,3,'SEO & 鏈接'),(69,4,'SEO & URLs'),(69,5,'검색엔진최적화 & URL'),(69,6,'SEO/URL'),(69,7,'SEO & 链接'),(69,8,'SEO/URL'),(69,9,'검색엔진최적화 & URL'),(69,10,'SEO & URLs'),(69,11,'SEO & URL'),(70,1,'CMS'),(70,2,'CMS'),(70,3,'內容管理系統'),(70,4,'CMS'),(70,5,'CMS'),(70,6,'CMS'),(70,7,'内容管理系统'),(70,8,'CMS'),(70,9,'CMS'),(70,10,'CMS'),(70,11,'CMS'),(71,1,'Images'),(71,2,'Gambar'),(71,3,'圖片'),(71,4,'รูปภาพ'),(71,5,'이미지'),(71,6,'画像'),(71,7,'图片'),(71,8,'画像'),(71,9,'이미지'),(71,10,'รูปภาพ'),(71,11,'Images'),(72,1,'Store Contacts'),(72,2,'Hubungan Kedai'),(72,3,'商店聯繫'),(72,4,'การตั้งค่าที่อยู่ติดต่อร้านค้า'),(72,5,'상점 연락처'),(72,6,'店舗情報'),(72,7,'店铺联系'),(72,8,'店舗情報'),(72,9,'상점 연락처'),(72,10,'การตั้งค่าที่อยู่ติดต่อร้านค้า'),(72,11,'Coordonnées et magasins'),(73,1,'Search'),(73,2,'Cari'),(73,3,'搜尋'),(73,4,'ค้นหา'),(73,5,'검색'),(73,6,'検索'),(73,7,'搜索'),(73,8,'検索'),(73,9,'검색'),(73,10,'ค้นหา'),(73,11,'Rechercher'),(74,1,'Maintenance'),(74,2,'Penyelenggaraan'),(74,3,'網站維護'),(74,4,'การบำรุงรักษาระบบ'),(74,5,'유지보수'),(74,6,'メンテナンス'),(74,7,'维护'),(74,8,'メンテナンス'),(74,9,'유지보수'),(74,10,'การบำรุงรักษาระบบ'),(74,11,'Maintenance'),(75,1,'Geolocation'),(75,2,'Geolokasi'),(75,3,'地理位置'),(75,4,'พิกัดตำแหน่ง'),(75,5,'위치 정보'),(75,6,'位置情報'),(75,7,'地理位置'),(75,8,'位置情報'),(75,9,'위치 정보'),(75,10,'พิกัดตำแหน่ง'),(75,11,'Géolocalisation'),(76,1,'Configuration Information'),(76,2,'Informations'),(76,3,'設定資訊'),(76,4,'ข้อมูลการตั้งค่าของระบบ'),(76,5,'구성 정보'),(76,6,'設定情報'),(76,7,'确认信息'),(76,8,'設定情報'),(76,9,'구성 정보'),(76,10,'ข้อมูลการตั้งค่าของระบบ'),(76,11,'Informations'),(77,1,'Performance'),(77,2,'Prestasi'),(77,3,'效能'),(77,4,'ประสิทธิภาพ'),(77,5,'성능'),(77,6,'パフォーマンス'),(77,7,'性能'),(77,8,'パフォーマンス'),(77,9,'성능'),(77,10,'ประสิทธิภาพ'),(77,11,'Performances'),(78,1,'E-mail'),(78,2,'E-Mel'),(78,3,'電子信箱'),(78,4,'อีเมล์'),(78,5,'이메일'),(78,6,'メール'),(78,7,'邮箱'),(78,8,'メール'),(78,9,'이메일'),(78,10,'อีเมล์'),(78,11,'Email'),(79,1,'Multistore'),(79,2,'MultiKedai'),(79,3,'多店模式'),(79,4,'Multiboutique'),(79,5,'복수 상점'),(79,6,'マルチストア'),(79,7,'Multiboutique'),(79,8,'マルチストア'),(79,9,'복수 상점'),(79,10,'Multiboutique'),(79,11,'Multiboutique'),(80,1,'CSV Import'),(80,2,'Import CSV'),(80,3,'CSV 導入'),(80,4,'นำเข้าข้อมูล CSV'),(80,5,'CSV 불러오기'),(80,6,'CSV インポート'),(80,7,'CSV 导入'),(80,8,'CSV インポート'),(80,9,'CSV 불러오기'),(80,10,'นำเข้าข้อมูล CSV'),(80,11,'Imports CSV'),(81,1,'DB Backup'),(81,2,'Sandaran DB'),(81,3,'數據庫備份'),(81,4,'การสำรองข้อมูล'),(81,5,'DB 백업'),(81,6,'DB バックアップ'),(81,7,'数据库备份'),(81,8,'DB バックアップ'),(81,9,'DB 백업'),(81,10,'การสำรองข้อมูล'),(81,11,'Sauvegarde BDD'),(82,1,'SQL Manager'),(82,2,'Pengurus SQL'),(82,3,'SQL管理器'),(82,4,'การจัดการ  SQL'),(82,5,'SQL 관리자'),(82,6,'SQL マネージャ'),(82,7,'SQL管理器'),(82,8,'SQL マネージャ'),(82,9,'SQL 관리자'),(82,10,'การจัดการ  SQL'),(82,11,'Gestionnaire SQL'),(83,1,'Logs'),(83,2,'Log'),(83,3,'記錄'),(83,4,'บันทึกข้อมูลระบบ'),(83,5,'기록'),(83,6,'ログ'),(83,7,'日志'),(83,8,'ログ'),(83,9,'기록'),(83,10,'บันทึกข้อมูลระบบ'),(83,11,'Logs'),(84,1,'Webservice'),(84,2,'Webservis'),(84,3,'網路服務'),(84,4,'Webservice'),(84,5,'웹서비스'),(84,6,'Webサービス'),(84,7,'Web服务'),(84,8,'Webサービス'),(84,9,'웹서비스'),(84,10,'Webservice'),(84,11,'Webservice'),(85,1,'Preferences'),(85,2,'Keutamaan'),(85,3,'偏好設定'),(85,4,'การตั้งค่า'),(85,5,'환경 설정'),(85,6,'環境設定'),(85,7,'选项'),(85,8,'環境設定'),(85,9,'환경 설정'),(85,10,'การตั้งค่า'),(85,11,'Préférences'),(86,1,'Quick Access'),(86,2,'Capaian Pantas'),(86,3,'快速存取'),(86,4,'เมนูลัด'),(86,5,'빠른 접속'),(86,6,'クイックアクセス'),(86,7,'快速通道'),(86,8,'クイックアクセス'),(86,9,'빠른 접속'),(86,10,'เมนูลัด'),(86,11,'Accès rapide'),(87,1,'Employees'),(87,2,'Pekerja'),(87,3,'員工'),(87,4,'พนักงาน'),(87,5,'직원'),(87,6,'従業員'),(87,7,'雇员'),(87,8,'従業員'),(87,9,'직원'),(87,10,'พนักงาน'),(87,11,'Employés'),(88,1,'Profiles'),(88,2,'Profil'),(88,3,'設定檔'),(88,4,'โปรไฟล์'),(88,5,'프로필'),(88,6,'プロフィール'),(88,7,'职位'),(88,8,'プロフィール'),(88,9,'프로필'),(88,10,'โปรไฟล์'),(88,11,'Profils'),(89,1,'Permissions'),(89,2,'Kebenaran'),(89,3,'權限'),(89,4,'การกำหนดสิทธิ์การใช้งาน'),(89,5,'권한'),(89,6,'権限'),(89,7,'权限'),(89,8,'権限'),(89,9,'권한'),(89,10,'การกำหนดสิทธิ์การใช้งาน'),(89,11,'Permissions'),(90,1,'Menus'),(90,2,'Menu'),(90,3,'選單'),(90,4,'เมนู'),(90,5,'메뉴'),(90,6,'メニュー'),(90,7,'菜单'),(90,8,'メニュー'),(90,9,'메뉴'),(90,10,'เมนู'),(90,11,'Menus'),(91,1,'Stats'),(91,2,'Statistik'),(91,3,'統計資訊'),(91,4,'สถิติ'),(91,5,'통계'),(91,6,'統計'),(91,7,'统计信息'),(91,8,'統計'),(91,9,'통계'),(91,10,'สถิติ'),(91,11,'Statistiques'),(92,1,'Search Engines'),(92,2,'Enjin Carian'),(92,3,'搜索引擎'),(92,4,'เครื่องมือค้นหา'),(92,5,'검색 엔진'),(92,6,'検索エンジン'),(92,7,'搜索引擎'),(92,8,'検索エンジン'),(92,9,'검색 엔진'),(92,10,'เครื่องมือค้นหา'),(92,11,'Moteurs de recherche'),(93,1,'Referrers'),(93,2,'Perujuk'),(93,3,'來源'),(93,4,'อ้างอิงโดย'),(93,5,'참조자'),(93,6,'リファラー'),(93,7,'推荐'),(93,8,'リファラー'),(93,9,'참조자'),(93,10,'อ้างอิงโดย'),(93,11,'Affiliés'),(94,1,'Warehouses'),(94,2,'Rumah Gudang'),(94,3,'倉庫'),(94,4,'คลังสินค้า'),(94,5,'창고'),(94,6,'倉庫'),(94,7,'仓库'),(94,8,'倉庫'),(94,9,'창고'),(94,10,'คลังสินค้า'),(94,11,'Entrepôts'),(95,1,'Stock Management'),(95,2,'Gestion de stock'),(95,3,'存貨管理'),(95,4,'การจัดการคลังสินค้า'),(95,5,'재고 관리'),(95,6,'在庫管理'),(95,7,'Gestion de stock'),(95,8,'在庫管理'),(95,9,'재고 관리'),(95,10,'การจัดการคลังสินค้า'),(95,11,'Gestion du stock'),(96,1,'Stock Movement'),(96,2,'Pergerakan Stok'),(96,3,'庫存變動'),(96,4,'ความเครื่อนไหวในคลัง'),(96,5,'재고 이동'),(96,6,'在庫の変動'),(96,7,'库存变动'),(96,8,'在庫の変動'),(96,9,'재고 이동'),(96,10,'ความเครื่อนไหวในคลัง'),(96,11,'Mouvements de stock'),(97,1,'Instant Stock Status'),(97,2,'Etat instantané du stock'),(97,3,'即時庫存狀況'),(97,4,'ตรวจสอบสถานะคลังสินค้า'),(97,5,'현 재고 상태'),(97,6,'簡易在庫状況'),(97,7,'Etat instantané du stock'),(97,8,'簡易在庫状況'),(97,9,'현 재고 상태'),(97,10,'ตรวจสอบสถานะคลังสินค้า'),(97,11,'État instantané du stock'),(98,1,'Stock Coverage'),(98,2,'Perlindungan Stok'),(98,3,'現貨供應情況'),(98,4,'สรุปรายงานคลังสินค้า'),(98,5,'재고 보충'),(98,6,'在庫カバレッジ'),(98,7,'库存范围'),(98,8,'在庫カバレッジ'),(98,9,'재고 보충'),(98,10,'สรุปรายงานคลังสินค้า'),(98,11,'Couverture du stock'),(99,1,'Supply orders'),(99,2,'Tempahan bekalan'),(99,3,'採購訂單'),(99,4,'สั่งสินค้าเข้าคลัง'),(99,5,'공급 주문'),(99,6,'発注'),(99,7,'供应订单'),(99,8,'発注'),(99,9,'공급 주문'),(99,10,'สั่งสินค้าเข้าคลัง'),(99,11,'Commandes fournisseurs'),(100,1,'Configuration'),(100,2,'Konfigurasi'),(100,3,'設定'),(100,4,'กำหนดค่า'),(100,5,'설정'),(100,6,'設定'),(100,7,'配置'),(100,8,'設定'),(100,9,'설정'),(100,10,'กำหนดค่า'),(100,11,'Paramètres'),(101,1,'BlockCategories'),(101,2,'Kategori Blok'),(101,3,'版塊分類'),(101,4,'บล๊อคหมวดหมู่'),(101,5,'블럭 분류'),(101,6,'ブロックカテゴリ'),(101,7,'版块分类'),(101,8,'ブロックカテゴリ'),(101,9,'블럭 분류'),(101,10,'บล๊อคหมวดหมู่'),(101,11,'Bloc Catégories'),(102,1,'Dashgoals'),(102,2,'Matlamat jangka panjang'),(102,3,'控制面板目標'),(102,4,'เป้าหมาย'),(102,5,'도달목표'),(102,6,'Dashgoals'),(102,7,'冲刺目标'),(102,8,'Dashgoals'),(102,9,'도달목표'),(102,10,'เป้าหมาย'),(102,11,'Objectifs'),(103,1,'themeconfigurator'),(103,2,'konfigurasitema'),(103,3,'主題配置'),(103,4,'ตั้งค่าธีม'),(103,5,'테마구성기'),(103,6,'テーマコンフィギュレータ'),(103,7,'主题配置'),(103,8,'テーマコンフィギュレータ'),(103,9,'테마구성기'),(103,10,'ตั้งค่าธีม'),(103,11,'Configurateur de thème'),(104,1,'Merchant Expertise'),(104,2,'Kepakaran'),(104,3,'店主專業知識'),(104,4,'ความเชี่ยวชาญของผู้ประกอบการ'),(104,5,'Merchant Expertise'),(104,6,'マーチャント専門知識'),(104,7,'店主技能'),(104,8,'マーチャント専門知識'),(104,9,'판매 전문 지식'),(104,10,'ความเชี่ยวชาญของผู้ประกอบการ'),(104,11,'Expertise PrestaShop'),(105,1,'Cron Jobs'),(105,2,'Cron Jobs'),(105,3,'Cron 作業'),(105,4,'Cron Jobs'),(105,5,'반복 작업'),(105,6,'Cronジョブ'),(105,7,'Cron 作业'),(105,8,'Cronジョブ'),(105,9,'반복 작업'),(105,10,'Cron Jobs'),(105,11,'Tâches cron'),(107,1,'AdminHiScFacebook'),(107,2,'AdminHiScFacebook'),(107,3,'AdminHiScFacebook'),(107,4,'AdminHiScFacebook'),(107,5,'AdminHiScFacebook'),(107,6,'AdminHiScFacebook'),(107,7,'AdminHiScFacebook'),(107,8,'AdminHiScFacebook'),(107,9,'AdminHiScFacebook'),(107,10,'AdminHiScFacebook'),(107,11,'AdminHiScFacebook'),(109,1,'Blog Posts'),(109,2,'Blog Posts'),(109,7,'Blog Posts'),(109,8,'Blog Posts'),(109,9,'Blog Posts'),(109,10,'Blog Posts'),(109,11,'Blog Posts'),(116,1,'Theme Configurator'),(116,2,'Theme Configurator'),(116,7,'Theme Configurator'),(116,8,'Theme Configurator'),(116,9,'Theme Configurator'),(116,10,'Theme Configurator'),(116,11,'Theme Configurator'),(118,1,'Daily Deal'),(118,2,'Daily Deal'),(118,7,'Daily Deal'),(118,8,'Daily Deal'),(118,9,'Daily Deal'),(118,10,'Daily Deal'),(118,11,'Daily Deal'),(119,1,'Theme Manager'),(119,2,'Theme Manager'),(119,7,'Theme Manager'),(119,8,'Theme Manager'),(119,9,'Theme Manager'),(119,10,'Theme Manager'),(119,11,'Theme Manager'),(120,1,'zerohomepage'),(120,2,'zeroslideshow'),(120,7,'zeroslideshow'),(120,8,'zeroslideshow'),(120,9,'zeroslideshow'),(120,10,'zeroslideshow'),(120,11,'zeroslideshow'),(130,1,'Blog'),(130,2,'Zro - Blog'),(130,7,'Zro - Blog'),(131,1,'Blog Posts'),(131,2,'Blog Posts'),(131,7,'Blog Posts'),(132,1,'Blog Categories'),(132,2,'Blog Categories'),(132,7,'Blog Categories'),(133,1,'Blog Comments'),(133,2,'Blog Comments'),(133,7,'Blog Comments'),(134,1,'Blog Settings'),(134,2,'Blog Settings'),(134,7,'Blog Settings'),(138,1,'Customer Files'),(138,2,'Customer Files'),(138,7,'Customer Files'),(139,1,'Guest Files'),(139,2,'Guest Files'),(139,7,'Guest Files'),(140,1,'Birthday Coupon'),(140,2,'Birthday Coupon'),(140,7,'Birthday Coupon'),(141,1,'Statistics'),(141,2,'Statistics'),(141,7,'Statistics'),(142,1,'Customer Statistics'),(142,2,'Customer Statistics'),(142,7,'Customer Statistics'),(143,1,'Fbloginblockajax'),(143,2,'Fbloginblockajax'),(143,7,'Fbloginblockajax'),(144,1,'POS'),(144,2,'POS'),(144,7,'POS'),(145,1,'Configuration'),(145,2,'Configuration'),(145,7,'Configuration'),(146,1,'Dashboard'),(146,2,'Dashboard'),(146,7,'Dashboard'),(147,1,'Outlets'),(147,2,'Outlets'),(147,7,'Outlets'),(148,1,'Quotation'),(148,2,'Quotation'),(148,7,'Quotation'),(157,1,'Prestashop Membership'),(157,2,'Prestashop Membership'),(157,7,'Prestashop Membership'),(158,1,'Membership Plans'),(158,2,'Membership Plans'),(158,7,'Membership Plans'),(159,1,'Plan Requests'),(159,2,'Plan Requests'),(159,7,'Plan Requests'),(160,1,'Customer Plan Details'),(160,2,'Customer Plan Details'),(160,7,'Customer Plan Details'),(161,1,'Referral Program'),(161,2,'Referral Program'),(161,7,'Referral Program'),(162,1,'Sponsor statistics'),(162,2,'Sponsor statistics'),(162,7,'Sponsor statistics'),(163,1,'Coupon for Sponsor'),(163,2,'Coupon for Sponsor'),(163,7,'Coupon for Sponsor');

--
-- Table structure for table `ps_tab_module_preference`
--

CREATE TABLE `ps_tab_module_preference` (
  `id_tab_module_preference` int(11) NOT NULL AUTO_INCREMENT,
  `id_employee` int(11) NOT NULL,
  `id_tab` int(11) NOT NULL,
  `module` varchar(255) NOT NULL,
  PRIMARY KEY (`id_tab_module_preference`),
  UNIQUE KEY `employee_module` (`id_employee`,`id_tab`,`module`)
) ENGINE=InnoDB DEFAULT CHARSET=utf8;

--
-- Dumping data for table `ps_tab_module_preference`
--


--
-- Table structure for table `ps_tag`
--

CREATE TABLE `ps_tag` (
  `id_tag` int(10) unsigned NOT NULL AUTO_INCREMENT,
  `id_lang` int(10) unsigned NOT NULL,
  `name` varchar(32) NOT NULL,
  PRIMARY KEY (`id_tag`),
  KEY `tag_name` (`name`),
  KEY `id_lang` (`id_lang`)
) ENGINE=InnoDB DEFAULT CHARSET=utf8;

--
-- Dumping data for table `ps_tag`
--


--
-- Table structure for table `ps_tag_count`
--

CREATE TABLE `ps_tag_count` (
  `id_group` int(10) unsigned NOT NULL DEFAULT '0',
  `id_tag` int(10) unsigned NOT NULL DEFAULT '0',
  `id_lang` int(10) unsigned NOT NULL DEFAULT '0',
  `id_shop` int(11) unsigned NOT NULL DEFAULT '0',
  `counter` int(10) unsigned NOT NULL DEFAULT '0',
  PRIMARY KEY (`id_group`,`id_tag`),
  KEY `id_group` (`id_group`,`id_lang`,`id_shop`,`counter`)
) ENGINE=InnoDB DEFAULT CHARSET=utf8;

--
-- Dumping data for table `ps_tag_count`
--

INSERT INTO `ps_tag_count` VALUES (0,2,1,1,1),(1,2,1,1,1),(2,2,1,1,1),(3,2,1,1,1),(4,2,1,1,1);

--
-- Table structure for table `ps_tax`
--

CREATE TABLE `ps_tax` (
  `id_tax` int(10) unsigned NOT NULL AUTO_INCREMENT,
  `rate` decimal(10,3) NOT NULL,
  `active` tinyint(1) unsigned NOT NULL DEFAULT '1',
  `deleted` tinyint(1) unsigned NOT NULL DEFAULT '0',
  PRIMARY KEY (`id_tax`)
) ENGINE=InnoDB AUTO_INCREMENT=96 DEFAULT CHARSET=utf8;

--
-- Dumping data for table `ps_tax`
--

INSERT INTO `ps_tax` VALUES (1,20.000,1,0),(2,5.000,1,0),(3,20.000,1,0),(4,21.000,1,0),(5,20.000,1,0),(6,19.000,1,0),(7,21.000,1,0),(8,19.000,1,0),(9,25.000,1,0),(10,20.000,1,0),(11,21.000,1,0),(12,24.000,1,0),(13,20.000,1,0),(14,23.000,1,0),(15,25.000,1,0),(16,27.000,1,0),(17,23.000,1,0),(18,22.000,1,0),(19,21.000,1,0),(20,17.000,1,0),(21,21.000,1,0),(22,18.000,1,0),(23,21.000,1,0),(24,23.000,1,0),(25,23.000,1,0),(26,20.000,1,0),(27,25.000,1,0),(28,22.000,1,0),(29,20.000,1,0),(30,4.000,1,0),(31,0.000,1,0),(32,6.600,1,0),(33,6.000,1,0),(34,8.250,1,0),(35,2.900,1,0),(36,0.000,1,0),(37,0.000,1,0),(38,6.000,1,0),(39,4.000,1,0),(40,4.000,1,0),(41,6.000,1,0),(42,6.250,1,0),(43,7.000,1,0),(44,6.000,1,0),(45,5.300,1,0),(46,6.000,1,0),(47,4.000,1,0),(48,5.000,1,0),(49,6.000,1,0),(50,6.250,1,0),(51,6.000,1,0),(52,6.875,1,0),(53,7.000,1,0),(54,4.225,1,0),(55,0.000,1,0),(56,5.500,1,0),(57,6.850,1,0),(58,0.000,1,0),(59,7.000,1,0),(60,5.125,1,0),(61,4.000,1,0),(62,5.500,1,0),(63,5.000,1,0),(64,5.500,1,0),(65,4.500,1,0),(66,0.000,1,0),(67,6.000,1,0),(68,7.000,1,0),(69,6.000,1,0),(70,4.000,1,0),(71,7.000,1,0),(72,6.250,1,0),(73,4.750,1,0),(74,6.000,1,0),(75,4.000,1,0),(76,6.500,1,0),(77,6.000,1,0),(78,5.000,1,0),(79,4.000,1,0),(80,5.500,1,0),(81,6.000,1,0),(82,10.000,1,0),(83,5.000,1,0),(84,6.000,1,0),(85,7.000,1,0),(86,10.000,1,0),(87,0.000,1,0),(88,5.000,1,0),(89,17.000,1,0),(90,13.000,1,0),(91,6.000,1,0),(92,3.000,1,0),(93,10.000,1,0),(94,5.500,1,0),(95,2.100,1,0);

--
-- Table structure for table `ps_tax_lang`
--

CREATE TABLE `ps_tax_lang` (
  `id_tax` int(10) unsigned NOT NULL,
  `id_lang` int(10) unsigned NOT NULL,
  `name` varchar(32) NOT NULL,
  PRIMARY KEY (`id_tax`,`id_lang`)
) ENGINE=InnoDB DEFAULT CHARSET=utf8;

--
-- Dumping data for table `ps_tax_lang`
--

INSERT INTO `ps_tax_lang` VALUES (1,1,'VAT UK 20%'),(1,2,'VAT UK 20%'),(1,3,'VAT UK 20%'),(1,4,'VAT UK 20%'),(1,5,'VAT UK 20%'),(1,6,'VAT UK 20%'),(1,7,'VAT UK 20%'),(1,8,'VAT UK 20%'),(1,9,'VAT UK 20%'),(1,10,'VAT UK 20%'),(1,11,'VAT UK 20%'),(2,1,'VAT UK 5%'),(2,2,'VAT UK 5%'),(2,3,'VAT UK 5%'),(2,4,'VAT UK 5%'),(2,5,'VAT UK 5%'),(2,6,'VAT UK 5%'),(2,7,'VAT UK 5%'),(2,8,'VAT UK 5%'),(2,9,'VAT UK 5%'),(2,10,'VAT UK 5%'),(2,11,'VAT UK 5%'),(3,1,'USt. AT 20%'),(3,2,'USt. AT 20%'),(3,3,'USt. AT 20%'),(3,4,'USt. AT 20%'),(3,5,'USt. AT 20%'),(3,6,'USt. AT 20%'),(3,7,'USt. AT 20%'),(3,8,'USt. AT 20%'),(3,9,'USt. AT 20%'),(3,10,'USt. AT 20%'),(3,11,'USt. AT 20%'),(4,1,'TVA BE 21%'),(4,2,'TVA BE 21%'),(4,3,'TVA BE 21%'),(4,4,'TVA BE 21%'),(4,5,'TVA BE 21%'),(4,6,'TVA BE 21%'),(4,7,'TVA BE 21%'),(4,8,'TVA BE 21%'),(4,9,'TVA BE 21%'),(4,10,'TVA BE 21%'),(4,11,'TVA BE 21%'),(5,1,'ДДС BG 20%'),(5,2,'ДДС BG 20%'),(5,3,'ДДС BG 20%'),(5,4,'ДДС BG 20%'),(5,5,'ДДС BG 20%'),(5,6,'ДДС BG 20%'),(5,7,'ДДС BG 20%'),(5,8,'ДДС BG 20%'),(5,9,'ДДС BG 20%'),(5,10,'ДДС BG 20%'),(5,11,'ДДС BG 20%'),(6,1,'ΦΠΑ CY 19%'),(6,2,'ΦΠΑ CY 19%'),(6,3,'ΦΠΑ CY 19%'),(6,4,'ΦΠΑ CY 19%'),(6,5,'ΦΠΑ CY 19%'),(6,6,'ΦΠΑ CY 19%'),(6,7,'ΦΠΑ CY 19%'),(6,8,'ΦΠΑ CY 19%'),(6,9,'ΦΠΑ CY 19%'),(6,10,'ΦΠΑ CY 19%'),(6,11,'ΦΠΑ CY 19%'),(7,1,'DPH CZ 21%'),(7,2,'DPH CZ 21%'),(7,3,'DPH CZ 21%'),(7,4,'DPH CZ 21%'),(7,5,'DPH CZ 21%'),(7,6,'DPH CZ 21%'),(7,7,'DPH CZ 21%'),(7,8,'DPH CZ 21%'),(7,9,'DPH CZ 21%'),(7,10,'DPH CZ 21%'),(7,11,'DPH CZ 21%'),(8,1,'MwSt. DE 19%'),(8,2,'MwSt. DE 19%'),(8,3,'MwSt. DE 19%'),(8,4,'MwSt. DE 19%'),(8,5,'MwSt. DE 19%'),(8,6,'MwSt. DE 19%'),(8,7,'MwSt. DE 19%'),(8,8,'MwSt. DE 19%'),(8,9,'MwSt. DE 19%'),(8,10,'MwSt. DE 19%'),(8,11,'MwSt. DE 19%'),(9,1,'moms DK 25%'),(9,2,'moms DK 25%'),(9,3,'moms DK 25%'),(9,4,'moms DK 25%'),(9,5,'moms DK 25%'),(9,6,'moms DK 25%'),(9,7,'moms DK 25%'),(9,8,'moms DK 25%'),(9,9,'moms DK 25%'),(9,10,'moms DK 25%'),(9,11,'moms DK 25%'),(10,1,'km EE 20%'),(10,2,'km EE 20%'),(10,3,'km EE 20%'),(10,4,'km EE 20%'),(10,5,'km EE 20%'),(10,6,'km EE 20%'),(10,7,'km EE 20%'),(10,8,'km EE 20%'),(10,9,'km EE 20%'),(10,10,'km EE 20%'),(10,11,'km EE 20%'),(11,1,'IVA ES 21%'),(11,2,'IVA ES 21%'),(11,3,'IVA ES 21%'),(11,4,'IVA ES 21%'),(11,5,'IVA ES 21%'),(11,6,'IVA ES 21%'),(11,7,'IVA ES 21%'),(11,8,'IVA ES 21%'),(11,9,'IVA ES 21%'),(11,10,'IVA ES 21%'),(11,11,'IVA ES 21%'),(12,1,'ALV FI 24%'),(12,2,'ALV FI 24%'),(12,3,'ALV FI 24%'),(12,4,'ALV FI 24%'),(12,5,'ALV FI 24%'),(12,6,'ALV FI 24%'),(12,7,'ALV FI 24%'),(12,8,'ALV FI 24%'),(12,9,'ALV FI 24%'),(12,10,'ALV FI 24%'),(12,11,'ALV FI 24%'),(13,1,'TVA FR 20%'),(13,2,'TVA FR 20%'),(13,3,'TVA FR 20%'),(13,4,'TVA FR 20%'),(13,5,'TVA FR 20%'),(13,6,'TVA FR 20%'),(13,7,'TVA FR 20%'),(13,8,'TVA FR 20%'),(13,9,'TVA FR 20%'),(13,10,'TVA FR 20%'),(13,11,'TVA FR 20%'),(14,1,'ΦΠΑ GR 23%'),(14,2,'ΦΠΑ GR 23%'),(14,3,'ΦΠΑ GR 23%'),(14,4,'ΦΠΑ GR 23%'),(14,5,'ΦΠΑ GR 23%'),(14,6,'ΦΠΑ GR 23%'),(14,7,'ΦΠΑ GR 23%'),(14,8,'ΦΠΑ GR 23%'),(14,9,'ΦΠΑ GR 23%'),(14,10,'ΦΠΑ GR 23%'),(14,11,'ΦΠΑ GR 23%'),(15,1,'Croatia PDV 25%'),(15,2,'Croatia PDV 25%'),(15,3,'Croatia PDV 25%'),(15,4,'Croatia PDV 25%'),(15,5,'Croatia PDV 25%'),(15,6,'Croatia PDV 25%'),(15,7,'Croatia PDV 25%'),(15,8,'Croatia PDV 25%'),(15,9,'Croatia PDV 25%'),(15,10,'Croatia PDV 25%'),(15,11,'Croatia PDV 25%'),(16,1,'ÁFA HU 27%'),(16,2,'ÁFA HU 27%'),(16,3,'ÁFA HU 27%'),(16,4,'ÁFA HU 27%'),(16,5,'ÁFA HU 27%'),(16,6,'ÁFA HU 27%'),(16,7,'ÁFA HU 27%'),(16,8,'ÁFA HU 27%'),(16,9,'ÁFA HU 27%'),(16,10,'ÁFA HU 27%'),(16,11,'ÁFA HU 27%'),(17,1,'VAT IE 23%'),(17,2,'VAT IE 23%'),(17,3,'VAT IE 23%'),(17,4,'VAT IE 23%'),(17,5,'VAT IE 23%'),(17,6,'VAT IE 23%'),(17,7,'VAT IE 23%'),(17,8,'VAT IE 23%'),(17,9,'VAT IE 23%'),(17,10,'VAT IE 23%'),(17,11,'VAT IE 23%'),(18,1,'IVA IT 22%'),(18,2,'IVA IT 22%'),(18,3,'IVA IT 22%'),(18,4,'IVA IT 22%'),(18,5,'IVA IT 22%'),(18,6,'IVA IT 22%'),(18,7,'IVA IT 22%'),(18,8,'IVA IT 22%'),(18,9,'IVA IT 22%'),(18,10,'IVA IT 22%'),(18,11,'IVA IT 22%'),(19,1,'PVM LT 21%'),(19,2,'PVM LT 21%'),(19,3,'PVM LT 21%'),(19,4,'PVM LT 21%'),(19,5,'PVM LT 21%'),(19,6,'PVM LT 21%'),(19,7,'PVM LT 21%'),(19,8,'PVM LT 21%'),(19,9,'PVM LT 21%'),(19,10,'PVM LT 21%'),(19,11,'PVM LT 21%'),(20,1,'TVA LU 17%'),(20,2,'TVA LU 17%'),(20,3,'TVA LU 17%'),(20,4,'TVA LU 17%'),(20,5,'TVA LU 17%'),(20,6,'TVA LU 17%'),(20,7,'TVA LU 17%'),(20,8,'TVA LU 17%'),(20,9,'TVA LU 17%'),(20,10,'TVA LU 17%'),(20,11,'TVA LU 17%'),(21,1,'PVN LV 21%'),(21,2,'PVN LV 21%'),(21,3,'PVN LV 21%'),(21,4,'PVN LV 21%'),(21,5,'PVN LV 21%'),(21,6,'PVN LV 21%'),(21,7,'PVN LV 21%'),(21,8,'PVN LV 21%'),(21,9,'PVN LV 21%'),(21,10,'PVN LV 21%'),(21,11,'PVN LV 21%'),(22,1,'VAT MT 18%'),(22,2,'VAT MT 18%'),(22,3,'VAT MT 18%'),(22,4,'VAT MT 18%'),(22,5,'VAT MT 18%'),(22,6,'VAT MT 18%'),(22,7,'VAT MT 18%'),(22,8,'VAT MT 18%'),(22,9,'VAT MT 18%'),(22,10,'VAT MT 18%'),(22,11,'VAT MT 18%'),(23,1,'BTW NL 21%'),(23,2,'BTW NL 21%'),(23,3,'BTW NL 21%'),(23,4,'BTW NL 21%'),(23,5,'BTW NL 21%'),(23,6,'BTW NL 21%'),(23,7,'BTW NL 21%'),(23,8,'BTW NL 21%'),(23,9,'BTW NL 21%'),(23,10,'BTW NL 21%'),(23,11,'BTW NL 21%'),(24,1,'PTU PL 23%'),(24,2,'PTU PL 23%'),(24,3,'PTU PL 23%'),(24,4,'PTU PL 23%'),(24,5,'PTU PL 23%'),(24,6,'PTU PL 23%'),(24,7,'PTU PL 23%'),(24,8,'PTU PL 23%'),(24,9,'PTU PL 23%'),(24,10,'PTU PL 23%'),(24,11,'PTU PL 23%'),(25,1,'IVA PT 23%'),(25,2,'IVA PT 23%'),(25,3,'IVA PT 23%'),(25,4,'IVA PT 23%'),(25,5,'IVA PT 23%'),(25,6,'IVA PT 23%'),(25,7,'IVA PT 23%'),(25,8,'IVA PT 23%'),(25,9,'IVA PT 23%'),(25,10,'IVA PT 23%'),(25,11,'IVA PT 23%'),(26,1,'TVA RO 20%'),(26,2,'TVA RO 20%'),(26,3,'TVA RO 20%'),(26,4,'TVA RO 20%'),(26,5,'TVA RO 20%'),(26,6,'TVA RO 20%'),(26,7,'TVA RO 20%'),(26,8,'TVA RO 20%'),(26,9,'TVA RO 20%'),(26,10,'TVA RO 20%'),(26,11,'TVA RO 20%'),(27,1,'Moms SE 25%'),(27,2,'Moms SE 25%'),(27,3,'Moms SE 25%'),(27,4,'Moms SE 25%'),(27,5,'Moms SE 25%'),(27,6,'Moms SE 25%'),(27,7,'Moms SE 25%'),(27,8,'Moms SE 25%'),(27,9,'Moms SE 25%'),(27,10,'Moms SE 25%'),(27,11,'Moms SE 25%'),(28,1,'DDV SI 22%'),(28,2,'DDV SI 22%'),(28,3,'DDV SI 22%'),(28,4,'DDV SI 22%'),(28,5,'DDV SI 22%'),(28,6,'DDV SI 22%'),(28,7,'DDV SI 22%'),(28,8,'DDV SI 22%'),(28,9,'DDV SI 22%'),(28,10,'DDV SI 22%'),(28,11,'DDV SI 22%'),(29,1,'DPH SK 20%'),(29,2,'DPH SK 20%'),(29,3,'DPH SK 20%'),(29,4,'DPH SK 20%'),(29,5,'DPH SK 20%'),(29,6,'DPH SK 20%'),(29,7,'DPH SK 20%'),(29,8,'DPH SK 20%'),(29,9,'DPH SK 20%'),(29,10,'DPH SK 20%'),(29,11,'DPH SK 20%'),(30,1,'Sales-taxes US-AL 4%'),(30,2,'Sales-taxes US-AL 4%'),(30,3,'Sales-taxes US-AL 4%'),(30,4,'Sales-taxes US-AL 4%'),(30,5,'Sales-taxes US-AL 4%'),(30,6,'Sales-taxes US-AL 4%'),(30,7,'Sales-taxes US-AL 4%'),(30,8,'Sales-taxes US-AL 4%'),(30,9,'Sales-taxes US-AL 4%'),(30,10,'Sales-taxes US-AL 4%'),(30,11,'Sales-taxes US-AL 4%'),(31,1,'Sales-taxes US-AK 0%'),(31,2,'Sales-taxes US-AK 0%'),(31,3,'Sales-taxes US-AK 0%'),(31,4,'Sales-taxes US-AK 0%'),(31,5,'Sales-taxes US-AK 0%'),(31,6,'Sales-taxes US-AK 0%'),(31,7,'Sales-taxes US-AK 0%'),(31,8,'Sales-taxes US-AK 0%'),(31,9,'Sales-taxes US-AK 0%'),(31,10,'Sales-taxes US-AK 0%'),(31,11,'Sales-taxes US-AK 0%'),(32,1,'Sales-taxes US-AZ 6.6%'),(32,2,'Sales-taxes US-AZ 6.6%'),(32,3,'Sales-taxes US-AZ 6.6%'),(32,4,'Sales-taxes US-AZ 6.6%'),(32,5,'Sales-taxes US-AZ 6.6%'),(32,6,'Sales-taxes US-AZ 6.6%'),(32,7,'Sales-taxes US-AZ 6.6%'),(32,8,'Sales-taxes US-AZ 6.6%'),(32,9,'Sales-taxes US-AZ 6.6%'),(32,10,'Sales-taxes US-AZ 6.6%'),(32,11,'Sales-taxes US-AZ 6.6%'),(33,1,'Sales-taxes US-AR 6%'),(33,2,'Sales-taxes US-AR 6%'),(33,3,'Sales-taxes US-AR 6%'),(33,4,'Sales-taxes US-AR 6%'),(33,5,'Sales-taxes US-AR 6%'),(33,6,'Sales-taxes US-AR 6%'),(33,7,'Sales-taxes US-AR 6%'),(33,8,'Sales-taxes US-AR 6%'),(33,9,'Sales-taxes US-AR 6%'),(33,10,'Sales-taxes US-AR 6%'),(33,11,'Sales-taxes US-AR 6%'),(34,1,'Sales-taxes US-CA 8.25%'),(34,2,'Sales-taxes US-CA 8.25%'),(34,3,'Sales-taxes US-CA 8.25%'),(34,4,'Sales-taxes US-CA 8.25%'),(34,5,'Sales-taxes US-CA 8.25%'),(34,6,'Sales-taxes US-CA 8.25%'),(34,7,'Sales-taxes US-CA 8.25%'),(34,8,'Sales-taxes US-CA 8.25%'),(34,9,'Sales-taxes US-CA 8.25%'),(34,10,'Sales-taxes US-CA 8.25%'),(34,11,'Sales-taxes US-CA 8.25%'),(35,1,'Sales-taxes US-CO 2.9%'),(35,2,'Sales-taxes US-CO 2.9%'),(35,3,'Sales-taxes US-CO 2.9%'),(35,4,'Sales-taxes US-CO 2.9%'),(35,5,'Sales-taxes US-CO 2.9%'),(35,6,'Sales-taxes US-CO 2.9%'),(35,7,'Sales-taxes US-CO 2.9%'),(35,8,'Sales-taxes US-CO 2.9%'),(35,9,'Sales-taxes US-CO 2.9%'),(35,10,'Sales-taxes US-CO 2.9%'),(35,11,'Sales-taxes US-CO 2.9%'),(36,1,'Sales-taxes US-CT 0%'),(36,2,'Sales-taxes US-CT 0%'),(36,3,'Sales-taxes US-CT 0%'),(36,4,'Sales-taxes US-CT 0%'),(36,5,'Sales-taxes US-CT 0%'),(36,6,'Sales-taxes US-CT 0%'),(36,7,'Sales-taxes US-CT 0%'),(36,8,'Sales-taxes US-CT 0%'),(36,9,'Sales-taxes US-CT 0%'),(36,10,'Sales-taxes US-CT 0%'),(36,11,'Sales-taxes US-CT 0%'),(37,1,'Sales-taxes US-DE 0%'),(37,2,'Sales-taxes US-DE 0%'),(37,3,'Sales-taxes US-DE 0%'),(37,4,'Sales-taxes US-DE 0%'),(37,5,'Sales-taxes US-DE 0%'),(37,6,'Sales-taxes US-DE 0%'),(37,7,'Sales-taxes US-DE 0%'),(37,8,'Sales-taxes US-DE 0%'),(37,9,'Sales-taxes US-DE 0%'),(37,10,'Sales-taxes US-DE 0%'),(37,11,'Sales-taxes US-DE 0%'),(38,1,'Sales-taxes US-FL 6%'),(38,2,'Sales-taxes US-FL 6%'),(38,3,'Sales-taxes US-FL 6%'),(38,4,'Sales-taxes US-FL 6%'),(38,5,'Sales-taxes US-FL 6%'),(38,6,'Sales-taxes US-FL 6%'),(38,7,'Sales-taxes US-FL 6%'),(38,8,'Sales-taxes US-FL 6%'),(38,9,'Sales-taxes US-FL 6%'),(38,10,'Sales-taxes US-FL 6%'),(38,11,'Sales-taxes US-FL 6%'),(39,1,'Sales-taxes US-GA 4%'),(39,2,'Sales-taxes US-GA 4%'),(39,3,'Sales-taxes US-GA 4%'),(39,4,'Sales-taxes US-GA 4%'),(39,5,'Sales-taxes US-GA 4%'),(39,6,'Sales-taxes US-GA 4%'),(39,7,'Sales-taxes US-GA 4%'),(39,8,'Sales-taxes US-GA 4%'),(39,9,'Sales-taxes US-GA 4%'),(39,10,'Sales-taxes US-GA 4%'),(39,11,'Sales-taxes US-GA 4%'),(40,1,'Sales-taxes US-HI 4%'),(40,2,'Sales-taxes US-HI 4%'),(40,3,'Sales-taxes US-HI 4%'),(40,4,'Sales-taxes US-HI 4%'),(40,5,'Sales-taxes US-HI 4%'),(40,6,'Sales-taxes US-HI 4%'),(40,7,'Sales-taxes US-HI 4%'),(40,8,'Sales-taxes US-HI 4%'),(40,9,'Sales-taxes US-HI 4%'),(40,10,'Sales-taxes US-HI 4%'),(40,11,'Sales-taxes US-HI 4%'),(41,1,'Sales-taxes US-ID 6%'),(41,2,'Sales-taxes US-ID 6%'),(41,3,'Sales-taxes US-ID 6%'),(41,4,'Sales-taxes US-ID 6%'),(41,5,'Sales-taxes US-ID 6%'),(41,6,'Sales-taxes US-ID 6%'),(41,7,'Sales-taxes US-ID 6%'),(41,8,'Sales-taxes US-ID 6%'),(41,9,'Sales-taxes US-ID 6%'),(41,10,'Sales-taxes US-ID 6%'),(41,11,'Sales-taxes US-ID 6%'),(42,1,'Sales-taxes US-IL 6.25%'),(42,2,'Sales-taxes US-IL 6.25%'),(42,3,'Sales-taxes US-IL 6.25%'),(42,4,'Sales-taxes US-IL 6.25%'),(42,5,'Sales-taxes US-IL 6.25%'),(42,6,'Sales-taxes US-IL 6.25%'),(42,7,'Sales-taxes US-IL 6.25%'),(42,8,'Sales-taxes US-IL 6.25%'),(42,9,'Sales-taxes US-IL 6.25%'),(42,10,'Sales-taxes US-IL 6.25%'),(42,11,'Sales-taxes US-IL 6.25%'),(43,1,'Sales-taxes US-IN 7%'),(43,2,'Sales-taxes US-IN 7%'),(43,3,'Sales-taxes US-IN 7%'),(43,4,'Sales-taxes US-IN 7%'),(43,5,'Sales-taxes US-IN 7%'),(43,6,'Sales-taxes US-IN 7%'),(43,7,'Sales-taxes US-IN 7%'),(43,8,'Sales-taxes US-IN 7%'),(43,9,'Sales-taxes US-IN 7%'),(43,10,'Sales-taxes US-IN 7%'),(43,11,'Sales-taxes US-IN 7%'),(44,1,'Sales-taxes US-IA 6%'),(44,2,'Sales-taxes US-IA 6%'),(44,3,'Sales-taxes US-IA 6%'),(44,4,'Sales-taxes US-IA 6%'),(44,5,'Sales-taxes US-IA 6%'),(44,6,'Sales-taxes US-IA 6%'),(44,7,'Sales-taxes US-IA 6%'),(44,8,'Sales-taxes US-IA 6%'),(44,9,'Sales-taxes US-IA 6%'),(44,10,'Sales-taxes US-IA 6%'),(44,11,'Sales-taxes US-IA 6%'),(45,1,'Sales-taxes US-KS 5.3%'),(45,2,'Sales-taxes US-KS 5.3%'),(45,3,'Sales-taxes US-KS 5.3%'),(45,4,'Sales-taxes US-KS 5.3%'),(45,5,'Sales-taxes US-KS 5.3%'),(45,6,'Sales-taxes US-KS 5.3%'),(45,7,'Sales-taxes US-KS 5.3%'),(45,8,'Sales-taxes US-KS 5.3%'),(45,9,'Sales-taxes US-KS 5.3%'),(45,10,'Sales-taxes US-KS 5.3%'),(45,11,'Sales-taxes US-KS 5.3%'),(46,1,'Sales-taxes US-KY 6%'),(46,2,'Sales-taxes US-KY 6%'),(46,3,'Sales-taxes US-KY 6%'),(46,4,'Sales-taxes US-KY 6%'),(46,5,'Sales-taxes US-KY 6%'),(46,6,'Sales-taxes US-KY 6%'),(46,7,'Sales-taxes US-KY 6%'),(46,8,'Sales-taxes US-KY 6%'),(46,9,'Sales-taxes US-KY 6%'),(46,10,'Sales-taxes US-KY 6%'),(46,11,'Sales-taxes US-KY 6%'),(47,1,'Sales-taxes US-LA 4%'),(47,2,'Sales-taxes US-LA 4%'),(47,3,'Sales-taxes US-LA 4%'),(47,4,'Sales-taxes US-LA 4%'),(47,5,'Sales-taxes US-LA 4%'),(47,6,'Sales-taxes US-LA 4%'),(47,7,'Sales-taxes US-LA 4%'),(47,8,'Sales-taxes US-LA 4%'),(47,9,'Sales-taxes US-LA 4%'),(47,10,'Sales-taxes US-LA 4%'),(47,11,'Sales-taxes US-LA 4%'),(48,1,'Sales-taxes US-ME 5%'),(48,2,'Sales-taxes US-ME 5%'),(48,3,'Sales-taxes US-ME 5%'),(48,4,'Sales-taxes US-ME 5%'),(48,5,'Sales-taxes US-ME 5%'),(48,6,'Sales-taxes US-ME 5%'),(48,7,'Sales-taxes US-ME 5%'),(48,8,'Sales-taxes US-ME 5%'),(48,9,'Sales-taxes US-ME 5%'),(48,10,'Sales-taxes US-ME 5%'),(48,11,'Sales-taxes US-ME 5%'),(49,1,'Sales-taxes US-MD 6%'),(49,2,'Sales-taxes US-MD 6%'),(49,3,'Sales-taxes US-MD 6%'),(49,4,'Sales-taxes US-MD 6%'),(49,5,'Sales-taxes US-MD 6%'),(49,6,'Sales-taxes US-MD 6%'),(49,7,'Sales-taxes US-MD 6%'),(49,8,'Sales-taxes US-MD 6%'),(49,9,'Sales-taxes US-MD 6%'),(49,10,'Sales-taxes US-MD 6%'),(49,11,'Sales-taxes US-MD 6%'),(50,1,'Sales-taxes US-MA 6.25%'),(50,2,'Sales-taxes US-MA 6.25%'),(50,3,'Sales-taxes US-MA 6.25%'),(50,4,'Sales-taxes US-MA 6.25%'),(50,5,'Sales-taxes US-MA 6.25%'),(50,6,'Sales-taxes US-MA 6.25%'),(50,7,'Sales-taxes US-MA 6.25%'),(50,8,'Sales-taxes US-MA 6.25%'),(50,9,'Sales-taxes US-MA 6.25%'),(50,10,'Sales-taxes US-MA 6.25%'),(50,11,'Sales-taxes US-MA 6.25%'),(51,1,'Sales-taxes US-MI 6%'),(51,2,'Sales-taxes US-MI 6%'),(51,3,'Sales-taxes US-MI 6%'),(51,4,'Sales-taxes US-MI 6%'),(51,5,'Sales-taxes US-MI 6%'),(51,6,'Sales-taxes US-MI 6%'),(51,7,'Sales-taxes US-MI 6%'),(51,8,'Sales-taxes US-MI 6%'),(51,9,'Sales-taxes US-MI 6%'),(51,10,'Sales-taxes US-MI 6%'),(51,11,'Sales-taxes US-MI 6%'),(52,1,'Sales-taxes US-MN 6.875%'),(52,2,'Sales-taxes US-MN 6.875%'),(52,3,'Sales-taxes US-MN 6.875%'),(52,4,'Sales-taxes US-MN 6.875%'),(52,5,'Sales-taxes US-MN 6.875%'),(52,6,'Sales-taxes US-MN 6.875%'),(52,7,'Sales-taxes US-MN 6.875%'),(52,8,'Sales-taxes US-MN 6.875%'),(52,9,'Sales-taxes US-MN 6.875%'),(52,10,'Sales-taxes US-MN 6.875%'),(52,11,'Sales-taxes US-MN 6.875%'),(53,1,'Sales-taxes US-MS 7%'),(53,2,'Sales-taxes US-MS 7%'),(53,3,'Sales-taxes US-MS 7%'),(53,4,'Sales-taxes US-MS 7%'),(53,5,'Sales-taxes US-MS 7%'),(53,6,'Sales-taxes US-MS 7%'),(53,7,'Sales-taxes US-MS 7%'),(53,8,'Sales-taxes US-MS 7%'),(53,9,'Sales-taxes US-MS 7%'),(53,10,'Sales-taxes US-MS 7%'),(53,11,'Sales-taxes US-MS 7%'),(54,1,'Sales-taxes US-MO 4.225%'),(54,2,'Sales-taxes US-MO 4.225%'),(54,3,'Sales-taxes US-MO 4.225%'),(54,4,'Sales-taxes US-MO 4.225%'),(54,5,'Sales-taxes US-MO 4.225%'),(54,6,'Sales-taxes US-MO 4.225%'),(54,7,'Sales-taxes US-MO 4.225%'),(54,8,'Sales-taxes US-MO 4.225%'),(54,9,'Sales-taxes US-MO 4.225%'),(54,10,'Sales-taxes US-MO 4.225%'),(54,11,'Sales-taxes US-MO 4.225%'),(55,1,'Sales-taxes US-MT 0.0%'),(55,2,'Sales-taxes US-MT 0.0%'),(55,3,'Sales-taxes US-MT 0.0%'),(55,4,'Sales-taxes US-MT 0.0%'),(55,5,'Sales-taxes US-MT 0.0%'),(55,6,'Sales-taxes US-MT 0.0%'),(55,7,'Sales-taxes US-MT 0.0%'),(55,8,'Sales-taxes US-MT 0.0%'),(55,9,'Sales-taxes US-MT 0.0%'),(55,10,'Sales-taxes US-MT 0.0%'),(55,11,'Sales-taxes US-MT 0.0%'),(56,1,'Sales-taxes US-NE 5.5%'),(56,2,'Sales-taxes US-NE 5.5%'),(56,3,'Sales-taxes US-NE 5.5%'),(56,4,'Sales-taxes US-NE 5.5%'),(56,5,'Sales-taxes US-NE 5.5%'),(56,6,'Sales-taxes US-NE 5.5%'),(56,7,'Sales-taxes US-NE 5.5%'),(56,8,'Sales-taxes US-NE 5.5%'),(56,9,'Sales-taxes US-NE 5.5%'),(56,10,'Sales-taxes US-NE 5.5%'),(56,11,'Sales-taxes US-NE 5.5%'),(57,1,'Sales-taxes US-NV 6.85%'),(57,2,'Sales-taxes US-NV 6.85%'),(57,3,'Sales-taxes US-NV 6.85%'),(57,4,'Sales-taxes US-NV 6.85%'),(57,5,'Sales-taxes US-NV 6.85%'),(57,6,'Sales-taxes US-NV 6.85%'),(57,7,'Sales-taxes US-NV 6.85%'),(57,8,'Sales-taxes US-NV 6.85%'),(57,9,'Sales-taxes US-NV 6.85%'),(57,10,'Sales-taxes US-NV 6.85%'),(57,11,'Sales-taxes US-NV 6.85%'),(58,1,'Sales-taxes US-NH 0%'),(58,2,'Sales-taxes US-NH 0%'),(58,3,'Sales-taxes US-NH 0%'),(58,4,'Sales-taxes US-NH 0%'),(58,5,'Sales-taxes US-NH 0%'),(58,6,'Sales-taxes US-NH 0%'),(58,7,'Sales-taxes US-NH 0%'),(58,8,'Sales-taxes US-NH 0%'),(58,9,'Sales-taxes US-NH 0%'),(58,10,'Sales-taxes US-NH 0%'),(58,11,'Sales-taxes US-NH 0%'),(59,1,'Sales-taxes US-NJ 7%'),(59,2,'Sales-taxes US-NJ 7%'),(59,3,'Sales-taxes US-NJ 7%'),(59,4,'Sales-taxes US-NJ 7%'),(59,5,'Sales-taxes US-NJ 7%'),(59,6,'Sales-taxes US-NJ 7%'),(59,7,'Sales-taxes US-NJ 7%'),(59,8,'Sales-taxes US-NJ 7%'),(59,9,'Sales-taxes US-NJ 7%'),(59,10,'Sales-taxes US-NJ 7%'),(59,11,'Sales-taxes US-NJ 7%'),(60,1,'Sales-taxes US-NM 5.125%'),(60,2,'Sales-taxes US-NM 5.125%'),(60,3,'Sales-taxes US-NM 5.125%'),(60,4,'Sales-taxes US-NM 5.125%'),(60,5,'Sales-taxes US-NM 5.125%'),(60,6,'Sales-taxes US-NM 5.125%'),(60,7,'Sales-taxes US-NM 5.125%'),(60,8,'Sales-taxes US-NM 5.125%'),(60,9,'Sales-taxes US-NM 5.125%'),(60,10,'Sales-taxes US-NM 5.125%'),(60,11,'Sales-taxes US-NM 5.125%'),(61,1,'Sales-taxes US-NY 4%'),(61,2,'Sales-taxes US-NY 4%'),(61,3,'Sales-taxes US-NY 4%'),(61,4,'Sales-taxes US-NY 4%'),(61,5,'Sales-taxes US-NY 4%'),(61,6,'Sales-taxes US-NY 4%'),(61,7,'Sales-taxes US-NY 4%'),(61,8,'Sales-taxes US-NY 4%'),(61,9,'Sales-taxes US-NY 4%'),(61,10,'Sales-taxes US-NY 4%'),(61,11,'Sales-taxes US-NY 4%'),(62,1,'Sales-taxes US-NC 5.5%'),(62,2,'Sales-taxes US-NC 5.5%'),(62,3,'Sales-taxes US-NC 5.5%'),(62,4,'Sales-taxes US-NC 5.5%'),(62,5,'Sales-taxes US-NC 5.5%'),(62,6,'Sales-taxes US-NC 5.5%'),(62,7,'Sales-taxes US-NC 5.5%'),(62,8,'Sales-taxes US-NC 5.5%'),(62,9,'Sales-taxes US-NC 5.5%'),(62,10,'Sales-taxes US-NC 5.5%'),(62,11,'Sales-taxes US-NC 5.5%'),(63,1,'Sales-taxes US-ND 5%'),(63,2,'Sales-taxes US-ND 5%'),(63,3,'Sales-taxes US-ND 5%'),(63,4,'Sales-taxes US-ND 5%'),(63,5,'Sales-taxes US-ND 5%'),(63,6,'Sales-taxes US-ND 5%'),(63,7,'Sales-taxes US-ND 5%'),(63,8,'Sales-taxes US-ND 5%'),(63,9,'Sales-taxes US-ND 5%'),(63,10,'Sales-taxes US-ND 5%'),(63,11,'Sales-taxes US-ND 5%'),(64,1,'Sales-taxes US-OH 5.5%'),(64,2,'Sales-taxes US-OH 5.5%'),(64,3,'Sales-taxes US-OH 5.5%'),(64,4,'Sales-taxes US-OH 5.5%'),(64,5,'Sales-taxes US-OH 5.5%'),(64,6,'Sales-taxes US-OH 5.5%'),(64,7,'Sales-taxes US-OH 5.5%'),(64,8,'Sales-taxes US-OH 5.5%'),(64,9,'Sales-taxes US-OH 5.5%'),(64,10,'Sales-taxes US-OH 5.5%'),(64,11,'Sales-taxes US-OH 5.5%'),(65,1,'Sales-taxes US-OK 4.5%'),(65,2,'Sales-taxes US-OK 4.5%'),(65,3,'Sales-taxes US-OK 4.5%'),(65,4,'Sales-taxes US-OK 4.5%'),(65,5,'Sales-taxes US-OK 4.5%'),(65,6,'Sales-taxes US-OK 4.5%'),(65,7,'Sales-taxes US-OK 4.5%'),(65,8,'Sales-taxes US-OK 4.5%'),(65,9,'Sales-taxes US-OK 4.5%'),(65,10,'Sales-taxes US-OK 4.5%'),(65,11,'Sales-taxes US-OK 4.5%'),(66,1,'Sales-taxes US-OR 0%'),(66,2,'Sales-taxes US-OR 0%'),(66,3,'Sales-taxes US-OR 0%'),(66,4,'Sales-taxes US-OR 0%'),(66,5,'Sales-taxes US-OR 0%'),(66,6,'Sales-taxes US-OR 0%'),(66,7,'Sales-taxes US-OR 0%'),(66,8,'Sales-taxes US-OR 0%'),(66,9,'Sales-taxes US-OR 0%'),(66,10,'Sales-taxes US-OR 0%'),(66,11,'Sales-taxes US-OR 0%'),(67,1,'Sales-taxes US-PA 6%'),(67,2,'Sales-taxes US-PA 6%'),(67,3,'Sales-taxes US-PA 6%'),(67,4,'Sales-taxes US-PA 6%'),(67,5,'Sales-taxes US-PA 6%'),(67,6,'Sales-taxes US-PA 6%'),(67,7,'Sales-taxes US-PA 6%'),(67,8,'Sales-taxes US-PA 6%'),(67,9,'Sales-taxes US-PA 6%'),(67,10,'Sales-taxes US-PA 6%'),(67,11,'Sales-taxes US-PA 6%'),(68,1,'Sales-taxes US-RI 7%'),(68,2,'Sales-taxes US-RI 7%'),(68,3,'Sales-taxes US-RI 7%'),(68,4,'Sales-taxes US-RI 7%'),(68,5,'Sales-taxes US-RI 7%'),(68,6,'Sales-taxes US-RI 7%'),(68,7,'Sales-taxes US-RI 7%'),(68,8,'Sales-taxes US-RI 7%'),(68,9,'Sales-taxes US-RI 7%'),(68,10,'Sales-taxes US-RI 7%'),(68,11,'Sales-taxes US-RI 7%'),(69,1,'Sales-taxes US-SC 6%'),(69,2,'Sales-taxes US-SC 6%'),(69,3,'Sales-taxes US-SC 6%'),(69,4,'Sales-taxes US-SC 6%'),(69,5,'Sales-taxes US-SC 6%'),(69,6,'Sales-taxes US-SC 6%'),(69,7,'Sales-taxes US-SC 6%'),(69,8,'Sales-taxes US-SC 6%'),(69,9,'Sales-taxes US-SC 6%'),(69,10,'Sales-taxes US-SC 6%'),(69,11,'Sales-taxes US-SC 6%'),(70,1,'Sales-taxes US-SD 4%'),(70,2,'Sales-taxes US-SD 4%'),(70,3,'Sales-taxes US-SD 4%'),(70,4,'Sales-taxes US-SD 4%'),(70,5,'Sales-taxes US-SD 4%'),(70,6,'Sales-taxes US-SD 4%'),(70,7,'Sales-taxes US-SD 4%'),(70,8,'Sales-taxes US-SD 4%'),(70,9,'Sales-taxes US-SD 4%'),(70,10,'Sales-taxes US-SD 4%'),(70,11,'Sales-taxes US-SD 4%'),(71,1,'Sales-taxes US-TN 7%'),(71,2,'Sales-taxes US-TN 7%'),(71,3,'Sales-taxes US-TN 7%'),(71,4,'Sales-taxes US-TN 7%'),(71,5,'Sales-taxes US-TN 7%'),(71,6,'Sales-taxes US-TN 7%'),(71,7,'Sales-taxes US-TN 7%'),(71,8,'Sales-taxes US-TN 7%'),(71,9,'Sales-taxes US-TN 7%'),(71,10,'Sales-taxes US-TN 7%'),(71,11,'Sales-taxes US-TN 7%'),(72,1,'Sales-taxes US-TX 6.25%'),(72,2,'Sales-taxes US-TX 6.25%'),(72,3,'Sales-taxes US-TX 6.25%'),(72,4,'Sales-taxes US-TX 6.25%'),(72,5,'Sales-taxes US-TX 6.25%'),(72,6,'Sales-taxes US-TX 6.25%'),(72,7,'Sales-taxes US-TX 6.25%'),(72,8,'Sales-taxes US-TX 6.25%'),(72,9,'Sales-taxes US-TX 6.25%'),(72,10,'Sales-taxes US-TX 6.25%'),(72,11,'Sales-taxes US-TX 6.25%'),(73,1,'Sales-taxes US-UT 4.75%'),(73,2,'Sales-taxes US-UT 4.75%'),(73,3,'Sales-taxes US-UT 4.75%'),(73,4,'Sales-taxes US-UT 4.75%'),(73,5,'Sales-taxes US-UT 4.75%'),(73,6,'Sales-taxes US-UT 4.75%'),(73,7,'Sales-taxes US-UT 4.75%'),(73,8,'Sales-taxes US-UT 4.75%'),(73,9,'Sales-taxes US-UT 4.75%'),(73,10,'Sales-taxes US-UT 4.75%'),(73,11,'Sales-taxes US-UT 4.75%'),(74,1,'Sales-taxes US-VT 6%'),(74,2,'Sales-taxes US-VT 6%'),(74,3,'Sales-taxes US-VT 6%'),(74,4,'Sales-taxes US-VT 6%'),(74,5,'Sales-taxes US-VT 6%'),(74,6,'Sales-taxes US-VT 6%'),(74,7,'Sales-taxes US-VT 6%'),(74,8,'Sales-taxes US-VT 6%'),(74,9,'Sales-taxes US-VT 6%'),(74,10,'Sales-taxes US-VT 6%'),(74,11,'Sales-taxes US-VT 6%'),(75,1,'Sales-taxes US-VA 4%'),(75,2,'Sales-taxes US-VA 4%'),(75,3,'Sales-taxes US-VA 4%'),(75,4,'Sales-taxes US-VA 4%'),(75,5,'Sales-taxes US-VA 4%'),(75,6,'Sales-taxes US-VA 4%'),(75,7,'Sales-taxes US-VA 4%'),(75,8,'Sales-taxes US-VA 4%'),(75,9,'Sales-taxes US-VA 4%'),(75,10,'Sales-taxes US-VA 4%'),(75,11,'Sales-taxes US-VA 4%'),(76,1,'Sales-taxes US-WA 6.5%'),(76,2,'Sales-taxes US-WA 6.5%'),(76,3,'Sales-taxes US-WA 6.5%'),(76,4,'Sales-taxes US-WA 6.5%'),(76,5,'Sales-taxes US-WA 6.5%'),(76,6,'Sales-taxes US-WA 6.5%'),(76,7,'Sales-taxes US-WA 6.5%'),(76,8,'Sales-taxes US-WA 6.5%'),(76,9,'Sales-taxes US-WA 6.5%'),(76,10,'Sales-taxes US-WA 6.5%'),(76,11,'Sales-taxes US-WA 6.5%'),(77,1,'Sales-taxes US-WV 6%'),(77,2,'Sales-taxes US-WV 6%'),(77,3,'Sales-taxes US-WV 6%'),(77,4,'Sales-taxes US-WV 6%'),(77,5,'Sales-taxes US-WV 6%'),(77,6,'Sales-taxes US-WV 6%'),(77,7,'Sales-taxes US-WV 6%'),(77,8,'Sales-taxes US-WV 6%'),(77,9,'Sales-taxes US-WV 6%'),(77,10,'Sales-taxes US-WV 6%'),(77,11,'Sales-taxes US-WV 6%'),(78,1,'Sales-taxes US-WI 5%'),(78,2,'Sales-taxes US-WI 5%'),(78,3,'Sales-taxes US-WI 5%'),(78,4,'Sales-taxes US-WI 5%'),(78,5,'Sales-taxes US-WI 5%'),(78,6,'Sales-taxes US-WI 5%'),(78,7,'Sales-taxes US-WI 5%'),(78,8,'Sales-taxes US-WI 5%'),(78,9,'Sales-taxes US-WI 5%'),(78,10,'Sales-taxes US-WI 5%'),(78,11,'Sales-taxes US-WI 5%'),(79,1,'Sales-taxes US-WY 4%'),(79,2,'Sales-taxes US-WY 4%'),(79,3,'Sales-taxes US-WY 4%'),(79,4,'Sales-taxes US-WY 4%'),(79,5,'Sales-taxes US-WY 4%'),(79,6,'Sales-taxes US-WY 4%'),(79,7,'Sales-taxes US-WY 4%'),(79,8,'Sales-taxes US-WY 4%'),(79,9,'Sales-taxes US-WY 4%'),(79,10,'Sales-taxes US-WY 4%'),(79,11,'Sales-taxes US-WY 4%'),(80,1,'Sales-taxes US-PR 5.5%'),(80,2,'Sales-taxes US-PR 5.5%'),(80,3,'Sales-taxes US-PR 5.5%'),(80,4,'Sales-taxes US-PR 5.5%'),(80,5,'Sales-taxes US-PR 5.5%'),(80,6,'Sales-taxes US-PR 5.5%'),(80,7,'Sales-taxes US-PR 5.5%'),(80,8,'Sales-taxes US-PR 5.5%'),(80,9,'Sales-taxes US-PR 5.5%'),(80,10,'Sales-taxes US-PR 5.5%'),(80,11,'Sales-taxes US-PR 5.5%'),(81,1,'Sales-taxes US-DC 6%'),(81,2,'Sales-taxes US-DC 6%'),(81,3,'Sales-taxes US-DC 6%'),(81,4,'Sales-taxes US-DC 6%'),(81,5,'Sales-taxes US-DC 6%'),(81,6,'Sales-taxes US-DC 6%'),(81,7,'Sales-taxes US-DC 6%'),(81,8,'Sales-taxes US-DC 6%'),(81,9,'Sales-taxes US-DC 6%'),(81,10,'Sales-taxes US-DC 6%'),(81,11,'Sales-taxes US-DC 6%'),(82,1,'Malaysia Sales Tax Standard Rate'),(82,2,'Malaysia Sales Tax Standard Rate'),(82,3,'Malaysia Sales Tax Standard Rate'),(82,4,'Malaysia Sales Tax Standard Rate'),(82,5,'Malaysia Sales Tax Standard Rate'),(82,6,'Malaysia Sales Tax Standard Rate'),(82,7,'Malaysia Sales Tax Standard Rate'),(82,8,'Malaysia Sales Tax Standard Rate'),(82,9,'Malaysia Sales Tax Standard Rate'),(82,10,'Malaysia Sales Tax Standard Rate'),(82,11,'Malaysia Sales Tax Standard Rate'),(83,1,'Malaysia Sales Tax Reduced Rate'),(83,2,'Malaysia Sales Tax Reduced Rate'),(83,3,'Malaysia Sales Tax Reduced Rate'),(83,4,'Malaysia Sales Tax Reduced Rate'),(83,5,'Malaysia Sales Tax Reduced Rate'),(83,6,'Malaysia Sales Tax Reduced Rate'),(83,7,'Malaysia Sales Tax Reduced Rate'),(83,8,'Malaysia Sales Tax Reduced Rate'),(83,9,'Malaysia Sales Tax Reduced Rate'),(83,10,'Malaysia Sales Tax Reduced Rate'),(83,11,'Malaysia Sales Tax Reduced Rate'),(84,1,'Malaysia GST'),(84,2,'Malaysia Service Tax'),(84,3,'Malaysia Service Tax'),(84,4,'Malaysia Service Tax'),(84,5,'Malaysia Service Tax'),(84,6,'Malaysia Service Tax'),(84,7,'Malaysia GST'),(84,8,'Malaysia GST'),(84,9,'Malaysia GST'),(84,10,'Malaysia GST'),(84,11,'Malaysia GST'),(85,1,'VAT TH 7%'),(85,2,'VAT TH 7%'),(85,3,'VAT TH 7%'),(85,4,'VAT TH 7%'),(85,5,'VAT TH 7%'),(85,6,'VAT TH 7%'),(85,7,'VAT TH 7%'),(85,8,'VAT TH 7%'),(85,9,'VAT TH 7%'),(85,10,'VAT TH 7%'),(85,11,'VAT TH 7%'),(86,1,'TVA KR 10%'),(86,2,'TVA KR 10%'),(86,3,'TVA KR 10%'),(86,4,'TVA KR 10%'),(86,5,'TVA KR 10%'),(86,6,'TVA KR 10%'),(86,7,'TVA KR 10%'),(86,8,'TVA KR 10%'),(86,9,'TVA KR 10%'),(86,10,'TVA KR 10%'),(86,11,'TVA KR 10%'),(87,1,'TVA KR 0%'),(87,2,'TVA KR 0%'),(87,3,'TVA KR 0%'),(87,4,'TVA KR 0%'),(87,5,'TVA KR 0%'),(87,6,'TVA KR 0%'),(87,7,'TVA KR 0%'),(87,8,'TVA KR 0%'),(87,9,'TVA KR 0%'),(87,10,'TVA KR 0%'),(87,11,'TVA KR 0%'),(88,1,'消費税 JP 5%'),(88,2,'消費税 JP 5%'),(88,3,'消費税 JP 5%'),(88,4,'消費税 JP 5%'),(88,5,'消費税 JP 5%'),(88,6,'消費税 JP 5%'),(88,7,'消費税 JP 5%'),(88,8,'消費税 JP 5%'),(88,9,'消費税 JP 5%'),(88,10,'消費税 JP 5%'),(88,11,'消費税 JP 5%'),(89,1,'增值税 CN 17%'),(89,2,'增值税 CN 17%'),(89,3,'增值税 CN 17%'),(89,4,'增值税 CN 17%'),(89,5,'增值税 CN 17%'),(89,6,'增值税 CN 17%'),(89,7,'增值税 CN 17%'),(89,8,'增值税 CN 17%'),(89,9,'增值税 CN 17%'),(89,10,'增值税 CN 17%'),(89,11,'增值税 CN 17%'),(90,1,'增值税 CN 13%'),(90,2,'增值税 CN 13%'),(90,3,'增值税 CN 13%'),(90,4,'增值税 CN 13%'),(90,5,'增值税 CN 13%'),(90,6,'增值税 CN 13%'),(90,7,'增值税 CN 13%'),(90,8,'增值税 CN 13%'),(90,9,'增值税 CN 13%'),(90,10,'增值税 CN 13%'),(90,11,'增值税 CN 13%'),(91,1,'增值税 CN 6%'),(91,2,'增值税 CN 6%'),(91,3,'增值税 CN 6%'),(91,4,'增值税 CN 6%'),(91,5,'增值税 CN 6%'),(91,6,'增值税 CN 6%'),(91,7,'增值税 CN 6%'),(91,8,'增值税 CN 6%'),(91,9,'增值税 CN 6%'),(91,10,'增值税 CN 6%'),(91,11,'增值税 CN 6%'),(92,1,'增值税 CN 3%'),(92,2,'增值税 CN 3%'),(92,3,'增值税 CN 3%'),(92,4,'增值税 CN 3%'),(92,5,'增值税 CN 3%'),(92,6,'增值税 CN 3%'),(92,7,'增值税 CN 3%'),(92,8,'增值税 CN 3%'),(92,9,'增值税 CN 3%'),(92,10,'增值税 CN 3%'),(92,11,'增值税 CN 3%'),(93,1,'TVA FR 10%'),(93,2,'TVA FR 10%'),(93,7,'TVA FR 10%'),(93,8,'TVA FR 10%'),(93,9,'TVA FR 10%'),(93,10,'TVA FR 10%'),(93,11,'TVA FR 10%'),(94,1,'TVA FR 5.5%'),(94,2,'TVA FR 5.5%'),(94,7,'TVA FR 5.5%'),(94,8,'TVA FR 5.5%'),(94,9,'TVA FR 5.5%'),(94,10,'TVA FR 5.5%'),(94,11,'TVA FR 5.5%'),(95,1,'TVA FR 2.1%'),(95,2,'TVA FR 2.1%'),(95,7,'TVA FR 2.1%'),(95,8,'TVA FR 2.1%'),(95,9,'TVA FR 2.1%'),(95,10,'TVA FR 2.1%'),(95,11,'TVA FR 2.1%');

--
-- Table structure for table `ps_tax_rule`
--

CREATE TABLE `ps_tax_rule` (
  `id_tax_rule` int(11) NOT NULL AUTO_INCREMENT,
  `id_tax_rules_group` int(11) NOT NULL,
  `id_country` int(11) NOT NULL,
  `id_state` int(11) NOT NULL,
  `zipcode_from` varchar(12) NOT NULL,
  `zipcode_to` varchar(12) NOT NULL,
  `id_tax` int(11) NOT NULL,
  `behavior` int(11) NOT NULL,
  `description` varchar(100) NOT NULL,
  PRIMARY KEY (`id_tax_rule`),
  KEY `id_tax_rules_group` (`id_tax_rules_group`),
  KEY `id_tax` (`id_tax`),
  KEY `category_getproducts` (`id_tax_rules_group`,`id_country`,`id_state`,`zipcode_from`)
) ENGINE=InnoDB AUTO_INCREMENT=495 DEFAULT CHARSET=utf8;

--
-- Dumping data for table `ps_tax_rule`
--

INSERT INTO `ps_tax_rule` VALUES (28,2,3,0,'0','0',2,0,''),(29,2,236,0,'0','0',2,0,''),(30,2,16,0,'0','0',2,0,''),(31,2,20,0,'0','0',2,0,''),(32,2,1,0,'0','0',2,0,''),(33,2,86,0,'0','0',2,0,''),(34,2,9,0,'0','0',2,0,''),(35,2,6,0,'0','0',2,0,''),(36,2,8,0,'0','0',2,0,''),(37,2,26,0,'0','0',2,0,''),(38,2,10,0,'0','0',2,0,''),(39,2,76,0,'0','0',2,0,''),(40,2,125,0,'0','0',2,0,''),(41,2,131,0,'0','0',2,0,''),(42,2,12,0,'0','0',2,0,''),(43,2,143,0,'0','0',2,0,''),(44,2,139,0,'0','0',2,0,''),(45,2,13,0,'0','0',2,0,''),(46,2,2,0,'0','0',2,0,''),(47,2,14,0,'0','0',2,0,''),(48,2,15,0,'0','0',2,0,''),(49,2,36,0,'0','0',2,0,''),(50,2,193,0,'0','0',2,0,''),(51,2,37,0,'0','0',2,0,''),(52,2,7,0,'0','0',2,0,''),(53,2,18,0,'0','0',2,0,''),(54,2,17,0,'0','0',2,0,''),(55,3,17,0,'0','0',1,0,''),(56,3,2,0,'0','0',3,0,''),(57,3,3,0,'0','0',4,0,''),(58,3,236,0,'0','0',5,0,''),(59,3,76,0,'0','0',6,0,''),(60,3,16,0,'0','0',7,0,''),(61,3,1,0,'0','0',8,0,''),(62,3,20,0,'0','0',9,0,''),(63,3,86,0,'0','0',10,0,''),(64,3,6,0,'0','0',11,0,''),(65,3,7,0,'0','0',12,0,''),(66,3,8,0,'0','0',13,0,''),(67,3,9,0,'0','0',14,0,''),(68,3,74,0,'0','0',15,0,''),(69,3,143,0,'0','0',16,0,''),(70,3,26,0,'0','0',17,0,''),(71,3,10,0,'0','0',18,0,''),(72,3,131,0,'0','0',19,0,''),(73,3,12,0,'0','0',20,0,''),(74,3,125,0,'0','0',21,0,''),(75,3,139,0,'0','0',22,0,''),(76,3,13,0,'0','0',23,0,''),(77,3,14,0,'0','0',24,0,''),(78,3,15,0,'0','0',25,0,''),(79,3,36,0,'0','0',26,0,''),(80,3,18,0,'0','0',27,0,''),(81,3,193,0,'0','0',28,0,''),(82,3,37,0,'0','0',29,0,''),(83,4,21,1,'0','0',30,1,''),(84,5,21,2,'0','0',31,1,''),(85,6,21,3,'0','0',32,1,''),(86,7,21,4,'0','0',33,1,''),(87,8,21,5,'0','0',34,1,''),(88,9,21,6,'0','0',35,1,''),(89,10,21,7,'0','0',36,1,''),(90,11,21,8,'0','0',37,1,''),(91,12,21,9,'0','0',38,1,''),(92,13,21,10,'0','0',39,1,''),(93,14,21,11,'0','0',40,1,''),(94,15,21,12,'0','0',41,1,''),(95,16,21,13,'0','0',42,1,''),(96,17,21,14,'0','0',43,1,''),(97,18,21,15,'0','0',44,1,''),(98,19,21,16,'0','0',45,1,''),(99,20,21,17,'0','0',46,1,''),(100,21,21,18,'0','0',47,1,''),(101,22,21,19,'0','0',48,1,''),(102,23,21,20,'0','0',49,1,''),(103,24,21,21,'0','0',50,1,''),(104,25,21,22,'0','0',51,1,''),(105,26,21,23,'0','0',52,1,''),(106,27,21,24,'0','0',53,1,''),(107,28,21,25,'0','0',54,1,''),(108,29,21,26,'0','0',55,1,''),(109,30,21,27,'0','0',56,1,''),(110,31,21,28,'0','0',57,1,''),(111,32,21,29,'0','0',58,1,''),(112,33,21,30,'0','0',59,1,''),(113,34,21,31,'0','0',60,1,''),(114,35,21,32,'0','0',61,1,''),(115,36,21,33,'0','0',62,1,''),(116,37,21,34,'0','0',63,1,''),(117,38,21,35,'0','0',64,1,''),(118,39,21,36,'0','0',65,1,''),(119,40,21,37,'0','0',66,1,''),(120,41,21,38,'0','0',67,1,''),(121,42,21,39,'0','0',68,1,''),(122,43,21,40,'0','0',69,1,''),(123,44,21,41,'0','0',70,1,''),(124,45,21,42,'0','0',71,1,''),(125,46,21,43,'0','0',72,1,''),(126,47,21,44,'0','0',73,1,''),(127,48,21,45,'0','0',74,1,''),(128,49,21,46,'0','0',75,1,''),(129,50,21,47,'0','0',76,1,''),(130,51,21,48,'0','0',77,1,''),(131,52,21,49,'0','0',78,1,''),(132,53,21,50,'0','0',79,1,''),(133,54,21,51,'0','0',80,1,''),(134,55,21,53,'0','0',81,1,''),(135,56,136,0,'0','0',82,0,''),(136,57,136,0,'0','0',83,0,''),(137,58,136,0,'0','0',84,0,''),(138,59,206,0,'0','0',85,0,''),(139,60,28,0,'0','0',86,0,''),(140,61,28,0,'0','0',87,0,''),(141,62,11,0,'0','0',88,0,''),(142,64,5,0,'0','0',89,0,''),(143,65,5,0,'0','0',90,0,''),(144,66,5,0,'0','0',91,0,''),(145,67,5,0,'0','0',92,0,''),(146,1,231,0,'0','0',0,0,''),(147,1,244,0,'0','0',0,0,''),(148,1,230,0,'0','0',0,0,''),(149,1,38,0,'0','0',0,0,''),(150,1,39,0,'0','0',0,0,''),(151,1,40,0,'0','0',0,0,''),(152,1,41,0,'0','0',0,0,''),(153,1,42,0,'0','0',0,0,''),(154,1,232,0,'0','0',0,0,''),(155,1,43,0,'0','0',0,0,''),(156,1,44,0,'0','0',0,0,''),(157,1,45,0,'0','0',0,0,''),(158,1,46,0,'0','0',0,0,''),(159,1,24,0,'0','0',0,0,''),(160,1,2,0,'0','0',0,0,''),(161,1,47,0,'0','0',0,0,''),(162,1,48,0,'0','0',0,0,''),(163,1,49,0,'0','0',0,0,''),(164,1,50,0,'0','0',0,0,''),(165,1,51,0,'0','0',0,0,''),(166,1,52,0,'0','0',0,0,''),(167,1,3,0,'0','0',0,0,''),(168,1,53,0,'0','0',0,0,''),(169,1,54,0,'0','0',0,0,''),(170,1,55,0,'0','0',0,0,''),(171,1,56,0,'0','0',0,0,''),(172,1,34,0,'0','0',0,0,''),(173,1,233,0,'0','0',0,0,''),(174,1,57,0,'0','0',0,0,''),(175,1,234,0,'0','0',0,0,''),(176,1,58,0,'0','0',0,0,''),(177,1,235,0,'0','0',0,0,''),(178,1,59,0,'0','0',0,0,''),(179,1,236,0,'0','0',0,0,''),(180,1,60,0,'0','0',0,0,''),(181,1,61,0,'0','0',0,0,''),(182,1,62,0,'0','0',0,0,''),(183,1,63,0,'0','0',0,0,''),(184,1,64,0,'0','0',0,0,''),(185,1,4,0,'0','0',0,0,''),(186,1,65,0,'0','0',0,0,''),(187,1,237,0,'0','0',0,0,''),(188,1,66,0,'0','0',0,0,''),(189,1,67,0,'0','0',0,0,''),(190,1,68,0,'0','0',0,0,''),(191,1,5,0,'0','0',0,0,''),(192,1,238,0,'0','0',0,0,''),(193,1,239,0,'0','0',0,0,''),(194,1,69,0,'0','0',0,0,''),(195,1,70,0,'0','0',0,0,''),(196,1,71,0,'0','0',0,0,''),(197,1,72,0,'0','0',0,0,''),(198,1,240,0,'0','0',0,0,''),(199,1,73,0,'0','0',0,0,''),(200,1,74,0,'0','0',0,0,''),(201,1,75,0,'0','0',0,0,''),(202,1,76,0,'0','0',0,0,''),(203,1,16,0,'0','0',0,0,''),(204,1,20,0,'0','0',0,0,''),(205,1,77,0,'0','0',0,0,''),(206,1,78,0,'0','0',0,0,''),(207,1,79,0,'0','0',0,0,''),(208,1,80,0,'0','0',0,0,''),(209,1,81,0,'0','0',0,0,''),(210,1,82,0,'0','0',0,0,''),(211,1,83,0,'0','0',0,0,''),(212,1,84,0,'0','0',0,0,''),(213,1,85,0,'0','0',0,0,''),(214,1,86,0,'0','0',0,0,''),(215,1,87,0,'0','0',0,0,''),(216,1,88,0,'0','0',0,0,''),(217,1,89,0,'0','0',0,0,''),(218,1,90,0,'0','0',0,0,''),(219,1,7,0,'0','0',0,0,''),(220,1,8,0,'0','0',0,0,''),(221,1,241,0,'0','0',0,0,''),(222,1,242,0,'0','0',0,0,''),(223,1,243,0,'0','0',0,0,''),(224,1,91,0,'0','0',0,0,''),(225,1,92,0,'0','0',0,0,''),(226,1,93,0,'0','0',0,0,''),(227,1,1,0,'0','0',0,0,''),(228,1,94,0,'0','0',0,0,''),(229,1,97,0,'0','0',0,0,''),(230,1,9,0,'0','0',0,0,''),(231,1,96,0,'0','0',0,0,''),(232,1,95,0,'0','0',0,0,''),(233,1,98,0,'0','0',0,0,''),(234,1,99,0,'0','0',0,0,''),(235,1,100,0,'0','0',0,0,''),(236,1,101,0,'0','0',0,0,''),(237,1,102,0,'0','0',0,0,''),(238,1,103,0,'0','0',0,0,''),(239,1,104,0,'0','0',0,0,''),(240,1,105,0,'0','0',0,0,''),(241,1,106,0,'0','0',0,0,''),(242,1,108,0,'0','0',0,0,''),(243,1,22,0,'0','0',0,0,''),(244,1,143,0,'0','0',0,0,''),(245,1,109,0,'0','0',0,0,''),(246,1,110,0,'0','0',0,0,''),(247,1,111,0,'0','0',0,0,''),(248,1,112,0,'0','0',0,0,''),(249,1,113,0,'0','0',0,0,''),(250,1,26,0,'0','0',0,0,''),(251,1,29,0,'0','0',0,0,''),(252,1,10,0,'0','0',0,0,''),(253,1,32,0,'0','0',0,0,''),(254,1,115,0,'0','0',0,0,''),(255,1,11,0,'0','0',0,0,''),(256,1,116,0,'0','0',0,0,''),(257,1,117,0,'0','0',0,0,''),(258,1,118,0,'0','0',0,0,''),(259,1,119,0,'0','0',0,0,''),(260,1,120,0,'0','0',0,0,''),(261,1,121,0,'0','0',0,0,''),(262,1,122,0,'0','0',0,0,''),(263,1,123,0,'0','0',0,0,''),(264,1,124,0,'0','0',0,0,''),(265,1,125,0,'0','0',0,0,''),(266,1,126,0,'0','0',0,0,''),(267,1,127,0,'0','0',0,0,''),(268,1,128,0,'0','0',0,0,''),(269,1,129,0,'0','0',0,0,''),(270,1,130,0,'0','0',0,0,''),(271,1,131,0,'0','0',0,0,''),(272,1,12,0,'0','0',0,0,''),(273,1,132,0,'0','0',0,0,''),(274,1,133,0,'0','0',0,0,''),(275,1,134,0,'0','0',0,0,''),(276,1,135,0,'0','0',0,0,''),(277,1,136,0,'0','0',0,0,''),(278,1,137,0,'0','0',0,0,''),(279,1,138,0,'0','0',0,0,''),(280,1,139,0,'0','0',0,0,''),(281,1,114,0,'0','0',0,0,''),(282,1,140,0,'0','0',0,0,''),(283,1,141,0,'0','0',0,0,''),(284,1,142,0,'0','0',0,0,''),(285,1,35,0,'0','0',0,0,''),(286,1,144,0,'0','0',0,0,''),(287,1,145,0,'0','0',0,0,''),(288,1,146,0,'0','0',0,0,''),(289,1,147,0,'0','0',0,0,''),(290,1,148,0,'0','0',0,0,''),(291,1,149,0,'0','0',0,0,''),(292,1,150,0,'0','0',0,0,''),(293,1,151,0,'0','0',0,0,''),(294,1,152,0,'0','0',0,0,''),(295,1,153,0,'0','0',0,0,''),(296,1,154,0,'0','0',0,0,''),(297,1,155,0,'0','0',0,0,''),(298,1,156,0,'0','0',0,0,''),(299,1,13,0,'0','0',0,0,''),(300,1,157,0,'0','0',0,0,''),(301,1,158,0,'0','0',0,0,''),(302,1,27,0,'0','0',0,0,''),(303,1,159,0,'0','0',0,0,''),(304,1,160,0,'0','0',0,0,''),(305,1,31,0,'0','0',0,0,''),(306,1,161,0,'0','0',0,0,''),(307,1,162,0,'0','0',0,0,''),(308,1,163,0,'0','0',0,0,''),(309,1,23,0,'0','0',0,0,''),(310,1,164,0,'0','0',0,0,''),(311,1,165,0,'0','0',0,0,''),(312,1,166,0,'0','0',0,0,''),(313,1,167,0,'0','0',0,0,''),(314,1,168,0,'0','0',0,0,''),(315,1,169,0,'0','0',0,0,''),(316,1,170,0,'0','0',0,0,''),(317,1,171,0,'0','0',0,0,''),(318,1,172,0,'0','0',0,0,''),(319,1,173,0,'0','0',0,0,''),(320,1,14,0,'0','0',0,0,''),(321,1,15,0,'0','0',0,0,''),(322,1,174,0,'0','0',0,0,''),(323,1,175,0,'0','0',0,0,''),(324,1,176,0,'0','0',0,0,''),(325,1,36,0,'0','0',0,0,''),(326,1,177,0,'0','0',0,0,''),(327,1,178,0,'0','0',0,0,''),(328,1,179,0,'0','0',0,0,''),(329,1,180,0,'0','0',0,0,''),(330,1,181,0,'0','0',0,0,''),(331,1,182,0,'0','0',0,0,''),(332,1,183,0,'0','0',0,0,''),(333,1,184,0,'0','0',0,0,''),(334,1,185,0,'0','0',0,0,''),(335,1,186,0,'0','0',0,0,''),(336,1,187,0,'0','0',0,0,''),(337,1,188,0,'0','0',0,0,''),(338,1,189,0,'0','0',0,0,''),(339,1,190,0,'0','0',0,0,''),(340,1,191,0,'0','0',0,0,''),(341,1,192,0,'0','0',0,0,''),(342,1,25,0,'0','0',0,0,''),(343,1,37,0,'0','0',0,0,''),(344,1,193,0,'0','0',0,0,''),(345,1,194,0,'0','0',0,0,''),(346,1,195,0,'0','0',0,0,''),(347,1,30,0,'0','0',0,0,''),(348,1,196,0,'0','0',0,0,''),(349,1,28,0,'0','0',0,0,''),(350,1,6,0,'0','0',0,0,''),(351,1,197,0,'0','0',0,0,''),(352,1,198,0,'0','0',0,0,''),(353,1,199,0,'0','0',0,0,''),(354,1,200,0,'0','0',0,0,''),(355,1,201,0,'0','0',0,0,''),(356,1,18,0,'0','0',0,0,''),(357,1,19,0,'0','0',0,0,''),(358,1,202,0,'0','0',0,0,''),(359,1,203,0,'0','0',0,0,''),(360,1,204,0,'0','0',0,0,''),(361,1,205,0,'0','0',0,0,''),(362,1,206,0,'0','0',0,0,''),(363,1,33,0,'0','0',0,0,''),(364,1,207,0,'0','0',0,0,''),(365,1,208,0,'0','0',0,0,''),(366,1,209,0,'0','0',0,0,''),(367,1,210,0,'0','0',0,0,''),(368,1,211,0,'0','0',0,0,''),(369,1,212,0,'0','0',0,0,''),(370,1,213,0,'0','0',0,0,''),(371,1,214,0,'0','0',0,0,''),(372,1,215,0,'0','0',0,0,''),(373,1,216,0,'0','0',0,0,''),(374,1,217,0,'0','0',0,0,''),(375,1,17,0,'0','0',0,0,''),(376,1,21,0,'0','0',0,0,''),(377,1,218,0,'0','0',0,0,''),(378,1,219,0,'0','0',0,0,''),(379,1,220,0,'0','0',0,0,''),(380,1,107,0,'0','0',0,0,''),(381,1,221,0,'0','0',0,0,''),(382,1,222,0,'0','0',0,0,''),(383,1,223,0,'0','0',0,0,''),(384,1,224,0,'0','0',0,0,''),(385,1,225,0,'0','0',0,0,''),(386,1,226,0,'0','0',0,0,''),(387,1,227,0,'0','0',0,0,''),(388,1,228,0,'0','0',0,0,''),(389,1,229,0,'0','0',0,0,''),(390,68,136,0,'0','0',84,0,''),(391,69,3,0,'0','0',13,0,''),(392,69,236,0,'0','0',13,0,''),(393,69,16,0,'0','0',13,0,''),(394,69,20,0,'0','0',13,0,''),(395,69,1,0,'0','0',13,0,''),(396,69,86,0,'0','0',13,0,''),(397,69,9,0,'0','0',13,0,''),(398,69,6,0,'0','0',13,0,''),(399,69,8,0,'0','0',13,0,''),(400,69,26,0,'0','0',13,0,''),(401,69,10,0,'0','0',13,0,''),(402,69,76,0,'0','0',13,0,''),(403,69,125,0,'0','0',13,0,''),(404,69,131,0,'0','0',13,0,''),(405,69,12,0,'0','0',13,0,''),(406,69,143,0,'0','0',13,0,''),(407,69,139,0,'0','0',13,0,''),(408,69,13,0,'0','0',13,0,''),(409,69,2,0,'0','0',13,0,''),(410,69,14,0,'0','0',13,0,''),(411,69,15,0,'0','0',13,0,''),(412,69,36,0,'0','0',13,0,''),(413,69,193,0,'0','0',13,0,''),(414,69,37,0,'0','0',13,0,''),(415,69,7,0,'0','0',13,0,''),(416,69,18,0,'0','0',13,0,''),(417,70,3,0,'0','0',93,0,''),(418,70,236,0,'0','0',93,0,''),(419,70,16,0,'0','0',93,0,''),(420,70,20,0,'0','0',93,0,''),(421,70,1,0,'0','0',93,0,''),(422,70,86,0,'0','0',93,0,''),(423,70,9,0,'0','0',93,0,''),(424,70,6,0,'0','0',93,0,''),(425,70,8,0,'0','0',93,0,''),(426,70,26,0,'0','0',93,0,''),(427,70,10,0,'0','0',93,0,''),(428,70,76,0,'0','0',93,0,''),(429,70,125,0,'0','0',93,0,''),(430,70,131,0,'0','0',93,0,''),(431,70,12,0,'0','0',93,0,''),(432,70,143,0,'0','0',93,0,''),(433,70,139,0,'0','0',93,0,''),(434,70,13,0,'0','0',93,0,''),(435,70,2,0,'0','0',93,0,''),(436,70,14,0,'0','0',93,0,''),(437,70,15,0,'0','0',93,0,''),(438,70,36,0,'0','0',93,0,''),(439,70,193,0,'0','0',93,0,''),(440,70,37,0,'0','0',93,0,''),(441,70,7,0,'0','0',93,0,''),(442,70,18,0,'0','0',93,0,''),(443,71,3,0,'0','0',94,0,''),(444,71,236,0,'0','0',94,0,''),(445,71,16,0,'0','0',94,0,''),(446,71,20,0,'0','0',94,0,''),(447,71,1,0,'0','0',94,0,''),(448,71,86,0,'0','0',94,0,''),(449,71,9,0,'0','0',94,0,''),(450,71,6,0,'0','0',94,0,''),(451,71,8,0,'0','0',94,0,''),(452,71,26,0,'0','0',94,0,''),(453,71,10,0,'0','0',94,0,''),(454,71,76,0,'0','0',94,0,''),(455,71,125,0,'0','0',94,0,''),(456,71,131,0,'0','0',94,0,''),(457,71,12,0,'0','0',94,0,''),(458,71,143,0,'0','0',94,0,''),(459,71,139,0,'0','0',94,0,''),(460,71,13,0,'0','0',94,0,''),(461,71,2,0,'0','0',94,0,''),(462,71,14,0,'0','0',94,0,''),(463,71,15,0,'0','0',94,0,''),(464,71,36,0,'0','0',94,0,''),(465,71,193,0,'0','0',94,0,''),(466,71,37,0,'0','0',94,0,''),(467,71,7,0,'0','0',94,0,''),(468,71,18,0,'0','0',94,0,''),(469,72,3,0,'0','0',95,0,''),(470,72,236,0,'0','0',95,0,''),(471,72,16,0,'0','0',95,0,''),(472,72,20,0,'0','0',95,0,''),(473,72,1,0,'0','0',95,0,''),(474,72,86,0,'0','0',95,0,''),(475,72,9,0,'0','0',95,0,''),(476,72,6,0,'0','0',95,0,''),(477,72,8,0,'0','0',95,0,''),(478,72,26,0,'0','0',95,0,''),(479,72,10,0,'0','0',95,0,''),(480,72,76,0,'0','0',95,0,''),(481,72,125,0,'0','0',95,0,''),(482,72,131,0,'0','0',95,0,''),(483,72,12,0,'0','0',95,0,''),(484,72,143,0,'0','0',95,0,''),(485,72,139,0,'0','0',95,0,''),(486,72,13,0,'0','0',95,0,''),(487,72,2,0,'0','0',95,0,''),(488,72,14,0,'0','0',95,0,''),(489,72,15,0,'0','0',95,0,''),(490,72,36,0,'0','0',95,0,''),(491,72,193,0,'0','0',95,0,''),(492,72,37,0,'0','0',95,0,''),(493,72,7,0,'0','0',95,0,''),(494,72,18,0,'0','0',95,0,'');

--
-- Table structure for table `ps_tax_rules_group`
--

CREATE TABLE `ps_tax_rules_group` (
  `id_tax_rules_group` int(11) NOT NULL AUTO_INCREMENT,
  `name` varchar(50) NOT NULL,
  `active` int(11) NOT NULL,
  `deleted` tinyint(1) unsigned NOT NULL,
  `date_add` datetime NOT NULL,
  `date_upd` datetime NOT NULL,
  PRIMARY KEY (`id_tax_rules_group`)
) ENGINE=InnoDB AUTO_INCREMENT=73 DEFAULT CHARSET=utf8;

--
-- Dumping data for table `ps_tax_rules_group`
--

INSERT INTO `ps_tax_rules_group` VALUES (1,'Malaysia No Tax',1,0,'2017-10-17 04:53:30','2018-01-03 16:21:03'),(2,'UK Reduced Rate (5%)',1,0,'2017-10-17 04:53:30','2017-10-17 04:53:30'),(3,'EU VAT For Virtual Products',1,0,'2017-10-17 04:53:30','2017-10-17 04:53:30'),(4,'US-AL Rate (4%)',1,0,'2017-10-17 04:53:49','2017-10-17 04:53:49'),(5,'US-AK Rate (0%)',1,0,'2017-10-17 04:53:49','2017-10-17 04:53:49'),(6,'US-AZ Rate (6.6%)',1,0,'2017-10-17 04:53:49','2017-10-17 04:53:49'),(7,'US-AR Rate (6%)',1,0,'2017-10-17 04:53:49','2017-10-17 04:53:49'),(8,'US-CA Rate (8.25%)',1,0,'2017-10-17 04:53:49','2017-10-17 04:53:49'),(9,'US-CO Rate (2.9%)',1,0,'2017-10-17 04:53:49','2017-10-17 04:53:49'),(10,'US-CT Rate (0%)',1,0,'2017-10-17 04:53:49','2017-10-17 04:53:49'),(11,'US-DE Rate (0%)',1,0,'2017-10-17 04:53:49','2017-10-17 04:53:49'),(12,'US-FL Rate (6%)',1,0,'2017-10-17 04:53:49','2017-10-17 04:53:49'),(13,'US-GA Rate (4%)',1,0,'2017-10-17 04:53:49','2017-10-17 04:53:49'),(14,'US-HI Rate (4%)',1,0,'2017-10-17 04:53:49','2017-10-17 04:53:49'),(15,'US-ID Rate (6%)',1,0,'2017-10-17 04:53:49','2017-10-17 04:53:49'),(16,'US-IL Rate (6.25%)',1,0,'2017-10-17 04:53:49','2017-10-17 04:53:49'),(17,'US-IN Rate (7%)',1,0,'2017-10-17 04:53:49','2017-10-17 04:53:49'),(18,'US-IA Rate (6%)',1,0,'2017-10-17 04:53:49','2017-10-17 04:53:49'),(19,'US-KS Rate (5.3%)',1,0,'2017-10-17 04:53:49','2017-10-17 04:53:49'),(20,'US-KY Rate (6%)',1,0,'2017-10-17 04:53:49','2017-10-17 04:53:49'),(21,'US-LA Rate (4%)',1,0,'2017-10-17 04:53:49','2017-10-17 04:53:49'),(22,'US-ME Rate (5%)',1,0,'2017-10-17 04:53:49','2017-10-17 04:53:49'),(23,'US-MD Rate (6%)',1,0,'2017-10-17 04:53:49','2017-10-17 04:53:49'),(24,'US-MA Rate (6.25%)',1,0,'2017-10-17 04:53:49','2017-10-17 04:53:49'),(25,'US-MI Rate (6%)',1,0,'2017-10-17 04:53:49','2017-10-17 04:53:49'),(26,'US-MN Rate (6.875%)',1,0,'2017-10-17 04:53:49','2017-10-17 04:53:49'),(27,'US-MS Rate (7%)',1,0,'2017-10-17 04:53:49','2017-10-17 04:53:49'),(28,'US-MO Rate (4.225%)',1,0,'2017-10-17 04:53:49','2017-10-17 04:53:49'),(29,'US-MT Rate (0%)',1,0,'2017-10-17 04:53:49','2017-10-17 04:53:49'),(30,'US-NE Rate (5.5%)',1,0,'2017-10-17 04:53:49','2017-10-17 04:53:49'),(31,'US-NV Rate (6.85%)',1,0,'2017-10-17 04:53:49','2017-10-17 04:53:49'),(32,'US-NH Rate (0%)',1,0,'2017-10-17 04:53:49','2017-10-17 04:53:49'),(33,'US-NJ Rate (7%)',1,0,'2017-10-17 04:53:49','2017-10-17 04:53:49'),(34,'US-NM Rate (5.125%)',1,0,'2017-10-17 04:53:49','2017-10-17 04:53:49'),(35,'US-NY Rate (4%)',1,0,'2017-10-17 04:53:49','2017-10-17 04:53:49'),(36,'US-NC Rate (5.5%)',1,0,'2017-10-17 04:53:49','2017-10-17 04:53:49'),(37,'US-ND Rate (5%)',1,0,'2017-10-17 04:53:49','2017-10-17 04:53:49'),(38,'US-OH Rate (5.5%)',1,0,'2017-10-17 04:53:49','2017-10-17 04:53:49'),(39,'US-OK Rate (4.5%)',1,0,'2017-10-17 04:53:49','2017-10-17 04:53:49'),(40,'US-OR Rate (0%)',1,0,'2017-10-17 04:53:49','2017-10-17 04:53:49'),(41,'US-PA Rate (6%)',1,0,'2017-10-17 04:53:49','2017-10-17 04:53:49'),(42,'US-RI Rate (7%)',1,0,'2017-10-17 04:53:49','2017-10-17 04:53:49'),(43,'US-SC Rate (6%)',1,0,'2017-10-17 04:53:49','2017-10-17 04:53:49'),(44,'US-SD Rate (4%)',1,0,'2017-10-17 04:53:49','2017-10-17 04:53:49'),(45,'US-TN Rate (7%)',1,0,'2017-10-17 04:53:49','2017-10-17 04:53:49'),(46,'US-TX Rate (6.25%)',1,0,'2017-10-17 04:53:49','2017-10-17 04:53:49'),(47,'US-UT Rate (4.75%)',1,0,'2017-10-17 04:53:49','2017-10-17 04:53:49'),(48,'US-VT Rate (6%)',1,0,'2017-10-17 04:53:49','2017-10-17 04:53:49'),(49,'US-VA Rate (4%)',1,0,'2017-10-17 04:53:49','2017-10-17 04:53:49'),(50,'US-WA Rate (6.5%)',1,0,'2017-10-17 04:53:49','2017-10-17 04:53:49'),(51,'US-WV Rate (6%)',1,0,'2017-10-17 04:53:49','2017-10-17 04:53:49'),(52,'US-WI Rate (5%)',1,0,'2017-10-17 04:53:49','2017-10-17 04:53:49'),(53,'US-WY Rate (4%)',1,0,'2017-10-17 04:53:49','2017-10-17 04:53:49'),(54,'US-PR Rate (5.5%)',1,0,'2017-10-17 04:53:49','2017-10-17 04:53:49'),(55,'US-DC Rate (6%)',1,0,'2017-10-17 04:53:49','2017-10-17 04:53:49'),(56,'Malaysia Sales Tax Standard Rate',1,0,'2017-10-17 06:09:18','2017-10-17 06:09:18'),(57,'Malaysia Sales Tax Reduced Rate',1,0,'2017-10-17 06:09:18','2017-10-17 06:09:18'),(58,'Malaysia GST',1,0,'2017-10-17 06:09:18','2017-10-18 05:29:20'),(59,'TH Standard Rate (7%)',1,0,'2017-10-17 06:09:59','2017-10-17 06:09:59'),(60,'KR Standard Rate (10%)',1,0,'2017-10-17 06:10:14','2017-10-17 06:10:14'),(61,'KR Zero Rate (0%)',1,0,'2017-10-17 06:10:14','2017-10-17 06:10:14'),(62,'JP Standard Rate (5%)',1,0,'2017-10-17 06:10:30','2017-10-17 06:10:30'),(63,'Malaysia Service & GST Tax',0,0,'2017-11-09 11:54:44','2017-11-09 11:54:44'),(64,'CN Standard Rate (17%)',1,0,'2018-01-03 16:12:39','2018-01-03 16:12:39'),(65,'CN Reduced Rate (13%)',1,0,'2018-01-03 16:12:39','2018-01-03 16:12:39'),(66,'CN Super Reduced Rate (6%)',1,0,'2018-01-03 16:12:39','2018-01-03 16:12:39'),(67,'CN Super Reduced Rate (3%)',1,0,'2018-01-03 16:12:39','2018-01-03 16:12:39'),(68,'Malaysia Service Tax',1,0,'2018-01-03 16:23:46','2018-01-03 16:23:46'),(69,'FR Taux standard (20%)',1,0,'2018-08-01 09:38:56','2018-08-01 09:38:56'),(70,'FR Taux réduit (10%)',1,0,'2018-08-01 09:38:56','2018-08-01 09:38:56'),(71,'FR Taux réduit (5.5%)',1,0,'2018-08-01 09:38:56','2018-08-01 09:38:56'),(72,'FR Taux super réduit (2.1%)',1,0,'2018-08-01 09:38:57','2018-08-01 09:38:57');

--
-- Table structure for table `ps_tax_rules_group_shop`
--

CREATE TABLE `ps_tax_rules_group_shop` (
  `id_tax_rules_group` int(11) unsigned NOT NULL,
  `id_shop` int(11) unsigned NOT NULL,
  PRIMARY KEY (`id_tax_rules_group`,`id_shop`),
  KEY `id_shop` (`id_shop`)
) ENGINE=InnoDB DEFAULT CHARSET=utf8;

--
-- Dumping data for table `ps_tax_rules_group_shop`
--

INSERT INTO `ps_tax_rules_group_shop` VALUES (1,1),(2,1),(3,1),(4,1),(5,1),(6,1),(7,1),(8,1),(9,1),(10,1),(11,1),(12,1),(13,1),(14,1),(15,1),(16,1),(17,1),(18,1),(19,1),(20,1),(21,1),(22,1),(23,1),(24,1),(25,1),(26,1),(27,1),(28,1),(29,1),(30,1),(31,1),(32,1),(33,1),(34,1),(35,1),(36,1),(37,1),(38,1),(39,1),(40,1),(41,1),(42,1),(43,1),(44,1),(45,1),(46,1),(47,1),(48,1),(49,1),(50,1),(51,1),(52,1),(53,1),(54,1),(55,1),(56,1),(57,1),(58,1),(59,1),(60,1),(61,1),(62,1),(63,1),(64,1),(65,1),(66,1),(67,1),(68,1),(69,1),(70,1),(71,1),(72,1);

--
-- Table structure for table `ps_theme`
--

CREATE TABLE `ps_theme` (
  `id_theme` int(11) NOT NULL AUTO_INCREMENT,
  `name` varchar(64) NOT NULL,
  `directory` varchar(64) NOT NULL,
  `responsive` tinyint(1) NOT NULL DEFAULT '0',
  `default_left_column` tinyint(1) NOT NULL DEFAULT '0',
  `default_right_column` tinyint(1) NOT NULL DEFAULT '0',
  `product_per_page` int(10) unsigned NOT NULL,
  PRIMARY KEY (`id_theme`)
) ENGINE=InnoDB AUTO_INCREMENT=3 DEFAULT CHARSET=utf8;

--
-- Dumping data for table `ps_theme`
--

INSERT INTO `ps_theme` VALUES (1,'default-bootstrap','default-bootstrap',1,1,0,12),(2,'zro03','zro03',1,0,0,18);

--
-- Table structure for table `ps_theme_meta`
--

CREATE TABLE `ps_theme_meta` (
  `id_theme_meta` int(11) NOT NULL AUTO_INCREMENT,
  `id_theme` int(11) NOT NULL,
  `id_meta` int(10) unsigned NOT NULL,
  `left_column` tinyint(1) NOT NULL DEFAULT '1',
  `right_column` tinyint(1) NOT NULL DEFAULT '1',
  PRIMARY KEY (`id_theme_meta`),
  UNIQUE KEY `id_theme_2` (`id_theme`,`id_meta`),
  KEY `id_theme` (`id_theme`),
  KEY `id_meta` (`id_meta`)
) ENGINE=InnoDB AUTO_INCREMENT=125 DEFAULT CHARSET=utf8;

--
-- Dumping data for table `ps_theme_meta`
--

INSERT INTO `ps_theme_meta` VALUES (1,1,1,0,0),(2,1,2,1,0),(3,1,3,0,0),(4,1,4,0,0),(5,1,5,1,0),(6,1,6,1,0),(7,1,7,0,0),(8,1,8,1,0),(9,1,9,1,0),(10,1,10,0,0),(11,1,11,0,0),(12,1,12,0,0),(13,1,13,0,0),(14,1,14,0,0),(15,1,15,0,0),(16,1,16,0,0),(17,1,17,0,0),(18,1,18,0,0),(19,1,19,0,0),(20,1,20,0,0),(21,1,21,0,0),(22,1,22,1,0),(23,1,23,0,0),(24,1,24,0,0),(25,1,25,0,0),(26,1,26,0,0),(27,1,28,1,0),(28,1,29,0,0),(29,1,27,0,0),(30,1,30,0,0),(31,1,31,0,0),(32,1,32,0,0),(33,1,33,0,0),(34,1,34,0,0),(35,1,36,1,0),(36,1,37,1,0),(38,1,39,1,0),(44,2,1,0,0),(45,2,2,1,0),(46,2,3,0,0),(47,2,4,1,0),(48,2,5,1,0),(49,2,6,1,0),(50,2,7,0,0),(51,2,8,1,0),(52,2,9,1,0),(53,2,10,1,0),(54,2,11,1,0),(55,2,12,1,0),(56,2,13,0,0),(57,2,14,0,0),(58,2,15,1,0),(59,2,16,1,0),(60,2,17,1,0),(61,2,18,1,0),(62,2,19,0,0),(63,2,20,1,0),(64,2,21,0,0),(65,2,22,1,0),(66,2,23,0,0),(67,2,24,0,0),(68,2,25,0,0),(69,2,26,0,0),(70,2,27,0,0),(71,2,28,1,0),(72,2,29,0,0),(73,2,30,0,0),(74,2,31,0,0),(75,2,32,0,0),(76,2,33,0,0),(77,2,35,0,0),(78,2,36,0,0),(79,2,37,0,0),(80,2,34,0,0),(81,1,45,1,0),(82,2,45,0,0),(83,1,46,1,0),(84,2,46,0,0),(85,1,47,1,0),(86,2,47,0,0),(105,1,57,1,0),(106,2,57,0,0),(121,1,65,1,0),(122,2,65,0,0),(123,1,66,1,0),(124,2,66,0,0);

--
-- Table structure for table `ps_theme_specific`
--

CREATE TABLE `ps_theme_specific` (
  `id_theme` int(11) unsigned NOT NULL,
  `id_shop` int(11) unsigned NOT NULL,
  `entity` int(11) unsigned NOT NULL,
  `id_object` int(11) unsigned NOT NULL,
  PRIMARY KEY (`id_theme`,`id_shop`,`entity`,`id_object`)
) ENGINE=InnoDB DEFAULT CHARSET=utf8;

--
-- Dumping data for table `ps_theme_specific`
--


--
-- Table structure for table `ps_themeconfigurator`
--

CREATE TABLE `ps_themeconfigurator` (
  `id_item` int(10) unsigned NOT NULL AUTO_INCREMENT,
  `id_shop` int(10) unsigned NOT NULL,
  `id_lang` int(10) unsigned NOT NULL,
  `item_order` int(10) unsigned NOT NULL,
  `title` varchar(100) DEFAULT NULL,
  `title_use` tinyint(1) unsigned NOT NULL DEFAULT '0',
  `hook` varchar(100) DEFAULT NULL,
  `url` text,
  `target` tinyint(1) unsigned NOT NULL DEFAULT '0',
  `image` varchar(100) DEFAULT NULL,
  `image_w` varchar(10) DEFAULT NULL,
  `image_h` varchar(10) DEFAULT NULL,
  `html` text,
  `active` tinyint(1) unsigned NOT NULL DEFAULT '1',
  PRIMARY KEY (`id_item`)
) ENGINE=InnoDB AUTO_INCREMENT=50 DEFAULT CHARSET=utf8;

--
-- Dumping data for table `ps_themeconfigurator`
--

INSERT INTO `ps_themeconfigurator` VALUES (1,1,1,1,'',0,'home','https://ezecnow.com/mockup/',0,'1350acdc19c845fbaca11b6de3fdcde9233df7bb_slide06.png','383','267','',1),(2,1,1,2,'',0,'home','https://ezecnow.com/mockup/',0,'58729f77346c9fade259fb1bf738da280ceea837_slide07.png','383','267','',1),(3,1,1,3,'',0,'home','https://ezecnow.com/mockup/',0,'947cdade06df4de664260849ee1be35858737fb5_slide08.png','383','267','',1),(4,1,1,4,'',0,'home','https://ezecnow.com/mockup/',0,'aaebf3d68fef6134227e5f3f03530c6396cfce17_slide10.png','383','142','',1),(5,1,1,5,'',0,'home','https://ezecnow.com/mockup/',0,'fe4aa3b80e50f3d8bf9471aff569626e519da23a_slide09.png','777','142','',1),(6,1,1,6,'',0,'top','https://ezecnow.com/mockup/',0,'681e333a106e7c70319a1e3bb37149ff175e355a_slide04.png','381','219','',1),(7,1,1,7,'',0,'top','https://ezecnow.com/mockup/',0,'d14f0a7721bf75354c5f1c3dd03e3393b71846d9_slide05.png','381','219','',1),(8,1,2,1,'',0,'home','',0,'b8d01014a071f331ff1c3a6541ec596f394a56cb_slide06.png','383','267','',1),(9,1,2,2,'',0,'home','',0,'b61fd891652f9fbcbe75dab059a21054da3bde21_slide07.png','383','267','',1),(10,1,2,3,'',0,'home','',0,'4a0926a486e4cdad379fb314dff4de5907f765bd_slide08.png','383','267','',1),(11,1,2,4,'',0,'home','',0,'ec130cd63d99a8ea0791e61136bb932b7d853f86_slide10.png','383','142','',1),(12,1,2,5,'',0,'home','',0,'d5b7ea293980c9d8813571f8deb09a25af4b2d91_slide09.png','777','142','',1),(13,1,2,6,'',0,'top','',0,'2a2ef3a3bad98ad1533db2ce53a7434be60c6b95_slide04.png','381','219','',1),(14,1,2,7,'',0,'top','',0,'4413f8d9fa9b9c3c7622fe264fe2dda3ef046f5a_slide05.png','381','219','',1),(15,1,3,1,'',0,'home','http://www.prestashop.com/',0,'banner-img1.jpg','383','267','',1),(16,1,3,2,'',0,'home','http://www.prestashop.com/',0,'banner-img2.jpg','383','267','',1),(17,1,3,3,'',0,'home','http://www.prestashop.com/',0,'banner-img3.jpg','383','267','',1),(18,1,3,4,'',0,'home','http://www.prestashop.com/',0,'banner-img4.jpg','383','142','',1),(19,1,3,5,'',0,'home','http://www.prestashop.com/',0,'banner-img5.jpg','777','142','',1),(20,1,3,6,'',0,'top','http://www.prestashop.com/',0,'banner-img6.jpg','381','219','',1),(21,1,3,7,'',0,'top','http://www.prestashop.com/',0,'banner-img7.jpg','381','219','',1),(22,1,4,1,'',0,'home','http://www.prestashop.com/',0,'banner-img1.jpg','383','267','',1),(23,1,4,2,'',0,'home','http://www.prestashop.com/',0,'banner-img2.jpg','383','267','',1),(24,1,4,3,'',0,'home','http://www.prestashop.com/',0,'banner-img3.jpg','383','267','',1),(25,1,4,4,'',0,'home','http://www.prestashop.com/',0,'banner-img4.jpg','383','142','',1),(26,1,4,5,'',0,'home','http://www.prestashop.com/',0,'banner-img5.jpg','777','142','',1),(27,1,4,6,'',0,'top','http://www.prestashop.com/',0,'banner-img6.jpg','381','219','',1),(28,1,4,7,'',0,'top','http://www.prestashop.com/',0,'banner-img7.jpg','381','219','',1),(29,1,5,1,'',0,'home','http://www.prestashop.com/',0,'banner-img1.jpg','383','267','',1),(30,1,5,2,'',0,'home','http://www.prestashop.com/',0,'banner-img2.jpg','383','267','',1),(31,1,5,3,'',0,'home','http://www.prestashop.com/',0,'banner-img3.jpg','383','267','',1),(32,1,5,4,'',0,'home','http://www.prestashop.com/',0,'banner-img4.jpg','383','142','',1),(33,1,5,5,'',0,'home','http://www.prestashop.com/',0,'banner-img5.jpg','777','142','',1),(34,1,5,6,'',0,'top','http://www.prestashop.com/',0,'banner-img6.jpg','381','219','',1),(35,1,5,7,'',0,'top','http://www.prestashop.com/',0,'banner-img7.jpg','381','219','',1),(36,1,6,1,'',0,'home','https://ezecnow.com/mockup/',0,'3b19385f9ab28c01e13d2f8d06bfe72bcef0e69f_b1.jpg','383','267','',1),(37,1,6,2,'',0,'home','https://ezecnow.com/mockup/',0,'fa70e3bd14e050e35f894ad5925e629cb658e664_b2.jpg','383','267','',1),(38,1,6,3,'',0,'home','https://ezecnow.com/mockup/',0,'ed4b4912d012a3525cbff2c15aad0acda505b685_b3.jpg','383','267','',1),(39,1,6,4,'',0,'home','https://ezecnow.com/mockup/',0,'4340f3fba6dbc7e35082906818cedeab771aec82_b5.png','383','142','',1),(40,1,6,5,'',0,'home','https://ezecnow.com/mockup/',0,'66f54cd52c13f30fccc4e10c80644269033a4014_b4.jpg','777','142','',1),(41,1,6,6,'',0,'top','https://ezecnow.com/mockup/',0,'12e55b7c2a203e6532b5aef907ecda3128c0b274_b6.jpg','381','219','',1),(42,1,6,7,'',0,'top','https://ezecnow.com/mockup/',0,'9ac307316679c8f49ed41296ea8e3dded9fb3614_b7.jpg','381','219','',1),(43,1,7,1,'',0,'home','https://ezecnow.com/mockup/',0,'b60178c3a694f0fd334f62cde29b5947a2deb901_slide06.png','383','267','',1),(44,1,7,2,'',0,'home','https://ezecnow.com/mockup/',0,'f9aa985e0cdd2ed9f413f1913ac1d5ed04fb1a12_slide07.png','383','267','',1),(45,1,7,3,'',0,'home','https://ezecnow.com/mockup/',0,'7439068d90fd463f3fc9f92bd59c6d2d8e92f147_slide08.png','383','267','',1),(46,1,7,4,'',0,'home','https://ezecnow.com/mockup/',0,'d6589361ee93acad75eb7e50526d68a07651ef1a_slide10.png','383','142','',1),(47,1,7,5,'',0,'home','https://ezecnow.com/mockup/',0,'1fbe9a9bf150fda3b16eddac527e2d2382f0e031_slide09.png','777','142','',1),(48,1,7,6,'',0,'top','https://ezecnow.com/mockup/',0,'05e24863bdcbf6344e87aef438432c5200c361e1_slide04.png','381','219','',1),(49,1,7,7,'',0,'top','https://ezecnow.com/mockup/',0,'547ac8d7ce0ba0e40649050113ea9c05a8522311_slide05.png','381','219','',1);

--
-- Table structure for table `ps_timezone`
--

CREATE TABLE `ps_timezone` (
  `id_timezone` int(10) unsigned NOT NULL AUTO_INCREMENT,
  `name` varchar(32) NOT NULL,
  PRIMARY KEY (`id_timezone`)
) ENGINE=InnoDB AUTO_INCREMENT=561 DEFAULT CHARSET=utf8;

--
-- Dumping data for table `ps_timezone`
--

INSERT INTO `ps_timezone` VALUES (1,'Africa/Abidjan'),(2,'Africa/Accra'),(3,'Africa/Addis_Ababa'),(4,'Africa/Algiers'),(5,'Africa/Asmara'),(6,'Africa/Asmera'),(7,'Africa/Bamako'),(8,'Africa/Bangui'),(9,'Africa/Banjul'),(10,'Africa/Bissau'),(11,'Africa/Blantyre'),(12,'Africa/Brazzaville'),(13,'Africa/Bujumbura'),(14,'Africa/Cairo'),(15,'Africa/Casablanca'),(16,'Africa/Ceuta'),(17,'Africa/Conakry'),(18,'Africa/Dakar'),(19,'Africa/Dar_es_Salaam'),(20,'Africa/Djibouti'),(21,'Africa/Douala'),(22,'Africa/El_Aaiun'),(23,'Africa/Freetown'),(24,'Africa/Gaborone'),(25,'Africa/Harare'),(26,'Africa/Johannesburg'),(27,'Africa/Kampala'),(28,'Africa/Khartoum'),(29,'Africa/Kigali'),(30,'Africa/Kinshasa'),(31,'Africa/Lagos'),(32,'Africa/Libreville'),(33,'Africa/Lome'),(34,'Africa/Luanda'),(35,'Africa/Lubumbashi'),(36,'Africa/Lusaka'),(37,'Africa/Malabo'),(38,'Africa/Maputo'),(39,'Africa/Maseru'),(40,'Africa/Mbabane'),(41,'Africa/Mogadishu'),(42,'Africa/Monrovia'),(43,'Africa/Nairobi'),(44,'Africa/Ndjamena'),(45,'Africa/Niamey'),(46,'Africa/Nouakchott'),(47,'Africa/Ouagadougou'),(48,'Africa/Porto-Novo'),(49,'Africa/Sao_Tome'),(50,'Africa/Timbuktu'),(51,'Africa/Tripoli'),(52,'Africa/Tunis'),(53,'Africa/Windhoek'),(54,'America/Adak'),(55,'America/Anchorage '),(56,'America/Anguilla'),(57,'America/Antigua'),(58,'America/Araguaina'),(59,'America/Argentina/Buenos_Aires'),(60,'America/Argentina/Catamarca'),(61,'America/Argentina/ComodRivadavia'),(62,'America/Argentina/Cordoba'),(63,'America/Argentina/Jujuy'),(64,'America/Argentina/La_Rioja'),(65,'America/Argentina/Mendoza'),(66,'America/Argentina/Rio_Gallegos'),(67,'America/Argentina/Salta'),(68,'America/Argentina/San_Juan'),(69,'America/Argentina/San_Luis'),(70,'America/Argentina/Tucuman'),(71,'America/Argentina/Ushuaia'),(72,'America/Aruba'),(73,'America/Asuncion'),(74,'America/Atikokan'),(75,'America/Atka'),(76,'America/Bahia'),(77,'America/Barbados'),(78,'America/Belem'),(79,'America/Belize'),(80,'America/Blanc-Sablon'),(81,'America/Boa_Vista'),(82,'America/Bogota'),(83,'America/Boise'),(84,'America/Buenos_Aires'),(85,'America/Cambridge_Bay'),(86,'America/Campo_Grande'),(87,'America/Cancun'),(88,'America/Caracas'),(89,'America/Catamarca'),(90,'America/Cayenne'),(91,'America/Cayman'),(92,'America/Chicago'),(93,'America/Chihuahua'),(94,'America/Coral_Harbour'),(95,'America/Cordoba'),(96,'America/Costa_Rica'),(97,'America/Cuiaba'),(98,'America/Curacao'),(99,'America/Danmarkshavn'),(100,'America/Dawson'),(101,'America/Dawson_Creek'),(102,'America/Denver'),(103,'America/Detroit'),(104,'America/Dominica'),(105,'America/Edmonton'),(106,'America/Eirunepe'),(107,'America/El_Salvador'),(108,'America/Ensenada'),(109,'America/Fort_Wayne'),(110,'America/Fortaleza'),(111,'America/Glace_Bay'),(112,'America/Godthab'),(113,'America/Goose_Bay'),(114,'America/Grand_Turk'),(115,'America/Grenada'),(116,'America/Guadeloupe'),(117,'America/Guatemala'),(118,'America/Guayaquil'),(119,'America/Guyana'),(120,'America/Halifax'),(121,'America/Havana'),(122,'America/Hermosillo'),(123,'America/Indiana/Indianapolis'),(124,'America/Indiana/Knox'),(125,'America/Indiana/Marengo'),(126,'America/Indiana/Petersburg'),(127,'America/Indiana/Tell_City'),(128,'America/Indiana/Vevay'),(129,'America/Indiana/Vincennes'),(130,'America/Indiana/Winamac'),(131,'America/Indianapolis'),(132,'America/Inuvik'),(133,'America/Iqaluit'),(134,'America/Jamaica'),(135,'America/Jujuy'),(136,'America/Juneau'),(137,'America/Kentucky/Louisville'),(138,'America/Kentucky/Monticello'),(139,'America/Knox_IN'),(140,'America/La_Paz'),(141,'America/Lima'),(142,'America/Los_Angeles'),(143,'America/Louisville'),(144,'America/Maceio'),(145,'America/Managua'),(146,'America/Manaus'),(147,'America/Marigot'),(148,'America/Martinique'),(149,'America/Mazatlan'),(150,'America/Mendoza'),(151,'America/Menominee'),(152,'America/Merida'),(153,'America/Mexico_City'),(154,'America/Miquelon'),(155,'America/Moncton'),(156,'America/Monterrey'),(157,'America/Montevideo'),(158,'America/Montreal'),(159,'America/Montserrat'),(160,'America/Nassau'),(161,'America/New_York'),(162,'America/Nipigon'),(163,'America/Nome'),(164,'America/Noronha'),(165,'America/North_Dakota/Center'),(166,'America/North_Dakota/New_Salem'),(167,'America/Panama'),(168,'America/Pangnirtung'),(169,'America/Paramaribo'),(170,'America/Phoenix'),(171,'America/Port-au-Prince'),(172,'America/Port_of_Spain'),(173,'America/Porto_Acre'),(174,'America/Porto_Velho'),(175,'America/Puerto_Rico'),(176,'America/Rainy_River'),(177,'America/Rankin_Inlet'),(178,'America/Recife'),(179,'America/Regina'),(180,'America/Resolute'),(181,'America/Rio_Branco'),(182,'America/Rosario'),(183,'America/Santarem'),(184,'America/Santiago'),(185,'America/Santo_Domingo'),(186,'America/Sao_Paulo'),(187,'America/Scoresbysund'),(188,'America/Shiprock'),(189,'America/St_Barthelemy'),(190,'America/St_Johns'),(191,'America/St_Kitts'),(192,'America/St_Lucia'),(193,'America/St_Thomas'),(194,'America/St_Vincent'),(195,'America/Swift_Current'),(196,'America/Tegucigalpa'),(197,'America/Thule'),(198,'America/Thunder_Bay'),(199,'America/Tijuana'),(200,'America/Toronto'),(201,'America/Tortola'),(202,'America/Vancouver'),(203,'America/Virgin'),(204,'America/Whitehorse'),(205,'America/Winnipeg'),(206,'America/Yakutat'),(207,'America/Yellowknife'),(208,'Antarctica/Casey'),(209,'Antarctica/Davis'),(210,'Antarctica/DumontDUrville'),(211,'Antarctica/Mawson'),(212,'Antarctica/McMurdo'),(213,'Antarctica/Palmer'),(214,'Antarctica/Rothera'),(215,'Antarctica/South_Pole'),(216,'Antarctica/Syowa'),(217,'Antarctica/Vostok'),(218,'Arctic/Longyearbyen'),(219,'Asia/Aden'),(220,'Asia/Almaty'),(221,'Asia/Amman'),(222,'Asia/Anadyr'),(223,'Asia/Aqtau'),(224,'Asia/Aqtobe'),(225,'Asia/Ashgabat'),(226,'Asia/Ashkhabad'),(227,'Asia/Baghdad'),(228,'Asia/Bahrain'),(229,'Asia/Baku'),(230,'Asia/Bangkok'),(231,'Asia/Beirut'),(232,'Asia/Bishkek'),(233,'Asia/Brunei'),(234,'Asia/Calcutta'),(235,'Asia/Choibalsan'),(236,'Asia/Chongqing'),(237,'Asia/Chungking'),(238,'Asia/Colombo'),(239,'Asia/Dacca'),(240,'Asia/Damascus'),(241,'Asia/Dhaka'),(242,'Asia/Dili'),(243,'Asia/Dubai'),(244,'Asia/Dushanbe'),(245,'Asia/Gaza'),(246,'Asia/Harbin'),(247,'Asia/Ho_Chi_Minh'),(248,'Asia/Hong_Kong'),(249,'Asia/Hovd'),(250,'Asia/Irkutsk'),(251,'Asia/Istanbul'),(252,'Asia/Jakarta'),(253,'Asia/Jayapura'),(254,'Asia/Jerusalem'),(255,'Asia/Kabul'),(256,'Asia/Kamchatka'),(257,'Asia/Karachi'),(258,'Asia/Kashgar'),(259,'Asia/Kathmandu'),(260,'Asia/Katmandu'),(261,'Asia/Kolkata'),(262,'Asia/Krasnoyarsk'),(263,'Asia/Kuala_Lumpur'),(264,'Asia/Kuching'),(265,'Asia/Kuwait'),(266,'Asia/Macao'),(267,'Asia/Macau'),(268,'Asia/Magadan'),(269,'Asia/Makassar'),(270,'Asia/Manila'),(271,'Asia/Muscat'),(272,'Asia/Nicosia'),(273,'Asia/Novosibirsk'),(274,'Asia/Omsk'),(275,'Asia/Oral'),(276,'Asia/Phnom_Penh'),(277,'Asia/Pontianak'),(278,'Asia/Pyongyang'),(279,'Asia/Qatar'),(280,'Asia/Qyzylorda'),(281,'Asia/Rangoon'),(282,'Asia/Riyadh'),(283,'Asia/Saigon'),(284,'Asia/Sakhalin'),(285,'Asia/Samarkand'),(286,'Asia/Seoul'),(287,'Asia/Shanghai'),(288,'Asia/Singapore'),(289,'Asia/Taipei'),(290,'Asia/Tashkent'),(291,'Asia/Tbilisi'),(292,'Asia/Tehran'),(293,'Asia/Tel_Aviv'),(294,'Asia/Thimbu'),(295,'Asia/Thimphu'),(296,'Asia/Tokyo'),(297,'Asia/Ujung_Pandang'),(298,'Asia/Ulaanbaatar'),(299,'Asia/Ulan_Bator'),(300,'Asia/Urumqi'),(301,'Asia/Vientiane'),(302,'Asia/Vladivostok'),(303,'Asia/Yakutsk'),(304,'Asia/Yekaterinburg'),(305,'Asia/Yerevan'),(306,'Atlantic/Azores'),(307,'Atlantic/Bermuda'),(308,'Atlantic/Canary'),(309,'Atlantic/Cape_Verde'),(310,'Atlantic/Faeroe'),(311,'Atlantic/Faroe'),(312,'Atlantic/Jan_Mayen'),(313,'Atlantic/Madeira'),(314,'Atlantic/Reykjavik'),(315,'Atlantic/South_Georgia'),(316,'Atlantic/St_Helena'),(317,'Atlantic/Stanley'),(318,'Australia/ACT'),(319,'Australia/Adelaide'),(320,'Australia/Brisbane'),(321,'Australia/Broken_Hill'),(322,'Australia/Canberra'),(323,'Australia/Currie'),(324,'Australia/Darwin'),(325,'Australia/Eucla'),(326,'Australia/Hobart'),(327,'Australia/LHI'),(328,'Australia/Lindeman'),(329,'Australia/Lord_Howe'),(330,'Australia/Melbourne'),(331,'Australia/North'),(332,'Australia/NSW'),(333,'Australia/Perth'),(334,'Australia/Queensland'),(335,'Australia/South'),(336,'Australia/Sydney'),(337,'Australia/Tasmania'),(338,'Australia/Victoria'),(339,'Australia/West'),(340,'Australia/Yancowinna'),(341,'Europe/Amsterdam'),(342,'Europe/Andorra'),(343,'Europe/Athens'),(344,'Europe/Belfast'),(345,'Europe/Belgrade'),(346,'Europe/Berlin'),(347,'Europe/Bratislava'),(348,'Europe/Brussels'),(349,'Europe/Bucharest'),(350,'Europe/Budapest'),(351,'Europe/Chisinau'),(352,'Europe/Copenhagen'),(353,'Europe/Dublin'),(354,'Europe/Gibraltar'),(355,'Europe/Guernsey'),(356,'Europe/Helsinki'),(357,'Europe/Isle_of_Man'),(358,'Europe/Istanbul'),(359,'Europe/Jersey'),(360,'Europe/Kaliningrad'),(361,'Europe/Kiev'),(362,'Europe/Lisbon'),(363,'Europe/Ljubljana'),(364,'Europe/London'),(365,'Europe/Luxembourg'),(366,'Europe/Madrid'),(367,'Europe/Malta'),(368,'Europe/Mariehamn'),(369,'Europe/Minsk'),(370,'Europe/Monaco'),(371,'Europe/Moscow'),(372,'Europe/Nicosia'),(373,'Europe/Oslo'),(374,'Europe/Paris'),(375,'Europe/Podgorica'),(376,'Europe/Prague'),(377,'Europe/Riga'),(378,'Europe/Rome'),(379,'Europe/Samara'),(380,'Europe/San_Marino'),(381,'Europe/Sarajevo'),(382,'Europe/Simferopol'),(383,'Europe/Skopje'),(384,'Europe/Sofia'),(385,'Europe/Stockholm'),(386,'Europe/Tallinn'),(387,'Europe/Tirane'),(388,'Europe/Tiraspol'),(389,'Europe/Uzhgorod'),(390,'Europe/Vaduz'),(391,'Europe/Vatican'),(392,'Europe/Vienna'),(393,'Europe/Vilnius'),(394,'Europe/Volgograd'),(395,'Europe/Warsaw'),(396,'Europe/Zagreb'),(397,'Europe/Zaporozhye'),(398,'Europe/Zurich'),(399,'Indian/Antananarivo'),(400,'Indian/Chagos'),(401,'Indian/Christmas'),(402,'Indian/Cocos'),(403,'Indian/Comoro'),(404,'Indian/Kerguelen'),(405,'Indian/Mahe'),(406,'Indian/Maldives'),(407,'Indian/Mauritius'),(408,'Indian/Mayotte'),(409,'Indian/Reunion'),(410,'Pacific/Apia'),(411,'Pacific/Auckland'),(412,'Pacific/Chatham'),(413,'Pacific/Easter'),(414,'Pacific/Efate'),(415,'Pacific/Enderbury'),(416,'Pacific/Fakaofo'),(417,'Pacific/Fiji'),(418,'Pacific/Funafuti'),(419,'Pacific/Galapagos'),(420,'Pacific/Gambier'),(421,'Pacific/Guadalcanal'),(422,'Pacific/Guam'),(423,'Pacific/Honolulu'),(424,'Pacific/Johnston'),(425,'Pacific/Kiritimati'),(426,'Pacific/Kosrae'),(427,'Pacific/Kwajalein'),(428,'Pacific/Majuro'),(429,'Pacific/Marquesas'),(430,'Pacific/Midway'),(431,'Pacific/Nauru'),(432,'Pacific/Niue'),(433,'Pacific/Norfolk'),(434,'Pacific/Noumea'),(435,'Pacific/Pago_Pago'),(436,'Pacific/Palau'),(437,'Pacific/Pitcairn'),(438,'Pacific/Ponape'),(439,'Pacific/Port_Moresby'),(440,'Pacific/Rarotonga'),(441,'Pacific/Saipan'),(442,'Pacific/Samoa'),(443,'Pacific/Tahiti'),(444,'Pacific/Tarawa'),(445,'Pacific/Tongatapu'),(446,'Pacific/Truk'),(447,'Pacific/Wake'),(448,'Pacific/Wallis'),(449,'Pacific/Yap'),(450,'Brazil/Acre'),(451,'Brazil/DeNoronha'),(452,'Brazil/East'),(453,'Brazil/West'),(454,'Canada/Atlantic'),(455,'Canada/Central'),(456,'Canada/East-Saskatchewan'),(457,'Canada/Eastern'),(458,'Canada/Mountain'),(459,'Canada/Newfoundland'),(460,'Canada/Pacific'),(461,'Canada/Saskatchewan'),(462,'Canada/Yukon'),(463,'CET'),(464,'Chile/Continental'),(465,'Chile/EasterIsland'),(466,'CST6CDT'),(467,'Cuba'),(468,'EET'),(469,'Egypt'),(470,'Eire'),(471,'EST'),(472,'EST5EDT'),(473,'Etc/GMT'),(474,'Etc/GMT+0'),(475,'Etc/GMT+1'),(476,'Etc/GMT+10'),(477,'Etc/GMT+11'),(478,'Etc/GMT+12'),(479,'Etc/GMT+2'),(480,'Etc/GMT+3'),(481,'Etc/GMT+4'),(482,'Etc/GMT+5'),(483,'Etc/GMT+6'),(484,'Etc/GMT+7'),(485,'Etc/GMT+8'),(486,'Etc/GMT+9'),(487,'Etc/GMT-0'),(488,'Etc/GMT-1'),(489,'Etc/GMT-10'),(490,'Etc/GMT-11'),(491,'Etc/GMT-12'),(492,'Etc/GMT-13'),(493,'Etc/GMT-14'),(494,'Etc/GMT-2'),(495,'Etc/GMT-3'),(496,'Etc/GMT-4'),(497,'Etc/GMT-5'),(498,'Etc/GMT-6'),(499,'Etc/GMT-7'),(500,'Etc/GMT-8'),(501,'Etc/GMT-9'),(502,'Etc/GMT0'),(503,'Etc/Greenwich'),(504,'Etc/UCT'),(505,'Etc/Universal'),(506,'Etc/UTC'),(507,'Etc/Zulu'),(508,'Factory'),(509,'GB'),(510,'GB-Eire'),(511,'GMT'),(512,'GMT+0'),(513,'GMT-0'),(514,'GMT0'),(515,'Greenwich'),(516,'Hongkong'),(517,'HST'),(518,'Iceland'),(519,'Iran'),(520,'Israel'),(521,'Jamaica'),(522,'Japan'),(523,'Kwajalein'),(524,'Libya'),(525,'MET'),(526,'Mexico/BajaNorte'),(527,'Mexico/BajaSur'),(528,'Mexico/General'),(529,'MST'),(530,'MST7MDT'),(531,'Navajo'),(532,'NZ'),(533,'NZ-CHAT'),(534,'Poland'),(535,'Portugal'),(536,'PRC'),(537,'PST8PDT'),(538,'ROC'),(539,'ROK'),(540,'Singapore'),(541,'Turkey'),(542,'UCT'),(543,'Universal'),(544,'US/Alaska'),(545,'US/Aleutian'),(546,'US/Arizona'),(547,'US/Central'),(548,'US/East-Indiana'),(549,'US/Eastern'),(550,'US/Hawaii'),(551,'US/Indiana-Starke'),(552,'US/Michigan'),(553,'US/Mountain'),(554,'US/Pacific'),(555,'US/Pacific-New'),(556,'US/Samoa'),(557,'UTC'),(558,'W-SU'),(559,'WET'),(560,'Zulu');

--
-- Table structure for table `ps_tumblr_spm`
--

CREATE TABLE `ps_tumblr_spm` (
  `id` int(11) NOT NULL AUTO_INCREMENT,
  `tumblr_id` varchar(500) NOT NULL,
  `user_id` int(11) NOT NULL,
  `id_shop` int(11) NOT NULL DEFAULT '0',
  PRIMARY KEY (`id`)
) ENGINE=InnoDB DEFAULT CHARSET=utf8;

--
-- Dumping data for table `ps_tumblr_spm`
--


--
-- Table structure for table `ps_tw_customer`
--

CREATE TABLE `ps_tw_customer` (
  `id` int(11) NOT NULL AUTO_INCREMENT,
  `twitter_id` bigint(20) NOT NULL,
  `user_id` int(11) NOT NULL,
  `id_shop` int(11) NOT NULL DEFAULT '0',
  PRIMARY KEY (`id`),
  UNIQUE KEY `FBTWCONNECT_CUSTOMER` (`twitter_id`,`user_id`,`id_shop`)
) ENGINE=InnoDB DEFAULT CHARSET=utf8;

--
-- Dumping data for table `ps_tw_customer`
--


--
-- Table structure for table `ps_warehouse`
--

CREATE TABLE `ps_warehouse` (
  `id_warehouse` int(11) unsigned NOT NULL AUTO_INCREMENT,
  `id_currency` int(11) unsigned NOT NULL,
  `id_address` int(11) unsigned NOT NULL,
  `id_employee` int(11) unsigned NOT NULL,
  `reference` varchar(32) DEFAULT NULL,
  `name` varchar(45) NOT NULL,
  `management_type` enum('WA','FIFO','LIFO') NOT NULL DEFAULT 'WA',
  `deleted` tinyint(1) unsigned NOT NULL DEFAULT '0',
  PRIMARY KEY (`id_warehouse`)
) ENGINE=InnoDB DEFAULT CHARSET=utf8;

--
-- Dumping data for table `ps_warehouse`
--


--
-- Table structure for table `ps_warehouse_carrier`
--

CREATE TABLE `ps_warehouse_carrier` (
  `id_carrier` int(11) unsigned NOT NULL,
  `id_warehouse` int(11) unsigned NOT NULL,
  PRIMARY KEY (`id_warehouse`,`id_carrier`),
  KEY `id_warehouse` (`id_warehouse`),
  KEY `id_carrier` (`id_carrier`)
) ENGINE=InnoDB DEFAULT CHARSET=utf8;

--
-- Dumping data for table `ps_warehouse_carrier`
--

INSERT INTO `ps_warehouse_carrier` VALUES (2,1);

--
-- Table structure for table `ps_warehouse_product_location`
--

CREATE TABLE `ps_warehouse_product_location` (
  `id_warehouse_product_location` int(11) unsigned NOT NULL AUTO_INCREMENT,
  `id_product` int(11) unsigned NOT NULL,
  `id_product_attribute` int(11) unsigned NOT NULL,
  `id_warehouse` int(11) unsigned NOT NULL,
  `location` varchar(64) DEFAULT NULL,
  PRIMARY KEY (`id_warehouse_product_location`),
  UNIQUE KEY `id_product` (`id_product`,`id_product_attribute`,`id_warehouse`)
) ENGINE=InnoDB DEFAULT CHARSET=utf8;

--
-- Dumping data for table `ps_warehouse_product_location`
--


--
-- Table structure for table `ps_warehouse_shop`
--

CREATE TABLE `ps_warehouse_shop` (
  `id_shop` int(11) unsigned NOT NULL,
  `id_warehouse` int(11) unsigned NOT NULL,
  PRIMARY KEY (`id_warehouse`,`id_shop`),
  KEY `id_warehouse` (`id_warehouse`),
  KEY `id_shop` (`id_shop`)
) ENGINE=InnoDB DEFAULT CHARSET=utf8;

--
-- Dumping data for table `ps_warehouse_shop`
--

INSERT INTO `ps_warehouse_shop` VALUES (1,1);

--
-- Table structure for table `ps_web_browser`
--

CREATE TABLE `ps_web_browser` (
  `id_web_browser` int(10) unsigned NOT NULL AUTO_INCREMENT,
  `name` varchar(64) DEFAULT NULL,
  PRIMARY KEY (`id_web_browser`)
) ENGINE=InnoDB AUTO_INCREMENT=12 DEFAULT CHARSET=utf8;

--
-- Dumping data for table `ps_web_browser`
--

INSERT INTO `ps_web_browser` VALUES (1,'Safari'),(2,'Safari iPad'),(3,'Firefox'),(4,'Opera'),(5,'IE 6'),(6,'IE 7'),(7,'IE 8'),(8,'IE 9'),(9,'IE 10'),(10,'IE 11'),(11,'Chrome');

--
-- Table structure for table `ps_webservice_account`
--

CREATE TABLE `ps_webservice_account` (
  `id_webservice_account` int(11) NOT NULL AUTO_INCREMENT,
  `key` varchar(32) NOT NULL,
  `description` text,
  `class_name` varchar(50) NOT NULL DEFAULT 'WebserviceRequest',
  `is_module` tinyint(2) NOT NULL DEFAULT '0',
  `module_name` varchar(50) DEFAULT NULL,
  `active` tinyint(2) NOT NULL,
  PRIMARY KEY (`id_webservice_account`),
  KEY `key` (`key`)
) ENGINE=InnoDB DEFAULT CHARSET=utf8;

--
-- Dumping data for table `ps_webservice_account`
--


--
-- Table structure for table `ps_webservice_account_shop`
--

CREATE TABLE `ps_webservice_account_shop` (
  `id_webservice_account` int(11) unsigned NOT NULL,
  `id_shop` int(11) unsigned NOT NULL,
  PRIMARY KEY (`id_webservice_account`,`id_shop`),
  KEY `id_shop` (`id_shop`)
) ENGINE=InnoDB DEFAULT CHARSET=utf8;

--
-- Dumping data for table `ps_webservice_account_shop`
--


--
-- Table structure for table `ps_webservice_permission`
--

CREATE TABLE `ps_webservice_permission` (
  `id_webservice_permission` int(11) NOT NULL AUTO_INCREMENT,
  `resource` varchar(50) NOT NULL,
  `method` enum('GET','POST','PUT','DELETE','HEAD') NOT NULL,
  `id_webservice_account` int(11) NOT NULL,
  PRIMARY KEY (`id_webservice_permission`),
  UNIQUE KEY `resource_2` (`resource`,`method`,`id_webservice_account`),
  KEY `resource` (`resource`),
  KEY `method` (`method`),
  KEY `id_webservice_account` (`id_webservice_account`)
) ENGINE=InnoDB DEFAULT CHARSET=utf8;

--
-- Dumping data for table `ps_webservice_permission`
--


--
-- Table structure for table `ps_whatsapp`
--

CREATE TABLE `ps_whatsapp` (
  `id_whatsapp` int(11) NOT NULL AUTO_INCREMENT,
  `telefon` varchar(28) DEFAULT NULL,
  `shareThis` int(1) DEFAULT NULL,
  `shareMessage` varchar(256) DEFAULT NULL,
  `hook` varchar(24) DEFAULT NULL,
  PRIMARY KEY (`id_whatsapp`)
) ENGINE=InnoDB AUTO_INCREMENT=2 DEFAULT CHARSET=utf8;

--
-- Dumping data for table `ps_whatsapp`
--

INSERT INTO `ps_whatsapp` VALUES (1,'+60122395575',1,'I\'m interest to {PRODUCT} Product','footer');

--
-- Table structure for table `ps_wishlist_email`
--

CREATE TABLE `ps_wishlist_email` (
  `id_wishlist` int(10) unsigned NOT NULL,
  `email` varchar(128) NOT NULL,
  `date_add` datetime NOT NULL
) ENGINE=InnoDB DEFAULT CHARSET=utf8;

--
-- Dumping data for table `ps_wishlist_email`
--

INSERT INTO `ps_wishlist_email` VALUES (1,'jackieyap@ezecnow.com','2018-07-24 13:32:09');

--
-- Table structure for table `ps_wishlist_product`
--

CREATE TABLE `ps_wishlist_product` (
  `id_wishlist_product` int(10) NOT NULL AUTO_INCREMENT,
  `id_wishlist` int(10) unsigned NOT NULL,
  `id_product` int(10) unsigned NOT NULL,
  `id_product_attribute` int(10) unsigned NOT NULL,
  `quantity` int(10) unsigned NOT NULL,
  `priority` int(10) unsigned NOT NULL,
  PRIMARY KEY (`id_wishlist_product`)
) ENGINE=InnoDB AUTO_INCREMENT=4 DEFAULT CHARSET=utf8;

--
-- Dumping data for table `ps_wishlist_product`
--

INSERT INTO `ps_wishlist_product` VALUES (1,1,1,0,1,1),(2,1,35,0,1,1),(3,1,37,0,1,1);

--
-- Table structure for table `ps_wishlist_product_cart`
--

CREATE TABLE `ps_wishlist_product_cart` (
  `id_wishlist_product` int(10) unsigned NOT NULL,
  `id_cart` int(10) unsigned NOT NULL,
  `quantity` int(10) unsigned NOT NULL,
  `date_add` datetime NOT NULL
) ENGINE=InnoDB DEFAULT CHARSET=utf8;

--
-- Dumping data for table `ps_wishlist_product_cart`
--


--
-- Table structure for table `ps_wk_ps_membership_customer_plan`
--

CREATE TABLE `ps_wk_ps_membership_customer_plan` (
  `id` int(11) unsigned NOT NULL AUTO_INCREMENT,
  `id_product` int(11) NOT NULL,
  `plan_price` decimal(20,6) unsigned NOT NULL,
  `plan_duration` int(11) unsigned NOT NULL,
  `plan_duration_type` varchar(6) NOT NULL,
  `id_customer_group` int(11) unsigned NOT NULL,
  `sequence_number` int(11) unsigned NOT NULL,
  `id_plan_restricted` varchar(255) DEFAULT '0',
  `active` tinyint(1) unsigned NOT NULL DEFAULT '1',
  `date_add` datetime NOT NULL,
  `date_upd` datetime NOT NULL,
  PRIMARY KEY (`id`)
) ENGINE=InnoDB DEFAULT CHARSET=utf8;

--
-- Dumping data for table `ps_wk_ps_membership_customer_plan`
--


--
-- Table structure for table `ps_wk_ps_membership_customer_plan_detail`
--

CREATE TABLE `ps_wk_ps_membership_customer_plan_detail` (
  `id` int(11) unsigned NOT NULL AUTO_INCREMENT,
  `id_plan` int(11) unsigned NOT NULL,
  `id_order` int(11) unsigned NOT NULL,
  `id_customer` int(11) unsigned NOT NULL,
  `plan_duration` int(11) unsigned NOT NULL,
  `plan_duration_type` varchar(6) NOT NULL,
  `active_from` datetime DEFAULT NULL,
  `expire_on` datetime DEFAULT NULL,
  `is_expired` tinyint(1) unsigned NOT NULL DEFAULT '0',
  `is_extended` tinyint(1) unsigned NOT NULL DEFAULT '0',
  `is_warning_notified` tinyint(1) unsigned NOT NULL DEFAULT '0',
  `active` tinyint(1) unsigned NOT NULL DEFAULT '0',
  `date_add` datetime DEFAULT NULL,
  `date_upd` datetime DEFAULT NULL,
  PRIMARY KEY (`id`)
) ENGINE=InnoDB DEFAULT CHARSET=utf8;

--
-- Dumping data for table `ps_wk_ps_membership_customer_plan_detail`
--


--
-- Table structure for table `ps_wk_ps_membership_customer_plan_lang`
--

CREATE TABLE `ps_wk_ps_membership_customer_plan_lang` (
  `id` int(11) unsigned NOT NULL,
  `plan_name` text NOT NULL,
  `plan_description` text NOT NULL,
  `id_lang` int(11) unsigned NOT NULL,
  PRIMARY KEY (`id`,`id_lang`)
) ENGINE=InnoDB DEFAULT CHARSET=utf8;

--
-- Dumping data for table `ps_wk_ps_membership_customer_plan_lang`
--


--
-- Table structure for table `ps_wkpos_order`
--

CREATE TABLE `ps_wkpos_order` (
  `id_wkpos_order` int(10) unsigned NOT NULL AUTO_INCREMENT,
  `id_order` int(10) NOT NULL,
  `reference` varchar(9) NOT NULL,
  `id_employee` int(10) NOT NULL,
  `tendered` decimal(20,6) DEFAULT NULL,
  `change` decimal(20,6) DEFAULT NULL,
  `id_wkpos_outlet` int(10) NOT NULL,
  `id_wkpos_payment` int(10) NOT NULL,
  `order_date` datetime NOT NULL,
  `date_upd` datetime NOT NULL,
  PRIMARY KEY (`id_wkpos_order`)
) ENGINE=InnoDB DEFAULT CHARSET=utf8;

--
-- Dumping data for table `ps_wkpos_order`
--


--
-- Table structure for table `ps_wkpos_outlet_category`
--

CREATE TABLE `ps_wkpos_outlet_category` (
  `id_wkpos_outlet_category` int(10) unsigned NOT NULL AUTO_INCREMENT,
  `id_category` text,
  `id_wkpos_outlet` int(10) unsigned NOT NULL,
  `date_add` datetime NOT NULL,
  `date_upd` datetime NOT NULL,
  PRIMARY KEY (`id_wkpos_outlet_category`)
) ENGINE=InnoDB DEFAULT CHARSET=utf8;

--
-- Dumping data for table `ps_wkpos_outlet_category`
--


--
-- Table structure for table `ps_wkpos_outlet_employee`
--

CREATE TABLE `ps_wkpos_outlet_employee` (
  `id_wkpos_outlet_employee` int(10) unsigned NOT NULL AUTO_INCREMENT,
  `id_wkpos_outlet` int(10) unsigned NOT NULL,
  `id_employee` int(10) unsigned NOT NULL,
  `date_add` datetime NOT NULL,
  `date_upd` datetime NOT NULL,
  PRIMARY KEY (`id_wkpos_outlet_employee`)
) ENGINE=InnoDB DEFAULT CHARSET=utf8;

--
-- Dumping data for table `ps_wkpos_outlet_employee`
--


--
-- Table structure for table `ps_wkpos_outlet_product`
--

CREATE TABLE `ps_wkpos_outlet_product` (
  `id_wkpos_outlet_product` int(10) unsigned NOT NULL AUTO_INCREMENT,
  `id_wkpos_outlet` int(10) unsigned NOT NULL,
  `id_product` int(10) unsigned NOT NULL,
  `quantity` int(10) NOT NULL,
  `active` tinyint(2) NOT NULL,
  `date_add` datetime NOT NULL,
  `date_upd` datetime NOT NULL,
  PRIMARY KEY (`id_wkpos_outlet_product`)
) ENGINE=InnoDB DEFAULT CHARSET=utf8;

--
-- Dumping data for table `ps_wkpos_outlet_product`
--


--
-- Table structure for table `ps_wkpos_outlet_product_attribute`
--

CREATE TABLE `ps_wkpos_outlet_product_attribute` (
  `id_wkpos_outlet_product_attribute` int(10) unsigned NOT NULL AUTO_INCREMENT,
  `id_wkpos_outlet_product` int(10) unsigned NOT NULL,
  `id_product_attribute` int(10) unsigned NOT NULL,
  `quantity` int(10) NOT NULL,
  `date_add` datetime NOT NULL,
  `date_upd` datetime NOT NULL,
  PRIMARY KEY (`id_wkpos_outlet_product_attribute`)
) ENGINE=InnoDB DEFAULT CHARSET=utf8;

--
-- Dumping data for table `ps_wkpos_outlet_product_attribute`
--


--
-- Table structure for table `ps_wkpos_outlets`
--

CREATE TABLE `ps_wkpos_outlets` (
  `id_wkpos_outlet` int(10) unsigned NOT NULL AUTO_INCREMENT,
  `name` varchar(50) NOT NULL,
  `id_address` int(10) unsigned NOT NULL,
  `active` tinyint(2) NOT NULL,
  `date_add` datetime NOT NULL,
  `date_upd` datetime NOT NULL,
  PRIMARY KEY (`id_wkpos_outlet`)
) ENGINE=InnoDB AUTO_INCREMENT=2 DEFAULT CHARSET=utf8;

--
-- Dumping data for table `ps_wkpos_outlets`
--

INSERT INTO `ps_wkpos_outlets` VALUES (1,'EZ e-Commerce The Gardens KL',9,1,'2019-11-20 22:01:57','2019-11-20 22:01:57');

--
-- Table structure for table `ps_wkpos_payment`
--

CREATE TABLE `ps_wkpos_payment` (
  `id_wkpos_payment` int(10) unsigned NOT NULL AUTO_INCREMENT,
  `name` varchar(50) NOT NULL,
  `active` tinyint(2) NOT NULL,
  `date_add` datetime NOT NULL,
  `date_upd` datetime NOT NULL,
  PRIMARY KEY (`id_wkpos_payment`)
) ENGINE=InnoDB AUTO_INCREMENT=3 DEFAULT CHARSET=utf8;

--
-- Dumping data for table `ps_wkpos_payment`
--

INSERT INTO `ps_wkpos_payment` VALUES (1,'Cash',1,'2019-11-20 22:00:43','2019-11-20 22:00:43'),(2,'Card Payment',1,'2019-11-20 22:00:43','2019-11-20 22:00:43');

--
-- Table structure for table `ps_ws_invat_coupon`
--

CREATE TABLE `ps_ws_invat_coupon` (
  `id_invat_coupon` int(11) unsigned NOT NULL AUTO_INCREMENT,
  `id_coupon_rule` int(10) unsigned NOT NULL,
  `id_ws_sponsor` int(10) unsigned NOT NULL,
  `guest_email` varchar(255) NOT NULL,
  PRIMARY KEY (`id_invat_coupon`)
) ENGINE=InnoDB DEFAULT CHARSET=utf8;

--
-- Dumping data for table `ps_ws_invat_coupon`
--


--
-- Table structure for table `ps_ws_loyalty`
--

CREATE TABLE `ps_ws_loyalty` (
  `id_loyalty` int(10) unsigned NOT NULL AUTO_INCREMENT,
  `id_loyalty_state` int(10) unsigned NOT NULL DEFAULT '1',
  `id_customer` int(10) unsigned NOT NULL,
  `id_order` int(10) unsigned DEFAULT NULL,
  `id_cart_rule` int(10) unsigned DEFAULT NULL,
  `points` int(11) NOT NULL DEFAULT '0',
  `date_start` date DEFAULT NULL,
  `date_end` date DEFAULT NULL,
  `date_add` datetime NOT NULL,
  `date_upd` datetime NOT NULL,
  PRIMARY KEY (`id_loyalty`),
  KEY `index_loyalty_loyalty_state` (`id_loyalty_state`),
  KEY `index_loyalty_order` (`id_order`),
  KEY `index_loyalty_discount` (`id_cart_rule`),
  KEY `index_loyalty_customer` (`id_customer`)
) ENGINE=InnoDB DEFAULT CHARSET=utf8;

--
-- Dumping data for table `ps_ws_loyalty`
--


--
-- Table structure for table `ps_ws_loyalty_history`
--

CREATE TABLE `ps_ws_loyalty_history` (
  `id_loyalty_history` int(10) unsigned NOT NULL AUTO_INCREMENT,
  `id_loyalty` int(10) unsigned DEFAULT NULL,
  `id_loyalty_state` int(10) unsigned NOT NULL DEFAULT '1',
  `points` int(11) NOT NULL DEFAULT '0',
  `date_add` datetime NOT NULL,
  PRIMARY KEY (`id_loyalty_history`),
  KEY `index_loyalty_history_loyalty` (`id_loyalty`),
  KEY `index_loyalty_history_loyalty_state` (`id_loyalty_state`)
) ENGINE=MyISAM DEFAULT CHARSET=utf8;

--
-- Dumping data for table `ps_ws_loyalty_history`
--


--
-- Table structure for table `ps_ws_loyalty_state`
--

CREATE TABLE `ps_ws_loyalty_state` (
  `id_loyalty_state` int(10) unsigned NOT NULL AUTO_INCREMENT,
  `id_order_state` int(10) unsigned DEFAULT NULL,
  PRIMARY KEY (`id_loyalty_state`),
  KEY `index_loyalty_state_order_state` (`id_order_state`)
) ENGINE=MyISAM AUTO_INCREMENT=6 DEFAULT CHARSET=utf8;

--
-- Dumping data for table `ps_ws_loyalty_state`
--

INSERT INTO `ps_ws_loyalty_state` VALUES (1,0),(2,5),(3,6),(4,0),(5,0);

--
-- Table structure for table `ps_ws_loyalty_state_lang`
--

CREATE TABLE `ps_ws_loyalty_state_lang` (
  `id_loyalty_state` int(10) unsigned NOT NULL AUTO_INCREMENT,
  `id_lang` int(10) unsigned NOT NULL,
  `name` varchar(64) NOT NULL,
  UNIQUE KEY `index_unique_loyalty_state_lang` (`id_loyalty_state`,`id_lang`)
) ENGINE=MyISAM AUTO_INCREMENT=6 DEFAULT CHARSET=utf8;

--
-- Dumping data for table `ps_ws_loyalty_state_lang`
--

INSERT INTO `ps_ws_loyalty_state_lang` VALUES (1,1,'Awaiting validation'),(1,2,'Awaiting validation'),(1,7,'Awaiting validation'),(2,1,'Available'),(2,2,'Available'),(2,7,'Available'),(3,1,'Cancelled'),(3,2,'Cancelled'),(3,7,'Cancelled'),(4,1,'Already converted'),(4,2,'Already converted'),(4,7,'Already converted'),(5,1,'Unavailable on discounts'),(5,2,'Unavailable on discounts'),(5,7,'Unavailable on discounts');

--
-- Table structure for table `ps_ws_ref_coupon_rule`
--

CREATE TABLE `ps_ws_ref_coupon_rule` (
  `id_ws_coupon_rule` int(11) unsigned NOT NULL AUTO_INCREMENT,
  `id_coupon_rule` int(10) unsigned NOT NULL,
  `id_ws_sponsor` int(10) unsigned NOT NULL,
  `v_bonus` decimal(17,2) unsigned NOT NULL,
  `reward_type` tinyint(1) NOT NULL DEFAULT '0',
  `reward_value` decimal(17,2) unsigned NOT NULL,
  `code` varchar(12) DEFAULT '0',
  `cart_min_amount` decimal(17,2) unsigned NOT NULL,
  `coupon_qty` int(11) unsigned NOT NULL,
  `from_date` date NOT NULL,
  `to_date` date NOT NULL,
  `active` tinyint(1) unsigned DEFAULT NULL,
  `title_rule` varchar(100) DEFAULT '0',
  PRIMARY KEY (`id_ws_coupon_rule`)
) ENGINE=InnoDB AUTO_INCREMENT=2 DEFAULT CHARSET=utf8;

--
-- Dumping data for table `ps_ws_ref_coupon_rule`
--

INSERT INTO `ps_ws_ref_coupon_rule` VALUES (1,1,1,5.00,1,5.00,'SPDHC448W',0.00,1000,'2021-05-04','2022-04-29',1,'');

--
-- Table structure for table `ps_ws_sponsor`
--

CREATE TABLE `ps_ws_sponsor` (
  `id_ws_sponsor` int(11) unsigned NOT NULL AUTO_INCREMENT,
  `send_invitation` tinyint(1) unsigned DEFAULT NULL,
  `date_add` datetime NOT NULL,
  `date_upd` datetime NOT NULL,
  `active` tinyint(1) unsigned DEFAULT NULL,
  PRIMARY KEY (`id_ws_sponsor`)
) ENGINE=InnoDB DEFAULT CHARSET=utf8;

--
-- Dumping data for table `ps_ws_sponsor`
--


--
-- Table structure for table `ps_zblog_category`
--

CREATE TABLE `ps_zblog_category` (
  `id_zblog_category` int(10) unsigned NOT NULL AUTO_INCREMENT,
  `id_parent` int(10) unsigned NOT NULL,
  `level_depth` tinyint(3) unsigned NOT NULL DEFAULT '0',
  `active` tinyint(1) unsigned NOT NULL DEFAULT '0',
  `date_add` datetime NOT NULL,
  `date_upd` datetime NOT NULL,
  `position` int(10) unsigned NOT NULL DEFAULT '0',
  PRIMARY KEY (`id_zblog_category`),
  KEY `category_parent` (`id_parent`)
) ENGINE=InnoDB AUTO_INCREMENT=4 DEFAULT CHARSET=utf8;

--
-- Dumping data for table `ps_zblog_category`
--

INSERT INTO `ps_zblog_category` VALUES (1,0,0,1,'2019-10-21 21:44:37','2019-10-21 21:44:37',1),(2,0,0,1,'2019-10-21 21:44:45','2019-10-21 21:44:59',2),(3,0,0,1,'2019-10-21 21:44:53','2019-10-21 21:44:53',3);

--
-- Table structure for table `ps_zblog_category_lang`
--

CREATE TABLE `ps_zblog_category_lang` (
  `id_zblog_category` int(10) unsigned NOT NULL,
  `id_lang` int(10) unsigned NOT NULL,
  `name` varchar(128) NOT NULL,
  `description` text,
  `link_rewrite` varchar(128) NOT NULL,
  `meta_title` varchar(128) DEFAULT NULL,
  `meta_keywords` varchar(255) DEFAULT NULL,
  `meta_description` varchar(255) DEFAULT NULL,
  PRIMARY KEY (`id_zblog_category`,`id_lang`),
  KEY `category_name` (`name`)
) ENGINE=InnoDB DEFAULT CHARSET=utf8;

--
-- Dumping data for table `ps_zblog_category_lang`
--

INSERT INTO `ps_zblog_category_lang` VALUES (1,1,'Announcement','','announcement','','',''),(1,2,'Announcement','','announcement','','',''),(1,7,'Announcement','','announcement','','',''),(2,1,'Promotion','','promotion','','',''),(2,2,'Promotion 特价优惠','','promotion-','','',''),(2,7,'Promotion 特价优惠','','promotion-','','',''),(3,1,'Sharing','','sharing','','',''),(3,2,'Sharing','','sharing','','',''),(3,7,'Sharing','','sharing','','','');

--
-- Table structure for table `ps_zblog_category_post`
--

CREATE TABLE `ps_zblog_category_post` (
  `id_zblog_category` int(10) unsigned NOT NULL,
  `id_zblog_post` int(10) unsigned NOT NULL,
  PRIMARY KEY (`id_zblog_category`,`id_zblog_post`),
  KEY `id_zblog_post` (`id_zblog_post`)
) ENGINE=InnoDB DEFAULT CHARSET=utf8;

--
-- Dumping data for table `ps_zblog_category_post`
--

INSERT INTO `ps_zblog_category_post` VALUES (1,10),(3,10),(3,11),(1,12),(2,12),(3,12),(3,13);

--
-- Table structure for table `ps_zblog_comment`
--

CREATE TABLE `ps_zblog_comment` (
  `id_zblog_comment` int(10) unsigned NOT NULL AUTO_INCREMENT,
  `id_zblog_post` int(10) unsigned NOT NULL,
  `id_customer` int(10) unsigned DEFAULT NULL,
  `content` text NOT NULL,
  `customer_name` varchar(64) DEFAULT NULL,
  `active` tinyint(1) NOT NULL,
  `date_add` datetime NOT NULL,
  `date_upd` datetime NOT NULL,
  PRIMARY KEY (`id_zblog_comment`),
  KEY `id_zblog_post` (`id_zblog_post`),
  KEY `id_customer` (`id_customer`)
) ENGINE=InnoDB DEFAULT CHARSET=utf8;

--
-- Dumping data for table `ps_zblog_comment`
--


--
-- Table structure for table `ps_zblog_post`
--

CREATE TABLE `ps_zblog_post` (
  `id_zblog_post` int(10) unsigned NOT NULL AUTO_INCREMENT,
  `active` tinyint(1) unsigned NOT NULL DEFAULT '0',
  `allow_comment` tinyint(1) unsigned NOT NULL DEFAULT '0',
  `author` varchar(100) DEFAULT NULL,
  `related_posts` varchar(255) DEFAULT NULL,
  `related_products` varchar(255) DEFAULT NULL,
  `date_add` datetime NOT NULL,
  `date_upd` datetime NOT NULL,
  PRIMARY KEY (`id_zblog_post`),
  KEY `date_add` (`date_add`)
) ENGINE=InnoDB DEFAULT CHARSET=utf8;

--
-- Dumping data for table `ps_zblog_post`
--


--
-- Table structure for table `ps_zblog_post_lang`
--

CREATE TABLE `ps_zblog_post_lang` (
  `id_zblog_post` int(10) unsigned NOT NULL,
  `id_lang` int(10) unsigned NOT NULL,
  `name` varchar(128) NOT NULL,
  `description_short` text,
  `description` text,
  `link_rewrite` varchar(128) NOT NULL,
  `meta_title` varchar(128) DEFAULT NULL,
  `meta_keywords` varchar(255) DEFAULT NULL,
  `meta_description` varchar(255) DEFAULT NULL,
  `tags` text,
  PRIMARY KEY (`id_zblog_post`,`id_lang`),
  KEY `post_name` (`name`)
) ENGINE=InnoDB DEFAULT CHARSET=utf8;

--
-- Dumping data for table `ps_zblog_post_lang`
--


--
-- Table structure for table `ps_zcolors`
--

CREATE TABLE `ps_zcolors` (
  `id_zcolors` int(11) NOT NULL AUTO_INCREMENT,
  `id_shop` int(10) unsigned NOT NULL DEFAULT '1',
  `general` text,
  `header` text,
  `footer` text,
  `content` text,
  `product` text,
  `fonts_import` text,
  `fonts` varchar(254) DEFAULT NULL,
  PRIMARY KEY (`id_zcolors`)
) ENGINE=InnoDB AUTO_INCREMENT=2 DEFAULT CHARSET=utf8;

--
-- Dumping data for table `ps_zcolors`
--

INSERT INTO `ps_zcolors` VALUES (1,1,'a:5:{s:10:\"main_color\";s:7:\"#717171\";s:12:\"main_color_2\";s:7:\"#555555\";s:15:\"secondary_color\";s:7:\"#717171\";s:17:\"secondary_color_2\";s:7:\"#ffd358\";s:14:\"tertiary_color\";s:7:\"#717171\";}','a:1:{s:7:\"menu_bg\";s:7:\"#ffffff\";}','','a:2:{s:15:\"button_bg_color\";s:7:\"#717171\";s:21:\"button_bg_color_hover\";s:7:\"#ffd358\";}','','<link href=\"https://fonts.googleapis.com/css?family=Raleway:300,400&display=swap\" rel=\"stylesheet\">\r\n<link href=\"https://fonts.googleapis.com/css2?family=Just+Another+Hand&display=swap\" rel=\"stylesheet\">\r\n<link href=\"https://fonts.googleapis.com/css2?family=Patrick+Hand&display=swap\" rel=\"stylesheet\">\r\n<link href=\"https://fonts.googleapis.com/css2?family=Gochi+Hand&display=swap\" rel=\"stylesheet\">\r\n<link href=\"https://fonts.googleapis.com/css?family=Ubuntu&display=swap\" rel=\"stylesheet\">','a:3:{s:9:\"main_font\";s:6:\"Ubuntu\";s:10:\"title_font\";s:6:\"Ubuntu\";s:9:\"font_size\";s:4:\"15px\";}');

--
-- Table structure for table `ps_zdropdown`
--

CREATE TABLE `ps_zdropdown` (
  `id_zdropdown` int(10) unsigned NOT NULL AUTO_INCREMENT,
  `id_zmenu` int(10) unsigned NOT NULL,
  `active` tinyint(1) unsigned NOT NULL DEFAULT '1',
  `position` int(10) unsigned NOT NULL DEFAULT '0',
  `column` int(10) DEFAULT '0',
  `content_type` varchar(50) NOT NULL,
  PRIMARY KEY (`id_zdropdown`)
) ENGINE=InnoDB AUTO_INCREMENT=13 DEFAULT CHARSET=utf8;

--
-- Dumping data for table `ps_zdropdown`
--

INSERT INTO `ps_zdropdown` VALUES (1,1,1,1,1,'category'),(2,3,1,1,2,'html'),(3,4,1,1,3,'product'),(4,6,1,1,2,'html'),(5,7,1,1,2,'html'),(6,8,1,1,3,'html'),(7,9,1,1,2,'html'),(8,10,1,1,3,'html'),(9,11,1,1,2,'manufacturer'),(10,1,0,2,1,'category'),(11,1,0,3,1,'category'),(12,1,0,4,1,'html');

--
-- Table structure for table `ps_zdropdown_category`
--

CREATE TABLE `ps_zdropdown_category` (
  `id_zdropdown` int(10) unsigned NOT NULL,
  `id_category` int(10) unsigned NOT NULL,
  PRIMARY KEY (`id_zdropdown`,`id_category`)
) ENGINE=InnoDB DEFAULT CHARSET=utf8;

--
-- Dumping data for table `ps_zdropdown_category`
--

INSERT INTO `ps_zdropdown_category` VALUES (1,46),(3,2),(10,41),(10,45),(11,45),(12,44);

--
-- Table structure for table `ps_zdropdown_html`
--

CREATE TABLE `ps_zdropdown_html` (
  `id_zdropdown` int(10) unsigned NOT NULL,
  `id_lang` int(10) unsigned NOT NULL,
  `static_content` text,
  PRIMARY KEY (`id_zdropdown`,`id_lang`)
) ENGINE=InnoDB DEFAULT CHARSET=utf8;

--
-- Dumping data for table `ps_zdropdown_html`
--

INSERT INTO `ps_zdropdown_html` VALUES (1,1,''),(1,2,''),(1,7,''),(2,1,'<h2>Shipments</h2>\n<h3>Your pack shipment</h3>\n<p>Hot Mark Store will NOT charge any customer with hidden fees on their order.That is the responsibility of the customer to be aware of additional fees to collect a package.<br /><br />All fees and charges will be calculated and displayed after you have entered your shipping information and selected your shipping method.if you are moving anytime soon,please make sure you will be at the address you\'re providing at the time your package arrives.<br /><br />All orders to be processed within approximately two to three business days,provided the items are in stock and there are no problems with the payment verification.<br /><br />All orders to be processed within apporoximately Three to Friday Business days and sent out by Express Post direct from our office in Kuala Lumpur.<br /><br />Orders will not be processed on weekends and Public holidays.Orders placed on Friday after 11.00am will likely be processed on the following Monday.<br /><br />-By Peninsular Malaysia 3-5 business days from delivery day(except Public Holiday)<br /><br />-By East Malaysia 5-7 business days from delivery day(except Public Holiday)<br /><br />In cases of shipping delays caused,we will help resolve the issue to the best of our best ability, yet we will not be help responsible or liable if no one is present to collect the goods or if the address given is incorrect or other factors beyond our control.<br /><br /></p>\n<p>Sincerely,</p>\n<h3>Hot Mark Store Management Team</h3>\n<h3></h3>'),(2,2,''),(2,7,''),(3,1,''),(3,2,''),(3,7,''),(4,1,'<p><img src=\"https://ezecnow.com/mockup/img/cms/Banner/I_M_Seamlessly_Perfect_1000px_Banner.jpg\" alt=\"\" width=\"100%\" height=\"100%\" /></p>'),(4,2,''),(4,7,''),(5,1,'<p><a href=\"https://ezecnow.com/mockup/index.php?id_cms=7&amp;controller=cms\"><img src=\"https://ezecnow.com/mockup/img/cms/Referral%20Reward/referral.jpg\" width=\"100%\" height=\"100%\" alt=\"referral.jpg\" /></a></p>'),(5,2,''),(5,7,'<p><a href=\"https://ezecnow.com/mockup/index.php?id_cms=7&amp;controller=cms\"><img src=\"https://ezecnow.com/mockup/img/cms/Referral%20Reward/referral.jpg\" width=\"100%\" height=\"100%\" alt=\"referral.jpg\" /></a></p>'),(6,1,''),(6,2,''),(6,7,'<p><a href=\"https://ezecnow.com/mockup/index.php?fc=module&module=zeroblog&controller=zblog\"><img src=\"https://ezecnow.com/mockup/img/cms/blog.JPG\" alt=\"\" width=\"100%\" height=\"100%\" /></a></p>'),(7,1,'<p><a href=\"https://ezecnow.com/mockup/index.php?id_cms=8&amp;controller=cms\"><img src=\"https://ezecnow.com/mockup/img/cms/cafe.jpg\" width=\"100%\" height=\"100%\" alt=\"cafe.jpg\" /></a></p>'),(7,2,''),(7,7,'<p><a href=\"https://ezecnow.com/mockup/index.php?id_cms=8&amp;controller=cms\"><img src=\"https://ezecnow.com/mockup/img/cms/cafe.jpg\" width=\"100%\" height=\"100%\" alt=\"cafe.jpg\" /></a></p>'),(8,1,'<p><a href=\"https://ezecnow.com/mockup/index.php?id_category=38&controller=category\"><img src=\"https://ezecnow.com/mockup/img/cms/shopigo.png\" alt=\"\" width=\"870\" height=\"340\" /></a><a href=\"https://ezecnow.com/mockup/index.php?id_cms=9&controller=cms\"><img src=\"https://ezecnow.com/mockup/img/cms/CMS/studiorent.JPG\" alt=\"\" width=\"100%\" height=\"100%\" /></a></p>'),(8,2,''),(8,7,'<p><a href=\"https://ezecnow.com/mockup/index.php?id_cms=9&controller=cms\"><img src=\"https://ezecnow.com/mockup/img/cms/CMS/studiorent.JPG\" alt=\"\" width=\"100%\" height=\"100%\" /></a></p>'),(9,1,''),(9,2,''),(9,7,''),(10,1,''),(10,2,''),(10,7,''),(11,1,''),(11,2,''),(11,7,''),(12,1,'<p><a href=\"https://ezecnow.com/mockup/index.php?id_category=44&controller=category\"><img src=\"https://ezecnow.com/mockup/img/cms/vip_1.png\" alt=\"\" width=\"100%\" height=\"100%\" /></a></p>'),(12,2,''),(12,7,'<p><a href=\"https://ezecnow.com/mockup/index.php?id_category=44&controller=category\"><img src=\"https://ezecnow.com/mockup/img/cms/vip_1.png\" alt=\"\" width=\"100%\" height=\"100%\" /></a></p>');

--
-- Table structure for table `ps_zdropdown_manufacturer`
--

CREATE TABLE `ps_zdropdown_manufacturer` (
  `id_zdropdown` int(10) unsigned NOT NULL,
  `id_manufacturer` int(10) unsigned NOT NULL,
  PRIMARY KEY (`id_zdropdown`,`id_manufacturer`)
) ENGINE=InnoDB DEFAULT CHARSET=utf8;

--
-- Dumping data for table `ps_zdropdown_manufacturer`
--

INSERT INTO `ps_zdropdown_manufacturer` VALUES (9,1),(9,2),(9,3),(9,4),(9,5),(9,6);

--
-- Table structure for table `ps_zdropdown_product`
--

CREATE TABLE `ps_zdropdown_product` (
  `id_zdropdown` int(10) unsigned NOT NULL,
  `id_product` int(10) unsigned NOT NULL,
  PRIMARY KEY (`id_zdropdown`,`id_product`)
) ENGINE=InnoDB DEFAULT CHARSET=utf8;

--
-- Dumping data for table `ps_zdropdown_product`
--

INSERT INTO `ps_zdropdown_product` VALUES (3,1),(3,2),(3,4);

--
-- Table structure for table `ps_zhomeblock`
--

CREATE TABLE `ps_zhomeblock` (
  `id_zhomeblock` int(10) unsigned NOT NULL AUTO_INCREMENT,
  `id_zhomelayout` int(10) unsigned NOT NULL,
  `active` tinyint(1) unsigned NOT NULL DEFAULT '1',
  `position` int(10) unsigned NOT NULL DEFAULT '0',
  `block_type` varchar(128) NOT NULL,
  `custom_class` varchar(50) DEFAULT NULL,
  `product_filter` varchar(128) NOT NULL,
  `product_options` text,
  PRIMARY KEY (`id_zhomeblock`)
) ENGINE=InnoDB DEFAULT CHARSET=utf8;

--
-- Dumping data for table `ps_zhomeblock`
--


--
-- Table structure for table `ps_zhomeblock_lang`
--

CREATE TABLE `ps_zhomeblock_lang` (
  `id_zhomeblock` int(10) unsigned NOT NULL,
  `id_lang` int(10) unsigned NOT NULL,
  `title` varchar(254) DEFAULT NULL,
  `static_html` text,
  PRIMARY KEY (`id_zhomeblock`,`id_lang`)
) ENGINE=InnoDB DEFAULT CHARSET=utf8;

--
-- Dumping data for table `ps_zhomeblock_lang`
--


--
-- Table structure for table `ps_zhomelayout`
--

CREATE TABLE `ps_zhomelayout` (
  `id_zhomelayout` int(11) NOT NULL AUTO_INCREMENT,
  `id_shop` int(10) unsigned NOT NULL DEFAULT '1',
  `meta` varchar(254) NOT NULL,
  `active` tinyint(1) unsigned NOT NULL DEFAULT '1',
  `position` int(10) unsigned NOT NULL DEFAULT '0',
  `layout` varchar(128) NOT NULL,
  `hook` varchar(50) DEFAULT NULL,
  `custom_class` varchar(50) DEFAULT NULL,
  PRIMARY KEY (`id_zhomelayout`)
) ENGINE=InnoDB DEFAULT CHARSET=utf8;

--
-- Dumping data for table `ps_zhomelayout`
--


--
-- Table structure for table `ps_zmanager`
--

CREATE TABLE `ps_zmanager` (
  `id_zmanager` int(11) NOT NULL AUTO_INCREMENT,
  `id_shop` int(10) unsigned NOT NULL DEFAULT '1',
  `header_banner_bg_color` varchar(50) DEFAULT NULL,
  `footer_social_network` text,
  `footer_cms_links` varchar(254) DEFAULT NULL,
  `header_sidebar_menu` varchar(10) DEFAULT NULL,
  `header_cms_links` varchar(254) DEFAULT NULL,
  `header_save_date` int(10) DEFAULT '0',
  PRIMARY KEY (`id_zmanager`)
) ENGINE=InnoDB AUTO_INCREMENT=2 DEFAULT CHARSET=utf8;

--
-- Dumping data for table `ps_zmanager`
--

INSERT INTO `ps_zmanager` VALUES (1,1,'#ffffff','a:11:{s:7:\"twitter\";s:27:\"https://ezecnow.com/mockup/\";s:8:\"facebook\";s:34:\"https://www.facebook.com/mockup36/\";s:11:\"google-plus\";s:44:\"https://ezecnow.com/mockup/gdalluc6qpy5l0bw/\";s:7:\"youtube\";s:27:\"https://ezecnow.com/mockup/\";s:9:\"pinterest\";s:0:\"\";s:9:\"instagram\";s:27:\"https://ezecnow.com/mockup/\";s:6:\"tumblr\";s:0:\"\";s:3:\"rss\";s:0:\"\";s:8:\"linkedin\";s:0:\"\";s:6:\"flickr\";s:0:\"\";s:8:\"dribbble\";s:0:\"\";}','3,6,4,prices-drop,new-products,contact','megamenu','3,6,4,prices-drop,new-products,contact',1599401300);

--
-- Table structure for table `ps_zmanager_lang`
--

CREATE TABLE `ps_zmanager_lang` (
  `id_zmanager` int(10) unsigned NOT NULL,
  `id_lang` int(10) unsigned NOT NULL,
  `header_banner` text,
  `header_custom_links` text,
  `footer_contact_infos` text,
  `footer_static_links` text,
  `footer_payment` text,
  `footer_copyright` text,
  PRIMARY KEY (`id_zmanager`,`id_lang`)
) ENGINE=InnoDB DEFAULT CHARSET=utf8;

--
-- Dumping data for table `ps_zmanager_lang`
--

INSERT INTO `ps_zmanager_lang` VALUES (1,1,'<p><marquee> Welcome to EZ e-Commerce Solutions</marquee></p>','','<p style=\"text-align: center;\"><img src=\"https://ezecnow.com/mockup/img/cms/EZ-Square.png\" width=\"200\" height=\"197\" /></p>\r\n<h4 style=\"text-align: center;\"><span color=\"#4a4a4a\" style=\"color: #4a4a4a;\">EZ e-Commerce</span></h4>\r\n<p style=\"text-align: center;\"><span style=\"color: #4a4a4a;\"><span>Suite 833A, Level 28,</span><br /><span>The Gardens South Tower,</span><br /><span>Mid Valley City, Lingkaran Syed Putra,</span><br /><span>59200, Kuala Lumpur, Malaysia.</span><br /></span></p>\r\n<p style=\"text-align: center;\"><span style=\"color: #4a4a4a;\">Whatsapp: +012-239 5575</span></p>\r\n<p style=\"text-align: center;\"><a href=\"https://ezecnow.com/mockup/index.php?controller=contact\" class=\"btn btn-default\">Message Us</a></p>','<p><a href=\"https://ul.waze.com/ul?ll=3.11775132%2C101.67528950&navigate=yes&zoom=17\"><img src=\"https://ezecnow.com/mockup/img/cms/livemap.PNG\" alt=\"\" width=\"350\" style=\"display: block; margin-left: auto; margin-right: auto;\" /></a></p>','<p><img src=\"https://ezecnow.com/mockup/img/cms/secured-payment.png\" alt=\"\" width=\"300\" height=\"89\" /></p>','<p><a href=\"http://www.ezecnow.com/\"><img src=\"https://www.ezecnow.com/wp-content/uploads/2019/09/logo2.png\" width=\"128\" height=\"40\" alt=\"ezecnowlogonew-banner-mod.png\" /></a> <span style=\"color: #4a4a4a;\">Powered by <strong>EZ e-Commerce</strong> | Copyright © 2021 <b>EZ e-Commerce</b></span></p>'),(1,2,'<p><marquee> Welcome to EZ e-Commerce Solutions</marquee></p>','','<p style=\"text-align: center;\"><img src=\"https://ezecnow.com/mockup/img/cms/EZ-Square.png\" width=\"200\" height=\"197\" /></p>\r\n<h4 style=\"text-align: center;\"><span color=\"#4a4a4a\" style=\"color: #4a4a4a;\">EZ e-Commerce</span></h4>\r\n<p style=\"text-align: center;\"><span style=\"color: #4a4a4a;\"><span>Suite 833A, Level 28,</span><br /><span>The Gardens South Tower,</span><br /><span>Mid Valley City, Lingkaran Syed Putra,</span><br /><span>59200, Kuala Lumpur, Malaysia.</span><br /></span></p>\r\n<p style=\"text-align: center;\"><span style=\"color: #4a4a4a;\">Whatsapp: +012-239 5575</span></p>\r\n<p style=\"text-align: center;\"><a href=\"https://ezecnow.com/mockup/index.php?controller=contact\" class=\"btn btn-default\">Message Us</a></p>','<p><a href=\"https://ul.waze.com/ul?ll=3.11775132%2C101.67528950&navigate=yes&zoom=17\"><img src=\"https://ezecnow.com/mockup/img/cms/livemap.PNG\" alt=\"\" width=\"350\" style=\"display: block; margin-left: auto; margin-right: auto;\" /></a></p>','<p><img src=\"https://ezecnow.com/mockup/img/cms/secured-payment.png\" alt=\"\" width=\"300\" height=\"89\" /></p>','<p><a href=\"http://www.ezecnow.com/\"><img src=\"https://www.ezecnow.com/wp-content/uploads/2019/09/logo2.png\" width=\"128\" height=\"40\" alt=\"ezecnowlogonew-banner-mod.png\" /></a> <span style=\"color: #4a4a4a;\">Powered by <strong>EZ e-Commerce</strong> | Copyright © 2020 <b>EZ e-Commerce</b></span></p>'),(1,7,'<p><marquee> Welcome to EZ e-Commerce Solutions</marquee></p>','','<p style=\"text-align: center;\"><img src=\"https://ezecnow.com/mockup/img/cms/EZ-Square.png\" width=\"200\" height=\"197\" /></p>\r\n<h4 style=\"text-align: center;\"><span color=\"#4a4a4a\" style=\"color: #4a4a4a;\">EZ e-Commerce</span></h4>\r\n<p style=\"text-align: center;\"><span style=\"color: #4a4a4a;\"><span>Suite 833A, Level 28,</span><br /><span>The Gardens South Tower,</span><br /><span>Mid Valley City, Lingkaran Syed Putra,</span><br /><span>59200, Kuala Lumpur, Malaysia.</span><br /></span></p>\r\n<p style=\"text-align: center;\"><span style=\"color: #4a4a4a;\">Whatsapp: +012-239 5575</span></p>\r\n<p style=\"text-align: center;\"><a href=\"https://ezecnow.com/mockup/index.php?controller=contact\" class=\"btn btn-default\">Message Us</a></p>','<p><a href=\"https://ul.waze.com/ul?ll=3.11775132%2C101.67528950&navigate=yes&zoom=17\"><img src=\"https://ezecnow.com/mockup/img/cms/livemap.PNG\" alt=\"\" width=\"350\" style=\"display: block; margin-left: auto; margin-right: auto;\" /></a></p>','<p><img src=\"https://ezecnow.com/mockup/img/cms/secured-payment.png\" alt=\"\" width=\"300\" height=\"89\" /></p>','<p><a href=\"http://www.ezecnow.com/\"><img src=\"https://www.ezecnow.com/wp-content/uploads/2019/09/logo2.png\" width=\"128\" height=\"40\" alt=\"ezecnowlogonew-banner-mod.png\" /></a> <span style=\"color: #4a4a4a;\">Powered by <strong>EZ e-Commerce</strong> | Copyright © 2020 <b>EZ e-Commerce</b></span></p>'),(1,8,'','','<p><img src=\"https://ezecnow.com/mockup/img/cms/logo%20org%20-%20trans.png\" alt=\"\" width=\"280\" height=\"280\" /></p>\n<p><br />D-1A-5 &amp; 6, Level 1A, Block D, Skypark One City,</p>\n<p>Jalan USJ 25/1, 47650, Subang Jaya, Selangor, Malaysia.</p>\n<p>Tel: +603-5022 3108</p>\n<p>Fax: +603-5022 3109</p>','','<p><img src=\"https://ezecnow.com/mockup/img/cms/Credit-Card-Visa-And-Master-Card-Transparent-Background.png\" alt=\"\" width=\"300\" height=\"71\" style=\"margin-left:auto;margin-right:auto;\" /></p>',''),(1,9,'','','<p><img src=\"https://ezecnow.com/mockup/img/cms/logo%20org%20-%20trans.png\" alt=\"\" width=\"280\" height=\"280\" /></p>\n<p><br />D-1A-5 &amp; 6, Level 1A, Block D, Skypark One City,</p>\n<p>Jalan USJ 25/1, 47650, Subang Jaya, Selangor, Malaysia.</p>\n<p>Tel: +603-5022 3108</p>\n<p>Fax: +603-5022 3109</p>','','<p><img src=\"https://ezecnow.com/mockup/img/cms/Credit-Card-Visa-And-Master-Card-Transparent-Background.png\" alt=\"\" width=\"300\" height=\"71\" style=\"margin-left:auto;margin-right:auto;\" /></p>',''),(1,10,'','','<p><img src=\"https://ezecnow.com/mockup/img/cms/logo%20org%20-%20trans.png\" alt=\"\" width=\"280\" height=\"280\" /></p>\n<p><br />D-1A-5 &amp; 6, Level 1A, Block D, Skypark One City,</p>\n<p>Jalan USJ 25/1, 47650, Subang Jaya, Selangor, Malaysia.</p>\n<p>Tel: +603-5022 3108</p>\n<p>Fax: +603-5022 3109</p>','','<p><img src=\"https://ezecnow.com/mockup/img/cms/Credit-Card-Visa-And-Master-Card-Transparent-Background.png\" alt=\"\" width=\"300\" height=\"71\" style=\"margin-left:auto;margin-right:auto;\" /></p>',''),(1,11,'','','<p><img src=\"https://ezecnow.com/mockup/img/cms/logo%20org%20-%20trans.png\" alt=\"\" width=\"280\" height=\"280\" /></p>\n<p><br />D-1A-5 &amp; 6, Level 1A, Block D, Skypark One City,</p>\n<p>Jalan USJ 25/1, 47650, Subang Jaya, Selangor, Malaysia.</p>\n<p>Tel: +603-5022 3108</p>\n<p>Fax: +603-5022 3109</p>','','<p><img src=\"https://ezecnow.com/mockup/img/cms/Credit-Card-Visa-And-Master-Card-Transparent-Background.png\" alt=\"\" width=\"300\" height=\"71\" style=\"margin-left:auto;margin-right:auto;\" /></p>','');

--
-- Table structure for table `ps_zmenu`
--

CREATE TABLE `ps_zmenu` (
  `id_zmenu` int(10) unsigned NOT NULL AUTO_INCREMENT,
  `id_shop` int(10) unsigned NOT NULL DEFAULT '1',
  `active` tinyint(1) unsigned NOT NULL DEFAULT '1',
  `rightmenu` tinyint(1) unsigned DEFAULT '0',
  `position` int(10) unsigned NOT NULL DEFAULT '0',
  `label_color` varchar(32) DEFAULT NULL,
  `drop_column` int(10) DEFAULT '0',
  `drop_bgcolor` varchar(32) DEFAULT NULL,
  `drop_bgimage` varchar(128) DEFAULT NULL,
  `bgimage_position` varchar(50) DEFAULT NULL,
  `position_x` int(10) DEFAULT '0',
  `position_y` int(10) DEFAULT '0',
  PRIMARY KEY (`id_zmenu`,`id_shop`)
) ENGINE=InnoDB AUTO_INCREMENT=11 DEFAULT CHARSET=utf8;

--
-- Dumping data for table `ps_zmenu`
--

INSERT INTO `ps_zmenu` VALUES (1,1,1,0,2,'',1,'#E3DFDE','','left top',0,0),(3,1,0,0,6,'',2,'','','right bottom',0,0),(4,1,1,0,1,'',3,'','','left bottom',0,0),(5,1,1,0,9,'',0,'','','right bottom',0,0),(6,1,0,0,5,'',0,'','','right bottom',0,0),(7,1,0,0,3,'',2,'','','right bottom',0,0),(8,1,1,0,4,'',3,'','','right bottom',0,0),(9,1,0,0,8,'',0,'','','right bottom',0,0),(10,1,0,0,7,'',3,'','','right bottom',0,0);

--
-- Table structure for table `ps_zmenu_lang`
--

CREATE TABLE `ps_zmenu_lang` (
  `id_zmenu` int(10) unsigned NOT NULL,
  `id_lang` int(10) unsigned NOT NULL,
  `name` varchar(254) NOT NULL,
  `link` varchar(254) NOT NULL DEFAULT '',
  `label` varchar(128) DEFAULT NULL,
  PRIMARY KEY (`id_zmenu`,`id_lang`),
  KEY `name` (`name`)
) ENGINE=InnoDB DEFAULT CHARSET=utf8;

--
-- Dumping data for table `ps_zmenu_lang`
--

INSERT INTO `ps_zmenu_lang` VALUES (1,1,'Products','',''),(1,2,'Category Menu','https://ezecnow.com/mockup/index.php?controller=search&orderby=position&orderway=desc&search_query=home&submit_search=',''),(1,7,'产品类别','',''),(1,8,'カテゴリメニュー','https://ezecnow.com/mockup/index.php?controller=search&orderby=position&orderway=desc&search_query=home&submit_search=',''),(1,9,' 카테고리 메뉴','https://ezecnow.com/mockup/index.php?controller=search&orderby=position&orderway=desc&search_query=home&submit_search=',''),(1,10,'Category Menu','https://ezecnow.com/mockup/index.php?controller=search&orderby=position&orderway=desc&search_query=home&submit_search=',''),(1,11,'Category Menu','https://ezecnow.com/mockup/index.php?controller=search&orderby=position&orderway=desc&search_query=home&submit_search=',''),(3,1,'Shipment Info','',''),(3,2,'Shipment Info','',''),(3,7,'贴心速递','',''),(3,8,'出荷情報','',''),(3,9,'배송 정보','',''),(3,10,'Shipment Info','',''),(3,11,'Shipment Info','',''),(4,1,'Highlight','https://ezecnow.com/mockup/index.php?controller=prices-drop',''),(4,2,'Promotion','https://ezecnow.com/mockup/index.php?controller=prices-drop',''),(4,7,'特别优惠','https://ezecnow.com/mockup/index.php?controller=prices-drop',''),(4,8,'プロモーション','https://ezecnow.com/mockup/index.php?controller=prices-drop',''),(4,9,'승진','https://ezecnow.com/mockup/index.php?controller=prices-drop',''),(4,10,'Promotion','https://ezecnow.com/mockup/index.php?controller=prices-drop',''),(4,11,'Promotion','https://ezecnow.com/mockup/index.php?controller=prices-drop',''),(5,1,'Contact Us','https://ezecnow.com/mockup/index.php?controller=contact',''),(5,2,'Contact Us','https://ezecnow.com/mockup/index.php?controller=contact',''),(5,7,'温馨客服','https://ezecnow.com/mockup/index.php?controller=contact',''),(5,8,' お問い合わせ','https://ezecnow.com/mockup/index.php?controller=contact',''),(5,9,'문의하기','https://ezecnow.com/mockup/index.php?controller=contact',''),(5,10,'Contact Us','https://ezecnow.com/mockup/index.php?controller=contact',''),(5,11,'Contact Us','https://ezecnow.com/mockup/index.php?controller=contact',''),(6,1,'Reseller Registration','https://ezecnow.com/mockup/index.php?id_product=17&controller=product',''),(6,2,'Reseller','https://ezecnow.com/mockup/index.php?id_product=10&controller=product',''),(6,7,'Reseller','https://ezecnow.com/mockup/index.php?id_product=10&controller=product',''),(7,1,'Referral Reward ','https://ezecnow.com/mockup/index.php?id_cms=7&controller=cms',''),(7,2,'Referral Reward 分享有赏','https://ezecnow.com/mockup/index.php?id_cms=7&controller=cms',''),(7,7,'分享有赏','https://ezecnow.com/mockup/index.php?id_cms=7&controller=cms',''),(8,1,'Latest News','https://ezecnow.com/mockup/index.php?fc=module&module=zeroblog&controller=zblog',''),(8,2,'Latest News','https://ezecnow.com/mockup/index.php?fc=module&module=zeroblog&controller=zblog',''),(8,7,'最新资讯','https://ezecnow.com/mockup/index.php?fc=module&module=zeroblog&controller=zblog',''),(9,1,'FAQ','https://ezecnow.com/mockup/index.php?id_cms=8&controller=cms',''),(9,2,'FAQ','https://ezecnow.com/mockup/index.php?id_cms=8&controller=cms',''),(9,7,'FAQ','https://ezecnow.com/mockup/index.php?id_cms=8&controller=cms',''),(10,1,'Join Dealer ','https://ezecnow.com/mockup/index.php?id_category=38&controller=category',''),(10,2,'Join Dealer ','https://ezecnow.com/mockup/index.php?id_category=38&controller=category',''),(10,7,'Join Dealer ','https://ezecnow.com/mockup/index.php?id_category=38&controller=category','');

--
-- Table structure for table `ps_znewsletter`
--

CREATE TABLE `ps_znewsletter` (
  `id_znewsletter` int(11) NOT NULL AUTO_INCREMENT,
  `id_shop` int(10) unsigned NOT NULL DEFAULT '1',
  `active` tinyint(1) unsigned NOT NULL DEFAULT '1',
  `width` int(10) unsigned NOT NULL DEFAULT '0',
  `height` int(10) unsigned NOT NULL DEFAULT '0',
  `bg_color` varchar(50) DEFAULT NULL,
  `bg_image` varchar(100) DEFAULT NULL,
  `cookie_time` int(10) unsigned NOT NULL DEFAULT '0',
  PRIMARY KEY (`id_znewsletter`)
) ENGINE=InnoDB AUTO_INCREMENT=2 DEFAULT CHARSET=utf8;

--
-- Dumping data for table `ps_znewsletter`
--

INSERT INTO `ps_znewsletter` VALUES (1,1,1,350,450,'#ffffff','',0);

--
-- Table structure for table `ps_znewsletter_lang`
--

CREATE TABLE `ps_znewsletter_lang` (
  `id_znewsletter` int(10) unsigned NOT NULL,
  `id_lang` int(10) unsigned NOT NULL,
  `content` text,
  PRIMARY KEY (`id_znewsletter`,`id_lang`)
) ENGINE=InnoDB DEFAULT CHARSET=utf8;

--
-- Dumping data for table `ps_znewsletter_lang`
--

INSERT INTO `ps_znewsletter_lang` VALUES (1,1,'<h3 style=\"text-align: center;\"><span style=\"color: #4a4a4a;\"><img src=\"https://ezecnow.com/mockup/img/cms/EZ-Square.png\" width=\"101\" height=\"100\" /></span></h3>\r\n<h3 style=\"text-align: center;\"><span style=\"color: #4a4a4a;\">Your Best e-Commerce Solution<br />Partner In Town</span></h3>'),(1,2,'<p><img src=\"https://ezecnow.com/mockup/img/cms/31100501_1642888542494914_6674601880628232192_o.jpg\" alt=\"\" width=\"400\" height=\"267\" /></p>'),(1,7,'<h3 style=\"text-align: center;\"><span style=\"color: #4a4a4a;\"><img src=\"https://ezecnow.com/mockup/img/cms/mockup-square-st.png\" alt=\"\" width=\"100\" height=\"101\" /></span></h3>\r\n<h3 style=\"text-align: center;\"><span style=\"color: #4a4a4a;\">The Cooling Systems Expert</span></h3>\r\n<p style=\"text-align: center;\"><span style=\"color: #4a4a4a;\">The most complete cooling systems parts, accessories and engineering expert!</span></p>'),(1,8,'<p><img src=\"https://ezecnow.com/mockup/img/cms/31100501_1642888542494914_6674601880628232192_o.jpg\" alt=\"\" width=\"400\" height=\"267\" /></p>'),(1,9,'<p><img src=\"https://ezecnow.com/mockup/img/cms/31100501_1642888542494914_6674601880628232192_o.jpg\" alt=\"\" width=\"400\" height=\"267\" /></p>'),(1,10,'<p><img src=\"https://ezecnow.com/mockup/img/cms/31100501_1642888542494914_6674601880628232192_o.jpg\" alt=\"\" width=\"400\" height=\"267\" /></p>'),(1,11,'<p><img src=\"https://ezecnow.com/mockup/img/cms/31100501_1642888542494914_6674601880628232192_o.jpg\" alt=\"\" width=\"400\" height=\"267\" /></p>');

--
-- Table structure for table `ps_zone`
--

CREATE TABLE `ps_zone` (
  `id_zone` int(10) unsigned NOT NULL AUTO_INCREMENT,
  `name` varchar(64) NOT NULL,
  `active` tinyint(1) unsigned NOT NULL DEFAULT '0',
  PRIMARY KEY (`id_zone`)
) ENGINE=InnoDB AUTO_INCREMENT=13 DEFAULT CHARSET=utf8;

--
-- Dumping data for table `ps_zone`
--

INSERT INTO `ps_zone` VALUES (1,'Europe',1),(2,'North America',1),(3,'Asia',1),(4,'Africa',1),(5,'Oceania',1),(6,'South America',1),(7,'Europe (non-EU)',1),(8,'Central America/Antilla',1),(9,'Peninsular Malaysia',1),(10,'Sabah',1),(11,'Sarawak',1),(12,'KlangValley',1);

--
-- Table structure for table `ps_zone_shop`
--

CREATE TABLE `ps_zone_shop` (
  `id_zone` int(11) unsigned NOT NULL,
  `id_shop` int(11) unsigned NOT NULL,
  PRIMARY KEY (`id_zone`,`id_shop`),
  KEY `id_shop` (`id_shop`)
) ENGINE=InnoDB DEFAULT CHARSET=utf8;

--
-- Dumping data for table `ps_zone_shop`
--

INSERT INTO `ps_zone_shop` VALUES (1,1),(2,1),(3,1),(4,1),(5,1),(6,1),(7,1),(8,1),(9,1),(10,1),(11,1),(12,1);

--
-- Table structure for table `ps_zproduct_extra_field`
--

CREATE TABLE `ps_zproduct_extra_field` (
  `id_zproduct_extra_field` int(10) unsigned NOT NULL AUTO_INCREMENT,
  `scope` varchar(50) NOT NULL,
  `categories` varchar(255) DEFAULT '',
  `products` varchar(255) DEFAULT '',
  `position` int(10) unsigned NOT NULL DEFAULT '0',
  `hook` varchar(50) DEFAULT NULL,
  `custom_class` varchar(50) DEFAULT NULL,
  `active` tinyint(1) unsigned NOT NULL DEFAULT '0',
  PRIMARY KEY (`id_zproduct_extra_field`)
) ENGINE=InnoDB AUTO_INCREMENT=4 DEFAULT CHARSET=utf8;

--
-- Dumping data for table `ps_zproduct_extra_field`
--

INSERT INTO `ps_zproduct_extra_field` VALUES (1,'All Products','','',1,'product_sidebar','',0),(2,'All Products','','',2,'product_sidebar','',0),(3,'All Products','','',3,'product_footer','',0);

--
-- Table structure for table `ps_zproduct_extra_field_lang`
--

CREATE TABLE `ps_zproduct_extra_field_lang` (
  `id_zproduct_extra_field` int(10) unsigned NOT NULL,
  `id_lang` int(10) unsigned NOT NULL,
  `title` varchar(255) DEFAULT NULL,
  `content` text,
  PRIMARY KEY (`id_zproduct_extra_field`,`id_lang`),
  KEY `title` (`title`)
) ENGINE=InnoDB DEFAULT CHARSET=utf8;

--
-- Dumping data for table `ps_zproduct_extra_field_lang`
--

INSERT INTO `ps_zproduct_extra_field_lang` VALUES (1,1,'恭喜发大财','<p><img src=\"https://ezecnow.com/mockup/img/cms/215fb9e106daf41c2f6fd84ad3a660cb2bce7dda15841-dDgPm3_%E5%89%AF%E6%9C%AC.png\" alt=\"\" width=\"100%\" height=\"100%\" /></p>'),(1,2,'',''),(1,7,'',''),(2,1,'恭喜发大财','<p><img src=\"https://ezecnow.com/mockup/img/cms/153513x5maiv3ciiayc0mi.gif\" alt=\"\" width=\"100%\" height=\"100%\" /></p>'),(2,2,'',''),(2,7,'',''),(3,1,'Jusco Voucher','<p><img src=\"https://ezecnow.com/mockup/img/cms/Jusco-voucher-RM10-Feb19.png\" alt=\"\" width=\"100%\" height=\"100%\" style=\"margin-left:auto;margin-right:auto;\" /></p>'),(3,2,'',''),(3,7,'','');

--
-- Table structure for table `ps_zsidebarblock`
--

CREATE TABLE `ps_zsidebarblock` (
  `id_zsidebarblock` int(10) unsigned NOT NULL AUTO_INCREMENT,
  `id_zsidebarlayout` int(10) unsigned NOT NULL,
  `active` tinyint(1) unsigned NOT NULL DEFAULT '1',
  `position` int(10) unsigned NOT NULL DEFAULT '0',
  `block_type` varchar(128) NOT NULL,
  `custom_class` varchar(50) DEFAULT NULL,
  `product_filter` varchar(128) NOT NULL,
  `product_options` text,
  PRIMARY KEY (`id_zsidebarblock`)
) ENGINE=InnoDB DEFAULT CHARSET=utf8;

--
-- Dumping data for table `ps_zsidebarblock`
--


--
-- Table structure for table `ps_zsidebarblock_lang`
--

CREATE TABLE `ps_zsidebarblock_lang` (
  `id_zsidebarblock` int(10) unsigned NOT NULL,
  `id_lang` int(10) unsigned NOT NULL,
  `title` varchar(254) DEFAULT NULL,
  `static_html` text,
  PRIMARY KEY (`id_zsidebarblock`,`id_lang`)
) ENGINE=InnoDB DEFAULT CHARSET=utf8;

--
-- Dumping data for table `ps_zsidebarblock_lang`
--


--
-- Table structure for table `ps_zsidebarlayout`
--

CREATE TABLE `ps_zsidebarlayout` (
  `id_zsidebarlayout` int(11) NOT NULL AUTO_INCREMENT,
  `id_shop` int(10) unsigned NOT NULL DEFAULT '1',
  `meta` varchar(254) NOT NULL,
  `active` tinyint(1) unsigned NOT NULL DEFAULT '1',
  `position` int(10) unsigned NOT NULL DEFAULT '0',
  `layout` varchar(128) NOT NULL,
  `hook` varchar(50) DEFAULT NULL,
  `custom_class` varchar(50) DEFAULT NULL,
  PRIMARY KEY (`id_zsidebarlayout`)
) ENGINE=InnoDB DEFAULT CHARSET=utf8;

--
-- Dumping data for table `ps_zsidebarlayout`
--


--
-- Table structure for table `ps_zslideshow`
--

CREATE TABLE `ps_zslideshow` (
  `id_zslideshow` int(11) NOT NULL AUTO_INCREMENT,
  `id_shop` int(10) unsigned NOT NULL DEFAULT '1',
  `active` tinyint(1) unsigned NOT NULL DEFAULT '1',
  `position` int(10) unsigned NOT NULL DEFAULT '0',
  `image` varchar(100) NOT NULL DEFAULT '',
  `transition` varchar(50) DEFAULT NULL,
  `related_products` varchar(100) DEFAULT NULL,
  PRIMARY KEY (`id_zslideshow`)
) ENGINE=InnoDB DEFAULT CHARSET=utf8;

--
-- Dumping data for table `ps_zslideshow`
--


--
-- Table structure for table `ps_zslideshow_lang`
--

CREATE TABLE `ps_zslideshow_lang` (
  `id_zslideshow` int(10) unsigned NOT NULL,
  `id_lang` int(10) unsigned NOT NULL,
  `title` varchar(254) DEFAULT NULL,
  `link` varchar(254) DEFAULT NULL,
  `caption` text,
  PRIMARY KEY (`id_zslideshow`,`id_lang`),
  KEY `title` (`title`)
) ENGINE=InnoDB DEFAULT CHARSET=utf8;

--
-- Dumping data for table `ps_zslideshow_lang`
--



