-- Table structure for table `ps_hifacebookusers`
--

CREATE TABLE `ps_hifacebookusers` (
  `id` int(11) NOT NULL AUTO_INCREMENT,
  `id_user` varchar(100) NOT NULL,
  `id_shop_group` int(11) NOT NULL,
  `id_shop` int(11) NOT NULL,
  `first_name` varchar(100) NOT NULL,
  `last_name` varchar(100) NOT NULL,
  `email` varchar(100) NOT NULL,
  `gender` varchar(100) NOT NULL,
  `date_add` date NOT NULL,
  `date_upd` date NOT NULL,
  PRIMARY KEY (`id`)
) ENGINE=InnoDB AUTO_INCREMENT=25 DEFAULT CHARSET=utf8;

--
-- Dumping data for table `ps_hifacebookusers`
--

INSERT INTO `ps_hifacebookusers` VALUES (1,'10155360619034081',1,1,'Donovan','Mah','atoum_man@hotmail.com','male','2017-11-09','2017-11-09'),(2,'10156497307939041',1,1,'Alan','Lun','alan_003x@hotmail.com','male','2017-11-27','2017-11-27'),(3,'1715098551867800',1,1,'Jackie','Yap','jackie.yap.79@gmail.com','male','2018-01-03','2018-01-03'),(4,'387414008368622',1,1,'太阳','小','ceriacenderahati1@gmail.com','female','2018-01-05','2018-01-05'),(5,'558229844522544',1,1,'Fiona','Shu','fionashu0212@gmail.com','female','2018-01-08','2018-01-08'),(6,'10211635057088341',1,1,'Hiang','Gek','gekhiang1@hotmail.com','female','2018-01-08','2018-01-08'),(7,'1593837107371775',1,1,'Alice','Ng','olympic20112011@hotmail.com','female','2018-01-08','2018-01-08'),(8,'1959348607647777',1,1,'Cheng','Ah','choonchengyap@gmail.com','male','2018-01-08','2018-01-08'),(9,'399447900485095',1,1,'TimNhau','XinĐừng','teohwooiwang@hotmail.com','female','2018-01-08','2018-01-08'),(10,'569354696741222',1,1,'Chu','CaiYin','chuchazyin@gmail.com','male','2018-01-08','2018-01-08'),(11,'147682362679858',1,1,'Jackie','Yap','jackieyap@ezecnow.com','male','2018-01-08','2018-01-08'),(12,'548046458890879',1,1,'Vicky','Ling','vickyling0923@gmail.com','female','2018-01-08','2018-01-08'),(13,'10155339830566538',1,1,'Corine','Lim','yukikolady@hotmail.com','','2018-01-09','2018-01-09'),(14,'1806533929379789',1,1,'Mandy','Yeong','mandy_5084@yahoo.com','female','2018-01-09','2018-01-09'),(15,'2118757641686388',1,1,'Yong','Ewing','ewingyong68@hotmail.com','female','2018-01-09','2018-01-09'),(16,'822026157958918',1,1,'莹','巫','moochoyying1016@gmail.com','female','2018-01-10','2018-01-10'),(17,'1831522530222720',1,1,'JiaXuanSyuan','Tay','syuantay@gmail.com','female','2018-01-11','2018-01-11'),(18,'1344519082359496',1,1,'CH','Woh','haw8184@hotmail.com','male','2018-01-11','2018-01-11'),(19,'1727646763946312',1,1,'Jackie','Yap','jackie.yap.79@gmail.com','male','2018-01-14','2018-01-14'),(20,'10211530300242301',1,1,'PSan','Chai','puisanchai616@gmail.com','female','2018-01-14','2018-01-14'),(21,'10156048369182071',1,1,'Veronica','Victory','veronicaong3777@yahoo.com','female','2018-01-31','2018-01-31'),(22,'1748567225187599',1,1,'Jackie','Yap','jackie.yap.79@gmail.com','male','2018-02-02','2018-02-02'),(23,'2093982670849043',1,1,'Liang','Janet','saviour007@yahoo.com','female','2018-02-09','2018-02-09'),(24,'243261093172323',1,1,'Anne','Chua','annechua0929@gmail.com','','2018-08-04','2018-08-04');

--
-- Table structure for table `ps_homeslider`
--

CREATE TABLE `ps_homeslider` (
  `id_homeslider_slides` int(10) unsigned NOT NULL AUTO_INCREMENT,
  `id_shop` int(10) unsigned NOT NULL,
  PRIMARY KEY (`id_homeslider_slides`,`id_shop`)
) ENGINE=InnoDB AUTO_INCREMENT=4 DEFAULT CHARSET=utf8;

--
-- Dumping data for table `ps_homeslider`
--

INSERT INTO `ps_homeslider` VALUES (1,1),(2,1),(3,1);

--
-- Table structure for table `ps_homeslider_slides`
--

CREATE TABLE `ps_homeslider_slides` (
  `id_homeslider_slides` int(10) unsigned NOT NULL AUTO_INCREMENT,
  `position` int(10) unsigned NOT NULL DEFAULT '0',
  `active` tinyint(1) unsigned NOT NULL DEFAULT '0',
  PRIMARY KEY (`id_homeslider_slides`)
) ENGINE=InnoDB AUTO_INCREMENT=4 DEFAULT CHARSET=utf8;

--
-- Dumping data for table `ps_homeslider_slides`
--

INSERT INTO `ps_homeslider_slides` VALUES (1,0,1),(2,0,1),(3,0,1);

--
-- Table structure for table `ps_homeslider_slides_lang`
--

CREATE TABLE `ps_homeslider_slides_lang` (
  `id_homeslider_slides` int(10) unsigned NOT NULL,
  `id_lang` int(10) unsigned NOT NULL,
  `title` varchar(255) NOT NULL,
  `description` text NOT NULL,
  `legend` varchar(255) NOT NULL,
  `url` varchar(255) NOT NULL,
  `image` varchar(255) NOT NULL,
  PRIMARY KEY (`id_homeslider_slides`,`id_lang`)
) ENGINE=InnoDB DEFAULT CHARSET=utf8;

--
-- Dumping data for table `ps_homeslider_slides_lang`
--

INSERT INTO `ps_homeslider_slides_lang` VALUES (1,1,'Sample 1','','sample-1','https://ezecnow.com/mockup/','b88e57f07c33e08b8bb430d793626adcbb08a891_slide01.png'),(1,2,'Sample 1','','sample-1','https://ezecnow.com/mockup/','0936775445774802877e4515cf0455169de8e1e1_slide01.png'),(1,3,'Sample 1','<h2>EXCEPTEUR<br />OCCAECAT</h2>\n<p>Lorem ipsum dolor sit amet, consectetur adipiscing elit. Proin tristique in tortor et dignissim. Quisque non tempor leo. Maecenas egestas sem elit</p>\n<p><button class=\"btn btn-default\" type=\"button\">Shop now !</button></p>','sample-1','http://www.prestashop.com/?utm_source=back-office&utm_medium=v16_homeslider&utm_campaign=back-office-EN&utm_content=download','sample-1.jpg'),(1,4,'Sample 1','<h2>EXCEPTEUR<br />OCCAECAT</h2>\n<p>Lorem ipsum dolor sit amet, consectetur adipiscing elit. Proin tristique in tortor et dignissim. Quisque non tempor leo. Maecenas egestas sem elit</p>\n<p><button class=\"btn btn-default\" type=\"button\">Shop now !</button></p>','sample-1','http://www.prestashop.com/?utm_source=back-office&utm_medium=v16_homeslider&utm_campaign=back-office-EN&utm_content=download','sample-1.jpg'),(1,5,'Sample 1','<h2>EXCEPTEUR<br />OCCAECAT</h2>\n<p>Lorem ipsum dolor sit amet, consectetur adipiscing elit. Proin tristique in tortor et dignissim. Quisque non tempor leo. Maecenas egestas sem elit</p>\n<p><button class=\"btn btn-default\" type=\"button\">Shop now !</button></p>','sample-1','http://www.prestashop.com/?utm_source=back-office&utm_medium=v16_homeslider&utm_campaign=back-office-EN&utm_content=download','sample-1.jpg'),(1,6,'Sample 1','<h2>EXCEPTEUR<br />OCCAECAT</h2>\n<p>Lorem ipsum dolor sit amet, consectetur adipiscing elit. Proin tristique in tortor et dignissim. Quisque non tempor leo. Maecenas egestas sem elit</p>\n<p><button class=\"btn btn-default\" type=\"button\">Shop now !</button></p>','sample-1','https://ezecnow.com/mockup/','f915f6d7ff72232339fd707becebaeafd5521167_slide1.jpg'),(1,7,'Sample 1','','sample-1','https://ezecnow.com/mockup/','b26677ee2a7bfa453b86b9b986b5f9a11c2ef4a5_slide01.png'),(1,8,'Sample 1','','sample-1','https://ezecnow.com/mockup/','b88e57f07c33e08b8bb430d793626adcbb08a891_slide01.png'),(1,9,'Sample 1','','sample-1','https://ezecnow.com/mockup/','b88e57f07c33e08b8bb430d793626adcbb08a891_slide01.png'),(1,10,'Sample 1','','sample-1','https://ezecnow.com/mockup/','b88e57f07c33e08b8bb430d793626adcbb08a891_slide01.png'),(1,11,'Sample 1','','sample-1','https://ezecnow.com/mockup/','b88e57f07c33e08b8bb430d793626adcbb08a891_slide01.png'),(2,1,'Sample 2','<h2></h2>\n<p></p>\n<p><button class=\"btn btn-default\" type=\"button\">Shop now !</button></p>','sample-2','https://ezecnow.com/mockup/','4b68d7b96666ecea34a42aad06accc3592cf46ea_slide02.png'),(2,2,'Sample 2','','sample-2','https://ezecnow.com/mockup/','7c6c8dc4fc75c0ba055aad923c99b8d10fb12fbb_slide02.png'),(2,3,'Sample 2','<h2>EXCEPTEUR<br />OCCAECAT</h2>\n<p>Lorem ipsum dolor sit amet, consectetur adipiscing elit. Proin tristique in tortor et dignissim. Quisque non tempor leo. Maecenas egestas sem elit</p>\n<p><button class=\"btn btn-default\" type=\"button\">Shop now !</button></p>','sample-2','http://www.prestashop.com/?utm_source=back-office&utm_medium=v16_homeslider&utm_campaign=back-office-EN&utm_content=download','sample-2.jpg'),(2,4,'Sample 2','<h2>EXCEPTEUR<br />OCCAECAT</h2>\n<p>Lorem ipsum dolor sit amet, consectetur adipiscing elit. Proin tristique in tortor et dignissim. Quisque non tempor leo. Maecenas egestas sem elit</p>\n<p><button class=\"btn btn-default\" type=\"button\">Shop now !</button></p>','sample-2','http://www.prestashop.com/?utm_source=back-office&utm_medium=v16_homeslider&utm_campaign=back-office-EN&utm_content=download','sample-2.jpg'),(2,5,'Sample 2','<h2>EXCEPTEUR<br />OCCAECAT</h2>\n<p>Lorem ipsum dolor sit amet, consectetur adipiscing elit. Proin tristique in tortor et dignissim. Quisque non tempor leo. Maecenas egestas sem elit</p>\n<p><button class=\"btn btn-default\" type=\"button\">Shop now !</button></p>','sample-2','http://www.prestashop.com/?utm_source=back-office&utm_medium=v16_homeslider&utm_campaign=back-office-EN&utm_content=download','sample-2.jpg'),(2,6,'Sample 2','<h2>EXCEPTEUR<br />OCCAECAT</h2>\n<p>Lorem ipsum dolor sit amet, consectetur adipiscing elit. Proin tristique in tortor et dignissim. Quisque non tempor leo. Maecenas egestas sem elit</p>\n<p><button class=\"btn btn-default\" type=\"button\">Shop now !</button></p>','sample-2','https://ezecnow.com/mockup/','ef3daecfc552ebdba3b844e0b73192cdc1022e74_slide2.jpg'),(2,7,'Sample 2','','sample-2','https://ezecnow.com/mockup/','bf7e6368efb4768316dc00fad3918399a05d3827_slide02.png'),(2,8,'Sample 2','<h2></h2>\n<p></p>\n<p><button class=\"btn btn-default\" type=\"button\">Shop now !</button></p>','sample-2','https://ezecnow.com/mockup/','4b68d7b96666ecea34a42aad06accc3592cf46ea_slide02.png'),(2,9,'Sample 2','<h2></h2>\n<p></p>\n<p><button class=\"btn btn-default\" type=\"button\">Shop now !</button></p>','sample-2','https://ezecnow.com/mockup/','4b68d7b96666ecea34a42aad06accc3592cf46ea_slide02.png'),(2,10,'Sample 2','<h2></h2>\n<p></p>\n<p><button class=\"btn btn-default\" type=\"button\">Shop now !</button></p>','sample-2','https://ezecnow.com/mockup/','4b68d7b96666ecea34a42aad06accc3592cf46ea_slide02.png'),(2,11,'Sample 2','<h2></h2>\n<p></p>\n<p><button class=\"btn btn-default\" type=\"button\">Shop now !</button></p>','sample-2','https://ezecnow.com/mockup/','4b68d7b96666ecea34a42aad06accc3592cf46ea_slide02.png'),(3,1,'Sample 3','','sample-3','https://ezecnow.com/mockup/','8b3e5b098870ae5ef0761a0b84ca02c77937cbd0_slide03.png'),(3,2,'Sample 3','','sample-3','https://ezecnow.com/mockup/','c5cb6a6e21b0370e0fe0cdf3e6e6d9eedaa32c1b_slide03.png'),(3,3,'Sample 3','<h2>EXCEPTEUR<br />OCCAECAT</h2>\n<p>Lorem ipsum dolor sit amet, consectetur adipiscing elit. Proin tristique in tortor et dignissim. Quisque non tempor leo. Maecenas egestas sem elit</p>\n<p><button class=\"btn btn-default\" type=\"button\">Shop now !</button></p>','sample-3','http://www.prestashop.com/?utm_source=back-office&utm_medium=v16_homeslider&utm_campaign=back-office-EN&utm_content=download','sample-3.jpg'),(3,4,'Sample 3','<h2>EXCEPTEUR<br />OCCAECAT</h2>\n<p>Lorem ipsum dolor sit amet, consectetur adipiscing elit. Proin tristique in tortor et dignissim. Quisque non tempor leo. Maecenas egestas sem elit</p>\n<p><button class=\"btn btn-default\" type=\"button\">Shop now !</button></p>','sample-3','http://www.prestashop.com/?utm_source=back-office&utm_medium=v16_homeslider&utm_campaign=back-office-EN&utm_content=download','sample-3.jpg'),(3,5,'Sample 3','<h2>EXCEPTEUR<br />OCCAECAT</h2>\n<p>Lorem ipsum dolor sit amet, consectetur adipiscing elit. Proin tristique in tortor et dignissim. Quisque non tempor leo. Maecenas egestas sem elit</p>\n<p><button class=\"btn btn-default\" type=\"button\">Shop now !</button></p>','sample-3','http://www.prestashop.com/?utm_source=back-office&utm_medium=v16_homeslider&utm_campaign=back-office-EN&utm_content=download','sample-3.jpg'),(3,6,'Sample 3','<h2>EXCEPTEUR<br />OCCAECAT</h2>\n<p>Lorem ipsum dolor sit amet, consectetur adipiscing elit. Proin tristique in tortor et dignissim. Quisque non tempor leo. Maecenas egestas sem elit</p>\n<p><button class=\"btn btn-default\" type=\"button\">Shop now !</button></p>','sample-3','https://ezecnow.com/mockup/','83949d7306ba48a068b2ebf2622314523c45702e_slide3.jpg'),(3,7,'Sample 3','','sample-3','https://ezecnow.com/mockup/','e2c6d9c96fae014337633805072ba4e5aeb96deb_slide03.png'),(3,8,'Sample 3','','sample-3','https://ezecnow.com/mockup/','8b3e5b098870ae5ef0761a0b84ca02c77937cbd0_slide03.png'),(3,9,'Sample 3','','sample-3','https://ezecnow.com/mockup/','8b3e5b098870ae5ef0761a0b84ca02c77937cbd0_slide03.png'),(3,10,'Sample 3','','sample-3','https://ezecnow.com/mockup/','8b3e5b098870ae5ef0761a0b84ca02c77937cbd0_slide03.png'),(3,11,'Sample 3','','sample-3','https://ezecnow.com/mockup/','8b3e5b098870ae5ef0761a0b84ca02c77937cbd0_slide03.png');

--
-- Table structure for table `ps_hook`
--

CREATE TABLE `ps_hook` (
  `id_hook` int(10) unsigned NOT NULL AUTO_INCREMENT,
  `name` varchar(64) NOT NULL,
  `title` varchar(64) NOT NULL,
  `description` text,
  `position` tinyint(1) NOT NULL DEFAULT '1',
  `live_edit` tinyint(1) NOT NULL DEFAULT '0',
  PRIMARY KEY (`id_hook`),
  UNIQUE KEY `hook_name` (`name`)
) ENGINE=InnoDB AUTO_INCREMENT=208 DEFAULT CHARSET=utf8;

--
-- Dumping data for table `ps_hook`
--

INSERT INTO `ps_hook` VALUES (1,'displayPayment','Payment','This hook displays new elements on the payment page',1,1),(2,'actionValidateOrder','New orders','',1,0),(3,'displayMaintenance','Maintenance Page','This hook displays new elements on the maintenance page',1,0),(4,'actionPaymentConfirmation','Payment confirmation','This hook displays new elements after the payment is validated',1,0),(5,'displayPaymentReturn','Payment return','',1,0),(6,'actionUpdateQuantity','Quantity update','Quantity is updated only when a customer effectively places their order',1,0),(7,'displayRightColumn','Right column blocks','This hook displays new elements in the right-hand column',1,1),(8,'displayLeftColumn','Left column blocks','This hook displays new elements in the left-hand column',1,1),(9,'displayHome','Homepage content','This hook displays new elements on the homepage',1,1),(10,'Header','Pages html head section','This hook adds additional elements in the head section of your pages (head section of html)',1,0),(11,'actionCartSave','Cart creation and update','This hook is displayed when a product is added to the cart or if the cart\'s content is modified',1,0),(12,'actionAuthentication','Successful customer authentication','This hook is displayed after a customer successfully signs in',1,0),(13,'actionProductAdd','Product creation','This hook is displayed after a product is created',1,0),(14,'actionProductUpdate','Product update','This hook is displayed after a product has been updated',1,0),(15,'displayTop','Top of pages','This hook displays additional elements at the top of your pages',1,0),(16,'displayRightColumnProduct','New elements on the product page (right column)','This hook displays new elements in the right-hand column of the product page',1,0),(17,'actionProductDelete','Product deletion','This hook is called when a product is deleted',1,0),(18,'displayFooterProduct','Product footer','This hook adds new blocks under the product\'s description',1,1),(19,'displayInvoice','Invoice','This hook displays new blocks on the invoice (order)',1,0),(20,'actionOrderStatusUpdate','Order status update - Event','This hook launches modules when the status of an order changes.',1,0),(21,'displayAdminOrder','Display new elements in the Back Office, tab AdminOrder','This hook launches modules when the AdminOrder tab is displayed in the Back Office',1,0),(22,'displayAdminOrderTabOrder','Display new elements in Back Office, AdminOrder, panel Order','This hook launches modules when the AdminOrder tab is displayed in the Back Office and extends / override Order panel tabs',1,0),(23,'displayAdminOrderTabShip','Display new elements in Back Office, AdminOrder, panel Shipping','This hook launches modules when the AdminOrder tab is displayed in the Back Office and extends / override Shipping panel tabs',1,0),(24,'displayAdminOrderContentOrder','Display new elements in Back Office, AdminOrder, panel Order','This hook launches modules when the AdminOrder tab is displayed in the Back Office and extends / override Order panel content',1,0),(25,'displayAdminOrderContentShip','Display new elements in Back Office, AdminOrder, panel Shipping','This hook launches modules when the AdminOrder tab is displayed in the Back Office and extends / override Shipping panel content',1,0),(26,'displayFooter','Footer','This hook displays new blocks in the footer',1,0),(27,'displayPDFInvoice','PDF Invoice','This hook allows you to display additional information on PDF invoices',1,0),(28,'displayInvoiceLegalFreeText','PDF Invoice - Legal Free Text','This hook allows you to modify the legal free text on PDF invoices',1,0),(29,'displayAdminCustomers','Display new elements in the Back Office, tab AdminCustomers','This hook launches modules when the AdminCustomers tab is displayed in the Back Office',1,0),(30,'displayOrderConfirmation','Order confirmation page','This hook is called within an order\'s confirmation page',1,0),(31,'actionCustomerAccountAdd','Successful customer account creation','This hook is called when a new customer creates an account successfully',1,0),(32,'displayCustomerAccount','Customer account displayed in Front Office','This hook displays new elements on the customer account page',1,0),(33,'displayCustomerIdentityForm','Customer identity form displayed in Front Office','This hook displays new elements on the form to update a customer identity',1,0),(34,'actionOrderSlipAdd','Order slip creation','This hook is called when a new credit slip is added regarding client order',1,0),(35,'displayProductTab','Tabs on product page','This hook is called on the product page\'s tab',1,0),(36,'displayProductTabContent','Tabs content on the product page','This hook is called on the product page\'s tab',1,0),(37,'displayShoppingCartFooter','Shopping cart footer','This hook displays some specific information on the shopping cart\'s page',1,0),(38,'displayCustomerAccountForm','Customer account creation form','This hook displays some information on the form to create a customer account',1,0),(39,'displayAdminStatsModules','Stats - Modules','',1,0),(40,'displayAdminStatsGraphEngine','Graph engines','',1,0),(41,'actionOrderReturn','Returned product','This hook is displayed when a customer returns a product ',1,0),(42,'displayProductButtons','Product page actions','This hook adds new action buttons on the product page',1,0),(43,'displayBackOfficeHome','Administration panel homepage','This hook is displayed on the admin panel\'s homepage',1,0),(44,'displayAdminStatsGridEngine','Grid engines','',1,0),(45,'actionWatermark','Watermark','',1,0),(46,'actionProductCancel','Product cancelled','This hook is called when you cancel a product in an order',1,0),(47,'displayLeftColumnProduct','New elements on the product page (left column)','This hook displays new elements in the left-hand column of the product page',1,0),(48,'actionProductOutOfStock','Out-of-stock product','This hook displays new action buttons if a product is out of stock',1,0),(49,'actionProductAttributeUpdate','Product attribute update','This hook is displayed when a product\'s attribute is updated',1,0),(50,'displayCarrierList','Extra carrier (module mode)','',1,0),(51,'displayShoppingCart','Shopping cart - Additional button','This hook displays new action buttons within the shopping cart',1,0),(52,'actionSearch','Search','',1,0),(53,'displayBeforePayment','Redirect during the order process','This hook redirects the user to the module instead of displaying payment modules',1,0),(54,'actionCarrierUpdate','Carrier Update','This hook is called when a carrier is updated',1,0),(55,'actionOrderStatusPostUpdate','Post update of order status','',1,0),(56,'displayCustomerAccountFormTop','Block above the form for create an account','This hook is displayed above the customer\'s account creation form',1,0),(57,'displayBackOfficeHeader','Administration panel header','This hook is displayed in the header of the admin panel',1,0),(58,'displayBackOfficeTop','Administration panel hover the tabs','This hook is displayed on the roll hover of the tabs within the admin panel',1,0),(59,'displayBackOfficeFooter','Administration panel footer','This hook is displayed within the admin panel\'s footer',1,0),(60,'actionProductAttributeDelete','Product attribute deletion','This hook is displayed when a product\'s attribute is deleted',1,0),(61,'actionCarrierProcess','Carrier process','',1,0),(62,'actionOrderDetail','Order detail','This hook is used to set the follow-up in Smarty when an order\'s detail is called',1,0),(63,'displayBeforeCarrier','Before carriers list','This hook is displayed before the carrier list in Front Office',1,0),(64,'displayOrderDetail','Order detail','This hook is displayed within the order\'s details in Front Office',1,0),(65,'actionPaymentCCAdd','Payment CC added','',1,0),(66,'displayProductComparison','Extra product comparison','',1,0),(67,'actionCategoryAdd','Category creation','This hook is displayed when a category is created',1,0),(68,'actionCategoryUpdate','Category modification','This hook is displayed when a category is modified',1,0),(69,'actionCategoryDelete','Category deletion','This hook is displayed when a category is deleted',1,0),(70,'actionBeforeAuthentication','Before authentication','This hook is displayed before the customer\'s authentication',1,0),(71,'displayPaymentTop','Top of payment page','This hook is displayed at the top of the payment page',1,0),(72,'actionHtaccessCreate','After htaccess creation','This hook is displayed after the htaccess creation',1,0),(73,'actionAdminMetaSave','After saving the configuration in AdminMeta','This hook is displayed after saving the configuration in AdminMeta',1,0),(74,'displayAttributeGroupForm','Add fields to the form \'attribute group\'','This hook adds fields to the form \'attribute group\'',1,0),(75,'actionAttributeGroupSave','Saving an attribute group','This hook is called while saving an attributes group',1,0),(76,'actionAttributeGroupDelete','Deleting attribute group','This hook is called while deleting an attributes  group',1,0),(77,'displayFeatureForm','Add fields to the form \'feature\'','This hook adds fields to the form \'feature\'',1,0),(78,'actionFeatureSave','Saving attributes\' features','This hook is called while saving an attributes features',1,0),(79,'actionFeatureDelete','Deleting attributes\' features','This hook is called while deleting an attributes features',1,0),(80,'actionProductSave','Saving products','This hook is called while saving products',1,0),(81,'actionProductListOverride','Assign a products list to a category','This hook assigns a products list to a category',1,0),(82,'displayAttributeGroupPostProcess','On post-process in admin attribute group','This hook is called on post-process in admin attribute group',1,0),(83,'displayFeaturePostProcess','On post-process in admin feature','This hook is called on post-process in admin feature',1,0),(84,'displayFeatureValueForm','Add fields to the form \'feature value\'','This hook adds fields to the form \'feature value\'',1,0),(85,'displayFeatureValuePostProcess','On post-process in admin feature value','This hook is called on post-process in admin feature value',1,0),(86,'actionFeatureValueDelete','Deleting attributes\' features\' values','This hook is called while deleting an attributes features value',1,0),(87,'actionFeatureValueSave','Saving an attributes features value','This hook is called while saving an attributes features value',1,0),(88,'displayAttributeForm','Add fields to the form \'attribute value\'','This hook adds fields to the form \'attribute value\'',1,0),(89,'actionAttributePostProcess','On post-process in admin feature value','This hook is called on post-process in admin feature value',1,0),(90,'actionAttributeDelete','Deleting an attributes features value','This hook is called while deleting an attributes features value',1,0),(91,'actionAttributeSave','Saving an attributes features value','This hook is called while saving an attributes features value',1,0),(92,'actionTaxManager','Tax Manager Factory','',1,0),(93,'displayMyAccountBlock','My account block','This hook displays extra information within the \'my account\' block\"',1,0),(94,'actionModuleInstallBefore','actionModuleInstallBefore','',1,0),(95,'actionModuleInstallAfter','actionModuleInstallAfter','',1,0),(96,'displayHomeTab','Home Page Tabs','This hook displays new elements on the homepage tabs',1,1),(97,'displayHomeTabContent','Home Page Tabs Content','This hook displays new elements on the homepage tabs content',1,1),(98,'displayTopColumn','Top column blocks','This hook displays new elements in the top of columns',1,1),(99,'displayBackOfficeCategory','Display new elements in the Back Office, tab AdminCategories','This hook launches modules when the AdminCategories tab is displayed in the Back Office',1,0),(100,'displayProductListFunctionalButtons','Display new elements in the Front Office, products list','This hook launches modules when the products list is displayed in the Front Office',1,0),(101,'displayNav','Navigation','',1,1),(102,'displayOverrideTemplate','Change the default template of current controller','',1,0),(103,'actionAdminLoginControllerSetMedia','Set media on admin login page header','This hook is called after adding media to admin login page header',1,0),(104,'actionOrderEdited','Order edited','This hook is called when an order is edited.',1,0),(105,'actionEmailAddBeforeContent','Add extra content before mail content','This hook is called just before fetching mail template',1,0),(106,'actionEmailAddAfterContent','Add extra content after mail content','This hook is called just after fetching mail template',1,0),(107,'displayCartExtraProductActions','Extra buttons in shopping cart','This hook adds extra buttons to the product lines, in the shopping cart',1,0),(108,'actionObjectProductUpdateAfter','actionObjectProductUpdateAfter','',0,0),(109,'actionObjectProductDeleteAfter','actionObjectProductDeleteAfter','',0,0),(110,'displayCompareExtraInformation','displayCompareExtraInformation','',1,1),(111,'displaySocialSharing','displaySocialSharing','',1,1),(112,'displayBanner','displayBanner','',1,1),(113,'actionObjectLanguageAddAfter','actionObjectLanguageAddAfter','',0,0),(114,'displayPaymentEU','displayPaymentEU','',1,1),(115,'actionCartListOverride','actionCartListOverride','',0,0),(116,'actionAdminMetaControllerUpdate_optionsBefore','actionAdminMetaControllerUpdate_optionsBefore','',0,0),(117,'actionAdminLanguagesControllerStatusBefore','actionAdminLanguagesControllerStatusBefore','',0,0),(118,'actionObjectCmsUpdateAfter','actionObjectCmsUpdateAfter','',0,0),(119,'actionObjectCmsDeleteAfter','actionObjectCmsDeleteAfter','',0,0),(120,'actionShopDataDuplication','actionShopDataDuplication','',0,0),(121,'actionAdminStoresControllerUpdate_optionsAfter','actionAdminStoresControllerUpdate_optionsAfter','',0,0),(122,'actionObjectManufacturerDeleteAfter','actionObjectManufacturerDeleteAfter','',0,0),(123,'actionObjectManufacturerAddAfter','actionObjectManufacturerAddAfter','',0,0),(124,'actionObjectManufacturerUpdateAfter','actionObjectManufacturerUpdateAfter','',0,0),(126,'actionModuleRegisterHookAfter','actionModuleRegisterHookAfter','',0,0),(127,'actionModuleUnRegisterHookAfter','actionModuleUnRegisterHookAfter','',0,0),(128,'displayMyAccountBlockfooter','My account block','Display extra informations inside the \"my account\" block',1,0),(129,'displayMobileTopSiteMap','displayMobileTopSiteMap','',1,1),(130,'displaySearch','displaySearch','',1,1),(131,'actionObjectSupplierDeleteAfter','actionObjectSupplierDeleteAfter','',0,0),(132,'actionObjectSupplierAddAfter','actionObjectSupplierAddAfter','',0,0),(133,'actionObjectSupplierUpdateAfter','actionObjectSupplierUpdateAfter','',0,0),(134,'actionObjectCategoryUpdateAfter','actionObjectCategoryUpdateAfter','',0,0),(135,'actionObjectCategoryDeleteAfter','actionObjectCategoryDeleteAfter','',0,0),(136,'actionObjectCategoryAddAfter','actionObjectCategoryAddAfter','',0,0),(137,'actionObjectCmsAddAfter','actionObjectCmsAddAfter','',0,0),(138,'actionObjectProductAddAfter','actionObjectProductAddAfter','',0,0),(139,'dashboardZoneOne','dashboardZoneOne','',0,0),(140,'dashboardData','dashboardData','',0,0),(141,'actionObjectOrderAddAfter','actionObjectOrderAddAfter','',0,0),(142,'actionObjectCustomerAddAfter','actionObjectCustomerAddAfter','',0,0),(143,'actionObjectCustomerMessageAddAfter','actionObjectCustomerMessageAddAfter','',0,0),(144,'actionObjectCustomerThreadAddAfter','actionObjectCustomerThreadAddAfter','',0,0),(145,'actionObjectOrderReturnAddAfter','actionObjectOrderReturnAddAfter','',0,0),(146,'actionAdminControllerSetMedia','actionAdminControllerSetMedia','',0,0),(147,'dashboardZoneTwo','dashboardZoneTwo','',0,0),(148,'actionAdminMetaControllerUpdate_optionsAfter','actionAdminMetaControllerUpdate_optionsAfter','',0,0),(149,'actionAdminPerformanceControllerSaveAfter','actionAdminPerformanceControllerSaveAfter','',0,0),(150,'actionObjectCarrierAddAfter','actionObjectCarrierAddAfter','',0,0),(151,'actionObjectContactAddAfter','actionObjectContactAddAfter','',0,0),(152,'actionAdminThemesControllerUpdate_optionsAfter','actionAdminThemesControllerUpdate_optionsAfter','',0,0),(153,'actionObjectShopUpdateAfter','actionObjectShopUpdateAfter','',0,0),(154,'actionAdminPreferencesControllerUpdate_optionsAfter','actionAdminPreferencesControllerUpdate_optionsAfter','',0,0),(155,'actionObjectShopAddAfter','actionObjectShopAddAfter','',0,0),(156,'actionObjectShopGroupAddAfter','actionObjectShopGroupAddAfter','',0,0),(157,'actionObjectCartAddAfter','actionObjectCartAddAfter','',0,0),(158,'actionObjectEmployeeAddAfter','actionObjectEmployeeAddAfter','',0,0),(159,'actionObjectImageAddAfter','actionObjectImageAddAfter','',0,0),(160,'actionObjectCartRuleAddAfter','actionObjectCartRuleAddAfter','',0,0),(161,'actionAdminStoresControllerSaveAfter','actionAdminStoresControllerSaveAfter','',0,0),(162,'actionAdminWebserviceControllerSaveAfter','actionAdminWebserviceControllerSaveAfter','',0,0),(163,'displayProductListReviews','displayProductListReviews','',1,1),(164,'displayMobileHeader','displayMobileHeader','',1,1),(165,'displayMobileShoppingCartTop','displayMobileShoppingCartTop','',1,1),(166,'displayMobileAddToCartTop','displayMobileAddToCartTop','',1,1),(167,'actionPSCleanerGetModulesTables','actionPSCleanerGetModulesTables','',0,0),(168,'displayNav2','displayNav2','',1,1),(169,'hiFacebookConnect','hiFacebookConnect','',0,0),(170,'displayAdminOrderLeft','displayAdminOrderLeft','',1,1),(171,'actionProductCoverage','actionProductCoverage','',0,0),(172,'displayBottomColumn','displayBottomColumn','',1,1),(173,'displayProductDeals','displayProductDeals','',1,1),(174,'zBlogSidebar','zBlogSidebar','',0,0),(175,'moduleRoutes','moduleRoutes','',0,0),(176,'actionZeroBlogUpdate','actionZeroBlogUpdate','',0,0),(177,'displayProductSidebar','displayProductSidebar','',1,1),(178,'socialConnectSpm','socialConnectSpm','',0,0),(179,'registerGDPRConsent','registerGDPRConsent','',0,0),(180,'actionDeleteGDPRCustomer','actionDeleteGDPRCustomer','',0,0),(181,'actionExportGDPRData','actionExportGDPRData','',0,0),(182,'ActionBeforeCartUpdateQty','ActionBeforeCartUpdateQty','',0,0),(183,'DdwValidateOrder','DdwValidateOrder','',0,0),(184,'displayPDFDeliverySlip','displayPDFDeliverySlip','',1,1),(185,'displayAfterBodyOpeningTag','displayAfterBodyOpeningTag','',1,1),(186,'displayCustomAfterBody','displayCustomAfterBody','',1,1),(187,'displayReassurance','displayReassurance','',1,1),(188,'actionObjectDeleteAfter','actionObjectDeleteAfter','',0,0),(189,'actionBeforeSubmitAccount','actionBeforeSubmitAccount','',0,0),(190,'productImageHover','productImageHover','',0,0),(191,'actionAdminEmployeesFormModifier','actionAdminEmployeesFormModifier','',0,0),(192,'actionAdminEmployeesListingFieldsModifier','actionAdminEmployeesListingFieldsModifier','',0,0),(193,'actionAdminSaveAfter','actionAdminSaveAfter','',0,0),(194,'actionAdminSaveBefore','actionAdminSaveBefore','',0,0),(195,'actionEmailSendBefore','actionEmailSendBefore','',0,0),(196,'actionObjectProductInCartDeleteAfter','actionObjectProductInCartDeleteAfter','',0,0),(197,'actionObjectCustomerDeleteAfter','actionObjectCustomerDeleteAfter','',0,0),(198,'displayAdminProductsExtra','displayAdminProductsExtra','',1,1),(199,'ppbsPriceCalculation','ppbsPriceCalculation','',0,0),(200,'ppbsGetProducts','ppbsGetProducts','',0,0),(201,'displayPPBS','displayPPBS','',1,1),(202,'displayPPBSPrice','displayPPBSPrice','',1,1),(203,'displayUnitPriceText','displayUnitPriceText','',1,1),(204,'ppbsDeleteCartProduct','ppbsDeleteCartProduct','',0,0),(205,'displayProductPriceBlock','displayProductPriceBlock','',1,1),(206,'PPBSOrderConfirmationProductsOverride','PPBSOrderConfirmationProductsOverride','',0,0),(207,'PPBSMailAlertsProductsOverride','PPBSMailAlertsProductsOverride','',0,0);

--
-- Table structure for table `ps_hook_alias`
--

CREATE TABLE `ps_hook_alias` (
  `id_hook_alias` int(10) unsigned NOT NULL AUTO_INCREMENT,
  `alias` varchar(64) NOT NULL,
  `name` varchar(64) NOT NULL,
  PRIMARY KEY (`id_hook_alias`),
  UNIQUE KEY `alias` (`alias`)
) ENGINE=InnoDB AUTO_INCREMENT=87 DEFAULT CHARSET=utf8;

--
-- Dumping data for table `ps_hook_alias`
--

INSERT INTO `ps_hook_alias` VALUES (1,'payment','displayPayment'),(2,'newOrder','actionValidateOrder'),(3,'paymentConfirm','actionPaymentConfirmation'),(4,'paymentReturn','displayPaymentReturn'),(5,'updateQuantity','actionUpdateQuantity'),(6,'rightColumn','displayRightColumn'),(7,'leftColumn','displayLeftColumn'),(8,'home','displayHome'),(9,'displayHeader','Header'),(10,'cart','actionCartSave'),(11,'authentication','actionAuthentication'),(12,'addproduct','actionProductAdd'),(13,'updateproduct','actionProductUpdate'),(14,'top','displayTop'),(15,'extraRight','displayRightColumnProduct'),(16,'deleteproduct','actionProductDelete'),(17,'productfooter','displayFooterProduct'),(18,'invoice','displayInvoice'),(19,'updateOrderStatus','actionOrderStatusUpdate'),(20,'adminOrder','displayAdminOrder'),(21,'footer','displayFooter'),(22,'PDFInvoice','displayPDFInvoice'),(23,'adminCustomers','displayAdminCustomers'),(24,'orderConfirmation','displayOrderConfirmation'),(25,'createAccount','actionCustomerAccountAdd'),(26,'customerAccount','displayCustomerAccount'),(27,'orderSlip','actionOrderSlipAdd'),(28,'productTab','displayProductTab'),(29,'productTabContent','displayProductTabContent'),(30,'shoppingCart','displayShoppingCartFooter'),(31,'createAccountForm','displayCustomerAccountForm'),(32,'AdminStatsModules','displayAdminStatsModules'),(33,'GraphEngine','displayAdminStatsGraphEngine'),(34,'orderReturn','actionOrderReturn'),(35,'productActions','displayProductButtons'),(36,'backOfficeHome','displayBackOfficeHome'),(37,'GridEngine','displayAdminStatsGridEngine'),(38,'watermark','actionWatermark'),(39,'cancelProduct','actionProductCancel'),(40,'extraLeft','displayLeftColumnProduct'),(41,'productOutOfStock','actionProductOutOfStock'),(42,'updateProductAttribute','actionProductAttributeUpdate'),(43,'extraCarrier','displayCarrierList'),(44,'shoppingCartExtra','displayShoppingCart'),(45,'search','actionSearch'),(46,'backBeforePayment','displayBeforePayment'),(47,'updateCarrier','actionCarrierUpdate'),(48,'postUpdateOrderStatus','actionOrderStatusPostUpdate'),(49,'createAccountTop','displayCustomerAccountFormTop'),(50,'backOfficeHeader','displayBackOfficeHeader'),(51,'backOfficeTop','displayBackOfficeTop'),(52,'backOfficeFooter','displayBackOfficeFooter'),(53,'deleteProductAttribute','actionProductAttributeDelete'),(54,'processCarrier','actionCarrierProcess'),(55,'orderDetail','actionOrderDetail'),(56,'beforeCarrier','displayBeforeCarrier'),(57,'orderDetailDisplayed','displayOrderDetail'),(58,'paymentCCAdded','actionPaymentCCAdd'),(59,'extraProductComparison','displayProductComparison'),(60,'categoryAddition','actionCategoryAdd'),(61,'categoryUpdate','actionCategoryUpdate'),(62,'categoryDeletion','actionCategoryDelete'),(63,'beforeAuthentication','actionBeforeAuthentication'),(64,'paymentTop','displayPaymentTop'),(65,'afterCreateHtaccess','actionHtaccessCreate'),(66,'afterSaveAdminMeta','actionAdminMetaSave'),(67,'attributeGroupForm','displayAttributeGroupForm'),(68,'afterSaveAttributeGroup','actionAttributeGroupSave'),(69,'afterDeleteAttributeGroup','actionAttributeGroupDelete'),(70,'featureForm','displayFeatureForm'),(71,'afterSaveFeature','actionFeatureSave'),(72,'afterDeleteFeature','actionFeatureDelete'),(73,'afterSaveProduct','actionProductSave'),(74,'productListAssign','actionProductListOverride'),(75,'postProcessAttributeGroup','displayAttributeGroupPostProcess'),(76,'postProcessFeature','displayFeaturePostProcess'),(77,'featureValueForm','displayFeatureValueForm'),(78,'postProcessFeatureValue','displayFeatureValuePostProcess'),(79,'afterDeleteFeatureValue','actionFeatureValueDelete'),(80,'afterSaveFeatureValue','actionFeatureValueSave'),(81,'attributeForm','displayAttributeForm'),(82,'postProcessAttribute','actionAttributePostProcess'),(83,'afterDeleteAttribute','actionAttributeDelete'),(84,'afterSaveAttribute','actionAttributeSave'),(85,'taxManager','actionTaxManager'),(86,'myAccountBlock','displayMyAccountBlock');

--
-- Table structure for table `ps_hook_module`
--

CREATE TABLE `ps_hook_module` (
  `id_module` int(10) unsigned NOT NULL,
  `id_shop` int(11) unsigned NOT NULL DEFAULT '1',
  `id_hook` int(10) unsigned NOT NULL,
  `position` tinyint(2) unsigned NOT NULL,
  PRIMARY KEY (`id_module`,`id_hook`,`id_shop`),
  KEY `id_hook` (`id_hook`),
  KEY `id_module` (`id_module`),
  KEY `position` (`id_shop`,`position`)
) ENGINE=InnoDB DEFAULT CHARSET=utf8;

--
-- Dumping data for table `ps_hook_module`
--

INSERT INTO `ps_hook_module` VALUES (1,1,10,1),(1,1,16,1),(1,1,108,1),(1,1,109,1),(1,1,111,1),(2,1,113,1),(3,1,1,1),(3,1,5,1),(3,1,114,1),(4,1,13,1),(4,1,14,1),(4,1,17,1),(4,1,55,1),(5,1,15,1),(5,1,115,1),(7,1,67,1),(7,1,68,1),(7,1,69,1),(7,1,99,1),(7,1,116,1),(7,1,117,1),(11,1,8,1),(11,1,74,1),(11,1,75,1),(11,1,76,1),(11,1,77,1),(11,1,78,1),(11,1,79,1),(11,1,80,1),(11,1,81,1),(11,1,82,1),(11,1,83,1),(11,1,84,1),(11,1,85,1),(11,1,86,1),(11,1,87,1),(11,1,88,1),(11,1,89,1),(11,1,90,1),(11,1,91,1),(12,1,118,1),(12,1,119,1),(12,1,120,1),(12,1,121,1),(16,1,122,1),(16,1,123,1),(16,1,124,1),(17,1,126,1),(17,1,127,1),(19,1,96,1),(19,1,97,1),(20,1,26,1),(20,1,31,1),(22,1,129,1),(22,1,130,1),(25,1,131,1),(25,1,132,1),(25,1,133,1),(27,1,134,1),(27,1,135,1),(27,1,136,1),(27,1,137,1),(27,1,138,1),(31,1,139,1),(31,1,140,1),(31,1,141,1),(31,1,142,1),(31,1,143,1),(31,1,144,1),(31,1,145,1),(31,1,146,1),(32,1,147,1),(34,1,52,1),(35,1,40,1),(36,1,44,1),(40,1,39,1),(63,1,57,1),(64,1,2,1),(64,1,20,1),(64,1,95,1),(64,1,148,1),(64,1,149,1),(64,1,150,1),(64,1,151,1),(64,1,152,1),(64,1,153,1),(64,1,154,1),(64,1,155,1),(64,1,156,1),(64,1,157,1),(64,1,158,1),(64,1,159,1),(64,1,160,1),(64,1,161,1),(64,1,162,1),(72,1,169,1),(73,1,170,1),(77,1,7,1),(79,1,6,1),(79,1,32,1),(79,1,41,1),(79,1,48,1),(79,1,49,1),(79,1,60,1),(79,1,93,1),(79,1,104,1),(79,1,171,1),(79,1,179,1),(79,1,180,1),(79,1,181,1),(89,1,173,1),(92,1,172,1),(93,1,36,1),(93,1,177,1),(95,1,0,1),(95,1,101,1),(95,1,112,1),(98,1,47,1),(99,1,18,1),(99,1,37,1),(102,1,58,1),(104,1,11,1),(104,1,29,1),(104,1,42,1),(104,1,100,1),(118,1,45,1),(121,1,21,1),(121,1,27,1),(121,1,30,1),(121,1,46,1),(121,1,51,1),(121,1,53,1),(121,1,164,1),(121,1,165,1),(121,1,166,1),(121,1,167,1),(121,1,182,1),(122,1,12,1),(125,1,38,1),(131,1,4,1),(131,1,50,1),(131,1,54,1),(131,1,61,1),(131,1,62,1),(131,1,63,1),(131,1,64,1),(131,1,183,1),(131,1,184,1),(141,1,174,1),(141,1,175,1),(141,1,176,1),(144,1,98,1),(145,1,9,1),(151,1,71,1),(151,1,187,1),(151,1,188,1),(157,1,178,1),(158,1,33,1),(158,1,189,1),(161,1,35,1),(162,1,190,1),(163,1,191,1),(163,1,192,1),(163,1,193,1),(163,1,194,1),(163,1,195,1),(167,1,185,1),(167,1,186,1),(171,1,197,1),(172,1,198,1),(172,1,199,1),(172,1,200,1),(172,1,201,1),(172,1,202,1),(172,1,203,1),(172,1,204,1),(172,1,205,1),(172,1,206,1),(172,1,207,1),(173,1,66,1),(173,1,163,1),(2,1,10,2),(11,1,67,2),(11,1,68,2),(11,1,69,2),(18,1,126,2),(18,1,127,2),(19,1,13,2),(19,1,14,2),(19,1,17,2),(27,1,108,2),(27,1,109,2),(27,1,118,2),(27,1,119,2),(27,1,120,2),(27,1,122,2),(27,1,123,2),(27,1,124,2),(27,1,131,2),(27,1,132,2),(27,1,133,2),(28,1,15,2),(28,1,101,2),(30,1,1,2),(30,1,5,2),(30,1,114,2),(32,1,55,2),(32,1,140,2),(32,1,146,2),(33,1,147,2),(34,1,141,2),(38,1,96,2),(38,1,97,2),(41,1,39,2),(60,1,52,2),(63,1,113,2),(64,1,57,2),(64,1,121,2),(64,1,137,2),(64,1,138,2),(64,1,142,2),(64,1,144,2),(77,1,8,2),(79,1,2,2),(91,1,134,2),(94,1,26,2),(97,1,98,2),(100,1,18,2),(103,1,47,2),(103,1,93,2),(104,1,7,2),(122,1,31,2),(125,1,20,2),(125,1,29,2),(125,1,30,2),(125,1,37,2),(131,1,21,2),(131,1,27,2),(145,1,172,2),(151,1,11,2),(151,1,12,2),(151,1,64,2),(151,1,175,2),(151,1,179,2),(151,1,180,2),(151,1,181,2),(156,1,16,2),(156,1,41,2),(156,1,46,2),(157,1,139,2),(158,1,38,2),(161,1,36,2),(163,1,6,2),(163,1,54,2),(163,1,58,2),(164,1,51,2),(166,1,9,2),(171,1,32,2),(172,1,80,2),(172,1,115,2),(173,1,35,2),(4,1,10,3),(4,1,96,3),(4,1,97,3),(12,1,26,3),(23,1,13,3),(23,1,14,3),(23,1,17,3),(27,1,15,3),(27,1,68,3),(33,1,140,3),(33,1,146,3),(34,1,147,3),(37,1,120,3),(42,1,39,3),(64,1,141,3),(65,1,57,3),(65,1,126,3),(65,1,127,3),(68,1,1,3),(68,1,5,3),(68,1,114,3),(89,1,98,3),(89,1,108,3),(91,1,124,3),(97,1,134,3),(99,1,55,3),(103,1,32,3),(104,1,93,3),(117,1,47,3),(121,1,7,3),(121,1,18,3),(125,1,31,3),(131,1,2,3),(138,1,8,3),(138,1,20,3),(141,1,172,3),(151,1,21,3),(151,1,37,3),(153,1,180,3),(153,1,181,3),(156,1,29,3),(157,1,179,3),(171,1,30,3),(171,1,38,3),(172,1,11,3),(172,1,36,3),(172,1,51,3),(173,1,16,3),(5,1,10,4),(10,1,15,4),(34,1,140,4),(35,1,146,4),(38,1,68,4),(43,1,39,4),(73,1,1,4),(73,1,5,4),(73,1,57,4),(91,1,108,4),(92,1,124,4),(95,1,26,4),(104,1,32,4),(121,1,55,4),(121,1,114,4),(125,1,93,4),(138,1,7,4),(138,1,134,4),(145,1,20,4),(145,1,98,4),(151,1,2,4),(151,1,18,4),(151,1,31,4),(156,1,37,4),(157,1,8,4),(157,1,180,4),(157,1,181,4),(171,1,29,4),(171,1,47,4),(171,1,179,4),(173,1,36,4),(6,1,10,5),(8,1,15,5),(38,1,13,5),(38,1,14,5),(38,1,17,5),(44,1,39,5),(74,1,1,5),(75,1,5,5),(77,1,57,5),(93,1,108,5),(96,1,26,5),(100,1,13,5),(100,1,14,5),(100,1,17,5),(125,1,32,5),(145,1,134,5),(156,1,2,5),(156,1,20,5),(156,1,93,5),(157,1,7,5),(161,1,8,5),(161,1,18,5),(166,1,146,5),(171,1,31,5),(171,1,37,5),(171,1,180,5),(172,1,47,5),(172,1,55,5),(7,1,10,6),(40,1,15,6),(45,1,39,6),(63,1,26,6),(75,1,1,6),(76,1,5,6),(78,1,57,6),(79,1,17,6),(138,1,108,6),(151,1,32,6),(157,1,93,6),(161,1,7,6),(163,1,2,6),(169,1,146,6),(170,1,14,6),(171,1,20,6),(172,1,13,6),(8,1,10,7),(22,1,15,7),(46,1,39,7),(76,1,1,7),(77,1,26,7),(121,1,5,7),(121,1,57,7),(144,1,108,7),(156,1,32,7),(170,1,2,7),(171,1,93,7),(9,1,10,8),(41,1,15,8),(47,1,39,8),(102,1,26,8),(116,1,1,8),(131,1,57,8),(145,1,108,8),(157,1,32,8),(171,1,2,8),(10,1,10,9),(48,1,39,9),(72,1,15,9),(119,1,26,9),(121,1,1,9),(141,1,57,9),(164,1,32,9),(172,1,2,9),(11,1,10,10),(49,1,39,10),(91,1,15,10),(122,1,26,10),(151,1,57,10),(170,1,32,10),(174,1,1,10),(12,1,10,11),(51,1,39,11),(104,1,15,11),(150,1,26,11),(154,1,57,11),(14,1,10,12),(52,1,39,12),(151,1,26,12),(155,1,57,12),(15,1,10,13),(53,1,39,13),(153,1,26,13),(157,1,57,13),(16,1,10,14),(54,1,39,14),(163,1,57,14),(172,1,26,14),(17,1,10,15),(55,1,39,15),(165,1,57,15),(18,1,10,16),(56,1,39,16),(167,1,57,16),(19,1,10,17),(57,1,39,17),(170,1,57,17),(20,1,10,18),(58,1,39,18),(171,1,57,18),(21,1,10,19),(59,1,39,19),(172,1,57,19),(22,1,10,20),(60,1,39,20),(23,1,10,21),(61,1,39,21),(24,1,10,22),(62,1,39,22),(25,1,10,23),(26,1,10,24),(28,1,10,25),(27,1,10,26),(29,1,10,27),(39,1,10,28),(37,1,10,29),(38,1,10,30),(63,1,10,31),(98,1,10,32),(72,1,10,33),(99,1,10,34),(95,1,10,35),(73,1,10,36),(93,1,10,37),(75,1,10,38),(76,1,10,39),(77,1,10,40),(78,1,10,41),(79,1,10,42),(89,1,10,43),(91,1,10,44),(92,1,10,45),(94,1,10,46),(96,1,10,47),(97,1,10,48),(100,1,10,49),(102,1,10,50),(103,1,10,51),(104,1,10,52),(121,1,10,53),(131,1,10,54),(138,1,10,55),(141,1,10,56),(144,1,10,57),(145,1,10,58),(148,1,10,59),(150,1,10,60),(151,1,10,61),(154,1,10,62),(155,1,10,63),(157,1,10,64),(161,1,10,65),(162,1,10,66),(164,1,10,67),(165,1,10,68),(166,1,10,69),(167,1,10,70),(170,1,10,71),(171,1,10,72),(172,1,10,73),(173,1,10,74);

--
-- Table structure for table `ps_hook_module_exceptions`
--

CREATE TABLE `ps_hook_module_exceptions` (
  `id_hook_module_exceptions` int(10) unsigned NOT NULL AUTO_INCREMENT,
  `id_shop` int(11) unsigned NOT NULL DEFAULT '1',
  `id_module` int(10) unsigned NOT NULL,
  `id_hook` int(10) unsigned NOT NULL,
  `file_name` varchar(255) DEFAULT NULL,
  PRIMARY KEY (`id_hook_module_exceptions`),
  KEY `id_module` (`id_module`),
  KEY `id_hook` (`id_hook`)
) ENGINE=InnoDB AUTO_INCREMENT=88 DEFAULT CHARSET=utf8;

--
-- Dumping data for table `ps_hook_module_exceptions`
--

INSERT INTO `ps_hook_module_exceptions` VALUES (1,1,4,8,'category'),(2,1,16,8,'category'),(3,1,17,8,'category'),(4,1,21,8,'category'),(5,1,25,8,'category'),(14,1,7,8,'orderslip'),(15,1,7,8,'module-blockwishlist-mywishlist'),(16,1,7,8,'addresses'),(17,1,7,8,'history'),(18,1,7,8,'myaccount'),(19,1,7,8,'address'),(20,1,7,8,'discount'),(21,1,7,8,'identity'),(22,1,16,8,'addresses'),(23,1,16,8,'discount'),(24,1,16,8,'module-blockwishlist-mywishlist'),(25,1,16,8,'identity'),(26,1,16,8,'orderslip'),(27,1,16,8,'category'),(28,1,16,8,'history'),(29,1,16,8,'address'),(30,1,16,8,'myaccount'),(31,1,17,8,'index'),(32,1,17,8,'newproducts'),(33,1,17,8,'search'),(34,1,17,8,'supplier'),(35,1,17,8,'category'),(36,1,17,8,'manufacturer'),(37,1,17,8,'pricesdrop'),(38,1,17,8,'sitemap'),(39,1,17,8,'bestsales'),(40,1,26,8,'orderslip'),(41,1,26,8,'address'),(42,1,26,8,'discount'),(43,1,26,8,'identity'),(44,1,26,8,'myaccount'),(45,1,26,8,'module-blockwishlist-mywishlist'),(46,1,26,8,'addresses'),(47,1,26,8,'history'),(48,1,26,8,'index'),(49,1,29,8,'index'),(50,1,29,8,'orderslip'),(51,1,29,8,'address'),(52,1,29,8,'discount'),(53,1,29,8,'identity'),(54,1,29,8,'myaccount'),(55,1,29,8,'module-blockwishlist-mywishlist'),(56,1,29,8,'addresses'),(57,1,29,8,'history'),(66,1,138,8,'module-blockwishlist-mywishlist'),(67,1,138,8,'address'),(68,1,138,8,'addresses'),(69,1,138,8,'discount'),(70,1,138,8,'history'),(71,1,138,8,'identity'),(72,1,138,8,'myaccount'),(73,1,138,8,'orderslip'),(74,1,138,8,'module-referralbyphone-cron'),(75,1,138,8,'module-referralbyphone-default'),(76,1,138,8,'module-referralbyphone-email'),(77,1,138,8,'module-referralbyphone-invitation'),(78,1,138,8,'module-referralbyphone-program'),(79,1,138,8,'module-referralbyphone-rules'),(80,1,138,8,'module-referralbyphone-share'),(81,1,138,7,'module-referralbyphone-cron'),(82,1,138,7,'module-referralbyphone-default'),(83,1,138,7,'module-referralbyphone-email'),(84,1,138,7,'module-referralbyphone-invitation'),(85,1,138,7,'module-referralbyphone-program'),(86,1,138,7,'module-referralbyphone-rules'),(87,1,138,7,'module-referralbyphone-share');

--
-- Table structure for table `ps_image`
--

CREATE TABLE `ps_image` (
  `id_image` int(10) unsigned NOT NULL AUTO_INCREMENT,
  `id_product` int(10) unsigned NOT NULL,
  `position` smallint(2) unsigned NOT NULL DEFAULT '0',
  `cover` tinyint(1) unsigned DEFAULT NULL,
  PRIMARY KEY (`id_image`),
  UNIQUE KEY `id_product_cover` (`id_product`,`cover`),
  UNIQUE KEY `idx_product_image` (`id_image`,`id_product`,`cover`),
  KEY `image_product` (`id_product`)
) ENGINE=InnoDB DEFAULT CHARSET=utf8;

--
-- Dumping data for table `ps_image`
--


--
-- Table structure for table `ps_image_lang`
--

CREATE TABLE `ps_image_lang` (
  `id_image` int(10) unsigned NOT NULL,
  `id_lang` int(10) unsigned NOT NULL,
  `legend` varchar(128) DEFAULT NULL,
  PRIMARY KEY (`id_image`,`id_lang`),
  KEY `id_image` (`id_image`)
) ENGINE=InnoDB DEFAULT CHARSET=utf8;

--
-- Dumping data for table `ps_image_lang`
--


--
-- Table structure for table `ps_image_shop`
--

CREATE TABLE `ps_image_shop` (
  `id_product` int(10) unsigned NOT NULL,
  `id_image` int(11) unsigned NOT NULL,
  `id_shop` int(11) unsigned NOT NULL,
  `cover` tinyint(1) unsigned DEFAULT NULL,
  PRIMARY KEY (`id_image`,`id_shop`),
  UNIQUE KEY `id_product` (`id_product`,`id_shop`,`cover`),
  KEY `id_shop` (`id_shop`)
) ENGINE=InnoDB DEFAULT CHARSET=utf8;

--
-- Dumping data for table `ps_image_shop`
--


--
-- Table structure for table `ps_image_type`
--

CREATE TABLE `ps_image_type` (
  `id_image_type` int(10) unsigned NOT NULL AUTO_INCREMENT,
  `name` varchar(64) NOT NULL,
  `width` int(10) unsigned NOT NULL,
  `height` int(10) unsigned NOT NULL,
  `products` tinyint(1) NOT NULL DEFAULT '1',
  `categories` tinyint(1) NOT NULL DEFAULT '1',
  `manufacturers` tinyint(1) NOT NULL DEFAULT '1',
  `suppliers` tinyint(1) NOT NULL DEFAULT '1',
  `scenes` tinyint(1) NOT NULL DEFAULT '1',
  `stores` tinyint(1) NOT NULL DEFAULT '1',
  PRIMARY KEY (`id_image_type`),
  KEY `image_type_name` (`name`)
) ENGINE=InnoDB AUTO_INCREMENT=21 DEFAULT CHARSET=utf8;

--
-- Dumping data for table `ps_image_type`
--

INSERT INTO `ps_image_type` VALUES (10,'cart_default',90,90,1,0,0,0,0,1),(11,'small_default',90,90,1,0,1,1,0,1),(12,'medium_default',237,237,1,1,1,1,0,1),(13,'home_default',278,278,1,0,0,0,0,1),(14,'large_default',455,455,1,0,0,0,0,1),(15,'thickbox_default',1000,1000,1,0,0,0,0,1),(16,'category_default',870,340,0,1,0,0,0,1),(17,'scene_default',870,270,0,0,0,0,1,1),(18,'m_scene_default',161,58,0,0,0,0,1,1),(19,'manufacturer_default',210,80,0,0,1,1,0,1),(20,'category_home',384,150,0,1,0,0,0,1);

--
-- Table structure for table `ps_import_match`
--

CREATE TABLE `ps_import_match` (
  `id_import_match` int(10) NOT NULL AUTO_INCREMENT,
  `name` varchar(32) NOT NULL,
  `match` text NOT NULL,
  `skip` int(2) NOT NULL,
  PRIMARY KEY (`id_import_match`)
) ENGINE=InnoDB DEFAULT CHARSET=utf8;

--
-- Dumping data for table `ps_import_match`
--


--
-- Table structure for table `ps_info`
--

CREATE TABLE `ps_info` (
  `id_info` int(10) unsigned NOT NULL AUTO_INCREMENT,
  `id_shop` int(10) unsigned DEFAULT NULL,
  PRIMARY KEY (`id_info`)
) ENGINE=InnoDB AUTO_INCREMENT=3 DEFAULT CHARSET=utf8;

--
-- Dumping data for table `ps_info`
--

INSERT INTO `ps_info` VALUES (1,1),(2,1);

--
-- Table structure for table `ps_info_lang`
--

CREATE TABLE `ps_info_lang` (
  `id_info` int(10) unsigned NOT NULL,
  `id_lang` int(10) unsigned NOT NULL,
  `text` text NOT NULL,
  PRIMARY KEY (`id_info`,`id_lang`)
) ENGINE=InnoDB DEFAULT CHARSET=utf8;

--
-- Dumping data for table `ps_info_lang`
--

INSERT INTO `ps_info_lang` VALUES (1,1,'<ul><li><em class=\"icon-truck\" id=\"icon-truck\"></em>\n<div class=\"type-text\">\n<h3>Free Shipping</h3>\n<p>For customer who purchase over RM200， we offer you free-of-charge POS Malaysia shipping.</p>\n</div>\n</li>\n<li><em class=\"icon-phone\" id=\"icon-phone\"></em>\n<div class=\"type-text\">\n<h3>Contact Us for Enquiry</h3>\n<p>You may always reach us via email, online store message or whastapp.</p>\n</div>\n</li>\n<li><em class=\"icon-credit-card\" id=\"icon-credit-card\"></em>\n<div class=\"type-text\">\n<h3>Payment</h3>\n<p>We accept payment via bank cheque, Bank-In and Bank Transfer.</p>\n</div>\n</li>\n</ul>'),(1,2,'<ul><li><em class=\"icon-truck\" id=\"icon-truck\"></em>\n<div class=\"type-text\">\n<h3>Free Shipping</h3>\n<p>For customer who purchase over RM200， we offer you free-of-charge POS Malaysia shipping.</p>\n</div>\n</li>\n<li><em class=\"icon-phone\" id=\"icon-phone\"></em>\n<div class=\"type-text\">\n<h3>Contact Us for Enquiry</h3>\n<p>You may always reach us via email, online store message or whastapp.</p>\n</div>\n</li>\n<li><em class=\"icon-credit-card\" id=\"icon-credit-card\"></em>\n<div class=\"type-text\">\n<h3>Payment</h3>\n<p>We accept payment via bank cheque, Bank-In and Bank Transfer.</p>\n</div>\n</li>\n</ul>'),(1,3,'<ul><li><em class=\"icon-truck\" id=\"icon-truck\"></em>\n<div class=\"type-text\">\n<h3>Lorem Ipsum</h3>\n<p>Lorem ipsum dolor sit amet conse ctetur voluptate velit esse cillum dolore eu</p>\n</div>\n</li>\n<li><em class=\"icon-phone\" id=\"icon-phone\"></em>\n<div class=\"type-text\">\n<h3>Dolor Sit Amet</h3>\n<p>Lorem ipsum dolor sit amet conse ctetur voluptate velit esse cillum dolore eu</p>\n</div>\n</li>\n<li><em class=\"icon-credit-card\" id=\"icon-credit-card\"></em>\n<div class=\"type-text\">\n<h3>Ctetur Voluptate</h3>\n<p>Lorem ipsum dolor sit amet conse ctetur voluptate velit esse cillum dolore eu</p>\n</div>\n</li>\n</ul>'),(1,4,'<ul><li><em class=\"icon-truck\" id=\"icon-truck\"></em>\n<div class=\"type-text\">\n<h3>Lorem Ipsum</h3>\n<p>Lorem ipsum dolor sit amet conse ctetur voluptate velit esse cillum dolore eu</p>\n</div>\n</li>\n<li><em class=\"icon-phone\" id=\"icon-phone\"></em>\n<div class=\"type-text\">\n<h3>Dolor Sit Amet</h3>\n<p>Lorem ipsum dolor sit amet conse ctetur voluptate velit esse cillum dolore eu</p>\n</div>\n</li>\n<li><em class=\"icon-credit-card\" id=\"icon-credit-card\"></em>\n<div class=\"type-text\">\n<h3>Ctetur Voluptate</h3>\n<p>Lorem ipsum dolor sit amet conse ctetur voluptate velit esse cillum dolore eu</p>\n</div>\n</li>\n</ul>'),(1,5,'<ul><li><em class=\"icon-truck\" id=\"icon-truck\"></em>\n<div class=\"type-text\">\n<h3>Lorem Ipsum</h3>\n<p>Lorem ipsum dolor sit amet conse ctetur voluptate velit esse cillum dolore eu</p>\n</div>\n</li>\n<li><em class=\"icon-phone\" id=\"icon-phone\"></em>\n<div class=\"type-text\">\n<h3>Dolor Sit Amet</h3>\n<p>Lorem ipsum dolor sit amet conse ctetur voluptate velit esse cillum dolore eu</p>\n</div>\n</li>\n<li><em class=\"icon-credit-card\" id=\"icon-credit-card\"></em>\n<div class=\"type-text\">\n<h3>Ctetur Voluptate</h3>\n<p>Lorem ipsum dolor sit amet conse ctetur voluptate velit esse cillum dolore eu</p>\n</div>\n</li>\n</ul>'),(1,6,'<ul><li><em class=\"icon-truck\" id=\"icon-truck\"></em>\n<div class=\"type-text\">\n<h3>Lorem Ipsum</h3>\n<p>Lorem ipsum dolor sit amet conse ctetur voluptate velit esse cillum dolore eu</p>\n</div>\n</li>\n<li><em class=\"icon-phone\" id=\"icon-phone\"></em>\n<div class=\"type-text\">\n<h3>Dolor Sit Amet</h3>\n<p>Lorem ipsum dolor sit amet conse ctetur voluptate velit esse cillum dolore eu</p>\n</div>\n</li>\n<li><em class=\"icon-credit-card\" id=\"icon-credit-card\"></em>\n<div class=\"type-text\">\n<h3>Ctetur Voluptate</h3>\n<p>Lorem ipsum dolor sit amet conse ctetur voluptate velit esse cillum dolore eu</p>\n</div>\n</li>\n</ul>'),(1,7,'<ul><li><em class=\"icon-truck\" id=\"icon-truck\"></em>\n<div class=\"type-text\">\n<h3>免邮费</h3>\n<p><span>当您购买价值超过两百零吉的商品，您将获得我们免费的 POS Malaysia 邮寄服务。</span></p>\n</div>\n</li>\n<li><em class=\"icon-phone\" id=\"icon-phone\"></em>\n<div class=\"type-text\">\n<h3>联络我们</h3>\n<p>您可以随时随地透过 email，网商短讯以及 whatsapp 来联络我们，关于任何的咨询。</p>\n</div>\n</li>\n<li><em class=\"icon-credit-card\" id=\"icon-credit-card\"></em>\n<div class=\"type-text\">\n<h3>付款</h3>\n<p>为了方便您付款，我们接受支票以及最靠近您附近的银行过账。</p>\n</div>\n</li>\n</ul>'),(1,8,'<ul><li><em class=\"icon-truck\" id=\"icon-truck\"></em>\n<div class=\"type-text\">\n<h3>Free Shipping</h3>\n<p>For customer who purchase over RM200， we offer you free-of-charge POS Malaysia shipping.</p>\n</div>\n</li>\n<li><em class=\"icon-phone\" id=\"icon-phone\"></em>\n<div class=\"type-text\">\n<h3>Contact Us for Enquiry</h3>\n<p>You may always reach us via email, online store message or whastapp.</p>\n</div>\n</li>\n<li><em class=\"icon-credit-card\" id=\"icon-credit-card\"></em>\n<div class=\"type-text\">\n<h3>Payment</h3>\n<p>We accept payment via bank cheque, Bank-In and Bank Transfer.</p>\n</div>\n</li>\n</ul>'),(1,9,'<ul><li><em class=\"icon-truck\" id=\"icon-truck\"></em>\n<div class=\"type-text\">\n<h3>Free Shipping</h3>\n<p>For customer who purchase over RM200， we offer you free-of-charge POS Malaysia shipping.</p>\n</div>\n</li>\n<li><em class=\"icon-phone\" id=\"icon-phone\"></em>\n<div class=\"type-text\">\n<h3>Contact Us for Enquiry</h3>\n<p>You may always reach us via email, online store message or whastapp.</p>\n</div>\n</li>\n<li><em class=\"icon-credit-card\" id=\"icon-credit-card\"></em>\n<div class=\"type-text\">\n<h3>Payment</h3>\n<p>We accept payment via bank cheque, Bank-In and Bank Transfer.</p>\n</div>\n</li>\n</ul>'),(1,10,'<ul><li><em class=\"icon-truck\" id=\"icon-truck\"></em>\n<div class=\"type-text\">\n<h3>Free Shipping</h3>\n<p>For customer who purchase over RM200， we offer you free-of-charge POS Malaysia shipping.</p>\n</div>\n</li>\n<li><em class=\"icon-phone\" id=\"icon-phone\"></em>\n<div class=\"type-text\">\n<h3>Contact Us for Enquiry</h3>\n<p>You may always reach us via email, online store message or whastapp.</p>\n</div>\n</li>\n<li><em class=\"icon-credit-card\" id=\"icon-credit-card\"></em>\n<div class=\"type-text\">\n<h3>Payment</h3>\n<p>We accept payment via bank cheque, Bank-In and Bank Transfer.</p>\n</div>\n</li>\n</ul>'),(1,11,'<ul><li><em class=\"icon-truck\" id=\"icon-truck\"></em>\n<div class=\"type-text\">\n<h3>Free Shipping</h3>\n<p>For customer who purchase over RM200， we offer you free-of-charge POS Malaysia shipping.</p>\n</div>\n</li>\n<li><em class=\"icon-phone\" id=\"icon-phone\"></em>\n<div class=\"type-text\">\n<h3>Contact Us for Enquiry</h3>\n<p>You may always reach us via email, online store message or whastapp.</p>\n</div>\n</li>\n<li><em class=\"icon-credit-card\" id=\"icon-credit-card\"></em>\n<div class=\"type-text\">\n<h3>Payment</h3>\n<p>We accept payment via bank cheque, Bank-In and Bank Transfer.</p>\n</div>\n</li>\n</ul>'),(2,1,'<h3>We are beyond happy welcome you in our warm and friendly online market</h3>\n<p></p>\n<p><strong class=\"dark\">HOTMart WEBSTORE FOR ALL YOU NEEDS!!!</strong></p>\n<p>•Smart Phone<br />•Classic Phone<br />•Accessories<br /><br /><br /></p>'),(2,2,'<h3>We are beyond happy welcome you in our warm and friendly online market</h3>\n<p></p>\n<p><strong class=\"dark\">HOTMart WEBSTORE FOR ALL YOU NEEDS!!!</strong></p>\n<p>•Smart Phone<br />•Classic Phone<br />•Accessories<br /><br /></p>'),(2,3,'<h3>Custom Block</h3>\n<p><strong class=\"dark\">Lorem ipsum dolor sit amet conse ctetu</strong></p>\n<p>Sit amet conse ctetur adipisicing elit, sed do eiusmod tempor incididunt ut labore et dolore magna aliqua. Ut enim ad minim veniam, quis nostrud exercitation ullamco laboris nisi ut aliquip ex ea commodo consequat. Duis aute irure dolor in reprehenderit.</p>'),(2,4,'<h3>Custom Block</h3>\n<p><strong class=\"dark\">Lorem ipsum dolor sit amet conse ctetu</strong></p>\n<p>Sit amet conse ctetur adipisicing elit, sed do eiusmod tempor incididunt ut labore et dolore magna aliqua. Ut enim ad minim veniam, quis nostrud exercitation ullamco laboris nisi ut aliquip ex ea commodo consequat. Duis aute irure dolor in reprehenderit.</p>'),(2,5,'<h3>Custom Block</h3>\n<p><strong class=\"dark\">Lorem ipsum dolor sit amet conse ctetu</strong></p>\n<p>Sit amet conse ctetur adipisicing elit, sed do eiusmod tempor incididunt ut labore et dolore magna aliqua. Ut enim ad minim veniam, quis nostrud exercitation ullamco laboris nisi ut aliquip ex ea commodo consequat. Duis aute irure dolor in reprehenderit.</p>'),(2,6,'<h3>Custom Block</h3>\n<p><strong class=\"dark\">Lorem ipsum dolor sit amet conse ctetu</strong></p>\n<p>Sit amet conse ctetur adipisicing elit, sed do eiusmod tempor incididunt ut labore et dolore magna aliqua. Ut enim ad minim veniam, quis nostrud exercitation ullamco laboris nisi ut aliquip ex ea commodo consequat. Duis aute irure dolor in reprehenderit.</p>'),(2,7,'<h3>欢迎你来到我们的 Hotmart 网上商店</h3>\n<p></p>\n<p><strong class=\"dark\">在这里，你将会找到非常适合你的通讯设备， 例如各式的：</strong></p>\n<p>•智能电话<br />•经典手机<br />•各式配件</p>'),(2,8,'<h3>We are beyond happy welcome you in our warm and friendly online market</h3>\n<p></p>\n<p><strong class=\"dark\">HOTMart WEBSTORE FOR ALL YOU NEEDS!!!</strong></p>\n<p>•Smart Phone<br />•Classic Phone<br />•Accessories<br /><br /><br /></p>'),(2,9,'<h3>We are beyond happy welcome you in our warm and friendly online market</h3>\n<p></p>\n<p><strong class=\"dark\">HOTMart WEBSTORE FOR ALL YOU NEEDS!!!</strong></p>\n<p>•Smart Phone<br />•Classic Phone<br />•Accessories<br /><br /><br /></p>'),(2,10,'<h3>We are beyond happy welcome you in our warm and friendly online market</h3>\n<p></p>\n<p><strong class=\"dark\">HOTMart WEBSTORE FOR ALL YOU NEEDS!!!</strong></p>\n<p>•Smart Phone<br />•Classic Phone<br />•Accessories<br /><br /><br /></p>'),(2,11,'<h3>We are beyond happy welcome you in our warm and friendly online market</h3>\n<p></p>\n<p><strong class=\"dark\">HOTMart WEBSTORE FOR ALL YOU NEEDS!!!</strong></p>\n<p>•Smart Phone<br />•Classic Phone<br />•Accessories<br /><br /><br /></p>');

--
-- Table structure for table `ps_kb_booking_category`
--

CREATE TABLE `ps_kb_booking_category` (
  `id_booking_category` int(10) unsigned NOT NULL AUTO_INCREMENT,
  `description` text,
  `active` tinyint(1) NOT NULL DEFAULT '0',
  `date_add` datetime NOT NULL,
  `date_upd` datetime NOT NULL,
  PRIMARY KEY (`id_booking_category`)
) ENGINE=InnoDB DEFAULT CHARSET=utf8;

--
-- Dumping data for table `ps_kb_booking_category`
--


--
-- Table structure for table `ps_kb_booking_category_lang`
--

CREATE TABLE `ps_kb_booking_category_lang` (
  `id_booking_category_lang` int(11) unsigned NOT NULL AUTO_INCREMENT,
  `id_booking_category` int(11) unsigned NOT NULL,
  `id_lang` int(11) unsigned NOT NULL,
  `id_shop` int(10) unsigned DEFAULT NULL,
  `name` varchar(255) NOT NULL,
  PRIMARY KEY (`id_booking_category_lang`),
  KEY `id_booking_category` (`id_booking_category`),
  CONSTRAINT `ps_kb_booking_category_lang_ibfk_1` FOREIGN KEY (`id_booking_category`) REFERENCES `ps_kb_booking_category` (`id_booking_category`) ON DELETE CASCADE
) ENGINE=InnoDB DEFAULT CHARSET=utf8;

--
-- Dumping data for table `ps_kb_booking_category_lang`
--


--
-- Table structure for table `ps_kb_booking_category_shop`
--

CREATE TABLE `ps_kb_booking_category_shop` (
  `id_booking_category_shop` int(10) unsigned NOT NULL AUTO_INCREMENT,
  `id_booking_category` int(10) unsigned DEFAULT NULL,
  `id_shop` int(10) unsigned DEFAULT NULL,
  PRIMARY KEY (`id_booking_category_shop`),
  KEY `id_booking_category` (`id_booking_category`),
  CONSTRAINT `ps_kb_booking_category_shop_ibfk_1` FOREIGN KEY (`id_booking_category`) REFERENCES `ps_kb_booking_category` (`id_booking_category`) ON DELETE CASCADE
) ENGINE=InnoDB DEFAULT CHARSET=utf8;

--
-- Dumping data for table `ps_kb_booking_category_shop`
--


--
-- Table structure for table `ps_kb_booking_facilities`
--

CREATE TABLE `ps_kb_booking_facilities` (
  `id_facilities` int(10) unsigned NOT NULL AUTO_INCREMENT,
  `type` enum('room','rent','hotel') NOT NULL DEFAULT 'room',
  `image_type` enum('upload','font') NOT NULL DEFAULT 'upload',
  `upload_image_path` text,
  `upload_image` text,
  `font_awesome_icon` text,
  `active` tinyint(1) NOT NULL DEFAULT '0',
  `date_add` datetime NOT NULL,
  `date_upd` datetime NOT NULL,
  PRIMARY KEY (`id_facilities`)
) ENGINE=InnoDB DEFAULT CHARSET=utf8;

--
-- Dumping data for table `ps_kb_booking_facilities`
--


--
-- Table structure for table `ps_kb_booking_facilities_lang`
--

CREATE TABLE `ps_kb_booking_facilities_lang` (
  `id_facilities_lang` int(11) unsigned NOT NULL AUTO_INCREMENT,
  `id_facilities` int(11) unsigned NOT NULL,
  `id_lang` int(11) unsigned NOT NULL,
  `id_shop` int(10) unsigned DEFAULT NULL,
  `name` varchar(255) NOT NULL,
  PRIMARY KEY (`id_facilities_lang`),
  KEY `id_facilities` (`id_facilities`),
  CONSTRAINT `ps_kb_booking_facilities_lang_ibfk_1` FOREIGN KEY (`id_facilities`) REFERENCES `ps_kb_booking_facilities` (`id_facilities`) ON DELETE CASCADE
) ENGINE=InnoDB DEFAULT CHARSET=utf8;

--
-- Dumping data for table `ps_kb_booking_facilities_lang`
--


--
-- Table structure for table `ps_kb_booking_facilities_shop`
--

CREATE TABLE `ps_kb_booking_facilities_shop` (
  `id_facilities_shop` int(10) unsigned NOT NULL AUTO_INCREMENT,
  `id_facilities` int(10) unsigned DEFAULT NULL,
  `id_shop` int(10) unsigned DEFAULT NULL,
  PRIMARY KEY (`id_facilities_shop`),
  KEY `id_facilities` (`id_facilities`),
  CONSTRAINT `ps_kb_booking_facilities_shop_ibfk_1` FOREIGN KEY (`id_facilities`) REFERENCES `ps_kb_booking_facilities` (`id_facilities`) ON DELETE CASCADE
) ENGINE=InnoDB DEFAULT CHARSET=utf8;

--
-- Dumping data for table `ps_kb_booking_facilities_shop`
--


--
-- Table structure for table `ps_kb_booking_price_rule`
--

CREATE TABLE `ps_kb_booking_price_rule` (
  `id_booking_price_rule` int(10) unsigned NOT NULL AUTO_INCREMENT,
  `id_product` int(10) unsigned NOT NULL DEFAULT '0',
  `date_selection` enum('date_range','particular_date') NOT NULL DEFAULT 'date_range',
  `start_date` date NOT NULL,
  `end_date` date NOT NULL,
  `particular_date` date NOT NULL,
  `reduction_type` enum('fixed','percentage') NOT NULL DEFAULT 'percentage',
  `reduction` decimal(15,2) DEFAULT NULL,
  `active` tinyint(1) NOT NULL DEFAULT '0',
  `date_add` datetime NOT NULL,
  `date_upd` datetime NOT NULL,
  PRIMARY KEY (`id_booking_price_rule`)
) ENGINE=InnoDB DEFAULT CHARSET=utf8;

--
-- Dumping data for table `ps_kb_booking_price_rule`
--


--
-- Table structure for table `ps_kb_booking_price_rule_lang`
--

CREATE TABLE `ps_kb_booking_price_rule_lang` (
  `id_booking_price_rule_lang` int(11) unsigned NOT NULL AUTO_INCREMENT,
  `id_booking_price_rule` int(11) unsigned NOT NULL,
  `id_lang` int(11) unsigned NOT NULL,
  `id_shop` int(10) unsigned DEFAULT NULL,
  `name` varchar(255) NOT NULL,
  PRIMARY KEY (`id_booking_price_rule_lang`),
  KEY `id_booking_price_rule` (`id_booking_price_rule`),
  CONSTRAINT `ps_kb_booking_price_rule_lang_ibfk_1` FOREIGN KEY (`id_booking_price_rule`) REFERENCES `ps_kb_booking_price_rule` (`id_booking_price_rule`) ON DELETE CASCADE
) ENGINE=InnoDB DEFAULT CHARSET=utf8;

--
-- Dumping data for table `ps_kb_booking_price_rule_lang`
--


--
-- Table structure for table `ps_kb_booking_price_rule_shop`
--

CREATE TABLE `ps_kb_booking_price_rule_shop` (
  `id_booking_price_rule_shop` int(10) unsigned NOT NULL AUTO_INCREMENT,
  `id_booking_price_rule` int(10) unsigned DEFAULT NULL,
  `id_shop` int(10) unsigned DEFAULT NULL,
  PRIMARY KEY (`id_booking_price_rule_shop`),
  KEY `id_booking_price_rule` (`id_booking_price_rule`),
  CONSTRAINT `ps_kb_booking_price_rule_shop_ibfk_1` FOREIGN KEY (`id_booking_price_rule`) REFERENCES `ps_kb_booking_price_rule` (`id_booking_price_rule`) ON DELETE CASCADE
) ENGINE=InnoDB DEFAULT CHARSET=utf8;

--
-- Dumping data for table `ps_kb_booking_price_rule_shop`
--


--
-- Table structure for table `ps_kb_booking_product`
--

CREATE TABLE `ps_kb_booking_product` (
  `id_booking_product` int(10) unsigned NOT NULL AUTO_INCREMENT,
  `id_product` int(10) unsigned NOT NULL DEFAULT '0',
  `product_type` enum('appointment','daily_rental','hotel_booking','hourly_rental') NOT NULL DEFAULT 'appointment',
  `service_type` enum('branch','home_service') NOT NULL DEFAULT 'branch',
  `period_type` enum('date','date_time') NOT NULL DEFAULT 'date',
  `quantity` int(11) unsigned NOT NULL DEFAULT '0',
  `price` decimal(15,2) DEFAULT NULL,
  `min_hours` int(10) unsigned NOT NULL DEFAULT '0',
  `max_hours` int(10) unsigned NOT NULL DEFAULT '0',
  `min_days` int(10) unsigned NOT NULL DEFAULT '0',
  `max_days` int(10) unsigned NOT NULL DEFAULT '0',
  `star_rating` int(10) unsigned NOT NULL DEFAULT '0',
  `enable_product_map` tinyint(1) NOT NULL DEFAULT '0',
  `date_details` mediumtext,
  `address` text,
  `longitude` varchar(255) DEFAULT NULL,
  `latitude` varchar(255) DEFAULT NULL,
  `disable_days` text,
  `active` tinyint(1) NOT NULL DEFAULT '0',
  `date_add` datetime NOT NULL,
  `date_upd` datetime NOT NULL,
  PRIMARY KEY (`id_booking_product`)
) ENGINE=InnoDB DEFAULT CHARSET=utf8;

--
-- Dumping data for table `ps_kb_booking_product`
--


--
-- Table structure for table `ps_kb_booking_product_cart`
--

CREATE TABLE `ps_kb_booking_product_cart` (
  `id_booking_cart` int(10) unsigned NOT NULL AUTO_INCREMENT,
  `id_cart` int(10) unsigned NOT NULL DEFAULT '0',
  `id_product` int(10) unsigned NOT NULL DEFAULT '0',
  `id_customization` int(10) unsigned NOT NULL DEFAULT '0',
  `product_type` varchar(255) DEFAULT NULL,
  `id_room` int(10) unsigned NOT NULL DEFAULT '0',
  `check_in` datetime NOT NULL,
  `check_out` datetime NOT NULL,
  `price` decimal(15,2) DEFAULT NULL,
  `qty` int(10) unsigned NOT NULL DEFAULT '0',
  `date_add` datetime NOT NULL,
  `date_upd` datetime NOT NULL,
  `time_slot` varchar(2000) DEFAULT NULL,
  PRIMARY KEY (`id_booking_cart`)
) ENGINE=InnoDB DEFAULT CHARSET=utf8;

--
-- Dumping data for table `ps_kb_booking_product_cart`
--


--
-- Table structure for table `ps_kb_booking_product_facilities_mapping`
--

CREATE TABLE `ps_kb_booking_product_facilities_mapping` (
  `id_booking_facilities_map` int(10) unsigned NOT NULL AUTO_INCREMENT,
  `id_booking_product` int(10) unsigned NOT NULL DEFAULT '0',
  `id_facilities` int(10) unsigned NOT NULL DEFAULT '0',
  PRIMARY KEY (`id_booking_facilities_map`),
  KEY `id_facilities` (`id_facilities`),
  CONSTRAINT `ps_kb_booking_product_facilities_mapping_ibfk_1` FOREIGN KEY (`id_facilities`) REFERENCES `ps_kb_booking_facilities` (`id_facilities`) ON DELETE CASCADE
) ENGINE=InnoDB DEFAULT CHARSET=utf8;

--
-- Dumping data for table `ps_kb_booking_product_facilities_mapping`
--


--
-- Table structure for table `ps_kb_booking_product_order`
--

CREATE TABLE `ps_kb_booking_product_order` (
  `id_booking_order` int(10) unsigned NOT NULL AUTO_INCREMENT,
  `id_cart` int(10) unsigned NOT NULL DEFAULT '0',
  `id_order` int(10) unsigned NOT NULL DEFAULT '0',
  `id_product` int(10) unsigned NOT NULL DEFAULT '0',
  `id_customization` int(10) unsigned NOT NULL DEFAULT '0',
  `price` decimal(15,2) DEFAULT NULL,
  `qty` int(10) unsigned NOT NULL DEFAULT '0',
  `date_add` datetime NOT NULL,
  `date_upd` datetime NOT NULL,
  `is_cancelled` int(11) DEFAULT '0',
  PRIMARY KEY (`id_booking_order`)
) ENGINE=InnoDB DEFAULT CHARSET=utf8;

--
-- Dumping data for table `ps_kb_booking_product_order`
--


--
-- Table structure for table `ps_kb_booking_product_room_facilities_mapping`
--

CREATE TABLE `ps_kb_booking_product_room_facilities_mapping` (
  `id_booking_room_facilities_map` int(10) unsigned NOT NULL AUTO_INCREMENT,
  `id_booking_product` int(10) unsigned NOT NULL DEFAULT '0',
  `id_room_category` int(10) unsigned NOT NULL DEFAULT '0',
  `id_room_type` int(10) unsigned NOT NULL DEFAULT '0',
  `room_quantity` int(10) unsigned NOT NULL DEFAULT '0',
  `price` decimal(15,2) DEFAULT NULL,
  `start_time` text,
  `end_time` text,
  `id_facilities` text,
  `upload_images` text,
  `active` tinyint(1) NOT NULL DEFAULT '0',
  `date_add` datetime NOT NULL,
  `date_upd` datetime NOT NULL,
  PRIMARY KEY (`id_booking_room_facilities_map`),
  KEY `id_booking_product` (`id_booking_product`),
  CONSTRAINT `ps_kb_booking_product_room_facilities_mapping_ibfk_1` FOREIGN KEY (`id_booking_product`) REFERENCES `ps_kb_booking_product` (`id_booking_product`) ON DELETE CASCADE
) ENGINE=InnoDB DEFAULT CHARSET=utf8;

--
-- Dumping data for table `ps_kb_booking_product_room_facilities_mapping`
--


--
-- Table structure for table `ps_kb_booking_product_shop`
--

CREATE TABLE `ps_kb_booking_product_shop` (
  `id_booking_product_shop` int(10) unsigned NOT NULL AUTO_INCREMENT,
  `id_booking_product` int(10) unsigned DEFAULT NULL,
  `id_shop` int(10) unsigned DEFAULT NULL,
  PRIMARY KEY (`id_booking_product_shop`),
  KEY `id_booking_product` (`id_booking_product`),
  CONSTRAINT `ps_kb_booking_product_shop_ibfk_1` FOREIGN KEY (`id_booking_product`) REFERENCES `ps_kb_booking_product` (`id_booking_product`) ON DELETE CASCADE
) ENGINE=InnoDB DEFAULT CHARSET=utf8;

--
-- Dumping data for table `ps_kb_booking_product_shop`
--


--
-- Table structure for table `ps_kb_booking_room_type`
--

CREATE TABLE `ps_kb_booking_room_type` (
  `id_room_type` int(10) unsigned NOT NULL AUTO_INCREMENT,
  `max_allowed_child` int(10) unsigned DEFAULT NULL,
  `max_allowed_adult` int(10) unsigned DEFAULT NULL,
  `room_category` text,
  `active` tinyint(1) NOT NULL DEFAULT '0',
  `date_add` datetime NOT NULL,
  `date_upd` datetime NOT NULL,
  PRIMARY KEY (`id_room_type`)
) ENGINE=InnoDB DEFAULT CHARSET=utf8;

--
-- Dumping data for table `ps_kb_booking_room_type`
--


--
-- Table structure for table `ps_kb_booking_room_type_lang`
--

CREATE TABLE `ps_kb_booking_room_type_lang` (
  `id_room_type_lang` int(11) unsigned NOT NULL AUTO_INCREMENT,
  `id_room_type` int(11) unsigned NOT NULL,
  `id_lang` int(11) unsigned NOT NULL,
  `id_shop` int(10) unsigned DEFAULT NULL,
  `room_name` varchar(255) NOT NULL,
  PRIMARY KEY (`id_room_type_lang`),
  KEY `id_room_type` (`id_room_type`),
  CONSTRAINT `ps_kb_booking_room_type_lang_ibfk_1` FOREIGN KEY (`id_room_type`) REFERENCES `ps_kb_booking_room_type` (`id_room_type`) ON DELETE CASCADE
) ENGINE=InnoDB DEFAULT CHARSET=utf8;

--
-- Dumping data for table `ps_kb_booking_room_type_lang`
--


--
-- Table structure for table `ps_kb_booking_room_type_shop`
--

CREATE TABLE `ps_kb_booking_room_type_shop` (
  `id_room_type_shop` int(10) unsigned NOT NULL AUTO_INCREMENT,
  `id_room_type` int(10) unsigned DEFAULT NULL,
  `id_shop` int(10) unsigned DEFAULT NULL,
  PRIMARY KEY (`id_room_type_shop`),
  KEY `id_room_type` (`id_room_type`),
  CONSTRAINT `ps_kb_booking_room_type_shop_ibfk_1` FOREIGN KEY (`id_room_type`) REFERENCES `ps_kb_booking_room_type` (`id_room_type`) ON DELETE CASCADE
) ENGINE=InnoDB DEFAULT CHARSET=utf8;

--
-- Dumping data for table `ps_kb_booking_room_type_shop`
--


--
-- Table structure for table `ps_lang`
--

CREATE TABLE `ps_lang` (
  `id_lang` int(10) unsigned NOT NULL AUTO_INCREMENT,
  `name` varchar(32) NOT NULL,
  `active` tinyint(3) unsigned NOT NULL DEFAULT '0',
  `iso_code` char(2) NOT NULL,
  `language_code` char(5) NOT NULL,
  `date_format_lite` char(32) NOT NULL DEFAULT 'Y-m-d',
  `date_format_full` char(32) NOT NULL DEFAULT 'Y-m-d H:i:s',
  `is_rtl` tinyint(1) NOT NULL DEFAULT '0',
  PRIMARY KEY (`id_lang`),
  KEY `lang_iso_code` (`iso_code`)
) ENGINE=InnoDB AUTO_INCREMENT=8 DEFAULT CHARSET=utf8;

--
-- Dumping data for table `ps_lang`
--

INSERT INTO `ps_lang` VALUES (1,'English (English)',1,'en','en-us','d/m/Y','d/m/Y H:i:s',0),(2,'Bahasa melayu (Malay)',0,'ms','ms-my','m/d/Y','m/d/Y H:i:s',0),(7,'中文 (Simplified Chinese)',0,'zh','zh-cn','Y-m-d','Y-m-d H:i:s',0);

--
-- Table structure for table `ps_lang_shop`
--

CREATE TABLE `ps_lang_shop` (
  `id_lang` int(11) unsigned NOT NULL,
  `id_shop` int(11) unsigned NOT NULL,
  PRIMARY KEY (`id_lang`,`id_shop`),
  KEY `id_shop` (`id_shop`)
) ENGINE=InnoDB DEFAULT CHARSET=utf8;

--
-- Dumping data for table `ps_lang_shop`
--

INSERT INTO `ps_lang_shop` VALUES (1,1),(2,1),(7,1);

--
-- Table structure for table `ps_layered_category`
--

CREATE TABLE `ps_layered_category` (
  `id_layered_category` int(10) unsigned NOT NULL AUTO_INCREMENT,
  `id_shop` int(11) unsigned NOT NULL,
  `id_category` int(10) unsigned NOT NULL,
  `id_value` int(10) unsigned DEFAULT '0',
  `type` enum('category','id_feature','id_attribute_group','quantity','condition','manufacturer','weight','price') NOT NULL,
  `position` int(10) unsigned NOT NULL,
  `filter_type` int(10) unsigned NOT NULL DEFAULT '0',
  `filter_show_limit` int(10) unsigned NOT NULL DEFAULT '0',
  PRIMARY KEY (`id_layered_category`),
  KEY `id_category` (`id_category`,`type`)
) ENGINE=InnoDB AUTO_INCREMENT=43 DEFAULT CHARSET=latin1;

--
-- Dumping data for table `ps_layered_category`
--

INSERT INTO `ps_layered_category` VALUES (1,1,2,NULL,'category',1,0,0),(2,1,2,NULL,'quantity',2,0,0),(3,1,2,NULL,'price',3,0,0),(4,1,2,1,'id_feature',4,0,0),(5,1,2,2,'id_feature',5,0,0),(6,1,2,3,'id_feature',6,0,0),(7,1,46,NULL,'category',1,0,0),(8,1,46,NULL,'quantity',2,0,0),(9,1,46,NULL,'price',3,0,0),(10,1,46,1,'id_feature',4,0,0),(11,1,46,2,'id_feature',5,0,0),(12,1,46,3,'id_feature',6,0,0),(13,1,48,NULL,'category',1,0,0),(14,1,48,NULL,'quantity',2,0,0),(15,1,48,NULL,'price',3,0,0),(16,1,48,1,'id_feature',4,0,0),(17,1,48,2,'id_feature',5,0,0),(18,1,48,3,'id_feature',6,0,0),(19,1,49,NULL,'category',1,0,0),(20,1,49,NULL,'quantity',2,0,0),(21,1,49,NULL,'price',3,0,0),(22,1,49,1,'id_feature',4,0,0),(23,1,49,2,'id_feature',5,0,0),(24,1,49,3,'id_feature',6,0,0),(25,1,50,NULL,'category',1,0,0),(26,1,50,NULL,'quantity',2,0,0),(27,1,50,NULL,'price',3,0,0),(28,1,50,1,'id_feature',4,0,0),(29,1,50,2,'id_feature',5,0,0),(30,1,50,3,'id_feature',6,0,0),(31,1,51,NULL,'category',1,0,0),(32,1,51,NULL,'quantity',2,0,0),(33,1,51,NULL,'price',3,0,0),(34,1,51,1,'id_feature',4,0,0),(35,1,51,2,'id_feature',5,0,0),(36,1,51,3,'id_feature',6,0,0),(37,1,52,NULL,'category',1,0,0),(38,1,52,NULL,'quantity',2,0,0),(39,1,52,NULL,'price',3,0,0),(40,1,52,1,'id_feature',4,0,0),(41,1,52,2,'id_feature',5,0,0),(42,1,52,3,'id_feature',6,0,0);

--
-- Table structure for table `ps_layered_filter`
--

CREATE TABLE `ps_layered_filter` (
  `id_layered_filter` int(10) unsigned NOT NULL AUTO_INCREMENT,
  `name` varchar(64) NOT NULL,
  `filters` text,
  `n_categories` int(10) unsigned NOT NULL,
  `date_add` datetime NOT NULL,
  PRIMARY KEY (`id_layered_filter`)
) ENGINE=InnoDB AUTO_INCREMENT=2 DEFAULT CHARSET=utf8;

--
-- Dumping data for table `ps_layered_filter`
--

INSERT INTO `ps_layered_filter` VALUES (1,'My template 2017-10-17','a:8:{s:10:\"categories\";a:7:{i:0;i:2;i:1;i:46;i:2;i:48;i:3;i:49;i:4;i:50;i:5;i:51;i:6;i:52;}s:9:\"shop_list\";a:1:{i:0;i:1;}s:31:\"layered_selection_subcategories\";a:2:{s:11:\"filter_type\";i:0;s:17:\"filter_show_limit\";i:0;}s:23:\"layered_selection_stock\";a:2:{s:11:\"filter_type\";i:0;s:17:\"filter_show_limit\";i:0;}s:30:\"layered_selection_price_slider\";a:2:{s:11:\"filter_type\";i:0;s:17:\"filter_show_limit\";i:0;}s:24:\"layered_selection_feat_1\";a:2:{s:11:\"filter_type\";i:0;s:17:\"filter_show_limit\";i:0;}s:24:\"layered_selection_feat_2\";a:2:{s:11:\"filter_type\";i:0;s:17:\"filter_show_limit\";i:0;}s:24:\"layered_selection_feat_3\";a:2:{s:11:\"filter_type\";i:0;s:17:\"filter_show_limit\";i:0;}}',7,'2019-10-22 10:26:28');

--
-- Table structure for table `ps_layered_filter_shop`
--

CREATE TABLE `ps_layered_filter_shop` (
  `id_layered_filter` int(10) unsigned NOT NULL,
  `id_shop` int(11) unsigned NOT NULL,
  PRIMARY KEY (`id_layered_filter`,`id_shop`),
  KEY `id_shop` (`id_shop`)
) ENGINE=InnoDB DEFAULT CHARSET=utf8;

--
-- Dumping data for table `ps_layered_filter_shop`
--


--
-- Table structure for table `ps_layered_friendly_url`
--

CREATE TABLE `ps_layered_friendly_url` (
  `id_layered_friendly_url` int(11) NOT NULL AUTO_INCREMENT,
  `url_key` varchar(32) NOT NULL,
  `data` varchar(200) NOT NULL,
  `id_lang` int(11) NOT NULL,
  PRIMARY KEY (`id_layered_friendly_url`),
  KEY `id_lang` (`id_lang`),
  KEY `url_key` (`url_key`(5))
) ENGINE=InnoDB AUTO_INCREMENT=95 DEFAULT CHARSET=utf8;

--
-- Dumping data for table `ps_layered_friendly_url`
--

INSERT INTO `ps_layered_friendly_url` VALUES (1,'249e6d70ba6ddca899751c9330dbda92','a:1:{s:8:\"category\";a:1:{i:46;s:2:\"46\";}}',1),(2,'f62078530ed8f29f190f98c33c886042','a:1:{s:8:\"category\";a:1:{i:52;s:2:\"52\";}}',1),(3,'5632e64126d60b42a27b30613f4387f8','a:1:{s:8:\"category\";a:1:{i:49;s:2:\"49\";}}',1),(4,'e22ad4e9f8f445df1283ec3383c55ed8','a:1:{s:8:\"category\";a:1:{i:2;s:1:\"2\";}}',1),(5,'5e965300b36f5c59abea43089bdbf4a8','a:1:{s:8:\"category\";a:1:{i:50;s:2:\"50\";}}',1),(6,'23b342d74a99dc9cb4822595fb8c4dd7','a:1:{s:8:\"category\";a:1:{i:51;s:2:\"51\";}}',1),(7,'3f1005f8be7881795fc5feddfdba756f','a:1:{s:8:\"category\";a:1:{i:1;s:1:\"1\";}}',1),(8,'b21f8493732d1c30ea261adac2824552','a:1:{s:8:\"category\";a:1:{i:48;s:2:\"48\";}}',1),(9,'c348f7e9566a8a269dc8263817ff0fb0','a:1:{s:10:\"id_feature\";a:1:{i:1;s:3:\"1_1\";}}',1),(10,'ded550c59540c7caec92cfde93383c86','a:1:{s:10:\"id_feature\";a:1:{i:2;s:3:\"1_2\";}}',1),(11,'c10950e8120a86aee66a3c874e22fe14','a:1:{s:10:\"id_feature\";a:1:{i:3;s:3:\"1_3\";}}',1),(12,'e58c232a78b31fbb20fc8bfa6e535743','a:1:{s:10:\"id_feature\";a:1:{i:4;s:3:\"1_4\";}}',1),(13,'cde2d66107d2f2dfa4e9bf139f5a22a8','a:1:{s:10:\"id_feature\";a:1:{i:5;s:3:\"1_5\";}}',1),(14,'417e4a2fb46e9f63d955c4a61b48cb77','a:1:{s:10:\"id_feature\";a:1:{i:6;s:3:\"1_6\";}}',1),(15,'306d730f8c0a499325253e709907c3dd','a:1:{s:10:\"id_feature\";a:1:{i:7;s:3:\"2_7\";}}',1),(16,'deaadb2a7e9bd9d89d0a8a95e66a4ea9','a:1:{s:10:\"id_feature\";a:1:{i:8;s:3:\"2_8\";}}',1),(17,'ceaebbd9802a7c7ae7fbc89b57046598','a:1:{s:10:\"id_feature\";a:1:{i:9;s:3:\"2_9\";}}',1),(18,'3815722e8bb7105fdddea3af76209a97','a:1:{s:10:\"id_feature\";a:1:{i:10;s:4:\"3_10\";}}',1),(19,'34d43096cacbc4fac58689d1143b2fb4','a:1:{s:10:\"id_feature\";a:1:{i:11;s:4:\"3_11\";}}',1),(20,'14ef3952eddf958ec1f628065f6c7689','a:1:{s:8:\"quantity\";a:1:{i:0;i:0;}}',1),(21,'19e5bdea58716c8f3ff52345d1b5a442','a:1:{s:8:\"quantity\";a:1:{i:0;i:1;}}',1),(22,'36c80a7207b7c690b8c474fac18fb4ec','a:1:{s:8:\"category\";a:1:{i:46;s:2:\"46\";}}',2),(23,'a97710ea885f928e6eec43aade7e9763','a:1:{s:8:\"category\";a:1:{i:52;s:2:\"52\";}}',2),(24,'3f24634cead5bcf5c88d984fd32abddb','a:1:{s:8:\"category\";a:1:{i:49;s:2:\"49\";}}',2),(25,'f5920e3cb27870c6f7a5a30da8677122','a:1:{s:8:\"category\";a:1:{i:2;s:1:\"2\";}}',2),(26,'e17048ff76b76a1f5c51dd8c9cf93824','a:1:{s:8:\"category\";a:1:{i:50;s:2:\"50\";}}',2),(27,'a1392413ac92dd27e95c3a3aed994e7a','a:1:{s:8:\"category\";a:1:{i:51;s:2:\"51\";}}',2),(28,'9c39ee72802d4d7170480b787002b4d9','a:1:{s:8:\"category\";a:1:{i:1;s:1:\"1\";}}',2),(29,'df8346f18d153a575bb4bf67ba0c4787','a:1:{s:8:\"category\";a:1:{i:48;s:2:\"48\";}}',2),(30,'47398c846aa963a16581a11d80bb83ce','a:1:{s:10:\"id_feature\";a:1:{i:1;s:3:\"1_1\";}}',2),(31,'5628aa0d6cb04857e85b522a6201597b','a:1:{s:10:\"id_feature\";a:1:{i:2;s:3:\"1_2\";}}',2),(32,'f48ebcac7e637190f1574be36ad4175a','a:1:{s:10:\"id_feature\";a:1:{i:3;s:3:\"1_3\";}}',2),(33,'9f42a30cc51c0e3611d983d2bbbc1ff9','a:1:{s:10:\"id_feature\";a:1:{i:4;s:3:\"1_4\";}}',2),(34,'897feb28cd096e12a9d873dfc3c32f38','a:1:{s:10:\"id_feature\";a:1:{i:5;s:3:\"1_5\";}}',2),(35,'41e3dd0481b9eb42d4bff529d4a23fbe','a:1:{s:10:\"id_feature\";a:1:{i:6;s:3:\"1_6\";}}',2),(36,'28cce40b34017a2f2ad53f500a3dd344','a:1:{s:10:\"id_feature\";a:1:{i:7;s:3:\"2_7\";}}',2),(37,'deaadb2a7e9bd9d89d0a8a95e66a4ea9','a:1:{s:10:\"id_feature\";a:1:{i:8;s:3:\"2_8\";}}',2),(38,'ceaebbd9802a7c7ae7fbc89b57046598','a:1:{s:10:\"id_feature\";a:1:{i:9;s:3:\"2_9\";}}',2),(39,'3815722e8bb7105fdddea3af76209a97','a:1:{s:10:\"id_feature\";a:1:{i:10;s:4:\"3_10\";}}',2),(40,'34d43096cacbc4fac58689d1143b2fb4','a:1:{s:10:\"id_feature\";a:1:{i:11;s:4:\"3_11\";}}',2),(41,'7f1402a1a7a58186da9088a274128c9f','a:1:{s:8:\"quantity\";a:1:{i:0;i:0;}}',2),(42,'b223b83ba14675f6fe539cc8f05669ff','a:1:{s:8:\"quantity\";a:1:{i:0;i:1;}}',2),(43,'e22ad4e9f8f445df1283ec3383c55ed8','a:1:{s:8:\"category\";a:1:{i:2;s:1:\"2\";}}',3),(44,'3f1005f8be7881795fc5feddfdba756f','a:1:{s:8:\"category\";a:1:{i:1;s:1:\"1\";}}',3),(45,'14ef3952eddf958ec1f628065f6c7689','a:1:{s:8:\"quantity\";a:1:{i:0;i:0;}}',3),(46,'19e5bdea58716c8f3ff52345d1b5a442','a:1:{s:8:\"quantity\";a:1:{i:0;i:1;}}',3),(47,'e22ad4e9f8f445df1283ec3383c55ed8','a:1:{s:8:\"category\";a:1:{i:2;s:1:\"2\";}}',4),(48,'3f1005f8be7881795fc5feddfdba756f','a:1:{s:8:\"category\";a:1:{i:1;s:1:\"1\";}}',4),(49,'14ef3952eddf958ec1f628065f6c7689','a:1:{s:8:\"quantity\";a:1:{i:0;i:0;}}',4),(50,'19e5bdea58716c8f3ff52345d1b5a442','a:1:{s:8:\"quantity\";a:1:{i:0;i:1;}}',4),(51,'e22ad4e9f8f445df1283ec3383c55ed8','a:1:{s:8:\"category\";a:1:{i:2;s:1:\"2\";}}',5),(52,'3f1005f8be7881795fc5feddfdba756f','a:1:{s:8:\"category\";a:1:{i:1;s:1:\"1\";}}',5),(53,'14ef3952eddf958ec1f628065f6c7689','a:1:{s:8:\"quantity\";a:1:{i:0;i:0;}}',5),(54,'19e5bdea58716c8f3ff52345d1b5a442','a:1:{s:8:\"quantity\";a:1:{i:0;i:1;}}',5),(55,'e22ad4e9f8f445df1283ec3383c55ed8','a:1:{s:8:\"category\";a:1:{i:2;s:1:\"2\";}}',6),(56,'3f1005f8be7881795fc5feddfdba756f','a:1:{s:8:\"category\";a:1:{i:1;s:1:\"1\";}}',6),(57,'14ef3952eddf958ec1f628065f6c7689','a:1:{s:8:\"quantity\";a:1:{i:0;i:0;}}',6),(58,'19e5bdea58716c8f3ff52345d1b5a442','a:1:{s:8:\"quantity\";a:1:{i:0;i:1;}}',6),(59,'b0c428149bf28c25fdca0833df157a27','a:1:{s:8:\"category\";a:1:{i:46;s:2:\"46\";}}',7),(60,'9962a7b0e616a197365aa1607dedbc07','a:1:{s:8:\"category\";a:1:{i:52;s:2:\"52\";}}',7),(61,'394db5e29dd71e61a287b406c9176917','a:1:{s:8:\"category\";a:1:{i:49;s:2:\"49\";}}',7),(62,'56ea0c920b7d24eb3d7f6275b937eddc','a:1:{s:8:\"category\";a:1:{i:2;s:1:\"2\";}}',7),(63,'632dac16b149bb4aa64aeb0de33487ba','a:1:{s:8:\"category\";a:1:{i:50;s:2:\"50\";}}',7),(64,'414f39259bf9884f7f4d52d443112536','a:1:{s:8:\"category\";a:1:{i:51;s:2:\"51\";}}',7),(65,'4682451c9feabfe5ca6279bd6353197b','a:1:{s:8:\"category\";a:1:{i:1;s:1:\"1\";}}',7),(66,'d68535c5af0e5cc0b9170e56b603ebf0','a:1:{s:8:\"category\";a:1:{i:48;s:2:\"48\";}}',7),(67,'47398c846aa963a16581a11d80bb83ce','a:1:{s:10:\"id_feature\";a:1:{i:1;s:3:\"1_1\";}}',7),(68,'5628aa0d6cb04857e85b522a6201597b','a:1:{s:10:\"id_feature\";a:1:{i:2;s:3:\"1_2\";}}',7),(69,'f48ebcac7e637190f1574be36ad4175a','a:1:{s:10:\"id_feature\";a:1:{i:3;s:3:\"1_3\";}}',7),(70,'9f42a30cc51c0e3611d983d2bbbc1ff9','a:1:{s:10:\"id_feature\";a:1:{i:4;s:3:\"1_4\";}}',7),(71,'897feb28cd096e12a9d873dfc3c32f38','a:1:{s:10:\"id_feature\";a:1:{i:5;s:3:\"1_5\";}}',7),(72,'41e3dd0481b9eb42d4bff529d4a23fbe','a:1:{s:10:\"id_feature\";a:1:{i:6;s:3:\"1_6\";}}',7),(73,'28cce40b34017a2f2ad53f500a3dd344','a:1:{s:10:\"id_feature\";a:1:{i:7;s:3:\"2_7\";}}',7),(74,'deaadb2a7e9bd9d89d0a8a95e66a4ea9','a:1:{s:10:\"id_feature\";a:1:{i:8;s:3:\"2_8\";}}',7),(75,'ceaebbd9802a7c7ae7fbc89b57046598','a:1:{s:10:\"id_feature\";a:1:{i:9;s:3:\"2_9\";}}',7),(76,'3815722e8bb7105fdddea3af76209a97','a:1:{s:10:\"id_feature\";a:1:{i:10;s:4:\"3_10\";}}',7),(77,'34d43096cacbc4fac58689d1143b2fb4','a:1:{s:10:\"id_feature\";a:1:{i:11;s:4:\"3_11\";}}',7),(78,'702e5a9801d2f7a5456e3e1cf4c5c93f','a:1:{s:8:\"quantity\";a:1:{i:0;i:0;}}',7),(79,'e22ad4e9f8f445df1283ec3383c55ed8','a:1:{s:8:\"category\";a:1:{i:2;s:1:\"2\";}}',8),(80,'3f1005f8be7881795fc5feddfdba756f','a:1:{s:8:\"category\";a:1:{i:1;s:1:\"1\";}}',8),(81,'14ef3952eddf958ec1f628065f6c7689','a:1:{s:8:\"quantity\";a:1:{i:0;i:0;}}',8),(82,'19e5bdea58716c8f3ff52345d1b5a442','a:1:{s:8:\"quantity\";a:1:{i:0;i:1;}}',8),(83,'e22ad4e9f8f445df1283ec3383c55ed8','a:1:{s:8:\"category\";a:1:{i:2;s:1:\"2\";}}',9),(84,'3f1005f8be7881795fc5feddfdba756f','a:1:{s:8:\"category\";a:1:{i:1;s:1:\"1\";}}',9),(85,'14ef3952eddf958ec1f628065f6c7689','a:1:{s:8:\"quantity\";a:1:{i:0;i:0;}}',9),(86,'19e5bdea58716c8f3ff52345d1b5a442','a:1:{s:8:\"quantity\";a:1:{i:0;i:1;}}',9),(87,'e22ad4e9f8f445df1283ec3383c55ed8','a:1:{s:8:\"category\";a:1:{i:2;s:1:\"2\";}}',10),(88,'3f1005f8be7881795fc5feddfdba756f','a:1:{s:8:\"category\";a:1:{i:1;s:1:\"1\";}}',10),(89,'14ef3952eddf958ec1f628065f6c7689','a:1:{s:8:\"quantity\";a:1:{i:0;i:0;}}',10),(90,'19e5bdea58716c8f3ff52345d1b5a442','a:1:{s:8:\"quantity\";a:1:{i:0;i:1;}}',10),(91,'e22ad4e9f8f445df1283ec3383c55ed8','a:1:{s:8:\"category\";a:1:{i:2;s:1:\"2\";}}',11),(92,'3f1005f8be7881795fc5feddfdba756f','a:1:{s:8:\"category\";a:1:{i:1;s:1:\"1\";}}',11),(93,'14ef3952eddf958ec1f628065f6c7689','a:1:{s:8:\"quantity\";a:1:{i:0;i:0;}}',11),(94,'19e5bdea58716c8f3ff52345d1b5a442','a:1:{s:8:\"quantity\";a:1:{i:0;i:1;}}',11);

--
-- Table structure for table `ps_layered_indexable_attribute_group`
--

CREATE TABLE `ps_layered_indexable_attribute_group` (
  `id_attribute_group` int(11) NOT NULL,
  `indexable` tinyint(1) NOT NULL DEFAULT '0',
  PRIMARY KEY (`id_attribute_group`)
) ENGINE=InnoDB DEFAULT CHARSET=utf8;

--
-- Dumping data for table `ps_layered_indexable_attribute_group`
--

INSERT INTO `ps_layered_indexable_attribute_group` VALUES (1,1),(2,1),(3,1),(4,1),(5,1);

--
-- Table structure for table `ps_layered_indexable_attribute_group_lang_value`
--

CREATE TABLE `ps_layered_indexable_attribute_group_lang_value` (
  `id_attribute_group` int(11) NOT NULL,
  `id_lang` int(11) NOT NULL,
  `url_name` varchar(128) DEFAULT NULL,
  `meta_title` varchar(128) DEFAULT NULL,
  PRIMARY KEY (`id_attribute_group`,`id_lang`)
) ENGINE=InnoDB DEFAULT CHARSET=utf8;

--
-- Dumping data for table `ps_layered_indexable_attribute_group_lang_value`
--

INSERT INTO `ps_layered_indexable_attribute_group_lang_value` VALUES (1,1,'color',''),(1,2,'color',''),(1,7,'color',''),(2,1,'sport-bra-set',''),(2,2,'',''),(2,7,'',''),(3,1,'bra-size',''),(3,2,'',''),(3,7,'',''),(4,1,'pajamas-size',''),(4,2,'',''),(4,7,'',''),(5,1,'pajamas-graphic',''),(5,2,'',''),(5,7,'','');

--
-- Table structure for table `ps_layered_indexable_attribute_lang_value`
--

CREATE TABLE `ps_layered_indexable_attribute_lang_value` (
  `id_attribute` int(11) NOT NULL,
  `id_lang` int(11) NOT NULL,
  `url_name` varchar(128) DEFAULT NULL,
  `meta_title` varchar(128) DEFAULT NULL,
  PRIMARY KEY (`id_attribute`,`id_lang`)
) ENGINE=InnoDB DEFAULT CHARSET=utf8;

--
-- Dumping data for table `ps_layered_indexable_attribute_lang_value`
--

INSERT INTO `ps_layered_indexable_attribute_lang_value` VALUES (123,1,'grey',''),(123,2,'grey',''),(123,7,'grey',''),(124,1,'black',''),(124,2,'',''),(124,7,'',''),(125,1,'with-panties',''),(125,2,'',''),(125,7,'',''),(126,1,'without-panties',''),(126,2,'',''),(126,7,'',''),(127,1,'pink',''),(127,2,'',''),(127,7,'',''),(128,1,'skin',''),(128,2,'',''),(128,7,'',''),(129,1,'white',''),(129,2,'white',''),(129,7,'white',''),(130,1,'32a-70a',''),(130,2,'',''),(130,7,'',''),(131,1,'32b-70b',''),(131,2,'',''),(131,7,'',''),(132,1,'32c-70c',''),(132,2,'',''),(132,7,'',''),(133,1,'34a-75a',''),(133,2,'',''),(133,7,'',''),(134,1,'34b-75b',''),(134,2,'',''),(134,7,'',''),(135,1,'34c-75c',''),(135,2,'',''),(135,7,'',''),(136,1,'36a-80a',''),(136,2,'',''),(136,7,'',''),(137,1,'36b-80b',''),(137,2,'',''),(137,7,'',''),(138,1,'36c-80c',''),(138,2,'',''),(138,7,'',''),(139,1,'38a-85a',''),(139,2,'',''),(139,7,'',''),(140,1,'38b-85b',''),(140,2,'',''),(140,7,'',''),(141,1,'38c-85c',''),(141,2,'',''),(141,7,'',''),(142,1,'tiffany-blue',''),(142,2,'',''),(142,7,'',''),(143,1,'40c-90c',''),(143,2,'',''),(143,7,'',''),(144,1,'free-size',''),(144,2,'',''),(144,7,'',''),(145,1,'red',''),(145,2,'red',''),(145,7,'red',''),(146,1,'chocolate',''),(146,2,'brown',''),(146,7,'brown',''),(147,1,'green',''),(147,2,'green',''),(147,7,'green',''),(148,1,'purple-',''),(148,2,'purple-',''),(148,7,'purple-',''),(149,1,'yellow',''),(149,2,'',''),(149,7,'',''),(150,1,'blue',''),(150,2,'',''),(150,7,'',''),(151,1,'large-size-40-55kg',''),(151,2,'',''),(151,7,'',''),(152,1,'extra-large-size-56-70kg',''),(152,2,'',''),(152,7,'',''),(153,1,'small-size',''),(153,2,'',''),(153,7,'',''),(154,1,'medium-size',''),(154,2,'',''),(154,7,'',''),(155,1,'2-extra-large-size',''),(155,2,'',''),(155,7,'',''),(156,1,'3-extra-large-size',''),(156,2,'',''),(156,7,'',''),(157,1,'4-extra-large-size',''),(157,2,'',''),(157,7,'',''),(158,1,'5-extra-large-size',''),(158,2,'',''),(158,7,'',''),(159,1,'graphic-a',''),(159,2,'',''),(159,7,'',''),(160,1,'graphic-b',''),(160,2,'',''),(160,7,'',''),(161,1,'graphic-c',''),(161,2,'',''),(161,7,'',''),(162,1,'graphic-d',''),(162,2,'',''),(162,7,'',''),(163,1,'light-blue',''),(163,2,'',''),(163,7,'',''),(164,1,'free-size',''),(164,2,'',''),(164,7,'',''),(165,1,'32d-70d',''),(165,2,'',''),(165,7,'',''),(166,1,'34d-75d',''),(166,2,'',''),(166,7,'',''),(167,1,'36d-80d',''),(167,2,'',''),(167,7,'',''),(168,1,'38d-85d',''),(168,2,'',''),(168,7,'','');

--
-- Table structure for table `ps_layered_indexable_feature`
--

CREATE TABLE `ps_layered_indexable_feature` (
  `id_feature` int(11) NOT NULL,
  `indexable` tinyint(1) NOT NULL DEFAULT '0',
  PRIMARY KEY (`id_feature`)
) ENGINE=InnoDB DEFAULT CHARSET=utf8;

--
-- Dumping data for table `ps_layered_indexable_feature`
--

INSERT INTO `ps_layered_indexable_feature` VALUES (1,1),(2,1),(3,1),(4,1),(5,1),(6,1),(7,1);

--
-- Table structure for table `ps_layered_indexable_feature_lang_value`
--

CREATE TABLE `ps_layered_indexable_feature_lang_value` (
  `id_feature` int(11) NOT NULL,
  `id_lang` int(11) NOT NULL,
  `url_name` varchar(128) NOT NULL,
  `meta_title` varchar(128) DEFAULT NULL,
  PRIMARY KEY (`id_feature`,`id_lang`)
) ENGINE=InnoDB DEFAULT CHARSET=utf8;

--
-- Dumping data for table `ps_layered_indexable_feature_lang_value`
--

INSERT INTO `ps_layered_indexable_feature_lang_value` VALUES (1,1,'for-age',''),(1,2,'suitable-age',''),(1,7,'suitable-age',''),(2,1,'material',''),(2,2,'',''),(2,7,'',''),(3,1,'battery',''),(3,2,'',''),(3,7,'',''),(4,1,'seamless',''),(4,2,'',''),(4,7,'',''),(5,1,'steel-ring',''),(5,2,'',''),(5,7,'',''),(6,1,'magic-push',''),(6,2,'',''),(6,7,'','');

--
-- Table structure for table `ps_layered_indexable_feature_value_lang_value`
--

CREATE TABLE `ps_layered_indexable_feature_value_lang_value` (
  `id_feature_value` int(11) NOT NULL,
  `id_lang` int(11) NOT NULL,
  `url_name` varchar(128) DEFAULT NULL,
  `meta_title` varchar(128) DEFAULT NULL,
  PRIMARY KEY (`id_feature_value`,`id_lang`)
) ENGINE=InnoDB DEFAULT CHARSET=utf8;

--
-- Dumping data for table `ps_layered_indexable_feature_value_lang_value`
--

INSERT INTO `ps_layered_indexable_feature_value_lang_value` VALUES (1,1,'',''),(1,2,'',''),(1,7,'',''),(2,1,'',''),(2,2,'',''),(2,7,'',''),(3,1,'',''),(3,2,'',''),(3,7,'',''),(4,1,'',''),(4,2,'',''),(4,7,'',''),(5,1,'',''),(5,2,'',''),(5,7,'',''),(6,1,'',''),(6,2,'',''),(6,7,'',''),(7,1,'',''),(7,2,'',''),(7,7,'',''),(8,1,'',''),(8,2,'',''),(8,7,'',''),(9,1,'',''),(9,2,'',''),(9,7,'',''),(10,1,'',''),(10,2,'',''),(10,7,'',''),(11,1,'',''),(11,2,'',''),(11,7,'',''),(12,1,'',''),(12,2,'',''),(12,7,'',''),(13,1,'',''),(13,2,'',''),(13,7,'',''),(14,1,'',''),(14,2,'',''),(14,7,'',''),(15,1,'',''),(15,2,'',''),(15,7,'',''),(16,1,'',''),(16,2,'',''),(16,7,'',''),(17,1,'',''),(17,2,'',''),(17,3,'',''),(17,4,'',''),(17,5,'',''),(17,6,'',''),(17,7,'',''),(18,1,'',''),(18,2,'',''),(18,3,'',''),(18,4,'',''),(18,5,'',''),(18,6,'',''),(18,7,'',''),(19,1,'',''),(19,2,'',''),(19,3,'',''),(19,4,'',''),(19,5,'',''),(19,6,'',''),(19,7,'',''),(20,1,'',''),(20,2,'',''),(20,3,'',''),(20,4,'',''),(20,5,'',''),(20,6,'',''),(20,7,'',''),(21,1,'',''),(21,2,'',''),(21,3,'',''),(21,4,'',''),(21,5,'',''),(21,6,'',''),(21,7,'','');

--
-- Table structure for table `ps_layered_price_index`
--

CREATE TABLE `ps_layered_price_index` (
  `id_product` int(11) NOT NULL,
  `id_currency` int(11) NOT NULL,
  `id_shop` int(11) NOT NULL,
  `price_min` int(11) NOT NULL,
  `price_max` int(11) NOT NULL,
  PRIMARY KEY (`id_product`,`id_currency`,`id_shop`),
  KEY `id_currency` (`id_currency`),
  KEY `price_min` (`price_min`),
  KEY `price_max` (`price_max`)
) ENGINE=InnoDB DEFAULT CHARSET=utf8;

--
-- Dumping data for table `ps_layered_price_index`
--

INSERT INTO `ps_layered_price_index` VALUES (1,3,1,1,1),(2,3,1,40,41),(3,3,1,35,35),(4,3,1,36,36),(5,3,1,40,40),(6,3,1,40,40),(7,3,1,109,109),(8,3,1,42,42),(9,3,1,40,40),(10,3,1,28,28),(11,3,1,15,15),(12,3,1,15,15),(13,3,1,15,15),(14,3,1,15,15),(15,3,1,15,15),(16,3,1,15,15),(17,3,1,15,15),(18,3,1,15,15),(19,3,1,15,15),(20,3,1,18,18),(21,3,1,15,15),(22,3,1,18,18),(23,3,1,19,20),(24,3,1,15,15),(25,3,1,15,15),(26,3,1,15,15),(27,3,1,15,15),(28,3,1,20,20),(29,3,1,15,15),(30,3,1,25,25),(31,3,1,15,15),(32,3,1,15,15),(33,3,1,15,15),(34,3,1,15,15),(35,3,1,15,15),(36,3,1,15,15),(37,3,1,15,15),(38,3,1,20,20),(39,3,1,18,18),(40,3,1,48,48),(41,3,1,48,48),(42,3,1,35,35),(43,3,1,35,35),(44,3,1,35,35),(45,3,1,48,48),(46,3,1,48,48),(47,3,1,39,39),(48,3,1,38,38),(49,3,1,28,28),(50,3,1,28,28),(51,3,1,28,28),(52,3,1,20,20),(53,3,1,26,26),(54,3,1,20,20),(55,3,1,200,212),(56,3,1,1,2),(57,3,1,1,2),(58,3,1,1,2),(59,3,1,1,2),(60,3,1,1,2),(61,3,1,1,2),(62,3,1,1,2),(63,3,1,1,2),(64,3,1,1,2),(65,3,1,1,2),(66,3,1,1,2),(67,3,1,1,2),(68,3,1,1,2),(69,3,1,1,2),(70,3,1,1,2),(71,3,1,1,2),(72,3,1,1,2),(73,3,1,1,2),(74,3,1,1,2),(75,3,1,1,2),(76,3,1,1,2),(77,3,1,2,3),(78,3,1,2,3),(79,3,1,2,3),(80,3,1,2,3),(81,3,1,2,3),(82,3,1,2,3),(83,3,1,2,3),(84,3,1,2,3),(85,3,1,2,3),(86,3,1,2,3),(87,3,1,2,3),(88,3,1,2,3),(89,3,1,2,3),(90,3,1,2,3),(91,3,1,2,3),(92,3,1,2,3),(93,3,1,2,3),(94,3,1,2,3),(95,3,1,2,3),(96,3,1,2,3),(97,3,1,2,3),(98,3,1,2,3),(99,3,1,2,3),(100,3,1,2,3),(101,3,1,3,4),(102,3,1,3,4),(103,3,1,3,4),(104,3,1,3,4),(105,3,1,3,4),(106,3,1,3,4),(107,3,1,3,4),(108,3,1,2,3),(109,3,1,2,3),(110,3,1,2,3),(111,3,1,2,3),(112,3,1,2,3),(113,3,1,2,3),(114,3,1,3,4),(115,3,1,2,3),(116,3,1,2,3),(117,3,1,2,3),(118,3,1,2,3),(119,3,1,2,3),(120,3,1,2,3),(121,3,1,3,4),(122,3,1,3,4),(123,3,1,3,4),(124,3,1,3,4),(125,3,1,3,4),(126,3,1,3,4),(127,3,1,3,4),(128,3,1,3,4),(129,3,1,3,4),(130,3,1,3,4),(131,3,1,3,4),(132,3,1,3,4),(133,3,1,3,4),(134,3,1,3,4),(135,3,1,3,4),(136,3,1,3,4),(137,3,1,3,4),(138,3,1,4,5),(139,3,1,4,5),(140,3,1,4,5),(141,3,1,4,5),(142,3,1,4,5),(143,3,1,4,5),(144,3,1,4,5),(145,3,1,4,5),(146,3,1,4,5),(147,3,1,4,5),(148,3,1,4,5),(149,3,1,4,5),(150,3,1,4,5),(151,3,1,4,5),(152,3,1,4,5),(153,3,1,4,5),(154,3,1,4,5),(155,3,1,4,5),(156,3,1,4,5),(157,3,1,4,5),(158,3,1,4,5),(159,3,1,4,5),(160,3,1,4,5),(161,3,1,4,5),(162,3,1,4,5),(163,3,1,4,5),(164,3,1,4,5),(165,3,1,4,5),(166,3,1,4,5),(167,3,1,4,5),(168,3,1,9,10),(169,3,1,4,5),(170,3,1,4,5),(171,3,1,4,5),(172,3,1,4,5),(173,3,1,4,5),(174,3,1,4,5),(175,3,1,4,5),(176,3,1,1,1),(177,3,1,8,9),(178,3,1,4,5),(179,3,1,3,4),(180,3,1,6,7),(181,3,1,1,2),(182,3,1,9,10),(183,3,1,5,6),(184,3,1,3,4),(185,3,1,9,10),(186,3,1,39,40),(187,3,1,7,8),(188,3,1,5,6),(189,3,1,5,6),(190,3,1,8,9),(191,3,1,5,6),(192,3,1,26,26),(193,3,1,7,8),(194,3,1,7,8),(195,3,1,7,8),(196,3,1,16,17),(197,3,1,16,17),(198,3,1,7,8),(199,3,1,7,8),(200,3,1,7,8),(201,3,1,7,8),(202,3,1,7,8),(203,3,1,7,8),(204,3,1,7,8),(205,3,1,7,8),(206,3,1,7,8),(207,3,1,8,9),(208,3,1,8,9),(209,3,1,8,9),(210,3,1,8,9),(211,3,1,8,9),(212,3,1,7,8),(213,3,1,7,8),(214,3,1,7,8),(215,3,1,8,9),(216,3,1,8,9),(217,3,1,19,20),(218,3,1,19,20),(219,3,1,19,20),(220,3,1,19,20),(221,3,1,19,20),(222,3,1,1,2),(223,3,1,7,8),(224,3,1,7,8),(225,3,1,7,8),(226,3,1,7,8),(227,3,1,7,8),(228,3,1,7,8),(229,3,1,7,8),(230,3,1,27,28),(231,3,1,27,28),(232,3,1,27,28),(233,3,1,27,28),(234,3,1,27,28),(235,3,1,27,28),(236,3,1,19,20),(237,3,1,19,20),(238,3,1,19,20),(239,3,1,19,20),(240,3,1,8,9),(241,3,1,8,9),(242,3,1,9,9),(243,3,1,9,9),(244,3,1,9,9),(245,3,1,3,4),(246,3,1,3,4),(247,3,1,6,7),(248,3,1,6,7),(249,3,1,6,7),(250,3,1,6,7),(251,3,1,6,7),(252,3,1,9,10),(253,3,1,39,40),(254,3,1,2,3),(255,3,1,4,5),(256,3,1,4,5),(257,3,1,4,5),(258,3,1,4,5),(259,3,1,29,30),(260,3,1,3,4),(261,3,1,18,19),(262,3,1,2,3),(263,3,1,12,13),(264,3,1,12,13),(265,3,1,2,3),(266,3,1,7,8),(267,3,1,7,8),(268,3,1,7,8),(269,3,1,2,3),(270,3,1,54,54),(271,3,1,4,5),(272,3,1,4,5),(273,3,1,8,9),(274,3,1,4,5),(275,3,1,4,5),(276,3,1,4,5),(277,3,1,4,5),(278,3,1,4,5),(279,3,1,21,22),(280,3,1,21,22),(281,3,1,4,5),(282,3,1,3,4),(283,3,1,3,4),(284,3,1,7,8),(285,3,1,9,10),(286,3,1,3,4),(287,3,1,3,4),(288,3,1,3,4),(289,3,1,19,20),(290,3,1,19,20),(291,3,1,1,2),(292,3,1,1,2),(293,3,1,1,1),(294,3,1,0,1),(295,3,1,19,20),(296,3,1,0,1),(297,3,1,0,1),(298,3,1,5,6),(299,3,1,5,6),(300,3,1,7,8),(301,3,1,8,9),(302,3,1,8,9),(303,3,1,8,9),(304,3,1,8,9),(305,3,1,8,9),(306,3,1,8,9),(307,3,1,50,50),(308,3,1,8,9),(309,3,1,8,9),(310,3,1,8,9),(311,3,1,8,9),(312,3,1,3,4),(313,3,1,3,4),(314,3,1,3,4),(315,3,1,3,4),(316,3,1,8,9),(317,3,1,8,9),(318,3,1,7,8),(319,3,1,7,8),(320,3,1,7,8),(321,3,1,7,8),(322,3,1,5,6),(323,3,1,5,6),(324,3,1,5,6),(325,3,1,5,6),(326,3,1,5,6),(327,3,1,5,6),(328,3,1,9,10),(329,3,1,9,10),(330,3,1,8,9),(331,3,1,7,8),(332,3,1,7,8),(333,3,1,7,8),(334,3,1,7,8),(335,3,1,7,8),(336,3,1,5,6),(337,3,1,5,6),(338,3,1,5,6),(339,3,1,2,3),(340,3,1,2,3),(341,3,1,2,3),(342,3,1,1,2),(343,3,1,7,8),(344,3,1,3,4),(345,3,1,2,3),(346,3,1,2,3),(347,3,1,9,10),(348,3,1,9,10),(349,3,1,7,8),(350,3,1,7,8),(351,3,1,4,5),(352,3,1,0,1),(353,3,1,0,1),(354,3,1,6,7),(355,3,1,24,25),(356,3,1,12,13),(357,3,1,12,13),(358,3,1,12,13),(359,3,1,7,8),(360,3,1,8,9),(361,3,1,6,7),(362,3,1,6,7),(363,3,1,26,27),(364,3,1,9,10),(365,3,1,9,10),(366,3,1,39,40),(367,3,1,5,6),(368,3,1,8,9),(369,3,1,3,4),(370,3,1,8,9),(371,3,1,29,30),(372,3,1,29,30),(373,3,1,29,30),(374,3,1,9,10),(375,3,1,9,10),(376,3,1,26,27),(377,3,1,15,16),(378,3,1,3,4),(379,3,1,3,4),(380,3,1,3,4),(381,3,1,11,12),(382,3,1,5,6),(383,3,1,5,6),(384,3,1,5,6),(385,3,1,5,6),(386,3,1,5,6),(387,3,1,5,6),(388,3,1,5,6),(389,3,1,2,3),(390,3,1,2,3),(391,3,1,2,3),(392,3,1,25,26),(393,3,1,25,26),(394,3,1,25,26),(395,3,1,6,7),(396,2,1,11,11),(396,3,1,45,45),(397,2,1,24,25),(397,3,1,99,99),(398,3,1,6,7),(399,3,1,2,3),(400,2,1,1,1),(400,3,1,5,6),(401,3,1,4,5),(402,3,1,0,1),(403,3,1,4,5),(404,3,1,4,5),(405,3,1,4,5),(406,3,1,9,10),(407,3,1,9,10),(408,3,1,9,10),(409,3,1,9,10),(410,3,1,9,10),(411,3,1,9,10),(412,3,1,0,1),(413,3,1,0,1),(414,3,1,0,1),(415,3,1,0,1),(416,3,1,1,2),(417,3,1,1,2),(418,3,1,1,2),(419,3,1,8,9),(420,3,1,1,2),(421,3,1,1,2),(422,3,1,1,2),(423,3,1,1,2),(424,3,1,1,2),(425,3,1,1,2),(426,3,1,2,3),(427,3,1,2,3),(428,3,1,2,3),(429,3,1,2,3),(430,3,1,2,3),(431,3,1,3,4),(432,3,1,3,4),(433,3,1,3,4),(434,3,1,3,4),(435,3,1,3,4),(436,3,1,3,4),(437,3,1,3,4),(438,3,1,3,4),(439,3,1,3,4),(440,3,1,3,4),(441,3,1,3,4),(442,3,1,3,4),(443,3,1,4,5),(444,1,1,0,0),(444,2,1,0,1),(444,3,1,1,2),(444,4,1,3,5),(444,5,1,16,19),(444,6,1,523,628),(444,7,1,55,67),(445,1,1,0,0),(445,2,1,0,1),(445,3,1,1,2),(445,4,1,3,5),(445,5,1,16,19),(445,6,1,523,628),(445,7,1,55,67),(446,1,1,0,0),(446,2,1,0,1),(446,3,1,1,2),(446,4,1,3,5),(446,5,1,16,19),(446,6,1,523,628),(446,7,1,55,67),(447,1,1,0,0),(447,2,1,0,1),(447,3,1,1,2),(447,4,1,3,5),(447,5,1,16,19),(447,6,1,523,628),(447,7,1,55,67),(448,1,1,0,0),(448,2,1,0,1),(448,3,1,1,2),(448,4,1,3,5),(448,5,1,16,19),(448,6,1,523,628),(448,7,1,55,67),(449,1,1,0,0),(449,2,1,0,1),(449,3,1,1,2),(449,4,1,3,5),(449,5,1,16,19),(449,6,1,523,628),(449,7,1,55,67),(450,1,1,0,0),(450,2,1,0,1),(450,3,1,1,2),(450,4,1,3,5),(450,5,1,16,19),(450,6,1,523,628),(450,7,1,55,67),(451,1,1,0,0),(451,2,1,0,1),(451,3,1,1,2),(451,4,1,3,5),(451,5,1,16,19),(451,6,1,523,628),(451,7,1,55,67),(452,1,1,0,0),(452,2,1,0,1),(452,3,1,1,2),(452,4,1,3,5),(452,5,1,16,19),(452,6,1,523,628),(452,7,1,55,67),(453,1,1,0,0),(453,2,1,0,1),(453,3,1,1,2),(453,4,1,3,5),(453,5,1,16,19),(453,6,1,523,628),(453,7,1,55,67),(454,1,1,0,0),(454,2,1,0,1),(454,3,1,1,2),(454,4,1,3,5),(454,5,1,16,19),(454,6,1,523,628),(454,7,1,55,67),(455,1,1,0,0),(455,2,1,0,1),(455,3,1,1,2),(455,4,1,3,5),(455,5,1,16,19),(455,6,1,523,628),(455,7,1,55,67),(456,1,1,0,0),(456,2,1,0,1),(456,3,1,1,2),(456,4,1,3,5),(456,5,1,16,19),(456,6,1,523,628),(456,7,1,55,67),(457,1,1,0,0),(457,2,1,0,1),(457,3,1,1,2),(457,4,1,3,5),(457,5,1,16,19),(457,6,1,523,628),(457,7,1,55,67),(458,1,1,0,0),(458,2,1,0,1),(458,3,1,1,2),(458,4,1,3,5),(458,5,1,16,19),(458,6,1,523,628),(458,7,1,55,67),(459,1,1,0,0),(459,2,1,0,1),(459,3,1,1,2),(459,4,1,3,5),(459,5,1,16,19),(459,6,1,523,628),(459,7,1,55,67),(460,1,1,0,0),(460,2,1,0,1),(460,3,1,1,2),(460,4,1,3,5),(460,5,1,16,19),(460,6,1,523,628),(460,7,1,55,67),(461,1,1,0,0),(461,2,1,0,1),(461,3,1,1,2),(461,4,1,3,5),(461,5,1,16,19),(461,6,1,523,628),(461,7,1,55,67),(462,1,1,0,0),(462,2,1,0,1),(462,3,1,1,2),(462,4,1,3,5),(462,5,1,16,19),(462,6,1,523,628),(462,7,1,55,67),(463,1,1,0,0),(463,2,1,0,1),(463,3,1,1,2),(463,4,1,3,5),(463,5,1,16,19),(463,6,1,523,628),(463,7,1,55,67),(464,1,1,0,0),(464,2,1,0,1),(464,3,1,1,2),(464,4,1,3,5),(464,5,1,16,19),(464,6,1,523,628),(464,7,1,55,67),(465,1,1,0,0),(465,2,1,0,1),(465,3,1,1,2),(465,4,1,3,5),(465,5,1,16,19),(465,6,1,523,628),(465,7,1,55,67),(466,1,1,0,0),(466,2,1,0,1),(466,3,1,1,2),(466,4,1,3,5),(466,5,1,16,19),(466,6,1,523,628),(466,7,1,55,67),(467,1,1,0,0),(467,2,1,0,1),(467,3,1,1,2),(467,4,1,3,5),(467,5,1,16,19),(467,6,1,523,628),(467,7,1,55,67),(468,1,1,0,0),(468,2,1,0,1),(468,3,1,1,2),(468,4,1,3,5),(468,5,1,16,19),(468,6,1,523,628),(468,7,1,55,67),(469,1,1,0,0),(469,2,1,0,1),(469,3,1,1,2),(469,4,1,3,5),(469,5,1,16,19),(469,6,1,523,628),(469,7,1,55,67),(470,1,1,0,0),(470,2,1,0,1),(470,3,1,1,2),(470,4,1,3,5),(470,5,1,16,19),(470,6,1,523,628),(470,7,1,55,67),(471,1,1,0,0),(471,2,1,0,1),(471,3,1,1,2),(471,4,1,3,5),(471,5,1,16,19),(471,6,1,523,628),(471,7,1,55,67),(472,1,1,0,1),(472,2,1,0,1),(472,3,1,2,4),(472,4,1,5,7),(472,5,1,24,29),(472,6,1,786,944),(472,7,1,83,100),(473,1,1,0,1),(473,2,1,0,1),(473,3,1,2,4),(473,4,1,5,7),(473,5,1,24,29),(473,6,1,786,944),(473,7,1,83,100),(474,1,1,0,1),(474,2,1,0,1),(474,3,1,2,4),(474,4,1,5,7),(474,5,1,24,29),(474,6,1,786,944),(474,7,1,83,100),(475,1,1,0,1),(475,2,1,0,1),(475,3,1,2,4),(475,4,1,5,7),(475,5,1,24,29),(475,6,1,786,944),(475,7,1,83,100),(476,1,1,0,1),(476,2,1,0,1),(476,3,1,2,4),(476,4,1,5,7),(476,5,1,24,29),(476,6,1,786,944),(476,7,1,83,100),(477,1,1,0,1),(477,2,1,0,1),(477,3,1,2,4),(477,4,1,5,7),(477,5,1,24,29),(477,6,1,786,944),(477,7,1,83,100),(478,1,1,0,1),(478,2,1,0,1),(478,3,1,2,4),(478,4,1,5,7),(478,5,1,24,29),(478,6,1,786,944),(478,7,1,83,100),(479,1,1,0,1),(479,2,1,0,1),(479,3,1,2,4),(479,4,1,5,7),(479,5,1,24,29),(479,6,1,786,944),(479,7,1,83,100),(480,1,1,0,1),(480,2,1,0,1),(480,3,1,2,4),(480,4,1,5,7),(480,5,1,24,29),(480,6,1,786,944),(480,7,1,83,100),(481,1,1,0,1),(481,2,1,0,1),(481,3,1,2,4),(481,4,1,5,7),(481,5,1,24,29),(481,6,1,786,944),(481,7,1,83,100),(482,1,1,0,1),(482,2,1,0,1),(482,3,1,2,4),(482,4,1,5,7),(482,5,1,24,29),(482,6,1,786,944),(482,7,1,83,100),(483,1,1,0,1),(483,2,1,0,1),(483,3,1,2,4),(483,4,1,5,7),(483,5,1,24,29),(483,6,1,786,944),(483,7,1,83,100),(484,1,1,0,1),(484,2,1,0,1),(484,3,1,2,4),(484,4,1,5,7),(484,5,1,24,29),(484,6,1,786,944),(484,7,1,83,100),(485,1,1,0,1),(485,2,1,0,1),(485,3,1,2,4),(485,4,1,5,7),(485,5,1,24,29),(485,6,1,786,944),(485,7,1,83,100),(486,1,1,0,1),(486,2,1,0,1),(486,3,1,2,4),(486,4,1,5,7),(486,5,1,24,29),(486,6,1,786,944),(486,7,1,83,100),(487,1,1,0,1),(487,2,1,0,1),(487,3,1,2,4),(487,4,1,5,7),(487,5,1,24,29),(487,6,1,786,944),(487,7,1,83,100),(488,1,1,0,1),(488,2,1,0,1),(488,3,1,2,4),(488,4,1,5,7),(488,5,1,24,29),(488,6,1,786,944),(488,7,1,83,100),(489,1,1,0,1),(489,2,1,0,1),(489,3,1,2,4),(489,4,1,5,7),(489,5,1,24,29),(489,6,1,786,944),(489,7,1,83,100),(490,1,1,0,1),(490,2,1,0,1),(490,3,1,2,4),(490,4,1,5,7),(490,5,1,24,29),(490,6,1,786,944),(490,7,1,83,100),(491,1,1,0,1),(491,2,1,0,1),(491,3,1,2,4),(491,4,1,5,7),(491,5,1,24,29),(491,6,1,786,944),(491,7,1,83,100),(492,1,1,0,1),(492,2,1,0,1),(492,3,1,2,4),(492,4,1,5,7),(492,5,1,24,29),(492,6,1,786,944),(492,7,1,83,100),(493,1,1,0,1),(493,2,1,0,1),(493,3,1,2,4),(493,4,1,5,7),(493,5,1,24,29),(493,6,1,786,944),(493,7,1,83,100),(494,1,1,0,1),(494,2,1,0,1),(494,3,1,2,4),(494,4,1,5,7),(494,5,1,24,29),(494,6,1,786,944),(494,7,1,83,100),(495,1,1,0,1),(495,2,1,0,1),(495,3,1,2,4),(495,4,1,5,7),(495,5,1,24,29),(495,6,1,786,944),(495,7,1,83,100),(496,1,1,0,1),(496,2,1,0,1),(496,3,1,3,5),(496,4,1,7,9),(496,5,1,32,39),(496,6,1,1049,1260),(496,7,1,111,134),(497,1,1,0,1),(497,2,1,0,1),(497,3,1,3,5),(497,4,1,7,9),(497,5,1,32,39),(497,6,1,1049,1260),(497,7,1,111,134),(498,1,1,0,1),(498,2,1,0,1),(498,3,1,3,5),(498,4,1,7,9),(498,5,1,32,39),(498,6,1,1049,1260),(498,7,1,111,134),(499,1,1,0,1),(499,2,1,0,1),(499,3,1,3,5),(499,4,1,7,9),(499,5,1,32,39),(499,6,1,1049,1260),(499,7,1,111,134),(500,1,1,0,1),(500,2,1,0,1),(500,3,1,3,5),(500,4,1,7,9),(500,5,1,32,39),(500,6,1,1049,1260),(500,7,1,111,134),(501,1,1,0,1),(501,2,1,0,1),(501,3,1,3,5),(501,4,1,7,9),(501,5,1,32,39),(501,6,1,1049,1260),(501,7,1,111,134),(502,1,1,0,1),(502,2,1,0,1),(502,3,1,3,5),(502,4,1,7,9),(502,5,1,32,39),(502,6,1,1049,1260),(502,7,1,111,134),(503,1,1,0,1),(503,2,1,0,1),(503,3,1,2,4),(503,4,1,5,7),(503,5,1,24,29),(503,6,1,786,944),(503,7,1,83,100),(504,1,1,0,1),(504,2,1,0,1),(504,3,1,2,4),(504,4,1,5,7),(504,5,1,24,29),(504,6,1,786,944),(504,7,1,83,100),(505,1,1,0,1),(505,2,1,0,1),(505,3,1,2,4),(505,4,1,5,7),(505,5,1,24,29),(505,6,1,786,944),(505,7,1,83,100),(506,1,1,0,1),(506,2,1,0,1),(506,3,1,2,4),(506,4,1,5,7),(506,5,1,24,29),(506,6,1,786,944),(506,7,1,83,100),(507,1,1,0,1),(507,2,1,0,1),(507,3,1,2,4),(507,4,1,5,7),(507,5,1,24,29),(507,6,1,786,944),(507,7,1,83,100),(508,1,1,0,1),(508,2,1,0,1),(508,3,1,2,4),(508,4,1,5,7),(508,5,1,24,29),(508,6,1,786,944),(508,7,1,83,100),(509,1,1,0,1),(509,2,1,0,1),(509,3,1,3,5),(509,4,1,7,9),(509,5,1,32,39),(509,6,1,1049,1260),(509,7,1,111,134),(510,1,1,0,1),(510,2,1,0,1),(510,3,1,2,4),(510,4,1,5,7),(510,5,1,24,29),(510,6,1,786,944),(510,7,1,83,100),(511,1,1,0,1),(511,2,1,0,1),(511,3,1,2,4),(511,4,1,5,7),(511,5,1,24,29),(511,6,1,786,944),(511,7,1,83,100),(512,1,1,0,1),(512,2,1,0,1),(512,3,1,2,4),(512,4,1,5,7),(512,5,1,24,29),(512,6,1,786,944),(512,7,1,83,100),(513,1,1,0,1),(513,2,1,0,1),(513,3,1,2,4),(513,4,1,5,7),(513,5,1,24,29),(513,6,1,786,944),(513,7,1,83,100),(514,1,1,0,1),(514,2,1,0,1),(514,3,1,2,4),(514,4,1,5,7),(514,5,1,24,29),(514,6,1,786,944),(514,7,1,83,100),(515,1,1,0,1),(515,2,1,0,1),(515,3,1,2,4),(515,4,1,5,7),(515,5,1,24,29),(515,6,1,786,944),(515,7,1,83,100),(516,1,1,0,1),(516,2,1,0,1),(516,3,1,3,5),(516,4,1,7,9),(516,5,1,32,39),(516,6,1,1049,1260),(516,7,1,111,134),(517,1,1,0,1),(517,2,1,0,1),(517,3,1,3,5),(517,4,1,7,9),(517,5,1,32,39),(517,6,1,1049,1260),(517,7,1,111,134),(518,1,1,0,1),(518,2,1,0,1),(518,3,1,3,5),(518,4,1,7,9),(518,5,1,32,39),(518,6,1,1049,1260),(518,7,1,111,134),(519,1,1,0,1),(519,2,1,0,1),(519,3,1,3,5),(519,4,1,7,9),(519,5,1,32,39),(519,6,1,1049,1260),(519,7,1,111,134),(520,1,1,0,1),(520,2,1,0,1),(520,3,1,3,5),(520,4,1,7,9),(520,5,1,32,39),(520,6,1,1049,1260),(520,7,1,111,134),(521,1,1,0,1),(521,2,1,0,1),(521,3,1,3,5),(521,4,1,7,9),(521,5,1,32,39),(521,6,1,1049,1260),(521,7,1,111,134),(522,1,1,0,1),(522,2,1,0,1),(522,3,1,3,5),(522,4,1,7,9),(522,5,1,32,39),(522,6,1,1049,1260),(522,7,1,111,134),(523,1,1,0,1),(523,2,1,0,1),(523,3,1,3,5),(523,4,1,7,9),(523,5,1,32,39),(523,6,1,1049,1260),(523,7,1,111,134),(524,1,1,0,1),(524,2,1,0,1),(524,3,1,3,5),(524,4,1,7,9),(524,5,1,32,39),(524,6,1,1049,1260),(524,7,1,111,134),(525,1,1,0,1),(525,2,1,0,1),(525,3,1,3,5),(525,4,1,7,9),(525,5,1,32,39),(525,6,1,1049,1260),(525,7,1,111,134),(526,1,1,0,1),(526,2,1,0,1),(526,3,1,3,5),(526,4,1,7,9),(526,5,1,32,39),(526,6,1,1049,1260),(526,7,1,111,134),(527,1,1,0,1),(527,2,1,0,1),(527,3,1,3,5),(527,4,1,7,9),(527,5,1,32,39),(527,6,1,1049,1260),(527,7,1,111,134),(528,1,1,0,1),(528,2,1,0,1),(528,3,1,3,5),(528,4,1,7,9),(528,5,1,32,39),(528,6,1,1049,1260),(528,7,1,111,134),(529,1,1,0,1),(529,2,1,0,1),(529,3,1,3,5),(529,4,1,7,9),(529,5,1,32,39),(529,6,1,1049,1260),(529,7,1,111,134),(530,1,1,0,1),(530,2,1,0,1),(530,3,1,3,5),(530,4,1,7,9),(530,5,1,32,39),(530,6,1,1049,1260),(530,7,1,111,134),(531,1,1,0,1),(531,2,1,0,1),(531,3,1,3,5),(531,4,1,7,9),(531,5,1,32,39),(531,6,1,1049,1260),(531,7,1,111,134),(532,1,1,0,1),(532,2,1,0,1),(532,3,1,3,5),(532,4,1,7,9),(532,5,1,32,39),(532,6,1,1049,1260),(532,7,1,111,134),(533,1,1,0,1),(533,2,1,1,1),(533,3,1,4,6),(533,4,1,9,12),(533,5,1,40,48),(533,6,1,1312,1575),(533,7,1,139,167),(534,1,1,0,1),(534,2,1,1,1),(534,3,1,4,6),(534,4,1,9,12),(534,5,1,40,48),(534,6,1,1312,1575),(534,7,1,139,167),(535,1,1,0,1),(535,2,1,1,1),(535,3,1,4,6),(535,4,1,9,12),(535,5,1,40,48),(535,6,1,1312,1575),(535,7,1,139,167),(536,1,1,0,1),(536,2,1,1,1),(536,3,1,4,6),(536,4,1,9,12),(536,5,1,40,48),(536,6,1,1312,1575),(536,7,1,139,167),(537,1,1,0,1),(537,2,1,1,1),(537,3,1,4,6),(537,4,1,9,12),(537,5,1,40,48),(537,6,1,1312,1575),(537,7,1,139,167),(538,1,1,0,1),(538,2,1,1,1),(538,3,1,4,6),(538,4,1,9,12),(538,5,1,40,48),(538,6,1,1312,1575),(538,7,1,139,167),(539,1,1,0,1),(539,2,1,1,1),(539,3,1,4,6),(539,4,1,9,12),(539,5,1,40,48),(539,6,1,1312,1575),(539,7,1,139,167),(540,1,1,0,1),(540,2,1,1,1),(540,3,1,4,6),(540,4,1,9,12),(540,5,1,40,48),(540,6,1,1312,1575),(540,7,1,139,167),(541,1,1,0,1),(541,2,1,1,1),(541,3,1,4,6),(541,4,1,9,12),(541,5,1,40,48),(541,6,1,1312,1575),(541,7,1,139,167),(542,1,1,0,1),(542,2,1,1,1),(542,3,1,4,6),(542,4,1,9,12),(542,5,1,40,48),(542,6,1,1312,1575),(542,7,1,139,167),(543,1,1,0,1),(543,2,1,1,1),(543,3,1,4,6),(543,4,1,9,12),(543,5,1,40,48),(543,6,1,1312,1575),(543,7,1,139,167),(544,1,1,0,1),(544,2,1,1,1),(544,3,1,4,6),(544,4,1,9,12),(544,5,1,40,48),(544,6,1,1312,1575),(544,7,1,139,167),(545,1,1,0,1),(545,2,1,1,1),(545,3,1,4,6),(545,4,1,9,12),(545,5,1,40,48),(545,6,1,1312,1575),(545,7,1,139,167),(546,1,1,0,1),(546,2,1,1,1),(546,3,1,4,6),(546,4,1,9,12),(546,5,1,40,48),(546,6,1,1312,1575),(546,7,1,139,167),(547,1,1,0,1),(547,2,1,1,1),(547,3,1,4,6),(547,4,1,9,12),(547,5,1,40,48),(547,6,1,1312,1575),(547,7,1,139,167),(548,1,1,0,1),(548,2,1,1,1),(548,3,1,4,6),(548,4,1,9,12),(548,5,1,40,48),(548,6,1,1312,1575),(548,7,1,139,167),(549,1,1,0,1),(549,2,1,1,1),(549,3,1,4,6),(549,4,1,9,12),(549,5,1,40,48),(549,6,1,1312,1575),(549,7,1,139,167),(550,1,1,0,1),(550,2,1,1,1),(550,3,1,4,6),(550,4,1,9,12),(550,5,1,40,48),(550,6,1,1312,1575),(550,7,1,139,167),(551,1,1,0,1),(551,2,1,1,1),(551,3,1,4,6),(551,4,1,9,12),(551,5,1,40,48),(551,6,1,1312,1575),(551,7,1,139,167),(552,1,1,0,1),(552,2,1,1,1),(552,3,1,4,6),(552,4,1,9,12),(552,5,1,40,48),(552,6,1,1312,1575),(552,7,1,139,167),(553,1,1,0,1),(553,2,1,1,1),(553,3,1,4,6),(553,4,1,9,12),(553,5,1,40,48),(553,6,1,1312,1575),(553,7,1,139,167),(554,1,1,0,1),(554,2,1,1,1),(554,3,1,4,6),(554,4,1,9,12),(554,5,1,40,48),(554,6,1,1312,1575),(554,7,1,139,167),(555,1,1,0,1),(555,2,1,1,1),(555,3,1,4,6),(555,4,1,9,12),(555,5,1,40,48),(555,6,1,1312,1575),(555,7,1,139,167),(556,1,1,0,1),(556,2,1,1,1),(556,3,1,4,6),(556,4,1,9,12),(556,5,1,40,48),(556,6,1,1312,1575),(556,7,1,139,167),(557,1,1,0,1),(557,2,1,1,1),(557,3,1,4,6),(557,4,1,9,12),(557,5,1,40,48),(557,6,1,1312,1575),(557,7,1,139,167),(558,1,1,0,1),(558,2,1,1,1),(558,3,1,4,6),(558,4,1,9,12),(558,5,1,40,48),(558,6,1,1312,1575),(558,7,1,139,167),(559,1,1,0,1),(559,2,1,1,1),(559,3,1,4,6),(559,4,1,9,12),(559,5,1,40,48),(559,6,1,1312,1575),(559,7,1,139,167),(560,1,1,0,1),(560,2,1,1,1),(560,3,1,4,6),(560,4,1,9,12),(560,5,1,40,48),(560,6,1,1312,1575),(560,7,1,139,167),(561,1,1,0,1),(561,2,1,1,1),(561,3,1,4,6),(561,4,1,9,12),(561,5,1,40,48),(561,6,1,1312,1575),(561,7,1,139,167),(562,1,1,0,1),(562,2,1,1,1),(562,3,1,4,6),(562,4,1,9,12),(562,5,1,40,48),(562,6,1,1312,1575),(562,7,1,139,167),(563,1,1,1,2),(563,2,1,2,3),(563,3,1,9,12),(563,4,1,19,23),(563,5,1,79,96),(563,6,1,2604,3126),(563,7,1,276,332),(564,1,1,0,1),(564,2,1,1,1),(564,3,1,4,6),(564,4,1,9,12),(564,5,1,40,48),(564,6,1,1312,1575),(564,7,1,139,167),(565,1,1,0,1),(565,2,1,1,1),(565,3,1,4,6),(565,4,1,9,12),(565,5,1,40,48),(565,6,1,1312,1575),(565,7,1,139,167),(566,1,1,0,1),(566,2,1,1,1),(566,3,1,4,6),(566,4,1,9,12),(566,5,1,40,48),(566,6,1,1312,1575),(566,7,1,139,167),(567,1,1,0,1),(567,2,1,1,1),(567,3,1,4,6),(567,4,1,9,12),(567,5,1,40,48),(567,6,1,1312,1575),(567,7,1,139,167),(568,1,1,0,1),(568,2,1,1,1),(568,3,1,4,6),(568,4,1,9,12),(568,5,1,40,48),(568,6,1,1312,1575),(568,7,1,139,167),(569,1,1,0,1),(569,2,1,1,1),(569,3,1,4,6),(569,4,1,9,12),(569,5,1,40,48),(569,6,1,1312,1575),(569,7,1,139,167),(570,1,1,0,1),(570,2,1,1,1),(570,3,1,4,6),(570,4,1,9,12),(570,5,1,40,48),(570,6,1,1312,1575),(570,7,1,139,167),(571,1,1,0,0),(571,2,1,0,0),(571,3,1,1,1),(571,4,1,2,3),(571,5,1,9,12),(571,6,1,315,379),(571,7,1,33,40),(572,1,1,1,2),(572,2,1,2,3),(572,3,1,8,11),(572,4,1,17,21),(572,5,1,71,86),(572,6,1,2341,2810),(572,7,1,248,298),(573,1,1,0,1),(573,2,1,1,1),(573,3,1,4,6),(573,4,1,9,12),(573,5,1,40,48),(573,6,1,1312,1575),(573,7,1,139,167),(574,1,1,0,1),(574,2,1,0,1),(574,3,1,3,5),(574,4,1,7,9),(574,5,1,31,38),(574,6,1,1026,1231),(574,7,1,108,131),(575,1,1,1,2),(575,2,1,1,2),(575,3,1,6,8),(575,4,1,13,16),(575,5,1,55,67),(575,6,1,1815,2178),(575,7,1,192,231),(576,1,1,0,0),(576,2,1,0,1),(576,3,1,1,2),(576,4,1,3,4),(576,5,1,15,18),(576,6,1,499,600),(576,7,1,53,64),(577,1,1,1,2),(577,2,1,2,3),(577,3,1,9,12),(577,4,1,19,23),(577,5,1,79,96),(577,6,1,2604,3126),(577,7,1,276,332),(578,1,1,1,1),(578,2,1,1,2),(578,3,1,5,7),(578,4,1,10,13),(578,5,1,44,53),(578,6,1,1447,1736),(578,7,1,153,184),(579,1,1,0,1),(579,2,1,0,1),(579,3,1,3,4),(579,4,1,6,8),(579,5,1,28,34),(579,6,1,920,1105),(579,7,1,97,117),(580,1,1,1,2),(580,2,1,2,3),(580,3,1,9,12),(580,4,1,18,22),(580,5,1,77,93),(580,6,1,2525,3031),(580,7,1,268,322),(581,1,1,7,9),(581,2,1,9,12),(581,3,1,39,48),(581,4,1,77,93),(581,5,1,321,386),(581,6,1,10497,12597),(581,7,1,1114,1337),(582,1,1,1,2),(582,2,1,1,2),(582,3,1,7,9),(582,4,1,15,18),(582,5,1,63,76),(582,6,1,2078,2494),(582,7,1,220,265),(583,1,1,1,1),(583,2,1,1,2),(583,3,1,5,7),(583,4,1,11,14),(583,5,1,47,57),(583,6,1,1552,1863),(583,7,1,164,198),(584,1,1,1,1),(584,2,1,1,2),(584,3,1,5,7),(584,4,1,11,14),(584,5,1,47,57),(584,6,1,1552,1863),(584,7,1,164,198),(585,1,1,1,2),(585,2,1,2,3),(585,3,1,8,11),(585,4,1,17,21),(585,5,1,71,86),(585,6,1,2341,2810),(585,7,1,248,298),(586,1,1,1,1),(586,2,1,1,2),(586,3,1,5,7),(586,4,1,11,14),(586,5,1,47,57),(586,6,1,1552,1863),(586,7,1,164,198),(587,1,1,4,6),(587,2,1,6,8),(587,3,1,26,31),(587,4,1,50,60),(587,5,1,209,251),(587,6,1,6840,8209),(587,7,1,725,871),(588,1,1,1,2),(588,2,1,1,2),(588,3,1,7,9),(588,4,1,15,18),(588,5,1,63,76),(588,6,1,2078,2494),(588,7,1,220,265),(589,1,1,1,2),(589,2,1,1,2),(589,3,1,7,9),(589,4,1,15,18),(589,5,1,63,76),(589,6,1,2078,2494),(589,7,1,220,265),(590,1,1,1,2),(590,2,1,1,2),(590,3,1,7,9),(590,4,1,15,18),(590,5,1,63,76),(590,6,1,2078,2494),(590,7,1,220,265),(591,1,1,3,4),(591,2,1,4,5),(591,3,1,16,20),(591,4,1,32,39),(591,5,1,136,163),(591,6,1,4446,5336),(591,7,1,471,566),(592,1,1,0,0),(592,2,1,0,0),(592,3,1,0,0),(592,4,1,0,0),(592,5,1,0,0),(592,6,1,0,0),(592,7,1,0,0),(593,1,1,1,2),(593,2,1,1,2),(593,3,1,7,9),(593,4,1,15,18),(593,5,1,63,76),(593,6,1,2078,2494),(593,7,1,220,265),(594,1,1,1,2),(594,2,1,1,2),(594,3,1,7,9),(594,4,1,15,18),(594,5,1,63,76),(594,6,1,2078,2494),(594,7,1,220,265),(595,1,1,1,2),(595,2,1,1,2),(595,3,1,7,9),(595,4,1,15,18),(595,5,1,63,76),(595,6,1,2078,2494),(595,7,1,220,265),(596,1,1,1,2),(596,2,1,1,2),(596,3,1,7,9),(596,4,1,15,18),(596,5,1,63,76),(596,6,1,2078,2494),(596,7,1,220,265),(597,1,1,1,2),(597,2,1,1,2),(597,3,1,7,9),(597,4,1,15,18),(597,5,1,63,76),(597,6,1,2078,2494),(597,7,1,220,265),(598,1,1,1,2),(598,2,1,1,2),(598,3,1,7,9),(598,4,1,15,18),(598,5,1,63,76),(598,6,1,2078,2494),(598,7,1,220,265),(599,1,1,1,2),(599,2,1,1,2),(599,3,1,7,9),(599,4,1,15,18),(599,5,1,63,76),(599,6,1,2078,2494),(599,7,1,220,265),(600,1,1,1,2),(600,2,1,1,2),(600,3,1,7,9),(600,4,1,15,18),(600,5,1,63,76),(600,6,1,2078,2494),(600,7,1,220,265),(601,1,1,1,2),(601,2,1,1,2),(601,3,1,7,9),(601,4,1,15,18),(601,5,1,63,76),(601,6,1,2078,2494),(601,7,1,220,265),(602,1,1,1,2),(602,2,1,2,3),(602,3,1,8,11),(602,4,1,17,21),(602,5,1,72,87),(602,6,1,2365,2838),(602,7,1,251,301),(603,1,1,1,2),(603,2,1,2,3),(603,3,1,8,11),(603,4,1,17,21),(603,5,1,72,87),(603,6,1,2365,2838),(603,7,1,251,301),(604,1,1,1,2),(604,2,1,2,3),(604,3,1,8,11),(604,4,1,17,21),(604,5,1,72,87),(604,6,1,2365,2838),(604,7,1,251,301),(605,1,1,1,2),(605,2,1,2,3),(605,3,1,8,11),(605,4,1,17,21),(605,5,1,72,87),(605,6,1,2365,2838),(605,7,1,251,301),(606,1,1,1,2),(606,2,1,2,3),(606,3,1,8,11),(606,4,1,17,21),(606,5,1,72,87),(606,6,1,2365,2838),(606,7,1,251,301),(607,1,1,1,2),(607,2,1,1,2),(607,3,1,7,9),(607,4,1,15,18),(607,5,1,63,76),(607,6,1,2078,2494),(607,7,1,220,265),(608,1,1,1,2),(608,2,1,1,2),(608,3,1,7,9),(608,4,1,15,18),(608,5,1,63,76),(608,6,1,2078,2494),(608,7,1,220,265),(609,1,1,1,2),(609,2,1,1,2),(609,3,1,7,9),(609,4,1,15,18),(609,5,1,63,76),(609,6,1,2078,2494),(609,7,1,220,265),(610,1,1,1,2),(610,2,1,2,3),(610,3,1,8,11),(610,4,1,17,20),(610,5,1,70,85),(610,6,1,2315,2778),(610,7,1,245,295),(611,1,1,1,2),(611,2,1,2,3),(611,3,1,8,11),(611,4,1,17,20),(611,5,1,70,85),(611,6,1,2315,2778),(611,7,1,245,295),(612,1,1,3,4),(612,2,1,4,6),(612,3,1,19,24),(612,4,1,38,46),(612,5,1,161,193),(612,6,1,5259,6311),(612,7,1,558,670),(613,1,1,3,4),(613,2,1,4,6),(613,3,1,19,24),(613,4,1,38,46),(613,5,1,161,193),(613,6,1,5259,6311),(613,7,1,558,670),(614,1,1,3,4),(614,2,1,4,6),(614,3,1,19,24),(614,4,1,38,46),(614,5,1,161,193),(614,6,1,5259,6311),(614,7,1,558,670),(615,1,1,3,4),(615,2,1,4,6),(615,3,1,19,24),(615,4,1,38,46),(615,5,1,161,193),(615,6,1,5259,6311),(615,7,1,558,670),(616,1,1,3,4),(616,2,1,4,6),(616,3,1,19,24),(616,4,1,38,46),(616,5,1,161,193),(616,6,1,5259,6311),(616,7,1,558,670),(617,1,1,0,0),(617,2,1,0,1),(617,3,1,1,2),(617,4,1,3,5),(617,5,1,16,19),(617,6,1,523,628),(617,7,1,55,67),(618,1,1,1,2),(618,2,1,1,2),(618,3,1,7,9),(618,4,1,15,18),(618,5,1,63,76),(618,6,1,2078,2494),(618,7,1,220,265),(619,1,1,1,2),(619,2,1,1,2),(619,3,1,7,9),(619,4,1,15,18),(619,5,1,63,76),(619,6,1,2078,2494),(619,7,1,220,265),(620,1,1,1,2),(620,2,1,1,2),(620,3,1,7,9),(620,4,1,15,18),(620,5,1,63,76),(620,6,1,2078,2494),(620,7,1,220,265),(621,1,1,1,2),(621,2,1,1,2),(621,3,1,7,9),(621,4,1,15,18),(621,5,1,63,76),(621,6,1,2078,2494),(621,7,1,220,265),(622,1,1,1,2),(622,2,1,1,2),(622,3,1,7,9),(622,4,1,15,18),(622,5,1,63,76),(622,6,1,2078,2494),(622,7,1,220,265),(623,1,1,1,2),(623,2,1,1,2),(623,3,1,7,9),(623,4,1,15,18),(623,5,1,63,76),(623,6,1,2078,2494),(623,7,1,220,265),(624,1,1,1,2),(624,2,1,1,2),(624,3,1,7,9),(624,4,1,15,18),(624,5,1,63,76),(624,6,1,2078,2494),(624,7,1,220,265),(625,1,1,5,6),(625,2,1,6,8),(625,3,1,27,33),(625,4,1,54,65),(625,5,1,224,270),(625,6,1,7340,8808),(625,7,1,778,935),(626,1,1,5,6),(626,2,1,6,8),(626,3,1,27,33),(626,4,1,54,65),(626,5,1,224,270),(626,6,1,7340,8808),(626,7,1,778,935),(627,1,1,5,6),(627,2,1,6,8),(627,3,1,27,33),(627,4,1,54,65),(627,5,1,224,270),(627,6,1,7340,8808),(627,7,1,778,935),(628,1,1,5,6),(628,2,1,6,8),(628,3,1,27,33),(628,4,1,54,65),(628,5,1,224,270),(628,6,1,7340,8808),(628,7,1,778,935),(629,1,1,5,6),(629,2,1,6,8),(629,3,1,27,33),(629,4,1,54,65),(629,5,1,224,270),(629,6,1,7340,8808),(629,7,1,778,935),(630,1,1,5,6),(630,2,1,6,8),(630,3,1,27,33),(630,4,1,54,65),(630,5,1,224,270),(630,6,1,7340,8808),(630,7,1,778,935),(631,1,1,3,4),(631,2,1,4,6),(631,3,1,19,24),(631,4,1,38,46),(631,5,1,160,192),(631,6,1,5235,6283),(631,7,1,555,667),(632,1,1,3,4),(632,2,1,4,6),(632,3,1,19,24),(632,4,1,38,46),(632,5,1,160,192),(632,6,1,5235,6283),(632,7,1,555,667),(633,1,1,3,4),(633,2,1,4,6),(633,3,1,19,24),(633,4,1,38,46),(633,5,1,160,192),(633,6,1,5235,6283),(633,7,1,555,667),(634,1,1,3,4),(634,2,1,4,6),(634,3,1,19,24),(634,4,1,38,46),(634,5,1,160,192),(634,6,1,5235,6283),(634,7,1,555,667),(635,1,1,1,2),(635,2,1,2,3),(635,3,1,8,11),(635,4,1,17,21),(635,5,1,71,86),(635,6,1,2341,2810),(635,7,1,248,298),(636,1,1,1,2),(636,2,1,2,3),(636,3,1,8,11),(636,4,1,17,21),(636,5,1,71,86),(636,6,1,2341,2810),(636,7,1,248,298),(637,1,1,1,2),(637,2,1,2,3),(637,3,1,9,11),(637,4,1,17,21),(637,5,1,72,87),(637,6,1,2367,2841),(637,7,1,251,302),(638,1,1,1,2),(638,2,1,2,3),(638,3,1,9,11),(638,4,1,17,21),(638,5,1,72,87),(638,6,1,2367,2841),(638,7,1,251,302),(639,1,1,1,2),(639,2,1,2,3),(639,3,1,9,11),(639,4,1,17,21),(639,5,1,72,87),(639,6,1,2367,2841),(639,7,1,251,302),(640,1,1,0,1),(640,2,1,0,1),(640,3,1,3,5),(640,4,1,7,9),(640,5,1,31,38),(640,6,1,1026,1231),(640,7,1,108,131),(641,1,1,0,1),(641,2,1,0,1),(641,3,1,3,5),(641,4,1,7,9),(641,5,1,31,38),(641,6,1,1026,1231),(641,7,1,108,131),(642,1,1,1,2),(642,2,1,1,2),(642,3,1,6,8),(642,4,1,13,16),(642,5,1,55,67),(642,6,1,1815,2178),(642,7,1,192,231),(643,1,1,1,2),(643,2,1,1,2),(643,3,1,6,8),(643,4,1,13,16),(643,5,1,55,67),(643,6,1,1815,2178),(643,7,1,192,231),(644,1,1,1,2),(644,2,1,1,2),(644,3,1,6,8),(644,4,1,13,16),(644,5,1,55,67),(644,6,1,1815,2178),(644,7,1,192,231),(645,1,1,1,2),(645,2,1,1,2),(645,3,1,6,8),(645,4,1,13,16),(645,5,1,55,67),(645,6,1,1815,2178),(645,7,1,192,231),(646,1,1,1,2),(646,2,1,1,2),(646,3,1,6,8),(646,4,1,13,16),(646,5,1,55,67),(646,6,1,1815,2178),(646,7,1,192,231),(647,1,1,1,2),(647,2,1,2,3),(647,3,1,9,12),(647,4,1,19,23),(647,5,1,79,96),(647,6,1,2604,3126),(647,7,1,276,332),(648,1,1,7,9),(648,2,1,9,12),(648,3,1,39,48),(648,4,1,77,93),(648,5,1,321,386),(648,6,1,10497,12597),(648,7,1,1114,1337),(649,1,1,0,1),(649,2,1,0,1),(649,3,1,2,3),(649,4,1,5,7),(649,5,1,23,28),(649,6,1,762,916),(649,7,1,80,97),(650,1,1,0,1),(650,2,1,1,1),(650,3,1,4,5),(650,4,1,8,10),(650,5,1,36,44),(650,6,1,1183,1421),(650,7,1,125,151),(651,1,1,0,1),(651,2,1,1,1),(651,3,1,4,5),(651,4,1,8,10),(651,5,1,36,44),(651,6,1,1183,1421),(651,7,1,125,151),(652,1,1,0,1),(652,2,1,1,1),(652,3,1,4,5),(652,4,1,8,10),(652,5,1,36,44),(652,6,1,1183,1421),(652,7,1,125,151),(653,1,1,0,1),(653,2,1,1,1),(653,3,1,4,5),(653,4,1,8,10),(653,5,1,36,44),(653,6,1,1183,1421),(653,7,1,125,151),(654,1,1,5,7),(654,2,1,7,9),(654,3,1,29,36),(654,4,1,57,69),(654,5,1,241,289),(654,6,1,7866,9440),(654,7,1,834,1002),(655,1,1,0,1),(655,2,1,0,1),(655,3,1,3,5),(655,4,1,7,9),(655,5,1,31,38),(655,6,1,1026,1231),(655,7,1,108,131),(656,1,1,3,4),(656,2,1,4,6),(656,3,1,18,23),(656,4,1,36,44),(656,5,1,152,183),(656,6,1,4972,5967),(656,7,1,527,633),(657,1,1,0,1),(657,2,1,0,1),(657,3,1,2,3),(657,4,1,4,6),(657,5,1,20,24),(657,6,1,657,789),(657,7,1,69,84),(658,1,1,2,3),(658,2,1,3,4),(658,3,1,12,15),(658,4,1,24,30),(658,5,1,103,125),(658,6,1,3393,4073),(658,7,1,360,432),(659,1,1,2,3),(659,2,1,3,4),(659,3,1,12,15),(659,4,1,24,30),(659,5,1,103,125),(659,6,1,3393,4073),(659,7,1,360,432),(660,1,1,0,1),(660,2,1,0,1),(660,3,1,2,3),(660,4,1,5,7),(660,5,1,23,28),(660,6,1,762,916),(660,7,1,80,97),(661,1,1,1,2),(661,2,1,1,2),(661,3,1,7,9),(661,4,1,15,18),(661,5,1,63,76),(661,6,1,2078,2494),(661,7,1,220,265),(662,1,1,1,2),(662,2,1,1,2),(662,3,1,7,9),(662,4,1,15,18),(662,5,1,63,76),(662,6,1,2078,2494),(662,7,1,220,265),(663,1,1,1,2),(663,2,1,1,2),(663,3,1,7,9),(663,4,1,15,18),(663,5,1,63,76),(663,6,1,2078,2494),(663,7,1,220,265),(664,1,1,0,1),(664,2,1,0,1),(664,3,1,2,3),(664,4,1,5,7),(664,5,1,23,28),(664,6,1,762,916),(664,7,1,80,97),(665,1,1,1,2),(665,2,1,2,3),(665,3,1,9,12),(665,4,1,19,23),(665,5,1,79,96),(665,6,1,2604,3126),(665,7,1,276,332),(666,1,1,0,1),(666,2,1,1,1),(666,3,1,4,6),(666,4,1,9,12),(666,5,1,40,48),(666,6,1,1312,1575),(666,7,1,139,167),(667,1,1,0,1),(667,2,1,1,1),(667,3,1,4,6),(667,4,1,9,12),(667,5,1,40,48),(667,6,1,1312,1575),(667,7,1,139,167),(668,1,1,1,2),(668,2,1,2,3),(668,3,1,8,11),(668,4,1,17,21),(668,5,1,71,86),(668,6,1,2341,2810),(668,7,1,248,298),(669,1,1,0,1),(669,2,1,1,1),(669,3,1,4,6),(669,4,1,9,12),(669,5,1,40,48),(669,6,1,1312,1575),(669,7,1,139,167),(670,1,1,0,1),(670,2,1,1,1),(670,3,1,4,6),(670,4,1,9,12),(670,5,1,40,48),(670,6,1,1312,1575),(670,7,1,139,167),(671,1,1,0,1),(671,2,1,1,1),(671,3,1,4,6),(671,4,1,9,12),(671,5,1,40,48),(671,6,1,1312,1575),(671,7,1,139,167),(672,1,1,0,1),(672,2,1,1,1),(672,3,1,4,6),(672,4,1,9,12),(672,5,1,40,48),(672,6,1,1312,1575),(672,7,1,139,167),(673,1,1,0,1),(673,2,1,1,1),(673,3,1,4,6),(673,4,1,9,12),(673,5,1,40,48),(673,6,1,1312,1575),(673,7,1,139,167),(674,1,1,4,5),(674,2,1,5,7),(674,3,1,21,26),(674,4,1,42,51),(674,5,1,176,212),(674,6,1,5761,6914),(674,7,1,611,734),(675,1,1,4,5),(675,2,1,5,7),(675,3,1,21,26),(675,4,1,42,51),(675,5,1,176,212),(675,6,1,5761,6914),(675,7,1,611,734),(676,1,1,0,1),(676,2,1,1,1),(676,3,1,4,6),(676,4,1,9,11),(676,5,1,38,46),(676,6,1,1262,1515),(676,7,1,134,161),(677,1,1,0,1),(677,2,1,0,1),(677,3,1,3,5),(677,4,1,7,9),(677,5,1,31,38),(677,6,1,1026,1231),(677,7,1,108,131),(678,1,1,0,1),(678,2,1,0,1),(678,3,1,3,5),(678,4,1,7,9),(678,5,1,31,38),(678,6,1,1026,1231),(678,7,1,108,131),(679,1,1,1,2),(679,2,1,1,2),(679,3,1,7,9),(679,4,1,15,18),(679,5,1,63,76),(679,6,1,2078,2494),(679,7,1,220,265),(680,1,1,1,2),(680,2,1,2,3),(680,3,1,9,12),(680,4,1,18,23),(680,5,1,78,95),(680,6,1,2578,3094),(680,7,1,273,328),(681,1,1,0,1),(681,2,1,0,1),(681,3,1,3,5),(681,4,1,7,9),(681,5,1,30,37),(681,6,1,999,1200),(681,7,1,106,127),(682,1,1,0,1),(682,2,1,0,1),(682,3,1,3,5),(682,4,1,7,9),(682,5,1,30,37),(682,6,1,999,1200),(682,7,1,106,127),(683,1,1,0,1),(683,2,1,0,1),(683,3,1,3,5),(683,4,1,7,9),(683,5,1,30,37),(683,6,1,999,1200),(683,7,1,106,127),(684,1,1,3,4),(684,2,1,4,6),(684,3,1,19,24),(684,4,1,38,46),(684,5,1,160,192),(684,6,1,5235,6283),(684,7,1,555,667),(685,1,1,3,4),(685,2,1,4,6),(685,3,1,19,24),(685,4,1,38,46),(685,5,1,160,192),(685,6,1,5235,6283),(685,7,1,555,667),(686,1,1,0,0),(686,2,1,0,1),(686,3,1,1,2),(686,4,1,3,4),(686,5,1,13,16),(686,6,1,447,537),(686,7,1,47,57),(687,1,1,0,0),(687,2,1,0,1),(687,3,1,1,2),(687,4,1,3,4),(687,5,1,13,16),(687,6,1,447,537),(687,7,1,47,57),(688,1,1,0,0),(688,2,1,0,0),(688,3,1,1,1),(688,4,1,2,3),(688,5,1,9,12),(688,6,1,315,379),(688,7,1,33,40),(689,1,1,0,0),(689,2,1,0,0),(689,3,1,0,1),(689,4,1,1,2),(689,5,1,7,9),(689,6,1,236,284),(689,7,1,25,30),(690,1,1,3,4),(690,2,1,4,6),(690,3,1,19,24),(690,4,1,38,46),(690,5,1,160,192),(690,6,1,5235,6283),(690,7,1,555,667),(691,1,1,0,0),(691,2,1,0,0),(691,3,1,0,1),(691,4,1,1,2),(691,5,1,7,9),(691,6,1,236,284),(691,7,1,25,30),(692,1,1,0,0),(692,2,1,0,0),(692,3,1,0,1),(692,4,1,1,2),(692,5,1,7,9),(692,6,1,236,284),(692,7,1,25,30),(693,1,1,1,1),(693,2,1,1,2),(693,3,1,5,7),(693,4,1,11,14),(693,5,1,48,58),(693,6,1,1575,1891),(693,7,1,167,201),(694,1,1,1,1),(694,2,1,1,2),(694,3,1,5,7),(694,4,1,11,14),(694,5,1,48,58),(694,6,1,1575,1891),(694,7,1,167,201),(695,1,1,1,2),(695,2,1,1,2),(695,3,1,7,10),(695,4,1,15,19),(695,5,1,64,77),(695,6,1,2102,2523),(695,7,1,223,268),(696,1,1,1,2),(696,2,1,2,3),(696,3,1,8,11),(696,4,1,17,21),(696,5,1,71,86),(696,6,1,2341,2810),(696,7,1,248,298),(697,1,1,1,2),(697,2,1,2,3),(697,3,1,8,11),(697,4,1,17,21),(697,5,1,71,86),(697,6,1,2341,2810),(697,7,1,248,298),(698,1,1,1,2),(698,2,1,2,3),(698,3,1,8,11),(698,4,1,17,21),(698,5,1,71,86),(698,6,1,2341,2810),(698,7,1,248,298);

--
-- Table structure for table `ps_layered_product_attribute`
--

CREATE TABLE `ps_layered_product_attribute` (
  `id_attribute` int(10) unsigned NOT NULL,
  `id_product` int(10) unsigned NOT NULL,
  `id_attribute_group` int(10) unsigned NOT NULL DEFAULT '0',
  `id_shop` int(10) unsigned NOT NULL DEFAULT '1',
  PRIMARY KEY (`id_attribute`,`id_product`,`id_shop`),
  UNIQUE KEY `id_attribute_group` (`id_attribute_group`,`id_attribute`,`id_product`,`id_shop`)
) ENGINE=InnoDB DEFAULT CHARSET=utf8;

--
-- Dumping data for table `ps_layered_product_attribute`
--


--
-- Table structure for table `ps_linksmenutop`
--

CREATE TABLE `ps_linksmenutop` (
  `id_linksmenutop` int(10) unsigned NOT NULL AUTO_INCREMENT,
  `id_shop` int(11) unsigned NOT NULL,
  `new_window` tinyint(1) NOT NULL,
  PRIMARY KEY (`id_linksmenutop`),
  KEY `id_shop` (`id_shop`)
) ENGINE=InnoDB DEFAULT CHARSET=utf8;

--
-- Dumping data for table `ps_linksmenutop`
--


--
-- Table structure for table `ps_linksmenutop_lang`
--

CREATE TABLE `ps_linksmenutop_lang` (
  `id_linksmenutop` int(11) unsigned NOT NULL,
  `id_lang` int(11) unsigned NOT NULL,
  `id_shop` int(11) unsigned NOT NULL,
  `label` varchar(128) NOT NULL,
  `link` varchar(128) NOT NULL,
  KEY `id_linksmenutop` (`id_linksmenutop`,`id_lang`,`id_shop`)
) ENGINE=InnoDB DEFAULT CHARSET=utf8;

--
-- Dumping data for table `ps_linksmenutop_lang`
--


--
-- Table structure for table `ps_livechatpro_archive`
--

CREATE TABLE `ps_livechatpro_archive` (
  `id_archive` int(11) NOT NULL AUTO_INCREMENT,
  `id_chat` int(11) DEFAULT NULL,
  `id_visitor` tinytext,
  `id_staffprofile` int(11) DEFAULT NULL,
  `id_department` int(11) DEFAULT NULL,
  `action` tinytext,
  `internal` tinytext,
  `date_add` datetime DEFAULT NULL,
  `in_chat` enum('Y','N','P') DEFAULT NULL,
  `chat_request_from` enum('Staff','Client') DEFAULT NULL,
  `awaiting_response_from_staff` enum('Y','N') DEFAULT NULL,
  `visitor_typing` enum('Y','N') DEFAULT NULL,
  `staff_typing` enum('Y','N') DEFAULT NULL,
  `name` tinytext,
  `email` tinytext,
  `phone` tinytext,
  `company` tinytext,
  `language` tinytext,
  `country` tinytext,
  `ip` tinytext,
  `host` tinytext,
  `duration` time DEFAULT NULL,
  `messages` longtext,
  `last_message` longtext,
  `log_entries` int(11) DEFAULT NULL,
  `is_archive` enum('Y','N') DEFAULT NULL,
  `last_update` timestamp NULL DEFAULT CURRENT_TIMESTAMP ON UPDATE CURRENT_TIMESTAMP,
  PRIMARY KEY (`id_archive`),
  KEY `id_chat` (`id_chat`),
  KEY `id_staffprofile` (`id_staffprofile`),
  KEY `id_department` (`id_department`)
) ENGINE=InnoDB DEFAULT CHARSET=utf8;

--
-- Dumping data for table `ps_livechatpro_archive`
--


--
-- Table structure for table `ps_livechatpro_departments`
--

CREATE TABLE `ps_livechatpro_departments` (
  `id_department` int(11) NOT NULL AUTO_INCREMENT,
  `status` enum('Active','Inactive') DEFAULT NULL,
  `name` tinytext,
  PRIMARY KEY (`id_department`)
) ENGINE=InnoDB AUTO_INCREMENT=4 DEFAULT CHARSET=utf8;

--
-- Dumping data for table `ps_livechatpro_departments`
--

INSERT INTO `ps_livechatpro_departments` VALUES (1,'Active','Support'),(2,'Inactive','Sales'),(3,'Active','Billing');

--
-- Table structure for table `ps_livechatpro_emoticons`
--

CREATE TABLE `ps_livechatpro_emoticons` (
  `id_emoticon` int(11) NOT NULL AUTO_INCREMENT,
  `code` tinytext,
  `filename` tinytext,
  `alias` enum('Y','N') DEFAULT 'N',
  PRIMARY KEY (`id_emoticon`)
) ENGINE=InnoDB AUTO_INCREMENT=65 DEFAULT CHARSET=utf8;

--
-- Dumping data for table `ps_livechatpro_emoticons`
--

INSERT INTO `ps_livechatpro_emoticons` VALUES (1,':)','happy.gif','N'),(2,':-)','happy.gif','Y'),(3,':(','sad.gif','N'),(4,':-(','sad.gif','Y'),(5,';)','winking.gif','N'),(6,':d','big-grin.gif','N'),(7,';;)','batting-eyelashes.gif','N'),(8,'>:d<','big-hug.gif','N'),(9,':-/','confused.gif','N'),(10,':x','love-struck.gif','N'),(12,':p','tongue.gif','N'),(13,':*','kiss.gif','N'),(14,'=((','broken-heart.gif','N'),(15,':-0','surprise.gif','N'),(16,'x(','angry.gif','N'),(17,':>','smug.gif','N'),(18,'b-)','cool.gif','N'),(19,':-s','worried.gif','N'),(20,'#:-s','whew.gif','N'),(21,'>:)','devil.gif','N'),(22,':((','crying.gif','N'),(23,':))','laughing.gif','N'),(24,':|','straight-face.gif','N'),(25,'/:)','raised-eyebrows.gif','N'),(26,'=))','rolling-on-the-floor.gif','N'),(27,'o:-)','angel.gif','N'),(28,':-b','nerd.gif','N'),(29,'=;','talk-to-the-hand.gif','N'),(30,':-c','call-me.gif','N'),(31,':)]','on-the-phone.gif','N'),(32,'~x(','at-wits-end.gif','N'),(33,':-h','wave.gif','N'),(34,':-t','time-out.gif','N'),(35,'8->','day-dreaming.gif','N'),(36,'i-)','sleepy.gif','N'),(37,'8-|','rolling-eyes.gif','N'),(38,'l-)','loser.gif','N'),(39,':-&','sick.gif','N'),(40,':-$','dont-tell-anyone.gif','N'),(41,'[-(','no-talking.gif','N'),(42,':o)','clown.gif','N'),(43,'8-}','silly.gif','N'),(44,'<:-p','party.gif','N'),(45,'(:|','yawn.gif','N'),(46,'=p~','drooling.gif','N'),(47,':-?','thinking.gif','N'),(48,'#-o','doh.gif','N'),(49,'=d>','applause.gif','N'),(50,':-ss','nail-biting.gif','N'),(51,'@-)','hypnotized.gif','N'),(52,':^o','liar.gif','N'),(53,':-w','waiting.gif','N'),(54,':-<','sigh.gif','N'),(55,'>:p','phbbbbt.gif','N'),(56,'<):)','cowboy.gif','N'),(57,'x_x','i-dont-want-to-see.gif','N'),(58,':!!','hurry-up.gif','N'),(59,'m/','rock-on.gif','N'),(60,':-q','thumbs-down.gif','N'),(61,':-bd','thumbs-up.gif','N'),(62,'^#(^','it-wasnt-me.gif','N'),(63,':ar!','pirate.gif','N'),(64,':-*','kiss.gif','Y');

--
-- Table structure for table `ps_livechatpro_iconsets`
--

CREATE TABLE `ps_livechatpro_iconsets` (
  `id_iconset` int(11) NOT NULL AUTO_INCREMENT,
  `name` tinytext,
  `is_default` int(1) DEFAULT '0',
  PRIMARY KEY (`id_iconset`)
) ENGINE=InnoDB AUTO_INCREMENT=4 DEFAULT CHARSET=utf8;

--
-- Dumping data for table `ps_livechatpro_iconsets`
--

INSERT INTO `ps_livechatpro_iconsets` VALUES (1,'set1',1),(2,'mycustomiconset1',0),(3,'setwhatsapp',0);

--
-- Table structure for table `ps_livechatpro_iconsets_lang`
--

CREATE TABLE `ps_livechatpro_iconsets_lang` (
  `id_iconset` int(11) DEFAULT NULL,
  `id_lang` int(11) DEFAULT NULL,
  `iso_code` tinytext,
  `offline_img` text,
  `online_img` text,
  KEY `id_iconset` (`id_iconset`),
  KEY `id_lang` (`id_lang`)
) ENGINE=InnoDB DEFAULT CHARSET=utf8;

--
-- Dumping data for table `ps_livechatpro_iconsets_lang`
--

INSERT INTO `ps_livechatpro_iconsets_lang` VALUES (1,1,'en','556cb4ddaab46.png','556cb4ddab31a.png'),(2,1,'en','55728fda162b5.png','55728fda15646.png'),(3,1,'en','whatsapp_online_offline.png','whatsapp_online_offline.png'),(1,2,'ms','556cb4ddaab46.png','556cb4ddab31a.png'),(2,2,'ms','55728fda162b5.png','55728fda15646.png'),(3,2,'ms','whatsapp_online_offline.png','whatsapp_online_offline.png'),(1,7,'zh','556cb4ddaab46.png','556cb4ddab31a.png'),(2,7,'zh','55728fda162b5.png','55728fda15646.png'),(3,7,'zh','whatsapp_online_offline.png','whatsapp_online_offline.png');

--
-- Table structure for table `ps_livechatpro_logs`
--

CREATE TABLE `ps_livechatpro_logs` (
  `id_log` int(11) NOT NULL AUTO_INCREMENT,
  `id_staffprofile` int(11) NOT NULL DEFAULT '0',
  `id_visitor` tinytext,
  `message` text,
  `date_add` timestamp NULL DEFAULT CURRENT_TIMESTAMP ON UPDATE CURRENT_TIMESTAMP,
  PRIMARY KEY (`id_log`),
  KEY `id_staffprofile` (`id_staffprofile`)
) ENGINE=InnoDB AUTO_INCREMENT=363 DEFAULT CHARSET=utf8;

--
-- Dumping data for table `ps_livechatpro_logs`
--

INSERT INTO `ps_livechatpro_logs` VALUES (360,0,'25','Chat-Request closed by  (Client).','2018-06-24 00:53:02'),(361,0,'25','Chat-Request closed by  (Client).','2018-06-24 00:53:05'),(362,0,'28','Chat-Request closed by  (Client).','2018-06-24 00:54:29');

--
-- Table structure for table `ps_livechatpro_messages`
--

CREATE TABLE `ps_livechatpro_messages` (
  `id_message` int(11) NOT NULL AUTO_INCREMENT,
  `id_visitor` tinytext NOT NULL,
  `id_department` int(11) DEFAULT NULL,
  `date_add` timestamp NULL DEFAULT CURRENT_TIMESTAMP ON UPDATE CURRENT_TIMESTAMP,
  `status` enum('Read','Unread') DEFAULT NULL,
  `name` tinytext,
  `email` tinytext,
  `phone` tinytext,
  `department` tinytext,
  `question` mediumtext,
  `ip` tinytext,
  PRIMARY KEY (`id_message`),
  KEY `id_department` (`id_department`)
) ENGINE=InnoDB DEFAULT CHARSET=utf8;

--
-- Dumping data for table `ps_livechatpro_messages`
--


--
-- Table structure for table `ps_livechatpro_mousetracking`
--

CREATE TABLE `ps_livechatpro_mousetracking` (
  `id_mousetracking` int(11) NOT NULL AUTO_INCREMENT,
  `id_visitor` tinytext,
  `tracking_data` longtext NOT NULL,
  `last_update` timestamp NOT NULL DEFAULT CURRENT_TIMESTAMP ON UPDATE CURRENT_TIMESTAMP,
  PRIMARY KEY (`id_mousetracking`)
) ENGINE=InnoDB DEFAULT CHARSET=utf8;

--
-- Dumping data for table `ps_livechatpro_mousetracking`
--


--
-- Table structure for table `ps_livechatpro_onlineusers`
--

CREATE TABLE `ps_livechatpro_onlineusers` (
  `id_user` int(11) NOT NULL AUTO_INCREMENT,
  `id_staffprofile` int(11) NOT NULL,
  `id_visitor` tinytext,
  `type` enum('Internal','External') DEFAULT NULL,
  `last_update` timestamp NULL DEFAULT CURRENT_TIMESTAMP ON UPDATE CURRENT_TIMESTAMP,
  PRIMARY KEY (`id_user`),
  KEY `id_staffprofile` (`id_staffprofile`)
) ENGINE=InnoDB DEFAULT CHARSET=utf8;

--
-- Dumping data for table `ps_livechatpro_onlineusers`
--


--
-- Table structure for table `ps_livechatpro_predefinedmessages`
--

CREATE TABLE `ps_livechatpro_predefinedmessages` (
  `id_predefinedmessage` int(11) NOT NULL AUTO_INCREMENT,
  `id_lang` int(11) DEFAULT NULL,
  `iso_code` tinytext,
  `title` text,
  `message` longtext,
  `last_update` timestamp NULL DEFAULT CURRENT_TIMESTAMP ON UPDATE CURRENT_TIMESTAMP,
  PRIMARY KEY (`id_predefinedmessage`),
  KEY `id_lang` (`id_lang`)
) ENGINE=InnoDB DEFAULT CHARSET=latin1;

--
-- Dumping data for table `ps_livechatpro_predefinedmessages`
--


--
-- Table structure for table `ps_livechatpro_ratings`
--

CREATE TABLE `ps_livechatpro_ratings` (
  `id_rating` int(11) NOT NULL AUTO_INCREMENT,
  `id_archive` int(11) DEFAULT NULL,
  `id_staffprofile` int(11) DEFAULT NULL,
  `id_visitor` tinytext,
  `status` enum('Read','Unread') DEFAULT NULL,
  `internal` tinytext,
  `politness` decimal(10,1) DEFAULT NULL,
  `qualification` decimal(10,1) DEFAULT NULL,
  `date_add` datetime DEFAULT NULL,
  `name` tinytext,
  `email` tinytext,
  `company` tinytext,
  `comment` mediumtext,
  PRIMARY KEY (`id_rating`),
  KEY `id_staffprofile` (`id_staffprofile`),
  KEY `id_archive` (`id_archive`)
) ENGINE=InnoDB DEFAULT CHARSET=utf8;

--
-- Dumping data for table `ps_livechatpro_ratings`
--


--
-- Table structure for table `ps_livechatpro_settings`
--

CREATE TABLE `ps_livechatpro_settings` (
  `id_setting` int(11) NOT NULL AUTO_INCREMENT,
  `id_iconset` int(11) DEFAULT NULL,
  `id_theme` int(11) DEFAULT NULL,
  `name` tinytext,
  `host_type` enum('Self','Remote') DEFAULT NULL,
  `offline_messages_go_to` tinytext,
  `new_chat_sound` tinytext,
  `new_message_sound` tinytext,
  `name_field_online` enum('Y','N') DEFAULT NULL,
  `name_field_online_mandatory` enum('Y','N') DEFAULT NULL,
  `name_field_offline` enum('Y','N') DEFAULT NULL,
  `name_field_offline_mandatory` enum('Y','N') DEFAULT NULL,
  `email_field_online` enum('Y','N') DEFAULT NULL,
  `email_field_online_mandatory` enum('Y','N') DEFAULT NULL,
  `email_field_offline` enum('Y','N') DEFAULT NULL,
  `email_field_offline_mandatory` enum('Y','N') DEFAULT NULL,
  `phone_field_online` enum('Y','N') DEFAULT NULL,
  `phone_field_online_mandatory` enum('Y','N') DEFAULT NULL,
  `phone_field_offline` enum('Y','N') DEFAULT NULL,
  `phone_field_offline_mandatory` enum('Y','N') DEFAULT NULL,
  `department_field_online` enum('Y','N') DEFAULT NULL,
  `department_field_online_mandatory` enum('Y','N') DEFAULT NULL,
  `department_field_offline` enum('Y','N') DEFAULT NULL,
  `department_field_offline_mandatory` enum('Y','N') DEFAULT NULL,
  `question_field_online` enum('Y','N') DEFAULT NULL,
  `question_field_online_mandatory` enum('Y','N') DEFAULT NULL,
  `question_field_offline` enum('Y','N') DEFAULT NULL,
  `question_field_offline_mandatory` enum('Y','N') DEFAULT NULL,
  `chat_type` enum('Slide','Popup') DEFAULT NULL,
  `is_whatsapp` enum('Y','N') DEFAULT NULL,
  `whatsapp_phone_number` tinytext,
  `chat_type_admin` enum('Slide','Popup') DEFAULT NULL,
  `slide_with_image` enum('Y','N') DEFAULT NULL,
  `orientation` tinytext,
  `offset` tinytext,
  `start_minimized` enum('Y','N') DEFAULT NULL,
  `hide_when_offline` enum('Y','N') DEFAULT NULL,
  `show_names` enum('Y','N') DEFAULT NULL,
  `show_avatars` enum('Y','N') DEFAULT NULL,
  `popup_alert_on_income_chats` enum('Y','N') DEFAULT NULL,
  `start_new_chat_after` tinytext,
  `staff_qualification` enum('Y','N') DEFAULT NULL,
  `new_chat_rings_to` enum('most-available','all') DEFAULT NULL,
  `fixed_position` enum('Y','N') DEFAULT NULL,
  `code` text,
  `visitors_can_upload_files` enum('Y','N') DEFAULT NULL,
  `sync_chat_interval_backend` int(11) DEFAULT NULL,
  `sync_chat_interval_frontend` int(11) DEFAULT NULL,
  `realm_id` tinytext,
  `realm_key` tinytext,
  `is_default` int(1) DEFAULT '0',
  `is_primary` int(1) DEFAULT '0',
  PRIMARY KEY (`id_setting`),
  KEY `id_icons` (`id_iconset`),
  KEY `id_skin` (`id_theme`)
) ENGINE=InnoDB AUTO_INCREMENT=4 DEFAULT CHARSET=utf8;

--
-- Dumping data for table `ps_livechatpro_settings`
--

INSERT INTO `ps_livechatpro_settings` VALUES (1,1,1,'default','Self','hotmarkstore@ezecnow.com','new-chat-default.mp3','new-message-default.mp3','Y','Y','Y','Y','Y','Y','Y','Y','N','N','N','N','Y','Y','Y','Y','Y','Y','Y','Y','Slide','N','','Popup','N','bottom-right','50','Y','N','Y','Y','N','0','Y','most-available','Y',NULL,'Y',5,5,'','',1,1),(2,1,2,'defaultpopup','Self','demo@demo.com','new-chat-default.mp3','new-message-default.mp3','Y','Y','Y','Y','Y','Y','Y','Y','N','N','N','N','Y','Y','Y','Y','Y','Y','Y','Y','Popup',NULL,NULL,'Popup','N','left-top','250','Y','N','Y','Y','N','0','Y','most-available','Y',NULL,'Y',5,5,'','',0,0),(3,3,2,'defaultwhatsapp','Self','demo@demo.com','new-chat-default.mp3','new-message-default.mp3','Y','Y','Y','Y','Y','Y','Y','Y','N','N','N','N','Y','Y','Y','Y','Y','Y','Y','Y','Popup','Y','40756434567','Popup','N','left-top','250','Y','N','Y','Y','N','0','Y','most-available','Y',NULL,'Y',5,5,'','',0,0);

--
-- Table structure for table `ps_livechatpro_settings_lang`
--

CREATE TABLE `ps_livechatpro_settings_lang` (
  `id_setting` int(11) DEFAULT NULL,
  `id_lang` int(11) DEFAULT NULL,
  `iso_code` tinytext,
  `offline_header_message` longtext,
  `online_header_message` longtext,
  `offline_welcome_message` longtext,
  `online_welcome_message` longtext,
  KEY `id_setting` (`id_setting`),
  KEY `id_lang` (`id_lang`)
) ENGINE=InnoDB DEFAULT CHARSET=utf8;

--
-- Dumping data for table `ps_livechatpro_settings_lang`
--

INSERT INTO `ps_livechatpro_settings_lang` VALUES (1,1,'en','Contact us','Talk to us','We`re not around right now. But you can send us an email and we`ll get back to you, asap.','Questions? We`re here. Send us a message!'),(2,1,'en','Contact us','Talk to us','We`re not around right now. But you can send us an email and we`ll get back to you, asap.','Questions? We`re here. Send us a message!'),(3,1,'en','Contact us','Talk to us','We`re not around right now. But you can send us an email and we`ll get back to you, asap.','Questions? We`re here. Send us a message!'),(1,2,'ms','Contact us','Talk to us','We`re not around right now. But you can send us an email and we`ll get back to you, asap.','Questions? We`re here. Send us a message!'),(2,2,'ms','Contact us','Talk to us','We`re not around right now. But you can send us an email and we`ll get back to you, asap.','Questions? We`re here. Send us a message!'),(3,2,'ms','Contact us','Talk to us','We`re not around right now. But you can send us an email and we`ll get back to you, asap.','Questions? We`re here. Send us a message!'),(1,7,'zh','Contact us','Talk to us','We`re not around right now. But you can send us an email and we`ll get back to you, asap.','Questions? We`re here. Send us a message!'),(2,7,'zh','Contact us','Talk to us','We`re not around right now. But you can send us an email and we`ll get back to you, asap.','Questions? We`re here. Send us a message!'),(3,7,'zh','Contact us','Talk to us','We`re not around right now. But you can send us an email and we`ll get back to you, asap.','Questions? We`re here. Send us a message!');

--
-- Table structure for table `ps_livechatpro_staffprofiles`
--

CREATE TABLE `ps_livechatpro_staffprofiles` (
  `id_staffprofile` int(11) NOT NULL AUTO_INCREMENT,
  `id_employee` int(11) NOT NULL,
  `avatar` tinytext NOT NULL,
  `departments` tinytext NOT NULL,
  `welcome_message` text,
  `signature` text,
  `is_active` enum('Y','N') DEFAULT NULL,
  PRIMARY KEY (`id_staffprofile`)
) ENGINE=InnoDB AUTO_INCREMENT=7 DEFAULT CHARSET=utf8;

--
-- Dumping data for table `ps_livechatpro_staffprofiles`
--

INSERT INTO `ps_livechatpro_staffprofiles` VALUES (1,1,'male9-40x40.png','1,2','Hello!','Good Bye!','Y'),(5,7,'sample-40x40.png','1','Hello!','','Y'),(6,8,'sample-40x40.png','1','Hello!','','Y');

--
-- Table structure for table `ps_livechatpro_themes`
--

CREATE TABLE `ps_livechatpro_themes` (
  `id_theme` int(11) NOT NULL AUTO_INCREMENT,
  `name` tinytext,
  `width` tinytext,
  `height` tinytext,
  `corners_radius` tinytext,
  `chat_box_background` tinytext,
  `chat_box_foreground` tinytext,
  `chat_bubble_staff_background` tinytext,
  `chat_bubble_client_background` tinytext,
  `chat_box_border` enum('Y','N') DEFAULT NULL,
  `chat_box_border_color` tinytext,
  `header_offline_background` tinytext,
  `header_online_background` tinytext,
  `header_offline_foreground` tinytext,
  `header_online_foreground` tinytext,
  `submit_button_background` tinytext,
  `submit_button_foreground` tinytext,
  `is_default` int(1) DEFAULT '0',
  PRIMARY KEY (`id_theme`)
) ENGINE=InnoDB AUTO_INCREMENT=3 DEFAULT CHARSET=utf8;

--
-- Dumping data for table `ps_livechatpro_themes`
--

INSERT INTO `ps_livechatpro_themes` VALUES (1,'default','260','350','5','FFFFFF','222222','CCCBD1','E0E3E7','Y','CCCCCC','BF3723','3A99D1','FFFFFF','FFFFFF','3A99D1','FFFFFF',1),(2,'defaultpopup','260','400','5','ffffff','222222','cccbd1','e0e3e7','Y','cccccc','BF3723','3A99D1','FFFFFF','FFFFFF','3A99D1','FFFFFF',0);

--
-- Table structure for table `ps_livechatpro_tickets`
--

CREATE TABLE `ps_livechatpro_tickets` (
  `id_ticket` int(11) NOT NULL AUTO_INCREMENT,
  `id_employee` int(11) NOT NULL DEFAULT '0',
  `id_staffprofile` int(11) DEFAULT NULL,
  `id_customer` int(11) DEFAULT NULL,
  `id_department` int(11) DEFAULT NULL,
  `subject` text,
  `priority` enum('Low','Medium','High') DEFAULT NULL,
  `status` enum('Open','Answered','Customer-Reply','In-Progress','Closed') DEFAULT NULL,
  `date_add` datetime DEFAULT NULL,
  `last_update` timestamp NULL DEFAULT CURRENT_TIMESTAMP ON UPDATE CURRENT_TIMESTAMP,
  PRIMARY KEY (`id_ticket`),
  KEY `id_staffprofile` (`id_staffprofile`),
  KEY `id_customer` (`id_customer`),
  KEY `id_department` (`id_department`),
  KEY `id_employee` (`id_employee`)
) ENGINE=InnoDB DEFAULT CHARSET=utf8;

--
-- Dumping data for table `ps_livechatpro_tickets`
--


--
-- Table structure for table `ps_livechatpro_ticketsreplyes`
--

CREATE TABLE `ps_livechatpro_ticketsreplyes` (
  `id_reply` int(11) NOT NULL AUTO_INCREMENT,
  `id_ticket` int(11) DEFAULT NULL,
  `id_staffprofile` int(11) DEFAULT NULL,
  `id_customer` int(11) DEFAULT NULL,
  `reply_from` enum('Customer','Staff') DEFAULT NULL,
  `message` longtext,
  `date_add` datetime DEFAULT NULL,
  PRIMARY KEY (`id_reply`),
  KEY `id_ticket` (`id_ticket`),
  KEY `id_customer` (`id_customer`),
  KEY `id_staffprofile` (`id_staffprofile`)
) ENGINE=InnoDB DEFAULT CHARSET=utf8;

--
-- Dumping data for table `ps_livechatpro_ticketsreplyes`
--


--
-- Table structure for table `ps_livechatpro_visitedpages`
--

CREATE TABLE `ps_livechatpro_visitedpages` (
  `id_visitedpage` int(11) NOT NULL AUTO_INCREMENT,
  `id_visitor` tinytext,
  `date_add` datetime NOT NULL,
  `duration` tinytext NOT NULL,
  `url` text NOT NULL,
  `referrer` text NOT NULL,
  `last_update` timestamp NOT NULL DEFAULT CURRENT_TIMESTAMP ON UPDATE CURRENT_TIMESTAMP,
  PRIMARY KEY (`id_visitedpage`)
) ENGINE=InnoDB AUTO_INCREMENT=96 DEFAULT CHARSET=utf8;

--
-- Dumping data for table `ps_livechatpro_visitedpages`
--

INSERT INTO `ps_livechatpro_visitedpages` VALUES (92,'83','2018-06-25 10:31:53','00:00:10','https://ezecnow.com/mockup/index.php','https://ezecnow.com/mockup/index.php?controller=my-account','2018-06-25 10:31:53'),(93,'84','2018-06-25 11:04:07','00:00:10','https://ezecnow.com/mockup/index.php?id_product=26&controller=product&id_lang=7','','2018-06-25 11:04:07'),(94,'85','2018-07-18 10:42:39','00:00:10','https://ezecnow.com/mockup/index.php?id_category=45&controller=category&id_lang=7','','2018-07-18 10:42:39'),(95,'86','2018-07-25 21:14:15','00:00:10','https://ezecnow.com/mockup/index.php?id_category=44&controller=category&id_lang=7','','2018-07-25 21:14:15');

--
-- Table structure for table `ps_log`
--

CREATE TABLE `ps_log` (
  `id_log` int(10) unsigned NOT NULL AUTO_INCREMENT,
  `severity` tinyint(1) NOT NULL,
  `error_code` int(11) DEFAULT NULL,
  `message` text NOT NULL,
  `object_type` varchar(32) DEFAULT NULL,
  `object_id` int(10) unsigned DEFAULT NULL,
  `id_employee` int(10) unsigned DEFAULT NULL,
  `date_add` datetime NOT NULL,
  `date_upd` datetime NOT NULL,
  PRIMARY KEY (`id_log`)
) ENGINE=InnoDB AUTO_INCREMENT=68 DEFAULT CHARSET=utf8;

--
-- Dumping data for table `ps_log`
--

INSERT INTO `ps_log` VALUES (1,1,0,'Back Office connection from 27.131.50.198','',0,1,'2020-02-17 10:05:48','2020-02-17 10:05:48'),(2,1,0,'Back Office connection from 27.131.50.198','',0,4,'2020-03-09 12:38:51','2020-03-09 12:38:51'),(3,1,0,'Back Office connection from 27.131.50.198','',0,1,'2020-03-09 12:39:02','2020-03-09 12:39:02'),(4,1,0,'Back Office connection from 60.48.246.142','',0,4,'2020-03-26 17:26:23','2020-03-26 17:26:23'),(5,1,0,'Back Office connection from 175.142.237.204','',0,1,'2020-05-17 19:10:11','2020-05-17 19:10:11'),(6,1,0,'Back Office connection from 175.142.237.204','',0,1,'2020-05-26 08:51:07','2020-05-26 08:51:07'),(7,1,0,'Back Office connection from 175.142.237.204','',0,1,'2020-05-30 18:04:35','2020-05-30 18:04:35'),(8,1,0,'Back Office connection from 27.131.50.198','',0,1,'2020-05-31 09:54:40','2020-05-31 09:54:40'),(9,1,0,'Tab modification','Tab',149,1,'2020-05-31 09:55:11','2020-05-31 09:55:11'),(10,1,0,'Back Office connection from 115.164.168.75','',0,1,'2020-06-26 15:10:28','2020-06-26 15:10:28'),(11,1,0,'Back Office connection from 27.131.50.198','',0,1,'2020-07-07 11:10:23','2020-07-07 11:10:23'),(12,1,0,'Back Office connection from 27.131.50.198','',0,1,'2020-07-23 17:50:56','2020-07-23 17:50:56'),(13,1,0,'Back Office connection from 27.131.50.198','',0,1,'2020-07-28 15:31:07','2020-07-28 15:31:07'),(14,1,0,'Country status switched to disable','Country',8,1,'2020-07-28 15:34:56','2020-07-28 15:34:56'),(15,1,0,'Country status switched to disable','Country',11,1,'2020-07-28 15:34:58','2020-07-28 15:34:58'),(16,1,0,'Country status switched to disable','Country',28,1,'2020-07-28 15:35:00','2020-07-28 15:35:00'),(17,1,0,'Country status switched to disable','Country',206,1,'2020-07-28 15:35:01','2020-07-28 15:35:01'),(18,1,0,'Group modification','Group',8,1,'2020-08-06 12:38:11','2020-08-06 12:38:11'),(19,1,0,'Group modification','Group',10,1,'2020-08-06 12:38:19','2020-08-06 12:38:19'),(20,1,0,'Back Office connection from 27.131.50.198','',0,1,'2020-08-19 15:34:51','2020-08-19 15:34:51'),(21,1,0,'Back Office connection from 175.142.233.0','',0,1,'2020-08-26 20:50:38','2020-08-26 20:50:38'),(22,1,0,'Back Office connection from 175.142.233.0','',0,1,'2020-08-27 07:32:50','2020-08-27 07:32:50'),(23,1,0,'Language modification','Language',1,1,'2020-08-27 07:34:39','2020-08-27 07:34:39'),(24,1,0,'Back Office connection from 78.130.239.3','',0,1,'2020-09-03 20:06:12','2020-09-03 20:06:12'),(25,1,0,'Back Office connection from 175.142.233.0','',0,1,'2020-09-06 22:05:09','2020-09-06 22:05:09'),(26,1,0,'Back Office connection from 219.92.238.253','',0,1,'2020-09-21 14:18:20','2020-09-21 14:18:20'),(27,1,0,'Back Office connection from 175.142.233.0','',0,1,'2020-09-21 21:12:42','2020-09-21 21:12:42'),(28,1,0,'Back Office connection from 175.142.233.0','',0,1,'2020-09-21 21:13:50','2020-09-21 21:13:50'),(29,1,0,'Back Office connection from 175.145.45.231','',0,1,'2020-10-03 15:22:53','2020-10-03 15:22:53'),(30,1,0,'Back Office connection from 175.145.45.231','',0,1,'2020-10-14 09:05:42','2020-10-14 09:05:42'),(31,1,0,'Back Office connection from 175.145.45.231','',0,1,'2020-10-14 09:06:21','2020-10-14 09:06:21'),(32,1,0,'Back Office connection from 175.145.45.231','',0,1,'2020-10-14 09:11:28','2020-10-14 09:11:28'),(33,1,0,'Back Office connection from 175.145.45.231','',0,1,'2020-10-14 09:14:40','2020-10-14 09:14:40'),(34,1,0,'Back Office connection from 175.145.45.231','',0,1,'2020-10-19 21:54:19','2020-10-19 21:54:19'),(35,1,0,'Back Office connection from 175.145.45.231','',0,1,'2020-10-19 23:41:44','2020-10-19 23:41:44'),(36,1,0,'Back Office connection from 175.145.45.231','',0,1,'2020-10-19 23:42:31','2020-10-19 23:42:31'),(37,1,0,'Employee modification','Employee',1,1,'2020-10-30 16:38:35','2020-10-30 16:38:35'),(38,1,0,'Employee modification','Employee',1,1,'2020-10-30 16:38:50','2020-10-30 16:38:50'),(39,1,0,'Back Office connection from 175.145.45.231','',0,1,'2020-11-08 09:59:56','2020-11-08 09:59:56'),(40,1,0,'QuickAccess addition','QuickAccess',30,1,'2020-11-08 22:46:21','2020-11-08 22:46:21'),(41,1,0,'Back Office connection from 175.145.45.231','',0,1,'2020-11-08 22:48:21','2020-11-08 22:48:21'),(42,1,0,'Back Office connection from 175.144.219.216','',0,1,'2020-11-11 21:29:38','2020-11-11 21:29:38'),(43,1,0,'Back Office connection from 175.144.219.216','',0,1,'2020-11-11 21:30:24','2020-11-11 21:30:24'),(44,1,0,'Back Office connection from 27.131.50.196','',0,1,'2020-11-16 16:28:03','2020-11-16 16:28:03'),(45,1,0,'QuickAccess addition','QuickAccess',31,1,'2020-11-22 21:56:56','2020-11-22 21:56:56'),(46,1,0,'Back Office connection from 27.131.50.196','',0,1,'2020-12-14 12:22:02','2020-12-14 12:22:02'),(47,1,0,'Profile modification','Profile',5,1,'2020-12-14 12:24:04','2020-12-14 12:24:04'),(48,1,0,'Profile addition','Profile',7,1,'2020-12-14 12:24:09','2020-12-14 12:24:09'),(49,1,0,'Back Office connection from 115.132.236.139','',0,1,'2021-01-02 21:47:38','2021-01-02 21:47:38'),(50,1,0,'Back Office connection from 27.131.50.196','',0,1,'2021-01-04 13:34:55','2021-01-04 13:34:55'),(51,1,0,'Back Office connection from 27.131.50.196','',0,1,'2021-01-20 11:24:30','2021-01-20 11:24:30'),(52,1,0,'Back Office connection from 27.131.50.196','',0,1,'2021-01-29 10:10:18','2021-01-29 10:10:18'),(53,1,0,'Back Office connection from 175.137.66.32','',0,1,'2021-02-02 09:26:38','2021-02-02 09:26:38'),(54,1,0,'Back Office connection from 115.132.172.184','',0,1,'2021-02-16 21:15:27','2021-02-16 21:15:27'),(55,1,0,'Tab modification','Tab',19,1,'2021-02-19 13:01:44','2021-02-19 13:01:44'),(56,1,0,'Back Office connection from 175.142.9.19','',0,1,'2021-03-04 21:13:30','2021-03-04 21:13:30'),(57,1,0,'Back Office connection from 175.142.9.19','',0,1,'2021-03-04 21:17:53','2021-03-04 21:17:53'),(58,1,0,'Back Office connection from 115.164.211.11','',0,1,'2021-03-30 13:43:17','2021-03-30 13:43:17'),(59,1,0,'Employee modification','Employee',1,1,'2021-03-30 13:43:53','2021-03-30 13:43:53'),(60,1,0,'CMS modification','CMS',3,1,'2021-04-16 12:43:07','2021-04-16 12:43:07'),(61,1,0,'Product addition','Product',1,1,'2021-05-04 11:22:26','2021-05-04 11:22:26'),(62,1,0,'Product modification','Product',1,1,'2021-05-04 11:22:33','2021-05-04 11:22:33'),(63,1,0,'Product modification','Product',1,1,'2021-05-04 11:22:38','2021-05-04 11:22:38'),(64,1,0,'QuickAccess addition','QuickAccess',32,1,'2021-05-04 11:26:58','2021-05-04 11:26:58'),(65,1,0,'Frontcontroller::init - Cart cannot be loaded or an order has already been placed using this cart','Cart',1,0,'2021-05-04 11:43:33','2021-05-04 11:43:33'),(66,1,0,'Frontcontroller::init - Cart cannot be loaded or an order has already been placed using this cart','Cart',2,0,'2021-05-04 12:35:44','2021-05-04 12:35:44'),(67,1,0,'Back Office connection from 175.137.66.129','',0,1,'2021-05-09 17:39:28','2021-05-09 17:39:28');

--
-- Table structure for table `ps_log_email`
--

CREATE TABLE `ps_log_email` (
  `id_log_email` int(10) unsigned NOT NULL AUTO_INCREMENT,
  `id_email_type` int(10) unsigned NOT NULL,
  `id_cart_rule` int(10) unsigned NOT NULL,
  `id_customer` int(10) unsigned DEFAULT NULL,
  `id_cart` int(10) unsigned DEFAULT NULL,
  `date_add` datetime NOT NULL,
  PRIMARY KEY (`id_log_email`),
  KEY `date_add` (`date_add`),
  KEY `id_cart` (`id_cart`)
) ENGINE=InnoDB DEFAULT CHARSET=latin1;

--
-- Dumping data for table `ps_log_email`
--


--
-- Table structure for table `ps_loyalty`
--

CREATE TABLE `ps_loyalty` (
  `id_loyalty` int(10) unsigned NOT NULL AUTO_INCREMENT,
  `id_loyalty_state` int(10) unsigned NOT NULL DEFAULT '1',
  `id_customer` int(10) unsigned NOT NULL,
  `id_order` int(10) unsigned DEFAULT NULL,
  `id_cart_rule` int(10) unsigned DEFAULT NULL,
  `points` int(11) NOT NULL DEFAULT '0',
  `date_add` datetime NOT NULL,
  `date_upd` datetime NOT NULL,
  PRIMARY KEY (`id_loyalty`),
  KEY `index_loyalty_loyalty_state` (`id_loyalty_state`),
  KEY `index_loyalty_order` (`id_order`),
  KEY `index_loyalty_discount` (`id_cart_rule`),
  KEY `index_loyalty_customer` (`id_customer`)
) ENGINE=MyISAM AUTO_INCREMENT=3 DEFAULT CHARSET=utf8;

--
-- Dumping data for table `ps_loyalty`
--

INSERT INTO `ps_loyalty` VALUES (1,1,1,1,0,0,'2021-05-04 11:43:32','2021-05-04 11:43:32'),(2,1,1,2,0,0,'2021-05-04 12:35:43','2021-05-04 12:35:43');

--
-- Table structure for table `ps_loyalty_history`
--

CREATE TABLE `ps_loyalty_history` (
  `id_loyalty_history` int(10) unsigned NOT NULL AUTO_INCREMENT,
  `id_loyalty` int(10) unsigned DEFAULT NULL,
  `id_loyalty_state` int(10) unsigned NOT NULL DEFAULT '1',
  `points` int(11) NOT NULL DEFAULT '0',
  `date_add` datetime NOT NULL,
  PRIMARY KEY (`id_loyalty_history`),
  KEY `index_loyalty_history_loyalty` (`id_loyalty`),
  KEY `index_loyalty_history_loyalty_state` (`id_loyalty_state`)
) ENGINE=MyISAM AUTO_INCREMENT=3 DEFAULT CHARSET=utf8;

--
-- Dumping data for table `ps_loyalty_history`
--

INSERT INTO `ps_loyalty_history` VALUES (1,1,1,0,'2021-05-04 11:43:32'),(2,2,1,0,'2021-05-04 12:35:43');

--
-- Table structure for table `ps_loyalty_state`
--

CREATE TABLE `ps_loyalty_state` (
  `id_loyalty_state` int(10) unsigned NOT NULL AUTO_INCREMENT,
  `id_order_state` int(10) unsigned DEFAULT NULL,
  PRIMARY KEY (`id_loyalty_state`),
  KEY `index_loyalty_state_order_state` (`id_order_state`)
) ENGINE=MyISAM AUTO_INCREMENT=6 DEFAULT CHARSET=utf8;

--
-- Dumping data for table `ps_loyalty_state`
--

INSERT INTO `ps_loyalty_state` VALUES (1,0),(2,5),(3,6),(4,0),(5,0);

--
-- Table structure for table `ps_loyalty_state_lang`
--

CREATE TABLE `ps_loyalty_state_lang` (
  `id_loyalty_state` int(10) unsigned NOT NULL AUTO_INCREMENT,
  `id_lang` int(10) unsigned NOT NULL,
  `name` varchar(64) NOT NULL,
  UNIQUE KEY `index_unique_loyalty_state_lang` (`id_loyalty_state`,`id_lang`)
) ENGINE=MyISAM AUTO_INCREMENT=6 DEFAULT CHARSET=utf8;

--
-- Dumping data for table `ps_loyalty_state_lang`
--

INSERT INTO `ps_loyalty_state_lang` VALUES (1,1,'Awaiting validation'),(1,2,'Awaiting validation'),(1,7,'Awaiting validation'),(2,1,'Available'),(2,2,'Available'),(2,7,'Available'),(3,1,'Cancelled'),(3,2,'Cancelled'),(3,7,'Cancelled'),(4,1,'Already converted'),(4,2,'Already converted'),(4,7,'Already converted'),(5,1,'Unavailable on discounts'),(5,2,'Unavailable on discounts'),(5,7,'Unavailable on discounts');

--
-- Table structure for table `ps_mail`
--

CREATE TABLE `ps_mail` (
  `id_mail` int(11) unsigned NOT NULL AUTO_INCREMENT,
  `recipient` varchar(126) NOT NULL,
  `template` varchar(62) NOT NULL,
  `subject` varchar(254) NOT NULL,
  `id_lang` int(11) unsigned NOT NULL,
  `date_add` timestamp NOT NULL DEFAULT CURRENT_TIMESTAMP,
  PRIMARY KEY (`id_mail`),
  KEY `recipient` (`recipient`(10))
) ENGINE=InnoDB AUTO_INCREMENT=12 DEFAULT CHARSET=utf8;

--
-- Dumping data for table `ps_mail`
--



--
-- Table structure for table `ps_mailalert_customer_oos`
--

CREATE TABLE `ps_mailalert_customer_oos` (
  `id_customer` int(10) unsigned NOT NULL,
  `customer_email` varchar(128) NOT NULL,
  `id_product` int(10) unsigned NOT NULL,
  `id_product_attribute` int(10) unsigned NOT NULL,
  `id_shop` int(10) unsigned NOT NULL,
  `id_lang` int(10) unsigned NOT NULL,
  PRIMARY KEY (`id_customer`,`customer_email`,`id_product`,`id_product_attribute`,`id_shop`)
) ENGINE=InnoDB DEFAULT CHARSET=utf8;

--
-- Dumping data for table `ps_mailalert_customer_oos`
--


--
-- Table structure for table `ps_manufacturer`
--

CREATE TABLE `ps_manufacturer` (
  `id_manufacturer` int(10) unsigned NOT NULL AUTO_INCREMENT,
  `name` varchar(64) NOT NULL,
  `date_add` datetime NOT NULL,
  `date_upd` datetime NOT NULL,
  `active` tinyint(1) NOT NULL DEFAULT '0',
  PRIMARY KEY (`id_manufacturer`)
) ENGINE=InnoDB DEFAULT CHARSET=utf8;

--
-- Dumping data for table `ps_manufacturer`
--


--
-- Table structure for table `ps_manufacturer_lang`
--

CREATE TABLE `ps_manufacturer_lang` (
  `id_manufacturer` int(10) unsigned NOT NULL,
  `id_lang` int(10) unsigned NOT NULL,
  `description` text,
  `short_description` text,
  `meta_title` varchar(128) DEFAULT NULL,
  `meta_keywords` varchar(255) DEFAULT NULL,
  `meta_description` varchar(255) DEFAULT NULL,
  PRIMARY KEY (`id_manufacturer`,`id_lang`)
) ENGINE=InnoDB DEFAULT CHARSET=utf8;

--
-- Dumping data for table `ps_manufacturer_lang`
--


--
-- Table structure for table `ps_manufacturer_shop`
--

CREATE TABLE `ps_manufacturer_shop` (
  `id_manufacturer` int(11) unsigned NOT NULL,
  `id_shop` int(11) unsigned NOT NULL,
  PRIMARY KEY (`id_manufacturer`,`id_shop`),
  KEY `id_shop` (`id_shop`)
) ENGINE=InnoDB DEFAULT CHARSET=utf8;

--
-- Dumping data for table `ps_manufacturer_shop`
--


--
-- Table structure for table `ps_memcached_servers`
--

CREATE TABLE `ps_memcached_servers` (
  `id_memcached_server` int(11) unsigned NOT NULL AUTO_INCREMENT,
  `ip` varchar(254) NOT NULL,
  `port` int(11) unsigned NOT NULL,
  `weight` int(11) unsigned NOT NULL,
  PRIMARY KEY (`id_memcached_server`)
) ENGINE=InnoDB DEFAULT CHARSET=utf8;

--
-- Dumping data for table `ps_memcached_servers`
--


--
-- Table structure for table `ps_message`
--

CREATE TABLE `ps_message` (
  `id_message` int(10) unsigned NOT NULL AUTO_INCREMENT,
  `id_cart` int(10) unsigned DEFAULT NULL,
  `id_customer` int(10) unsigned NOT NULL,
  `id_employee` int(10) unsigned DEFAULT NULL,
  `id_order` int(10) unsigned NOT NULL,
  `message` text NOT NULL,
  `private` tinyint(1) unsigned NOT NULL DEFAULT '1',
  `date_add` datetime NOT NULL,
  PRIMARY KEY (`id_message`),
  KEY `message_order` (`id_order`),
  KEY `id_cart` (`id_cart`),
  KEY `id_customer` (`id_customer`),
  KEY `id_employee` (`id_employee`)
) ENGINE=InnoDB AUTO_INCREMENT=3 DEFAULT CHARSET=utf8;

--
-- Dumping data for table `ps_message`
--

INSERT INTO `ps_message` VALUES (1,1,1,0,1,'Warning: the secure key is empty, check your payment account before validation',1,'2021-05-04 11:43:32'),(2,2,1,0,2,'Warning: the secure key is empty, check your payment account before validation',1,'2021-05-04 12:35:43');

--
-- Table structure for table `ps_message_readed`
--

CREATE TABLE `ps_message_readed` (
  `id_message` int(10) unsigned NOT NULL,
  `id_employee` int(10) unsigned NOT NULL,
  `date_add` datetime NOT NULL,
  PRIMARY KEY (`id_message`,`id_employee`)
) ENGINE=InnoDB DEFAULT CHARSET=utf8;

--
-- Dumping data for table `ps_message_readed`
--


--
-- Table structure for table `ps_meta`
--

CREATE TABLE `ps_meta` (
  `id_meta` int(10) unsigned NOT NULL AUTO_INCREMENT,
  `page` varchar(64) NOT NULL,
  `configurable` tinyint(1) unsigned NOT NULL DEFAULT '1',
  PRIMARY KEY (`id_meta`),
  UNIQUE KEY `page` (`page`)
) ENGINE=InnoDB AUTO_INCREMENT=67 DEFAULT CHARSET=utf8;

--
-- Dumping data for table `ps_meta`
--



--
-- Table structure for table `ps_meta_lang`
--

CREATE TABLE `ps_meta_lang` (
  `id_meta` int(10) unsigned NOT NULL,
  `id_shop` int(11) unsigned NOT NULL DEFAULT '1',
  `id_lang` int(10) unsigned NOT NULL,
  `title` varchar(128) DEFAULT NULL,
  `description` varchar(255) DEFAULT NULL,
  `keywords` varchar(255) DEFAULT NULL,
  `url_rewrite` varchar(254) NOT NULL,
  PRIMARY KEY (`id_meta`,`id_shop`,`id_lang`),
  KEY `id_shop` (`id_shop`),
  KEY `id_lang` (`id_lang`)
) ENGINE=InnoDB DEFAULT CHARSET=utf8;

--
-- Dumping data for table `ps_meta_lang`
--



--
-- Table structure for table `ps_module`
--

CREATE TABLE `ps_module` (
  `id_module` int(10) unsigned NOT NULL AUTO_INCREMENT,
  `name` varchar(64) NOT NULL,
  `active` tinyint(1) unsigned NOT NULL DEFAULT '0',
  `version` varchar(8) NOT NULL,
  PRIMARY KEY (`id_module`),
  KEY `name` (`name`)
) ENGINE=InnoDB AUTO_INCREMENT=175 DEFAULT CHARSET=utf8;

--
-- Dumping data for table `ps_module`
--

INSERT INTO `ps_module` VALUES (1,'socialsharing',1,'1.4.3'),(2,'blockbanner',1,'1.4.1'),(3,'bankwire',1,'1.1.2'),(4,'blockbestsellers',1,'1.8.1'),(5,'blockcart',1,'1.6.2'),(6,'blocksocial',1,'1.2.2'),(7,'blockcategories',1,'2.9.4'),(8,'blockcurrencies',1,'0.4.1'),(9,'blockfacebook',1,'1.4.1'),(10,'blocklanguages',1,'1.5.1'),(11,'blocklayered',1,'2.2.1'),(12,'blockcms',1,'2.1.2'),(13,'blockcmsinfo',1,'1.6.1'),(14,'blockcontact',1,'1.4.1'),(15,'blockcontactinfos',1,'1.2.1'),(16,'blockmanufacturer',1,'1.4.1'),(17,'blockmyaccount',1,'1.4.1'),(18,'blockmyaccountfooter',1,'1.6.1'),(19,'blocknewproducts',1,'1.10.1'),(20,'blocknewsletter',1,'2.4.0'),(21,'blockpaymentlogo',1,'0.4.1'),(22,'blocksearch',1,'1.7.1'),(23,'blockspecials',1,'1.3.1'),(24,'blockstore',1,'1.3.1'),(25,'blocksupplier',1,'1.2.1'),(26,'blocktags',1,'1.3.1'),(27,'blocktopmenu',1,'2.2.4'),(28,'blockuserinfo',1,'0.4.1'),(29,'blockviewed',1,'1.3.1'),(30,'cheque',1,'2.7.2'),(31,'dashactivity',1,'1.0.0'),(32,'dashtrends',1,'1.0.0'),(33,'dashgoals',1,'1.0.0'),(34,'dashproducts',1,'1.0.0'),(35,'graphnvd3',1,'1.5.1'),(36,'gridhtml',1,'1.3.1'),(37,'homeslider',1,'1.6.1'),(38,'homefeatured',1,'1.8.1'),(39,'productpaymentlogos',1,'1.4.1'),(40,'pagesnotfound',1,'1.5.1'),(41,'sekeywords',1,'1.4.1'),(42,'statsbestcategories',1,'1.5.1'),(43,'statsbestcustomers',1,'1.5.1'),(44,'statsbestproducts',1,'1.5.1'),(45,'statsbestsuppliers',1,'1.4.1'),(46,'statsbestvouchers',1,'1.5.1'),(47,'statscarrier',1,'1.4.1'),(48,'statscatalog',1,'1.4.0'),(49,'statscheckup',1,'1.5.0'),(51,'statsequipment',1,'1.3.1'),(52,'statsforecast',1,'1.4.1'),(53,'statslive',1,'1.3.1'),(54,'statsnewsletter',1,'1.4.2'),(55,'statsorigin',1,'1.4.1'),(56,'statspersonalinfos',1,'1.4.1'),(57,'statsproduct',1,'1.5.0'),(58,'statsregistrations',1,'1.4.1'),(59,'statssales',1,'1.3.1'),(60,'statssearch',1,'1.4.1'),(61,'statsstock',1,'1.6.0'),(62,'statsvisits',1,'1.6.1'),(63,'themeconfigurator',1,'2.1.2'),(64,'gamification',1,'1.13.0'),(65,'cronjobs',1,'1.4.0'),(68,'cashondelivery',1,'1.0.0'),(71,'gapi',1,'1.2.2'),(72,'hifacebookconnect',1,'1.1.0'),(73,'alipay',1,'1.0.4'),(74,'eghl',1,'1.0.1 (2'),(75,'ipay88',1,'1.0.5'),(76,'molpay',1,'2.1.1'),(77,'whatsapp',1,'2.0.0'),(78,'easywebtoapp',1,'1.0.2'),(79,'mailalerts',1,'3.7.0'),(80,'pscleaner',1,'1.9.2'),(89,'zerodeals',1,'1.0.0'),(91,'zeromenu',1,'1.0.0'),(92,'zerobrands',1,'1.0.0'),(93,'zeroproductadditional',1,'1.0.0'),(94,'zeropopupnewsletter',1,'1.0.0'),(95,'zeromanager',1,'1.0.0'),(96,'zerocolors',1,'1.0.0'),(97,'zerofeaturedcategories',1,'1.0.0'),(98,'sendtoafriend',1,'1.9.0'),(99,'crossselling',1,'1.1.2'),(100,'productscategory',1,'1.8.1'),(102,'livechatpro',1,'7.5.0'),(103,'favoriteproducts',1,'1.3.1'),(104,'blockwishlist',1,'1.3.2'),(116,'billplz',1,'3.0.4'),(117,'blocksharefb',1,'1.3.1'),(118,'watermark',1,'1.1.0'),(119,'phfbchat',1,'1.1.0'),(121,'paypal',1,'3.12.1'),(122,'statsdata',1,'1.6.2'),(125,'referralprogram',1,'1.7.3'),(131,'deliverydateswizard',1,'1.0.13'),(138,'zerosidebar',1,'1.0.0'),(141,'zeroblog',1,'1.0.0'),(144,'zeroslideshow',1,'1.0.0'),(145,'zerohomepage',1,'1.0.0'),(148,'customergroup',1,'1'),(150,'scrolltop',1,'1.4.2'),(151,'fileuploads',1,'1.7.2'),(152,'cmsproducts',1,'1.5.7'),(153,'birthdaycoupon',1,'1.0.2'),(154,'notarobot',1,'1.1.4'),(155,'fbtrackingpixel',1,'1.0.0'),(156,'loyalty',1,'1.2.9'),(157,'fbloginblock',1,'1.8.7'),(158,'blockcustomerprivacy',1,'2.0.2'),(159,'followup',1,'1.7.1'),(160,'exportcustomers',1,'2.0.4'),(161,'facebookcomments',1,'1.7.4'),(162,'ybc_productimagehover',1,'1.0.1'),(163,'wkpos',1,'1.0.2'),(164,'pdfquotation',1,'1.2.0'),(165,'artsnowstorm',1,'1.0.2'),(166,'csoft_instagramfeeds',1,'1.1.2'),(167,'preloading',1,'1.0.1'),(169,'vouchers',1,'3.4.6'),(170,'psmembership',1,'4.0.0'),(171,'referralbyphone',1,'3.3.1'),(172,'productpricebysize',1,'1.5.26'),(173,'productcomments',1,'3.6.1'),(174,'webcash',1,'2.0 (Aug');

--
-- Table structure for table `ps_module_access`
--

CREATE TABLE `ps_module_access` (
  `id_profile` int(10) unsigned NOT NULL,
  `id_module` int(10) unsigned NOT NULL,
  `view` tinyint(1) NOT NULL DEFAULT '0',
  `configure` tinyint(1) NOT NULL DEFAULT '0',
  `uninstall` tinyint(1) NOT NULL DEFAULT '0',
  PRIMARY KEY (`id_profile`,`id_module`)
) ENGINE=InnoDB DEFAULT CHARSET=utf8;

--
-- Dumping data for table `ps_module_access`
--

INSERT INTO `ps_module_access` VALUES (1,1,1,0,0),(1,2,1,0,0),(1,3,1,0,0),(1,4,1,0,0),(1,5,1,0,0),(1,6,1,0,0),(1,7,1,0,0),(1,8,1,0,0),(1,9,1,0,0),(1,10,1,0,0),(1,11,1,0,0),(1,12,1,0,0),(1,13,1,0,0),(1,14,1,0,0),(1,15,1,0,0),(1,16,1,0,0),(1,17,1,0,0),(1,18,1,0,0),(1,19,1,0,0),(1,20,1,0,0),(1,21,1,0,0),(1,22,1,0,0),(1,23,1,0,0),(1,24,1,0,0),(1,25,1,0,0),(1,26,1,0,0),(1,27,1,0,0),(1,28,1,0,0),(1,29,1,0,0),(1,30,1,0,0),(1,31,1,0,0),(1,32,1,0,0),(1,33,1,0,0),(1,34,1,0,0),(1,35,1,0,0),(1,36,1,0,0),(1,37,1,0,0),(1,38,1,0,0),(1,39,1,0,0),(1,40,1,0,0),(1,41,1,0,0),(1,42,1,0,0),(1,43,1,0,0),(1,44,1,0,0),(1,45,1,0,0),(1,46,1,0,0),(1,47,1,0,0),(1,48,1,0,0),(1,49,1,0,0),(1,51,1,0,0),(1,52,1,0,0),(1,53,1,0,0),(1,54,1,0,0),(1,55,1,0,0),(1,56,1,0,0),(1,57,1,0,0),(1,58,1,0,0),(1,59,1,0,0),(1,60,1,0,0),(1,61,1,0,0),(1,62,1,0,0),(1,63,1,0,0),(1,64,1,0,0),(1,65,1,0,0),(1,68,1,0,0),(1,71,1,0,0),(1,72,1,0,0),(1,73,1,0,0),(1,74,1,0,0),(1,75,1,0,0),(1,76,1,0,0),(1,77,1,0,0),(1,78,1,0,0),(1,79,1,0,0),(1,80,1,0,0),(1,89,1,0,0),(1,91,1,0,0),(1,92,1,0,0),(1,93,1,0,0),(1,94,1,0,0),(1,95,1,0,0),(1,96,1,0,0),(1,97,1,0,0),(1,98,1,0,0),(1,99,1,0,0),(1,100,1,0,0),(1,102,1,0,0),(1,103,1,0,0),(1,104,1,0,0),(1,116,1,0,0),(1,117,1,0,0),(1,118,1,0,0),(1,119,1,0,0),(1,121,1,0,0),(1,122,1,0,0),(1,125,1,0,0),(1,131,1,0,0),(1,138,1,0,0),(1,141,1,0,0),(1,144,1,0,0),(1,145,1,0,0),(1,148,1,0,0),(1,150,1,0,0),(1,151,1,0,0),(1,152,1,0,0),(1,153,1,0,0),(1,154,1,0,0),(1,155,1,0,0),(1,156,1,0,0),(1,157,1,0,0),(1,158,1,0,0),(1,159,1,0,0),(1,160,1,0,0),(1,161,1,0,0),(1,162,1,0,0),(1,163,1,0,0),(1,164,1,0,0),(1,165,1,0,0),(1,166,1,0,0),(1,167,1,0,0),(1,169,1,0,0),(1,170,1,0,0),(1,171,1,0,0),(1,172,1,0,0),(1,173,1,0,0),(1,174,1,0,0),(2,1,0,1,1),(2,2,0,1,1),(2,3,0,1,1),(2,4,0,1,1),(2,5,0,1,1),(2,6,0,1,1),(2,7,0,1,1),(2,8,0,1,1),(2,9,0,1,1),(2,10,0,1,1),(2,11,0,1,1),(2,12,0,1,1),(2,13,0,1,1),(2,14,0,1,1),(2,15,0,1,1),(2,16,0,1,1),(2,17,0,1,1),(2,18,0,1,1),(2,19,0,1,1),(2,20,0,1,1),(2,21,0,1,1),(2,22,0,1,1),(2,23,0,1,1),(2,24,0,1,1),(2,25,0,1,1),(2,26,0,1,1),(2,27,0,1,1),(2,28,0,1,1),(2,29,0,1,1),(2,30,0,1,1),(2,31,0,1,1),(2,32,0,1,1),(2,33,0,1,1),(2,34,0,1,1),(2,35,0,1,1),(2,36,0,1,1),(2,37,0,1,1),(2,38,0,1,1),(2,39,0,1,1),(2,40,0,1,1),(2,41,0,1,1),(2,42,0,1,1),(2,43,0,1,1),(2,44,0,1,1),(2,45,0,1,1),(2,46,0,1,1),(2,47,0,1,1),(2,48,0,1,1),(2,49,0,1,1),(2,51,0,1,1),(2,52,0,1,1),(2,53,0,1,1),(2,54,0,1,1),(2,55,0,1,1),(2,56,0,1,1),(2,57,0,1,1),(2,58,0,1,1),(2,59,0,1,1),(2,60,0,1,1),(2,61,0,1,1),(2,62,0,1,1),(2,63,0,1,1),(2,64,0,1,1),(2,65,0,1,1),(2,68,0,1,1),(2,71,1,1,1),(2,72,1,1,1),(2,73,1,1,1),(2,74,1,1,1),(2,75,1,1,1),(2,76,1,1,1),(2,77,1,1,1),(2,78,1,1,1),(2,79,1,1,1),(2,80,1,1,1),(2,89,1,1,1),(2,91,1,1,1),(2,92,1,1,1),(2,93,1,1,1),(2,94,1,1,1),(2,95,1,1,1),(2,96,1,1,1),(2,97,1,1,1),(2,98,1,1,1),(2,99,1,1,1),(2,100,1,1,1),(2,102,1,1,1),(2,103,1,1,1),(2,104,1,1,1),(2,116,1,1,1),(2,117,1,1,1),(2,118,1,1,1),(2,119,1,1,1),(2,121,1,1,1),(2,122,1,1,1),(2,125,1,1,1),(2,131,1,1,1),(2,138,1,1,1),(2,141,1,1,1),(2,144,1,1,1),(2,145,1,1,1),(2,148,1,1,1),(2,150,1,1,1),(2,151,1,1,1),(2,152,1,1,1),(2,153,1,1,1),(2,154,1,1,1),(2,155,1,1,1),(2,156,1,1,1),(2,157,1,1,1),(2,158,1,1,1),(2,159,1,1,1),(2,160,1,1,1),(2,161,1,1,1),(2,162,1,1,1),(2,163,1,1,1),(2,164,1,1,1),(2,165,1,1,1),(2,166,1,1,1),(2,167,1,1,1),(2,169,1,1,1),(2,170,1,1,1),(2,171,1,1,1),(2,172,1,1,1),(2,173,1,1,1),(2,174,1,1,1),(3,1,1,0,0),(3,2,1,0,0),(3,3,1,0,0),(3,4,1,0,0),(3,5,1,0,0),(3,6,1,0,0),(3,7,1,0,0),(3,8,1,0,0),(3,9,1,0,0),(3,10,1,0,0),(3,11,1,0,0),(3,12,1,0,0),(3,13,1,0,0),(3,14,1,0,0),(3,15,1,0,0),(3,16,1,0,0),(3,17,1,0,0),(3,18,1,0,0),(3,19,1,0,0),(3,20,1,0,0),(3,21,1,0,0),(3,22,1,0,0),(3,23,1,0,0),(3,24,1,0,0),(3,25,1,0,0),(3,26,1,0,0),(3,27,1,0,0),(3,28,1,0,0),(3,29,1,0,0),(3,30,1,0,0),(3,31,1,0,0),(3,32,1,0,0),(3,33,1,0,0),(3,34,1,0,0),(3,35,1,0,0),(3,36,1,0,0),(3,37,1,0,0),(3,38,1,0,0),(3,39,1,0,0),(3,40,1,0,0),(3,41,1,0,0),(3,42,1,0,0),(3,43,1,0,0),(3,44,1,0,0),(3,45,1,0,0),(3,46,1,0,0),(3,47,1,0,0),(3,48,1,0,0),(3,49,1,0,0),(3,51,1,0,0),(3,52,1,0,0),(3,53,1,0,0),(3,54,1,0,0),(3,55,1,0,0),(3,56,1,0,0),(3,57,1,0,0),(3,58,1,0,0),(3,59,1,0,0),(3,60,1,0,0),(3,61,1,0,0),(3,62,1,0,0),(3,63,1,0,0),(3,64,1,0,0),(3,65,1,0,0),(3,68,1,0,0),(3,71,1,0,0),(3,72,1,0,0),(3,73,1,0,0),(3,74,1,0,0),(3,75,1,0,0),(3,76,1,0,0),(3,77,1,0,0),(3,78,1,0,0),(3,79,1,0,0),(3,80,1,0,0),(3,89,1,0,0),(3,91,1,0,0),(3,92,1,0,0),(3,93,1,0,0),(3,94,1,0,0),(3,95,1,0,0),(3,96,1,0,0),(3,97,1,0,0),(3,98,1,0,0),(3,99,1,0,0),(3,100,1,0,0),(3,102,1,0,0),(3,103,1,0,0),(3,104,1,0,0),(3,116,1,0,0),(3,117,1,0,0),(3,118,1,0,0),(3,119,1,0,0),(3,121,1,0,0),(3,122,1,0,0),(3,125,1,0,0),(3,131,1,0,0),(3,138,1,0,0),(3,141,1,0,0),(3,144,1,0,0),(3,145,1,0,0),(3,148,1,0,0),(3,150,1,0,0),(3,151,1,0,0),(3,152,1,0,0),(3,153,1,0,0),(3,154,1,0,0),(3,155,1,0,0),(3,156,1,0,0),(3,157,1,0,0),(3,158,1,0,0),(3,159,1,0,0),(3,160,1,0,0),(3,161,1,0,0),(3,162,1,0,0),(3,163,1,0,0),(3,164,1,0,0),(3,165,1,0,0),(3,166,1,0,0),(3,167,1,0,0),(3,169,1,0,0),(3,170,1,0,0),(3,171,1,0,0),(3,172,1,0,0),(3,173,1,0,0),(3,174,1,0,0),(4,1,1,1,1),(4,2,1,1,1),(4,3,1,1,1),(4,4,1,1,1),(4,5,1,1,1),(4,6,1,1,1),(4,7,1,1,1),(4,8,1,1,1),(4,9,1,1,1),(4,10,1,1,1),(4,11,1,1,1),(4,12,1,1,1),(4,13,1,1,1),(4,14,1,1,1),(4,15,1,1,1),(4,16,1,1,1),(4,17,1,1,1),(4,18,1,1,1),(4,19,1,1,1),(4,20,1,1,1),(4,21,1,1,1),(4,22,1,1,1),(4,23,1,1,1),(4,24,1,1,1),(4,25,1,1,1),(4,26,1,1,1),(4,27,1,1,1),(4,28,1,1,1),(4,29,1,1,1),(4,30,1,1,1),(4,31,1,1,1),(4,32,1,1,1),(4,33,1,1,1),(4,34,1,1,1),(4,35,1,1,1),(4,36,1,1,1),(4,37,1,1,1),(4,38,1,1,1),(4,39,1,1,1),(4,40,1,1,1),(4,41,1,1,1),(4,42,1,1,1),(4,43,1,1,1),(4,44,1,1,1),(4,45,1,1,1),(4,46,1,1,1),(4,47,1,1,1),(4,48,1,1,1),(4,49,1,1,1),(4,51,1,1,1),(4,52,1,1,1),(4,53,1,1,1),(4,54,1,1,1),(4,55,1,1,1),(4,56,1,1,1),(4,57,1,1,1),(4,58,1,1,1),(4,59,1,1,1),(4,60,1,1,1),(4,61,1,1,1),(4,62,1,1,1),(4,63,1,1,1),(4,64,1,1,1),(4,65,1,1,1),(4,68,1,1,1),(4,71,1,1,1),(4,72,1,1,1),(4,73,1,1,1),(4,74,1,1,1),(4,75,1,1,1),(4,76,1,1,1),(4,77,1,1,1),(4,78,1,1,1),(4,79,1,1,1),(4,80,1,1,1),(4,89,1,1,1),(4,91,1,1,1),(4,92,1,1,1),(4,93,1,1,1),(4,94,1,1,1),(4,95,1,1,1),(4,96,1,1,1),(4,97,1,1,1),(4,98,1,1,1),(4,99,1,1,1),(4,100,1,1,1),(4,102,1,1,1),(4,103,1,1,1),(4,104,1,1,1),(4,116,1,1,1),(4,117,1,1,1),(4,118,1,1,1),(4,119,1,1,1),(4,121,1,1,1),(4,122,1,1,1),(4,125,1,1,1),(4,131,1,1,1),(4,138,1,1,1),(4,141,1,1,1),(4,144,1,1,1),(4,145,1,1,1),(4,148,1,1,1),(4,150,1,1,1),(4,151,1,1,1),(4,152,1,1,1),(4,153,1,1,1),(4,154,1,1,1),(4,155,1,1,1),(4,156,1,1,1),(4,157,1,1,1),(4,158,1,1,1),(4,159,1,1,1),(4,160,1,1,1),(4,161,1,1,1),(4,162,1,1,1),(4,163,1,1,1),(4,164,1,1,1),(4,165,1,1,1),(4,166,1,1,1),(4,167,1,1,1),(4,169,1,1,1),(4,170,1,1,1),(4,171,1,1,1),(4,172,1,1,1),(4,173,1,1,1),(4,174,1,1,1),(5,1,1,0,0),(5,2,1,0,0),(5,3,1,0,0),(5,4,1,0,0),(5,5,1,0,0),(5,6,1,0,0),(5,7,1,0,0),(5,8,1,0,0),(5,9,1,0,0),(5,10,1,0,0),(5,11,1,0,0),(5,12,1,0,0),(5,13,1,0,0),(5,14,1,0,0),(5,15,1,0,0),(5,16,1,0,0),(5,17,1,0,0),(5,18,1,0,0),(5,19,1,0,0),(5,20,1,0,0),(5,21,1,0,0),(5,22,1,0,0),(5,23,1,0,0),(5,24,1,0,0),(5,25,1,0,0),(5,26,1,0,0),(5,27,1,0,0),(5,28,1,0,0),(5,29,1,0,0),(5,30,1,0,0),(5,31,1,0,0),(5,32,1,0,0),(5,33,1,0,0),(5,34,1,0,0),(5,35,1,0,0),(5,36,1,0,0),(5,37,1,0,0),(5,38,1,0,0),(5,39,1,0,0),(5,40,1,0,0),(5,41,1,0,0),(5,42,1,0,0),(5,43,1,0,0),(5,44,1,0,0),(5,45,1,0,0),(5,46,1,0,0),(5,47,1,0,0),(5,48,1,0,0),(5,49,1,0,0),(5,51,1,0,0),(5,52,1,0,0),(5,53,1,0,0),(5,54,1,0,0),(5,55,1,0,0),(5,56,1,0,0),(5,57,1,0,0),(5,58,1,0,0),(5,59,1,0,0),(5,60,1,0,0),(5,61,1,0,0),(5,62,1,0,0),(5,63,1,0,0),(5,64,1,0,0),(5,65,1,0,0),(5,68,1,0,0),(5,71,1,1,1),(5,72,1,1,1),(5,73,1,1,1),(5,74,1,1,1),(5,75,1,1,1),(5,76,1,1,1),(5,77,1,1,1),(5,78,1,1,1),(5,79,1,1,1),(5,80,1,1,1),(5,89,1,1,1),(5,91,1,1,1),(5,92,1,1,1),(5,93,1,1,1),(5,94,1,1,1),(5,95,1,1,1),(5,96,1,1,1),(5,97,1,1,1),(5,98,1,1,1),(5,99,1,1,1),(5,100,1,1,1),(5,102,1,1,1),(5,103,1,1,1),(5,104,1,1,1),(5,116,1,1,1),(5,117,1,1,1),(5,118,1,1,1),(5,119,1,1,1),(5,121,1,1,1),(5,122,1,1,1),(5,125,1,1,1),(5,131,1,1,1),(5,138,1,1,1),(5,141,1,1,1),(5,144,1,1,1),(5,145,1,1,1),(5,148,1,1,1),(5,150,1,1,1),(5,151,1,1,1),(5,152,1,1,1),(5,153,1,1,1),(5,154,1,1,1),(5,155,1,1,1),(5,156,1,1,1),(5,157,1,1,1),(5,158,1,1,1),(5,159,1,1,1),(5,160,1,1,1),(5,161,1,1,1),(5,162,1,1,1),(5,163,1,1,1),(5,164,1,1,1),(5,165,1,1,1),(5,166,1,1,1),(5,167,1,1,1),(5,169,1,1,1),(5,170,1,1,1),(5,171,1,1,1),(5,172,1,1,1),(5,173,1,1,1),(5,174,1,1,1),(6,1,1,0,0),(6,2,1,0,0),(6,3,1,0,0),(6,4,1,0,0),(6,5,1,0,0),(6,6,1,0,0),(6,7,1,0,0),(6,8,1,0,0),(6,9,1,0,0),(6,10,1,0,0),(6,11,1,0,0),(6,12,1,0,0),(6,13,1,0,0),(6,14,1,0,0),(6,15,1,0,0),(6,16,1,0,0),(6,17,1,0,0),(6,18,1,0,0),(6,19,1,0,0),(6,20,1,0,0),(6,21,1,0,0),(6,22,1,0,0),(6,23,1,0,0),(6,24,1,0,0),(6,25,1,0,0),(6,26,1,0,0),(6,27,1,0,0),(6,28,1,0,0),(6,29,1,0,0),(6,30,1,0,0),(6,31,1,0,0),(6,32,1,0,0),(6,33,1,0,0),(6,34,1,0,0),(6,35,1,0,0),(6,36,1,0,0),(6,37,1,0,0),(6,38,1,0,0),(6,39,1,0,0),(6,40,1,0,0),(6,41,1,0,0),(6,42,1,0,0),(6,43,1,0,0),(6,44,1,0,0),(6,45,1,0,0),(6,46,1,0,0),(6,47,1,0,0),(6,48,1,0,0),(6,49,1,0,0),(6,51,1,0,0),(6,52,1,0,0),(6,53,1,0,0),(6,54,1,0,0),(6,55,1,0,0),(6,56,1,0,0),(6,57,1,0,0),(6,58,1,0,0),(6,59,1,0,0),(6,60,1,0,0),(6,61,1,0,0),(6,62,1,0,0),(6,63,1,0,0),(6,64,1,0,0),(6,65,1,0,0),(6,68,1,0,0),(6,71,1,0,0),(6,72,1,0,0),(6,73,1,0,0),(6,74,1,0,0),(6,75,1,0,0),(6,76,1,0,0),(6,77,1,0,0),(6,78,1,0,0),(6,79,1,0,0),(6,80,1,0,0),(6,89,1,0,0),(6,91,1,0,0),(6,92,1,0,0),(6,93,1,0,0),(6,94,1,0,0),(6,95,1,0,0),(6,96,1,0,0),(6,97,1,0,0),(6,98,1,0,0),(6,99,1,0,0),(6,100,1,0,0),(6,102,1,0,0),(6,103,1,0,0),(6,104,1,0,0),(6,116,1,0,0),(6,117,1,0,0),(6,118,1,0,0),(6,119,1,0,0),(6,121,1,0,0),(6,122,1,0,0),(6,125,1,0,0),(6,131,1,0,0),(6,138,1,0,0),(6,141,1,0,0),(6,144,1,0,0),(6,145,1,0,0),(6,148,1,0,0),(6,150,1,0,0),(6,151,1,0,0),(6,152,1,0,0),(6,153,1,0,0),(6,154,1,0,0),(6,155,1,0,0),(6,156,1,0,0),(6,157,1,0,0),(6,158,1,0,0),(6,159,1,0,0),(6,160,1,0,0),(6,161,1,0,0),(6,162,1,0,0),(6,163,1,0,0),(6,164,1,0,0),(6,165,1,0,0),(6,166,1,0,0),(6,167,1,0,0),(6,169,1,0,0),(6,170,1,0,0),(6,171,1,0,0),(6,172,1,0,0),(6,173,1,0,0),(6,174,1,0,0),(7,1,1,0,0),(7,2,1,0,0),(7,3,1,0,0),(7,4,1,0,0),(7,5,1,0,0),(7,6,1,0,0),(7,7,1,0,0),(7,8,1,0,0),(7,9,1,0,0),(7,10,1,0,0),(7,11,1,0,0),(7,12,1,0,0),(7,13,1,0,0),(7,14,1,0,0),(7,15,1,0,0),(7,16,1,0,0),(7,17,1,0,0),(7,18,1,0,0),(7,19,1,0,0),(7,20,1,0,0),(7,21,1,0,0),(7,22,1,0,0),(7,23,1,0,0),(7,24,1,0,0),(7,25,1,0,0),(7,26,1,0,0),(7,27,1,0,0),(7,28,1,0,0),(7,29,1,0,0),(7,30,1,0,0),(7,31,1,0,0),(7,32,1,0,0),(7,33,1,0,0),(7,34,1,0,0),(7,35,1,0,0),(7,36,1,0,0),(7,37,1,0,0),(7,38,1,0,0),(7,39,1,0,0),(7,40,1,0,0),(7,41,1,0,0),(7,42,1,0,0),(7,43,1,0,0),(7,44,1,0,0),(7,45,1,0,0),(7,46,1,0,0),(7,47,1,0,0),(7,48,1,0,0),(7,49,1,0,0),(7,51,1,0,0),(7,52,1,0,0),(7,53,1,0,0),(7,54,1,0,0),(7,55,1,0,0),(7,56,1,0,0),(7,57,1,0,0),(7,58,1,0,0),(7,59,1,0,0),(7,60,1,0,0),(7,61,1,0,0),(7,62,1,0,0),(7,63,1,0,0),(7,64,1,0,0),(7,65,1,0,0),(7,68,1,0,0),(7,71,1,0,0),(7,72,1,0,0),(7,73,1,0,0),(7,74,1,0,0),(7,75,1,0,0),(7,76,1,0,0),(7,77,1,0,0),(7,78,1,0,0),(7,79,1,0,0),(7,80,1,0,0),(7,89,1,0,0),(7,91,1,0,0),(7,92,1,0,0),(7,93,1,0,0),(7,94,1,0,0),(7,95,1,0,0),(7,96,1,0,0),(7,97,1,0,0),(7,98,1,0,0),(7,99,1,0,0),(7,100,1,0,0),(7,102,1,0,0),(7,103,1,0,0),(7,104,1,0,0),(7,116,1,0,0),(7,117,1,0,0),(7,118,1,0,0),(7,119,1,0,0),(7,121,1,0,0),(7,122,1,0,0),(7,125,1,0,0),(7,131,1,0,0),(7,138,1,0,0),(7,141,1,0,0),(7,144,1,0,0),(7,145,1,0,0),(7,148,1,0,0),(7,150,1,0,0),(7,151,1,0,0),(7,152,1,0,0),(7,153,1,0,0),(7,154,1,0,0),(7,155,1,0,0),(7,156,1,0,0),(7,157,1,0,0),(7,158,1,0,0),(7,159,1,0,0),(7,160,1,0,0),(7,161,1,0,0),(7,162,1,0,0),(7,163,1,0,0),(7,164,1,0,0),(7,165,1,0,0),(7,166,1,0,0),(7,167,1,0,0),(7,169,1,0,0),(7,170,1,0,0),(7,171,1,0,0),(7,172,1,0,0),(7,173,1,0,0),(7,174,1,0,0);

--
-- Table structure for table `ps_module_country`
--

CREATE TABLE `ps_module_country` (
  `id_module` int(10) unsigned NOT NULL,
  `id_shop` int(11) unsigned NOT NULL DEFAULT '1',
  `id_country` int(10) unsigned NOT NULL,
  PRIMARY KEY (`id_module`,`id_shop`,`id_country`)
) ENGINE=InnoDB DEFAULT CHARSET=utf8;

--
-- Dumping data for table `ps_module_country`
--

INSERT INTO `ps_module_country` VALUES (3,1,1),(3,1,2),(3,1,3),(3,1,4),(3,1,5),(3,1,6),(3,1,7),(3,1,8),(3,1,9),(3,1,10),(3,1,11),(3,1,12),(3,1,13),(3,1,14),(3,1,15),(3,1,16),(3,1,17),(3,1,18),(3,1,19),(3,1,20),(3,1,21),(3,1,22),(3,1,23),(3,1,24),(3,1,25),(3,1,26),(3,1,27),(3,1,28),(3,1,29),(3,1,30),(3,1,31),(3,1,32),(3,1,33),(3,1,34),(3,1,35),(3,1,36),(3,1,37),(3,1,38),(3,1,39),(3,1,40),(3,1,41),(3,1,42),(3,1,43),(3,1,44),(3,1,45),(3,1,46),(3,1,47),(3,1,48),(3,1,49),(3,1,50),(3,1,51),(3,1,52),(3,1,53),(3,1,54),(3,1,55),(3,1,56),(3,1,57),(3,1,58),(3,1,59),(3,1,60),(3,1,61),(3,1,62),(3,1,63),(3,1,64),(3,1,65),(3,1,66),(3,1,67),(3,1,68),(3,1,69),(3,1,70),(3,1,71),(3,1,72),(3,1,73),(3,1,74),(3,1,75),(3,1,76),(3,1,77),(3,1,78),(3,1,79),(3,1,80),(3,1,81),(3,1,82),(3,1,83),(3,1,84),(3,1,85),(3,1,86),(3,1,87),(3,1,88),(3,1,89),(3,1,90),(3,1,91),(3,1,92),(3,1,93),(3,1,94),(3,1,95),(3,1,96),(3,1,97),(3,1,98),(3,1,99),(3,1,100),(3,1,101),(3,1,102),(3,1,103),(3,1,104),(3,1,105),(3,1,106),(3,1,107),(3,1,108),(3,1,109),(3,1,110),(3,1,111),(3,1,112),(3,1,113),(3,1,114),(3,1,115),(3,1,116),(3,1,117),(3,1,118),(3,1,119),(3,1,120),(3,1,121),(3,1,122),(3,1,123),(3,1,124),(3,1,125),(3,1,126),(3,1,127),(3,1,128),(3,1,129),(3,1,130),(3,1,131),(3,1,132),(3,1,133),(3,1,134),(3,1,135),(3,1,136),(3,1,137),(3,1,138),(3,1,139),(3,1,140),(3,1,141),(3,1,142),(3,1,143),(3,1,144),(3,1,145),(3,1,146),(3,1,147),(3,1,148),(3,1,149),(3,1,150),(3,1,151),(3,1,152),(3,1,153),(3,1,154),(3,1,155),(3,1,156),(3,1,157),(3,1,158),(3,1,159),(3,1,160),(3,1,161),(3,1,162),(3,1,163),(3,1,164),(3,1,165),(3,1,166),(3,1,167),(3,1,168),(3,1,169),(3,1,170),(3,1,171),(3,1,172),(3,1,173),(3,1,174),(3,1,175),(3,1,176),(3,1,177),(3,1,178),(3,1,179),(3,1,180),(3,1,181),(3,1,182),(3,1,183),(3,1,184),(3,1,185),(3,1,186),(3,1,187),(3,1,188),(3,1,189),(3,1,190),(3,1,191),(3,1,192),(3,1,193),(3,1,194),(3,1,195),(3,1,196),(3,1,197),(3,1,198),(3,1,199),(3,1,200),(3,1,201),(3,1,202),(3,1,203),(3,1,204),(3,1,205),(3,1,206),(3,1,207),(3,1,208),(3,1,209),(3,1,210),(3,1,211),(3,1,212),(3,1,213),(3,1,214),(3,1,215),(3,1,216),(3,1,217),(3,1,218),(3,1,219),(3,1,220),(3,1,221),(3,1,222),(3,1,223),(3,1,224),(3,1,225),(3,1,226),(3,1,227),(3,1,228),(3,1,229),(3,1,230),(3,1,231),(3,1,232),(3,1,233),(3,1,234),(3,1,235),(3,1,236),(3,1,237),(3,1,238),(3,1,239),(3,1,240),(3,1,241),(3,1,242),(3,1,243),(3,1,244),(30,1,1),(30,1,2),(30,1,3),(30,1,4),(30,1,5),(30,1,6),(30,1,7),(30,1,8),(30,1,9),(30,1,10),(30,1,11),(30,1,12),(30,1,13),(30,1,14),(30,1,15),(30,1,16),(30,1,17),(30,1,18),(30,1,19),(30,1,20),(30,1,21),(30,1,22),(30,1,23),(30,1,24),(30,1,25),(30,1,26),(30,1,27),(30,1,28),(30,1,29),(30,1,30),(30,1,31),(30,1,32),(30,1,33),(30,1,34),(30,1,35),(30,1,36),(30,1,37),(30,1,38),(30,1,39),(30,1,40),(30,1,41),(30,1,42),(30,1,43),(30,1,44),(30,1,45),(30,1,46),(30,1,47),(30,1,48),(30,1,49),(30,1,50),(30,1,51),(30,1,52),(30,1,53),(30,1,54),(30,1,55),(30,1,56),(30,1,57),(30,1,58),(30,1,59),(30,1,60),(30,1,61),(30,1,62),(30,1,63),(30,1,64),(30,1,65),(30,1,66),(30,1,67),(30,1,68),(30,1,69),(30,1,70),(30,1,71),(30,1,72),(30,1,73),(30,1,74),(30,1,75),(30,1,76),(30,1,77),(30,1,78),(30,1,79),(30,1,80),(30,1,81),(30,1,82),(30,1,83),(30,1,84),(30,1,85),(30,1,86),(30,1,87),(30,1,88),(30,1,89),(30,1,90),(30,1,91),(30,1,92),(30,1,93),(30,1,94),(30,1,95),(30,1,96),(30,1,97),(30,1,98),(30,1,99),(30,1,100),(30,1,101),(30,1,102),(30,1,103),(30,1,104),(30,1,105),(30,1,106),(30,1,107),(30,1,108),(30,1,109),(30,1,110),(30,1,111),(30,1,112),(30,1,113),(30,1,114),(30,1,115),(30,1,116),(30,1,117),(30,1,118),(30,1,119),(30,1,120),(30,1,121),(30,1,122),(30,1,123),(30,1,124),(30,1,125),(30,1,126),(30,1,127),(30,1,128),(30,1,129),(30,1,130),(30,1,131),(30,1,132),(30,1,133),(30,1,134),(30,1,135),(30,1,136),(30,1,137),(30,1,138),(30,1,139),(30,1,140),(30,1,141),(30,1,142),(30,1,143),(30,1,144),(30,1,145),(30,1,146),(30,1,147),(30,1,148),(30,1,149),(30,1,150),(30,1,151),(30,1,152),(30,1,153),(30,1,154),(30,1,155),(30,1,156),(30,1,157),(30,1,158),(30,1,159),(30,1,160),(30,1,161),(30,1,162),(30,1,163),(30,1,164),(30,1,165),(30,1,166),(30,1,167),(30,1,168),(30,1,169),(30,1,170),(30,1,171),(30,1,172),(30,1,173),(30,1,174),(30,1,175),(30,1,176),(30,1,177),(30,1,178),(30,1,179),(30,1,180),(30,1,181),(30,1,182),(30,1,183),(30,1,184),(30,1,185),(30,1,186),(30,1,187),(30,1,188),(30,1,189),(30,1,190),(30,1,191),(30,1,192),(30,1,193),(30,1,194),(30,1,195),(30,1,196),(30,1,197),(30,1,198),(30,1,199),(30,1,200),(30,1,201),(30,1,202),(30,1,203),(30,1,204),(30,1,205),(30,1,206),(30,1,207),(30,1,208),(30,1,209),(30,1,210),(30,1,211),(30,1,212),(30,1,213),(30,1,214),(30,1,215),(30,1,216),(30,1,217),(30,1,218),(30,1,219),(30,1,220),(30,1,221),(30,1,222),(30,1,223),(30,1,224),(30,1,225),(30,1,226),(30,1,227),(30,1,228),(30,1,229),(30,1,230),(30,1,231),(30,1,232),(30,1,233),(30,1,234),(30,1,235),(30,1,236),(30,1,237),(30,1,238),(30,1,239),(30,1,240),(30,1,241),(30,1,242),(30,1,243),(30,1,244),(68,1,5),(68,1,11),(68,1,21),(68,1,22),(68,1,28),(68,1,136),(68,1,203),(68,1,206),(73,1,5),(73,1,11),(73,1,21),(73,1,22),(73,1,28),(73,1,136),(73,1,203),(73,1,206),(74,1,5),(74,1,11),(74,1,21),(74,1,22),(74,1,28),(74,1,136),(74,1,203),(74,1,206),(75,1,5),(75,1,11),(75,1,21),(75,1,22),(75,1,28),(75,1,136),(75,1,203),(75,1,206),(76,1,5),(76,1,11),(76,1,21),(76,1,22),(76,1,28),(76,1,136),(76,1,203),(76,1,206),(116,1,8),(116,1,11),(116,1,28),(116,1,136),(116,1,206),(121,1,8),(121,1,11),(121,1,28),(121,1,136),(121,1,206),(174,1,136);

--
-- Table structure for table `ps_module_currency`
--

CREATE TABLE `ps_module_currency` (
  `id_module` int(10) unsigned NOT NULL,
  `id_shop` int(11) unsigned NOT NULL DEFAULT '1',
  `id_currency` int(11) NOT NULL,
  PRIMARY KEY (`id_module`,`id_shop`,`id_currency`),
  KEY `id_module` (`id_module`)
) ENGINE=InnoDB DEFAULT CHARSET=utf8;

--
-- Dumping data for table `ps_module_currency`
--

INSERT INTO `ps_module_currency` VALUES (3,1,1),(3,1,2),(3,1,3),(3,1,4),(3,1,5),(3,1,6),(3,1,7),(3,1,8),(30,1,1),(30,1,2),(30,1,3),(30,1,4),(30,1,5),(30,1,6),(30,1,7),(30,1,8),(68,1,1),(68,1,2),(68,1,3),(68,1,4),(68,1,5),(68,1,6),(68,1,7),(68,1,8),(68,1,9),(73,1,1),(73,1,2),(73,1,3),(73,1,4),(73,1,5),(73,1,6),(73,1,7),(73,1,8),(74,1,-2),(74,1,8),(74,1,9),(75,1,1),(75,1,2),(75,1,3),(75,1,4),(75,1,5),(75,1,6),(75,1,7),(75,1,8),(76,1,1),(76,1,2),(76,1,3),(76,1,4),(76,1,5),(76,1,6),(76,1,7),(76,1,8),(116,1,2),(116,1,3),(116,1,8),(121,1,-2),(174,1,-2);

--
-- Table structure for table `ps_module_group`
--

CREATE TABLE `ps_module_group` (
  `id_module` int(10) unsigned NOT NULL,
  `id_shop` int(11) unsigned NOT NULL DEFAULT '1',
  `id_group` int(11) unsigned NOT NULL,
  PRIMARY KEY (`id_module`,`id_shop`,`id_group`)
) ENGINE=InnoDB DEFAULT CHARSET=utf8;

--
-- Dumping data for table `ps_module_group`
--

INSERT INTO `ps_module_group` VALUES (1,1,1),(1,1,2),(1,1,3),(1,1,8),(1,1,9),(1,1,10),(2,1,1),(2,1,2),(2,1,3),(2,1,8),(2,1,9),(2,1,10),(3,1,1),(3,1,2),(3,1,3),(3,1,8),(3,1,9),(3,1,10),(4,1,1),(4,1,2),(4,1,3),(4,1,8),(4,1,9),(4,1,10),(5,1,1),(5,1,2),(5,1,3),(5,1,8),(5,1,9),(5,1,10),(6,1,1),(6,1,2),(6,1,3),(6,1,8),(6,1,9),(6,1,10),(7,1,1),(7,1,2),(7,1,3),(7,1,8),(7,1,9),(7,1,10),(8,1,1),(8,1,2),(8,1,3),(8,1,8),(8,1,9),(8,1,10),(9,1,1),(9,1,2),(9,1,3),(9,1,8),(9,1,9),(9,1,10),(10,1,1),(10,1,2),(10,1,3),(10,1,8),(10,1,9),(10,1,10),(11,1,1),(11,1,2),(11,1,3),(11,1,8),(11,1,9),(11,1,10),(12,1,1),(12,1,2),(12,1,3),(12,1,8),(12,1,9),(12,1,10),(13,1,1),(13,1,2),(13,1,3),(13,1,8),(13,1,9),(13,1,10),(14,1,1),(14,1,2),(14,1,3),(14,1,8),(14,1,9),(14,1,10),(15,1,1),(15,1,2),(15,1,3),(15,1,8),(15,1,9),(15,1,10),(16,1,1),(16,1,2),(16,1,3),(16,1,8),(16,1,9),(16,1,10),(17,1,1),(17,1,2),(17,1,3),(17,1,8),(17,1,9),(17,1,10),(18,1,1),(18,1,2),(18,1,3),(18,1,8),(18,1,9),(18,1,10),(19,1,1),(19,1,2),(19,1,3),(19,1,8),(19,1,9),(19,1,10),(20,1,1),(20,1,2),(20,1,3),(20,1,8),(20,1,9),(20,1,10),(21,1,1),(21,1,2),(21,1,3),(21,1,8),(21,1,9),(21,1,10),(22,1,1),(22,1,2),(22,1,3),(22,1,8),(22,1,9),(22,1,10),(23,1,1),(23,1,2),(23,1,3),(23,1,8),(23,1,9),(23,1,10),(24,1,1),(24,1,2),(24,1,3),(24,1,8),(24,1,9),(24,1,10),(25,1,1),(25,1,2),(25,1,3),(25,1,8),(25,1,9),(25,1,10),(26,1,1),(26,1,2),(26,1,3),(26,1,8),(26,1,9),(26,1,10),(27,1,1),(27,1,2),(27,1,3),(27,1,8),(27,1,9),(27,1,10),(28,1,1),(28,1,2),(28,1,3),(28,1,8),(28,1,9),(28,1,10),(29,1,1),(29,1,2),(29,1,3),(29,1,8),(29,1,9),(29,1,10),(30,1,1),(30,1,2),(30,1,3),(30,1,8),(30,1,9),(30,1,10),(31,1,1),(31,1,2),(31,1,3),(31,1,8),(31,1,9),(31,1,10),(32,1,1),(32,1,2),(32,1,3),(32,1,8),(32,1,9),(32,1,10),(33,1,1),(33,1,2),(33,1,3),(33,1,8),(33,1,9),(33,1,10),(34,1,1),(34,1,2),(34,1,3),(34,1,8),(34,1,9),(34,1,10),(35,1,1),(35,1,2),(35,1,3),(35,1,8),(35,1,9),(35,1,10),(36,1,1),(36,1,2),(36,1,3),(36,1,8),(36,1,9),(36,1,10),(37,1,1),(37,1,2),(37,1,3),(37,1,8),(37,1,9),(37,1,10),(38,1,1),(38,1,2),(38,1,3),(38,1,8),(38,1,9),(38,1,10),(39,1,1),(39,1,2),(39,1,3),(39,1,8),(39,1,9),(39,1,10),(40,1,1),(40,1,2),(40,1,3),(40,1,8),(40,1,9),(40,1,10),(41,1,1),(41,1,2),(41,1,3),(41,1,8),(41,1,9),(41,1,10),(42,1,1),(42,1,2),(42,1,3),(42,1,8),(42,1,9),(42,1,10),(43,1,1),(43,1,2),(43,1,3),(43,1,8),(43,1,9),(43,1,10),(44,1,1),(44,1,2),(44,1,3),(44,1,8),(44,1,9),(44,1,10),(45,1,1),(45,1,2),(45,1,3),(45,1,8),(45,1,9),(45,1,10),(46,1,1),(46,1,2),(46,1,3),(46,1,8),(46,1,9),(46,1,10),(47,1,1),(47,1,2),(47,1,3),(47,1,8),(47,1,9),(47,1,10),(48,1,1),(48,1,2),(48,1,3),(48,1,8),(48,1,9),(48,1,10),(49,1,1),(49,1,2),(49,1,3),(49,1,8),(49,1,9),(49,1,10),(51,1,1),(51,1,2),(51,1,3),(51,1,8),(51,1,9),(51,1,10),(52,1,1),(52,1,2),(52,1,3),(52,1,8),(52,1,9),(52,1,10),(53,1,1),(53,1,2),(53,1,3),(53,1,8),(53,1,9),(53,1,10),(54,1,1),(54,1,2),(54,1,3),(54,1,8),(54,1,9),(54,1,10),(55,1,1),(55,1,2),(55,1,3),(55,1,8),(55,1,9),(55,1,10),(56,1,1),(56,1,2),(56,1,3),(56,1,8),(56,1,9),(56,1,10),(57,1,1),(57,1,2),(57,1,3),(57,1,8),(57,1,9),(57,1,10),(58,1,1),(58,1,2),(58,1,3),(58,1,8),(58,1,9),(58,1,10),(59,1,1),(59,1,2),(59,1,3),(59,1,8),(59,1,9),(59,1,10),(60,1,1),(60,1,2),(60,1,3),(60,1,8),(60,1,9),(60,1,10),(61,1,1),(61,1,2),(61,1,3),(61,1,8),(61,1,9),(61,1,10),(62,1,1),(62,1,2),(62,1,3),(62,1,8),(62,1,9),(62,1,10),(63,1,1),(63,1,2),(63,1,3),(63,1,8),(63,1,9),(63,1,10),(64,1,1),(64,1,2),(64,1,3),(64,1,8),(64,1,9),(64,1,10),(65,1,1),(65,1,2),(65,1,3),(65,1,8),(65,1,9),(65,1,10),(68,1,1),(68,1,2),(68,1,3),(68,1,8),(68,1,9),(68,1,10),(71,1,1),(71,1,2),(71,1,3),(71,1,8),(71,1,9),(71,1,10),(72,1,1),(72,1,2),(72,1,3),(72,1,8),(72,1,9),(72,1,10),(73,1,1),(73,1,2),(73,1,3),(73,1,8),(73,1,9),(73,1,10),(74,1,1),(74,1,2),(74,1,3),(74,1,8),(74,1,9),(74,1,10),(75,1,1),(75,1,2),(75,1,3),(75,1,8),(75,1,9),(75,1,10),(76,1,1),(76,1,2),(76,1,3),(76,1,8),(76,1,9),(76,1,10),(77,1,1),(77,1,2),(77,1,3),(77,1,8),(77,1,9),(77,1,10),(78,1,1),(78,1,2),(78,1,3),(78,1,8),(78,1,9),(78,1,10),(79,1,1),(79,1,2),(79,1,3),(79,1,8),(79,1,9),(79,1,10),(80,1,1),(80,1,2),(80,1,3),(80,1,8),(80,1,9),(80,1,10),(89,1,1),(89,1,2),(89,1,3),(89,1,8),(89,1,9),(89,1,10),(91,1,1),(91,1,2),(91,1,3),(91,1,8),(91,1,9),(91,1,10),(92,1,1),(92,1,2),(92,1,3),(92,1,8),(92,1,9),(92,1,10),(93,1,1),(93,1,2),(93,1,3),(93,1,8),(93,1,9),(93,1,10),(94,1,1),(94,1,2),(94,1,3),(94,1,8),(94,1,9),(94,1,10),(95,1,1),(95,1,2),(95,1,3),(95,1,8),(95,1,9),(95,1,10),(96,1,1),(96,1,2),(96,1,3),(96,1,8),(96,1,9),(96,1,10),(97,1,1),(97,1,2),(97,1,3),(97,1,8),(97,1,9),(97,1,10),(98,1,1),(98,1,2),(98,1,3),(98,1,8),(98,1,9),(98,1,10),(99,1,1),(99,1,2),(99,1,3),(99,1,8),(99,1,9),(99,1,10),(100,1,1),(100,1,2),(100,1,3),(100,1,8),(100,1,9),(100,1,10),(102,1,1),(102,1,2),(102,1,3),(102,1,8),(102,1,9),(102,1,10),(103,1,1),(103,1,2),(103,1,3),(103,1,8),(103,1,9),(103,1,10),(104,1,1),(104,1,2),(104,1,3),(104,1,8),(104,1,9),(104,1,10),(116,1,1),(116,1,2),(116,1,3),(116,1,8),(116,1,9),(116,1,10),(117,1,1),(117,1,2),(117,1,3),(117,1,8),(117,1,9),(117,1,10),(118,1,1),(118,1,2),(118,1,3),(118,1,8),(118,1,9),(118,1,10),(119,1,1),(119,1,2),(119,1,3),(119,1,8),(119,1,9),(119,1,10),(121,1,1),(121,1,2),(121,1,3),(121,1,8),(121,1,9),(121,1,10),(122,1,1),(122,1,2),(122,1,3),(122,1,8),(122,1,9),(122,1,10),(125,1,1),(125,1,2),(125,1,3),(125,1,8),(125,1,9),(125,1,10),(131,1,1),(131,1,2),(131,1,3),(131,1,8),(131,1,9),(131,1,10),(138,1,1),(138,1,2),(138,1,3),(138,1,8),(138,1,9),(138,1,10),(141,1,1),(141,1,2),(141,1,3),(141,1,8),(141,1,9),(141,1,10),(144,1,1),(144,1,2),(144,1,3),(144,1,8),(144,1,9),(144,1,10),(145,1,1),(145,1,2),(145,1,3),(145,1,8),(145,1,9),(145,1,10),(148,1,1),(148,1,2),(148,1,3),(148,1,8),(148,1,9),(148,1,10),(150,1,1),(150,1,2),(150,1,3),(150,1,8),(150,1,9),(150,1,10),(151,1,1),(151,1,2),(151,1,3),(151,1,8),(151,1,9),(151,1,10),(152,1,1),(152,1,2),(152,1,3),(152,1,8),(152,1,9),(152,1,10),(153,1,1),(153,1,2),(153,1,3),(153,1,8),(153,1,9),(153,1,10),(154,1,1),(154,1,2),(154,1,3),(154,1,8),(154,1,9),(154,1,10),(155,1,1),(155,1,2),(155,1,3),(155,1,8),(155,1,9),(155,1,10),(156,1,1),(156,1,2),(156,1,3),(156,1,8),(156,1,9),(156,1,10),(157,1,1),(157,1,2),(157,1,3),(157,1,8),(157,1,9),(157,1,10),(158,1,1),(158,1,2),(158,1,3),(158,1,8),(158,1,9),(158,1,10),(159,1,1),(159,1,2),(159,1,3),(159,1,8),(159,1,9),(159,1,10),(160,1,1),(160,1,2),(160,1,3),(160,1,8),(160,1,9),(160,1,10),(161,1,1),(161,1,2),(161,1,3),(161,1,8),(161,1,9),(161,1,10),(162,1,1),(162,1,2),(162,1,3),(162,1,8),(162,1,9),(162,1,10),(163,1,1),(163,1,2),(163,1,3),(163,1,8),(163,1,9),(163,1,10),(164,1,1),(164,1,2),(164,1,3),(164,1,8),(164,1,9),(164,1,10),(164,1,11),(165,1,1),(165,1,2),(165,1,3),(165,1,8),(165,1,9),(165,1,10),(165,1,11),(166,1,1),(166,1,2),(166,1,3),(166,1,8),(166,1,9),(166,1,10),(166,1,11),(167,1,1),(167,1,2),(167,1,3),(167,1,8),(167,1,9),(167,1,10),(167,1,11),(169,1,1),(169,1,2),(169,1,3),(169,1,8),(169,1,9),(169,1,10),(169,1,11),(170,1,1),(170,1,2),(170,1,3),(170,1,8),(170,1,9),(170,1,10),(170,1,11),(171,1,1),(171,1,2),(171,1,3),(171,1,8),(171,1,9),(171,1,10),(171,1,11),(172,1,1),(172,1,2),(172,1,3),(172,1,8),(172,1,9),(172,1,10),(172,1,11),(173,1,1),(173,1,2),(173,1,3),(173,1,8),(173,1,9),(173,1,10),(173,1,11),(174,1,1),(174,1,2),(174,1,3),(174,1,8),(174,1,9),(174,1,10),(174,1,11);

--
-- Table structure for table `ps_module_preference`
--

CREATE TABLE `ps_module_preference` (
  `id_module_preference` int(11) NOT NULL AUTO_INCREMENT,
  `id_employee` int(11) NOT NULL,
  `module` varchar(255) NOT NULL,
  `interest` tinyint(1) DEFAULT NULL,
  `favorite` tinyint(1) DEFAULT NULL,
  PRIMARY KEY (`id_module_preference`),
  UNIQUE KEY `employee_module` (`id_employee`,`module`)
) ENGINE=InnoDB DEFAULT CHARSET=utf8;

--
-- Dumping data for table `ps_module_preference`
--


--
-- Table structure for table `ps_module_shop`
--

CREATE TABLE `ps_module_shop` (
  `id_module` int(11) unsigned NOT NULL,
  `id_shop` int(11) unsigned NOT NULL,
  `enable_device` tinyint(1) NOT NULL DEFAULT '7',
  PRIMARY KEY (`id_module`,`id_shop`),
  KEY `id_shop` (`id_shop`)
) ENGINE=InnoDB DEFAULT CHARSET=utf8;

--
-- Dumping data for table `ps_module_shop`
--

INSERT INTO `ps_module_shop` VALUES (5,1,7),(6,1,7),(8,1,7),(10,1,7),(11,1,7),(15,1,7),(17,1,7),(18,1,7),(20,1,7),(21,1,7),(22,1,7),(23,1,7),(26,1,7),(28,1,7),(29,1,7),(31,1,7),(32,1,7),(33,1,7),(34,1,7),(36,1,7),(39,1,7),(40,1,7),(41,1,7),(42,1,7),(43,1,7),(44,1,7),(45,1,7),(46,1,7),(47,1,7),(48,1,7),(49,1,7),(51,1,7),(52,1,7),(53,1,7),(54,1,7),(55,1,7),(56,1,7),(57,1,7),(58,1,7),(59,1,7),(60,1,7),(61,1,7),(62,1,7),(65,1,7),(71,1,7),(74,1,7),(77,1,7),(78,1,7),(79,1,7),(80,1,7),(89,1,7),(91,1,7),(92,1,7),(93,1,7),(94,1,7),(95,1,7),(96,1,7),(97,1,7),(99,1,7),(100,1,7),(103,1,7),(117,1,7),(118,1,7),(119,1,7),(122,1,7),(138,1,7),(141,1,7),(144,1,7),(145,1,7),(148,1,7),(150,1,7),(152,1,7),(153,1,7),(154,1,7),(155,1,7),(156,1,7),(158,1,7),(159,1,7),(160,1,7),(162,1,7),(167,1,7),(171,1,7),(172,1,7),(173,1,7),(174,1,7);

--
-- Table structure for table `ps_modules_perfs`
--

CREATE TABLE `ps_modules_perfs` (
  `id_modules_perfs` int(11) unsigned NOT NULL AUTO_INCREMENT,
  `session` int(11) unsigned NOT NULL,
  `module` varchar(62) NOT NULL,
  `method` varchar(126) NOT NULL,
  `time_start` double unsigned NOT NULL,
  `time_end` double unsigned NOT NULL,
  `memory_start` int(10) unsigned NOT NULL,
  `memory_end` int(10) unsigned NOT NULL,
  PRIMARY KEY (`id_modules_perfs`),
  KEY `session` (`session`)
) ENGINE=InnoDB DEFAULT CHARSET=utf8;

--
-- Dumping data for table `ps_modules_perfs`
--


--
-- Table structure for table `ps_newsletter`
--

CREATE TABLE `ps_newsletter` (
  `id` int(6) NOT NULL AUTO_INCREMENT,
  `id_shop` int(10) unsigned NOT NULL DEFAULT '1',
  `id_shop_group` int(10) unsigned NOT NULL DEFAULT '1',
  `email` varchar(255) NOT NULL,
  `newsletter_date_add` datetime DEFAULT NULL,
  `ip_registration_newsletter` varchar(15) NOT NULL,
  `http_referer` varchar(255) DEFAULT NULL,
  `active` tinyint(1) NOT NULL DEFAULT '0',
  PRIMARY KEY (`id`)
) ENGINE=InnoDB AUTO_INCREMENT=4 DEFAULT CHARSET=utf8;

--
-- Dumping data for table `ps_newsletter`
--

INSERT INTO `ps_newsletter` VALUES (1,1,1,'haw8184@gmail.com','2018-01-11 06:46:19','175.141.191.176',NULL,1),(2,1,1,'ginny811@gmail.com','2019-09-16 14:17:18','113.210.119.176',NULL,1),(3,1,1,'Casminelee@yahoo.com','2019-09-21 12:06:37','113.210.194.130',NULL,1);

--
-- Table structure for table `ps_operating_system`
--

CREATE TABLE `ps_operating_system` (
  `id_operating_system` int(10) unsigned NOT NULL AUTO_INCREMENT,
  `name` varchar(64) DEFAULT NULL,
  PRIMARY KEY (`id_operating_system`)
) ENGINE=InnoDB AUTO_INCREMENT=8 DEFAULT CHARSET=utf8;

--
-- Dumping data for table `ps_operating_system`
--

INSERT INTO `ps_operating_system` VALUES (1,'Windows XP'),(2,'Windows Vista'),(3,'Windows 7'),(4,'Windows 8'),(5,'MacOsX'),(6,'Linux'),(7,'Android');

--
-- Table structure for table `ps_order_carrier`
--

CREATE TABLE `ps_order_carrier` (
  `id_order_carrier` int(11) NOT NULL AUTO_INCREMENT,
  `id_order` int(11) unsigned NOT NULL,
  `id_carrier` int(11) unsigned NOT NULL,
  `id_order_invoice` int(11) unsigned DEFAULT NULL,
  `weight` decimal(20,6) DEFAULT NULL,
  `shipping_cost_tax_excl` decimal(20,6) DEFAULT NULL,
  `shipping_cost_tax_incl` decimal(20,6) DEFAULT NULL,
  `tracking_number` varchar(64) DEFAULT NULL,
  `date_add` datetime NOT NULL,
  PRIMARY KEY (`id_order_carrier`),
  KEY `id_order` (`id_order`),
  KEY `id_carrier` (`id_carrier`),
  KEY `id_order_invoice` (`id_order_invoice`)
) ENGINE=InnoDB AUTO_INCREMENT=3 DEFAULT CHARSET=utf8;

--
-- Dumping data for table `ps_order_carrier`
--

INSERT INTO `ps_order_carrier` VALUES (1,1,103,1,0.000000,0.000000,0.000000,'','2021-05-04 11:43:32'),(2,2,104,2,0.000000,20.000000,20.000000,'','2021-05-04 12:35:43');

--
-- Table structure for table `ps_order_cart_rule`
--

CREATE TABLE `ps_order_cart_rule` (
  `id_order_cart_rule` int(10) unsigned NOT NULL AUTO_INCREMENT,
  `id_order` int(10) unsigned NOT NULL,
  `id_cart_rule` int(10) unsigned NOT NULL,
  `id_order_invoice` int(10) unsigned DEFAULT '0',
  `name` varchar(254) NOT NULL,
  `value` decimal(17,2) NOT NULL DEFAULT '0.00',
  `value_tax_excl` decimal(17,2) NOT NULL DEFAULT '0.00',
  `free_shipping` tinyint(1) NOT NULL DEFAULT '0',
  PRIMARY KEY (`id_order_cart_rule`),
  KEY `id_order` (`id_order`),
  KEY `id_cart_rule` (`id_cart_rule`)
) ENGINE=InnoDB DEFAULT CHARSET=utf8;

--
-- Dumping data for table `ps_order_cart_rule`
--


--
-- Table structure for table `ps_order_detail`
--

CREATE TABLE `ps_order_detail` (
  `id_order_detail` int(10) unsigned NOT NULL AUTO_INCREMENT,
  `id_order` int(10) unsigned NOT NULL,
  `id_order_invoice` int(11) DEFAULT NULL,
  `id_warehouse` int(10) unsigned DEFAULT '0',
  `id_shop` int(11) unsigned NOT NULL,
  `product_id` int(10) unsigned NOT NULL,
  `product_attribute_id` int(10) unsigned DEFAULT NULL,
  `product_name` varchar(255) NOT NULL,
  `product_quantity` int(10) unsigned NOT NULL DEFAULT '0',
  `product_quantity_in_stock` int(10) NOT NULL DEFAULT '0',
  `product_quantity_refunded` int(10) unsigned NOT NULL DEFAULT '0',
  `product_quantity_return` int(10) unsigned NOT NULL DEFAULT '0',
  `product_quantity_reinjected` int(10) unsigned NOT NULL DEFAULT '0',
  `product_price` decimal(20,6) NOT NULL DEFAULT '0.000000',
  `reduction_percent` decimal(10,2) NOT NULL DEFAULT '0.00',
  `reduction_amount` decimal(20,6) NOT NULL DEFAULT '0.000000',
  `reduction_amount_tax_incl` decimal(20,6) NOT NULL DEFAULT '0.000000',
  `reduction_amount_tax_excl` decimal(20,6) NOT NULL DEFAULT '0.000000',
  `group_reduction` decimal(10,2) NOT NULL DEFAULT '0.00',
  `product_quantity_discount` decimal(20,6) NOT NULL DEFAULT '0.000000',
  `product_ean13` varchar(13) DEFAULT NULL,
  `product_upc` varchar(12) DEFAULT NULL,
  `product_reference` varchar(32) DEFAULT NULL,
  `product_supplier_reference` varchar(32) DEFAULT NULL,
  `product_weight` decimal(20,6) NOT NULL,
  `id_tax_rules_group` int(11) unsigned DEFAULT '0',
  `tax_computation_method` tinyint(1) unsigned NOT NULL DEFAULT '0',
  `tax_name` varchar(16) NOT NULL,
  `tax_rate` decimal(10,3) NOT NULL DEFAULT '0.000',
  `ecotax` decimal(21,6) NOT NULL DEFAULT '0.000000',
  `ecotax_tax_rate` decimal(5,3) NOT NULL DEFAULT '0.000',
  `discount_quantity_applied` tinyint(1) NOT NULL DEFAULT '0',
  `download_hash` varchar(255) DEFAULT NULL,
  `download_nb` int(10) unsigned DEFAULT '0',
  `download_deadline` datetime DEFAULT NULL,
  `total_price_tax_incl` decimal(20,6) NOT NULL DEFAULT '0.000000',
  `total_price_tax_excl` decimal(20,6) NOT NULL DEFAULT '0.000000',
  `unit_price_tax_incl` decimal(20,6) NOT NULL DEFAULT '0.000000',
  `unit_price_tax_excl` decimal(20,6) NOT NULL DEFAULT '0.000000',
  `total_shipping_price_tax_incl` decimal(20,6) NOT NULL DEFAULT '0.000000',
  `total_shipping_price_tax_excl` decimal(20,6) NOT NULL DEFAULT '0.000000',
  `purchase_supplier_price` decimal(20,6) NOT NULL DEFAULT '0.000000',
  `original_product_price` decimal(20,6) NOT NULL DEFAULT '0.000000',
  `original_wholesale_price` decimal(20,6) NOT NULL DEFAULT '0.000000',
  PRIMARY KEY (`id_order_detail`),
  KEY `order_detail_order` (`id_order`),
  KEY `product_id` (`product_id`),
  KEY `product_attribute_id` (`product_attribute_id`),
  KEY `id_tax_rules_group` (`id_tax_rules_group`),
  KEY `id_order_id_order_detail` (`id_order`,`id_order_detail`)
) ENGINE=InnoDB AUTO_INCREMENT=3 DEFAULT CHARSET=utf8;

--
-- Dumping data for table `ps_order_detail`
--

INSERT INTO `ps_order_detail` VALUES (1,1,1,0,1,1,0,'test',1,1,0,0,0,1.000000,0.00,0.000000,0.000000,0.000000,0.00,0.000000,'','','','',0.000000,0,0,'',0.000,0.000000,0.000,0,'',0,'0000-00-00 00:00:00',1.000000,1.000000,1.000000,1.000000,0.000000,0.000000,0.000000,1.000000,0.000000),(2,2,2,0,1,1,0,'test',2,2,0,0,0,1.000000,0.00,0.000000,0.000000,0.000000,0.00,0.000000,'','','','',0.000000,0,0,'',0.000,0.000000,0.000,0,'',0,'0000-00-00 00:00:00',2.000000,2.000000,1.000000,1.000000,0.000000,0.000000,0.000000,1.000000,0.000000);

--
-- Table structure for table `ps_order_detail_tax`
--

CREATE TABLE `ps_order_detail_tax` (
  `id_order_detail` int(11) NOT NULL,
  `id_tax` int(11) NOT NULL,
  `unit_amount` decimal(16,6) NOT NULL DEFAULT '0.000000',
  `total_amount` decimal(16,6) NOT NULL DEFAULT '0.000000',
  KEY `id_order_detail` (`id_order_detail`),
  KEY `id_tax` (`id_tax`)
) ENGINE=InnoDB DEFAULT CHARSET=utf8;

--
-- Dumping data for table `ps_order_detail_tax`
--


--
-- Table structure for table `ps_order_history`
--

CREATE TABLE `ps_order_history` (
  `id_order_history` int(10) unsigned NOT NULL AUTO_INCREMENT,
  `id_employee` int(10) unsigned NOT NULL,
  `id_order` int(10) unsigned NOT NULL,
  `id_order_state` int(10) unsigned NOT NULL,
  `date_add` datetime NOT NULL,
  PRIMARY KEY (`id_order_history`),
  KEY `order_history_order` (`id_order`),
  KEY `id_employee` (`id_employee`),
  KEY `id_order_state` (`id_order_state`)
) ENGINE=InnoDB AUTO_INCREMENT=3 DEFAULT CHARSET=utf8;

--
-- Dumping data for table `ps_order_history`
--

INSERT INTO `ps_order_history` VALUES (1,0,1,2,'2021-05-04 11:43:32'),(2,0,2,2,'2021-05-04 12:35:43');

--
-- Table structure for table `ps_order_invoice`
--

CREATE TABLE `ps_order_invoice` (
  `id_order_invoice` int(11) unsigned NOT NULL AUTO_INCREMENT,
  `id_order` int(11) NOT NULL,
  `number` int(11) NOT NULL,
  `delivery_number` int(11) NOT NULL,
  `delivery_date` datetime DEFAULT NULL,
  `total_discount_tax_excl` decimal(20,6) NOT NULL DEFAULT '0.000000',
  `total_discount_tax_incl` decimal(20,6) NOT NULL DEFAULT '0.000000',
  `total_paid_tax_excl` decimal(20,6) NOT NULL DEFAULT '0.000000',
  `total_paid_tax_incl` decimal(20,6) NOT NULL DEFAULT '0.000000',
  `total_products` decimal(20,6) NOT NULL DEFAULT '0.000000',
  `total_products_wt` decimal(20,6) NOT NULL DEFAULT '0.000000',
  `total_shipping_tax_excl` decimal(20,6) NOT NULL DEFAULT '0.000000',
  `total_shipping_tax_incl` decimal(20,6) NOT NULL DEFAULT '0.000000',
  `shipping_tax_computation_method` int(10) unsigned NOT NULL,
  `total_wrapping_tax_excl` decimal(20,6) NOT NULL DEFAULT '0.000000',
  `total_wrapping_tax_incl` decimal(20,6) NOT NULL DEFAULT '0.000000',
  `shop_address` text,
  `invoice_address` text,
  `delivery_address` text,
  `note` text,
  `date_add` datetime NOT NULL,
  PRIMARY KEY (`id_order_invoice`),
  KEY `id_order` (`id_order`)
) ENGINE=InnoDB AUTO_INCREMENT=3 DEFAULT CHARSET=utf8;

--
-- Dumping data for table `ps_order_invoice`
--

INSERT INTO `ps_order_invoice` VALUES (1,1,1,0,'0000-00-00 00:00:00',0.000000,0.000000,1.000000,1.000000,1.000000,1.000000,0.000000,0.000000,0,0.000000,0.000000,'EZ e-Commerce<br />Suite 833A, Level 28, The Gardens South Tower,<br />Mid Valley City, Lingkaran Syed Putra,<br />59200 Kuala Lumpur<br />W.P Kuala Lumpur<br />Malaysia<br />0122395575','','','','2021-05-04 11:43:32'),(2,2,2,0,'0000-00-00 00:00:00',0.000000,0.000000,22.000000,22.000000,2.000000,2.000000,20.000000,20.000000,0,0.000000,0.000000,'EZ e-Commerce<br />Suite 833A, Level 28, The Gardens South Tower,<br />Mid Valley City, Lingkaran Syed Putra,<br />59200 Kuala Lumpur<br />W.P Kuala Lumpur<br />Malaysia<br />0122395575','','','','2021-05-04 12:35:43');

--
-- Table structure for table `ps_order_invoice_payment`
--

CREATE TABLE `ps_order_invoice_payment` (
  `id_order_invoice` int(11) unsigned NOT NULL,
  `id_order_payment` int(11) unsigned NOT NULL,
  `id_order` int(11) unsigned NOT NULL,
  PRIMARY KEY (`id_order_invoice`,`id_order_payment`),
  KEY `order_payment` (`id_order_payment`),
  KEY `id_order` (`id_order`)
) ENGINE=InnoDB DEFAULT CHARSET=utf8;

--
-- Dumping data for table `ps_order_invoice_payment`
--

INSERT INTO `ps_order_invoice_payment` VALUES (1,1,1),(2,2,2);

--
-- Table structure for table `ps_order_invoice_tax`
--

CREATE TABLE `ps_order_invoice_tax` (
  `id_order_invoice` int(11) NOT NULL,
  `type` varchar(15) NOT NULL,
  `id_tax` int(11) NOT NULL,
  `amount` decimal(10,6) NOT NULL DEFAULT '0.000000',
  KEY `id_tax` (`id_tax`)
) ENGINE=InnoDB DEFAULT CHARSET=utf8;

--
-- Dumping data for table `ps_order_invoice_tax`
--

INSERT INTO `ps_order_invoice_tax` VALUES (1,'shipping',0,0.000000),(2,'shipping',0,0.000000);

--
-- Table structure for table `ps_order_message`
--

CREATE TABLE `ps_order_message` (
  `id_order_message` int(10) unsigned NOT NULL AUTO_INCREMENT,
  `date_add` datetime NOT NULL,
  PRIMARY KEY (`id_order_message`)
) ENGINE=InnoDB DEFAULT CHARSET=utf8;

--
-- Dumping data for table `ps_order_message`
--


--
-- Table structure for table `ps_order_message_lang`
--

CREATE TABLE `ps_order_message_lang` (
  `id_order_message` int(10) unsigned NOT NULL,
  `id_lang` int(10) unsigned NOT NULL,
  `name` varchar(128) NOT NULL,
  `message` text NOT NULL,
  PRIMARY KEY (`id_order_message`,`id_lang`)
) ENGINE=InnoDB DEFAULT CHARSET=utf8;

--
-- Dumping data for table `ps_order_message_lang`
--


--
-- Table structure for table `ps_order_return`
--

CREATE TABLE `ps_order_return` (
  `id_order_return` int(10) unsigned NOT NULL AUTO_INCREMENT,
  `id_customer` int(10) unsigned NOT NULL,
  `id_order` int(10) unsigned NOT NULL,
  `state` tinyint(1) unsigned NOT NULL DEFAULT '1',
  `question` text NOT NULL,
  `date_add` datetime NOT NULL,
  `date_upd` datetime NOT NULL,
  PRIMARY KEY (`id_order_return`),
  KEY `order_return_customer` (`id_customer`),
  KEY `id_order` (`id_order`)
) ENGINE=InnoDB DEFAULT CHARSET=utf8;

--
-- Dumping data for table `ps_order_return`
--


--
-- Table structure for table `ps_order_return_detail`
--

CREATE TABLE `ps_order_return_detail` (
  `id_order_return` int(10) unsigned NOT NULL,
  `id_order_detail` int(10) unsigned NOT NULL,
  `id_customization` int(10) unsigned NOT NULL DEFAULT '0',
  `product_quantity` int(10) unsigned NOT NULL DEFAULT '0',
  PRIMARY KEY (`id_order_return`,`id_order_detail`,`id_customization`)
) ENGINE=InnoDB DEFAULT CHARSET=utf8;

--
-- Dumping data for table `ps_order_return_detail`
--


--
-- Table structure for table `ps_order_return_state`
--

CREATE TABLE `ps_order_return_state` (
  `id_order_return_state` int(10) unsigned NOT NULL AUTO_INCREMENT,
  `color` varchar(32) DEFAULT NULL,
  PRIMARY KEY (`id_order_return_state`)
) ENGINE=InnoDB AUTO_INCREMENT=6 DEFAULT CHARSET=utf8;

--
-- Dumping data for table `ps_order_return_state`
--

INSERT INTO `ps_order_return_state` VALUES (1,'#4169E1'),(2,'#8A2BE2'),(3,'#32CD32'),(4,'#DC143C'),(5,'#108510');

--
-- Table structure for table `ps_order_return_state_lang`
--

CREATE TABLE `ps_order_return_state_lang` (
  `id_order_return_state` int(10) unsigned NOT NULL,
  `id_lang` int(10) unsigned NOT NULL,
  `name` varchar(64) NOT NULL,
  PRIMARY KEY (`id_order_return_state`,`id_lang`)
) ENGINE=InnoDB DEFAULT CHARSET=utf8;

--
-- Dumping data for table `ps_order_return_state_lang`
--

INSERT INTO `ps_order_return_state_lang` VALUES (1,1,'Waiting for confirmation'),(1,2,'Waiting for confirmation'),(1,3,'Waiting for confirmation'),(1,4,'Waiting for confirmation'),(1,5,'Waiting for confirmation'),(1,6,'Waiting for confirmation'),(1,7,'Waiting for confirmation'),(1,8,'Waiting for confirmation'),(1,9,'Waiting for confirmation'),(1,10,'Waiting for confirmation'),(1,11,'Waiting for confirmation'),(2,1,'Waiting for package'),(2,2,'Waiting for package'),(2,3,'Waiting for package'),(2,4,'Waiting for package'),(2,5,'Waiting for package'),(2,6,'Waiting for package'),(2,7,'Waiting for package'),(2,8,'Waiting for package'),(2,9,'Waiting for package'),(2,10,'Waiting for package'),(2,11,'Waiting for package'),(3,1,'Package received'),(3,2,'Package received'),(3,3,'Package received'),(3,4,'Package received'),(3,5,'Package received'),(3,6,'Package received'),(3,7,'Package received'),(3,8,'Package received'),(3,9,'Package received'),(3,10,'Package received'),(3,11,'Package received'),(4,1,'Return denied'),(4,2,'Return denied'),(4,3,'Return denied'),(4,4,'Return denied'),(4,5,'Return denied'),(4,6,'Return denied'),(4,7,'Return denied'),(4,8,'Return denied'),(4,9,'Return denied'),(4,10,'Return denied'),(4,11,'Return denied'),(5,1,'Return completed'),(5,2,'Return completed'),(5,3,'Return completed'),(5,4,'Return completed'),(5,5,'Return completed'),(5,6,'Return completed'),(5,7,'Return completed'),(5,8,'Return completed'),(5,9,'Return completed'),(5,10,'Return completed'),(5,11,'Return completed');

--
-- Table structure for table `ps_order_slip`
--

CREATE TABLE `ps_order_slip` (
  `id_order_slip` int(10) unsigned NOT NULL AUTO_INCREMENT,
  `conversion_rate` decimal(13,6) NOT NULL DEFAULT '1.000000',
  `id_customer` int(10) unsigned NOT NULL,
  `id_order` int(10) unsigned NOT NULL,
  `total_products_tax_excl` decimal(20,6) DEFAULT NULL,
  `total_products_tax_incl` decimal(20,6) DEFAULT NULL,
  `total_shipping_tax_excl` decimal(20,6) DEFAULT NULL,
  `total_shipping_tax_incl` decimal(20,6) DEFAULT NULL,
  `shipping_cost` tinyint(3) unsigned NOT NULL DEFAULT '0',
  `amount` decimal(10,2) NOT NULL,
  `shipping_cost_amount` decimal(10,2) NOT NULL,
  `partial` tinyint(1) NOT NULL,
  `order_slip_type` tinyint(1) unsigned NOT NULL DEFAULT '0',
  `date_add` datetime NOT NULL,
  `date_upd` datetime NOT NULL,
  PRIMARY KEY (`id_order_slip`),
  KEY `order_slip_customer` (`id_customer`),
  KEY `id_order` (`id_order`)
) ENGINE=InnoDB DEFAULT CHARSET=utf8;

--
-- Dumping data for table `ps_order_slip`
--


--
-- Table structure for table `ps_order_slip_detail`
--

CREATE TABLE `ps_order_slip_detail` (
  `id_order_slip` int(10) unsigned NOT NULL,
  `id_order_detail` int(10) unsigned NOT NULL,
  `product_quantity` int(10) unsigned NOT NULL DEFAULT '0',
  `unit_price_tax_excl` decimal(20,6) DEFAULT NULL,
  `unit_price_tax_incl` decimal(20,6) DEFAULT NULL,
  `total_price_tax_excl` decimal(20,6) DEFAULT NULL,
  `total_price_tax_incl` decimal(20,6) DEFAULT NULL,
  `amount_tax_excl` decimal(20,6) DEFAULT NULL,
  `amount_tax_incl` decimal(20,6) DEFAULT NULL,
  PRIMARY KEY (`id_order_slip`,`id_order_detail`)
) ENGINE=InnoDB DEFAULT CHARSET=utf8;

--
-- Dumping data for table `ps_order_slip_detail`
--


--
-- Table structure for table `ps_order_slip_detail_tax`
--

CREATE TABLE `ps_order_slip_detail_tax` (
  `id_order_slip_detail` int(11) unsigned NOT NULL,
  `id_tax` int(11) unsigned NOT NULL,
  `unit_amount` decimal(16,6) NOT NULL DEFAULT '0.000000',
  `total_amount` decimal(16,6) NOT NULL DEFAULT '0.000000',
  KEY `id_order_slip_detail` (`id_order_slip_detail`),
  KEY `id_tax` (`id_tax`)
) ENGINE=InnoDB DEFAULT CHARSET=utf8;

--
-- Dumping data for table `ps_order_slip_detail_tax`
--


--
-- Table structure for table `ps_order_state`
--

CREATE TABLE `ps_order_state` (
  `id_order_state` int(10) unsigned NOT NULL AUTO_INCREMENT,
  `invoice` tinyint(1) unsigned DEFAULT '0',
  `send_email` tinyint(1) unsigned NOT NULL DEFAULT '0',
  `module_name` varchar(255) DEFAULT NULL,
  `color` varchar(32) DEFAULT NULL,
  `unremovable` tinyint(1) unsigned NOT NULL,
  `hidden` tinyint(1) unsigned NOT NULL DEFAULT '0',
  `logable` tinyint(1) NOT NULL DEFAULT '0',
  `delivery` tinyint(1) unsigned NOT NULL DEFAULT '0',
  `shipped` tinyint(1) unsigned NOT NULL DEFAULT '0',
  `paid` tinyint(1) unsigned NOT NULL DEFAULT '0',
  `pdf_invoice` tinyint(1) unsigned NOT NULL DEFAULT '0',
  `pdf_delivery` tinyint(1) unsigned NOT NULL DEFAULT '0',
  `deleted` tinyint(1) unsigned NOT NULL DEFAULT '0',
  PRIMARY KEY (`id_order_state`),
  KEY `module_name` (`module_name`)
) ENGINE=InnoDB AUTO_INCREMENT=21 DEFAULT CHARSET=utf8;

--
-- Dumping data for table `ps_order_state`
--

INSERT INTO `ps_order_state` VALUES (1,0,1,'cheque','#4169E1',1,0,0,0,0,0,0,0,0),(2,1,1,'','#32CD32',1,0,1,0,0,1,1,0,0),(3,1,1,'','#FF8C00',1,0,1,1,0,1,0,0,0),(4,1,1,'','#8A2BE2',1,0,1,1,1,1,0,0,0),(5,1,0,'','#108510',1,0,1,1,1,1,0,0,0),(6,0,1,'','#DC143C',1,0,0,0,0,0,0,0,0),(7,1,1,'','#ec2e15',1,0,0,0,0,0,0,0,0),(8,0,1,'','#8f0621',1,0,0,0,0,0,0,0,0),(9,1,1,'','#FF69B4',1,0,0,0,0,1,0,0,0),(10,0,1,'bankwire','#4169E1',1,0,0,0,0,0,0,0,0),(11,0,0,'','#4169E1',1,0,0,0,0,0,0,0,0),(12,1,1,'','#32CD32',1,0,1,0,0,1,0,0,0),(13,0,1,'','#FF69B4',1,0,0,0,0,0,0,0,0),(14,0,0,'cashondelivery','#4169E1',1,0,0,0,0,0,0,0,0),(15,1,0,'','#DDEEFF',0,0,1,0,0,0,0,0,0),(16,1,0,'','#4169E1',0,0,1,0,0,0,0,0,0),(17,0,0,'','#4169E1',0,0,1,0,0,0,0,0,0),(18,1,0,'','#DDEEFF',0,0,1,0,0,0,0,0,0),(19,0,0,'','#4169E1',0,0,1,0,0,0,0,0,0),(20,0,0,'','#DDEEFF',0,0,0,0,0,0,0,0,0);

--
