-- Table structure for table `ps_module_preference`
--

CREATE TABLE `ps_module_preference` (
  `id_module_preference` int(11) NOT NULL AUTO_INCREMENT,
  `id_employee` int(11) NOT NULL,
  `module` varchar(255) NOT NULL,
  `interest` tinyint(1) DEFAULT NULL,
  `favorite` tinyint(1) DEFAULT NULL,
  PRIMARY KEY (`id_module_preference`),
  UNIQUE KEY `employee_module` (`id_employee`,`module`)
) ENGINE=InnoDB DEFAULT CHARSET=utf8;

--
-- Dumping data for table `ps_module_preference`
--


--
-- Table structure for table `ps_module_shop`
--

CREATE TABLE `ps_module_shop` (
  `id_module` int(11) unsigned NOT NULL,
  `id_shop` int(11) unsigned NOT NULL,
  `enable_device` tinyint(1) NOT NULL DEFAULT '7',
  PRIMARY KEY (`id_module`,`id_shop`),
  KEY `id_shop` (`id_shop`)
) ENGINE=InnoDB DEFAULT CHARSET=utf8;

--
-- Dumping data for table `ps_module_shop`
--

INSERT INTO `ps_module_shop` VALUES (5,1,7),(6,1,7),(8,1,7),(10,1,7),(11,1,7),(15,1,7),(17,1,7),(18,1,7),(20,1,7),(21,1,7),(22,1,7),(23,1,7),(26,1,7),(28,1,7),(29,1,7),(31,1,7),(32,1,7),(33,1,7),(34,1,7),(36,1,7),(39,1,7),(40,1,7),(41,1,7),(42,1,7),(43,1,7),(44,1,7),(45,1,7),(46,1,7),(47,1,7),(48,1,7),(49,1,7),(51,1,7),(52,1,7),(53,1,7),(54,1,7),(55,1,7),(56,1,7),(57,1,7),(58,1,7),(59,1,7),(60,1,7),(61,1,7),(62,1,7),(65,1,7),(71,1,7),(74,1,7),(77,1,7),(78,1,7),(79,1,7),(80,1,7),(89,1,7),(91,1,7),(92,1,7),(93,1,7),(94,1,7),(95,1,7),(96,1,7),(97,1,7),(99,1,7),(100,1,7),(103,1,7),(117,1,7),(118,1,7),(119,1,7),(122,1,7),(138,1,7),(141,1,7),(144,1,7),(145,1,7),(148,1,7),(150,1,7),(152,1,7),(153,1,7),(154,1,7),(155,1,7),(156,1,7),(158,1,7),(159,1,7),(160,1,7),(162,1,7),(167,1,7),(171,1,7),(172,1,7),(173,1,7),(174,1,7);

--
-- Table structure for table `ps_modules_perfs`
--

CREATE TABLE `ps_modules_perfs` (
  `id_modules_perfs` int(11) unsigned NOT NULL AUTO_INCREMENT,
  `session` int(11) unsigned NOT NULL,
  `module` varchar(62) NOT NULL,
  `method` varchar(126) NOT NULL,
  `time_start` double unsigned NOT NULL,
  `time_end` double unsigned NOT NULL,
  `memory_start` int(10) unsigned NOT NULL,
  `memory_end` int(10) unsigned NOT NULL,
  PRIMARY KEY (`id_modules_perfs`),
  KEY `session` (`session`)
) ENGINE=InnoDB DEFAULT CHARSET=utf8;

--
-- Dumping data for table `ps_modules_perfs`
--


--
-- Table structure for table `ps_newsletter`
--

CREATE TABLE `ps_newsletter` (
  `id` int(6) NOT NULL AUTO_INCREMENT,
  `id_shop` int(10) unsigned NOT NULL DEFAULT '1',
  `id_shop_group` int(10) unsigned NOT NULL DEFAULT '1',
  `email` varchar(255) NOT NULL,
  `newsletter_date_add` datetime DEFAULT NULL,
  `ip_registration_newsletter` varchar(15) NOT NULL,
  `http_referer` varchar(255) DEFAULT NULL,
  `active` tinyint(1) NOT NULL DEFAULT '0',
  PRIMARY KEY (`id`)
) ENGINE=InnoDB AUTO_INCREMENT=4 DEFAULT CHARSET=utf8;

--
-- Dumping data for table `ps_newsletter`
--

INSERT INTO `ps_newsletter` VALUES (1,1,1,'haw8184@gmail.com','2018-01-11 06:46:19','175.141.191.176',NULL,1),(2,1,1,'ginny811@gmail.com','2019-09-16 14:17:18','113.210.119.176',NULL,1),(3,1,1,'Casminelee@yahoo.com','2019-09-21 12:06:37','113.210.194.130',NULL,1);

--
-- Table structure for table `ps_operating_system`
--

CREATE TABLE `ps_operating_system` (
  `id_operating_system` int(10) unsigned NOT NULL AUTO_INCREMENT,
  `name` varchar(64) DEFAULT NULL,
  PRIMARY KEY (`id_operating_system`)
) ENGINE=InnoDB AUTO_INCREMENT=8 DEFAULT CHARSET=utf8;

--
-- Dumping data for table `ps_operating_system`
--

INSERT INTO `ps_operating_system` VALUES (1,'Windows XP'),(2,'Windows Vista'),(3,'Windows 7'),(4,'Windows 8'),(5,'MacOsX'),(6,'Linux'),(7,'Android');

--
-- Table structure for table `ps_order_carrier`
--

CREATE TABLE `ps_order_carrier` (
  `id_order_carrier` int(11) NOT NULL AUTO_INCREMENT,
  `id_order` int(11) unsigned NOT NULL,
  `id_carrier` int(11) unsigned NOT NULL,
  `id_order_invoice` int(11) unsigned DEFAULT NULL,
  `weight` decimal(20,6) DEFAULT NULL,
  `shipping_cost_tax_excl` decimal(20,6) DEFAULT NULL,
  `shipping_cost_tax_incl` decimal(20,6) DEFAULT NULL,
  `tracking_number` varchar(64) DEFAULT NULL,
  `date_add` datetime NOT NULL,
  PRIMARY KEY (`id_order_carrier`),
  KEY `id_order` (`id_order`),
  KEY `id_carrier` (`id_carrier`),
  KEY `id_order_invoice` (`id_order_invoice`)
) ENGINE=InnoDB AUTO_INCREMENT=3 DEFAULT CHARSET=utf8;

--
-- Dumping data for table `ps_order_carrier`
--

INSERT INTO `ps_order_carrier` VALUES (1,1,103,1,0.000000,0.000000,0.000000,'','2021-05-04 11:43:32'),(2,2,104,2,0.000000,20.000000,20.000000,'','2021-05-04 12:35:43');

--
-- Table structure for table `ps_order_cart_rule`
--

CREATE TABLE `ps_order_cart_rule` (
  `id_order_cart_rule` int(10) unsigned NOT NULL AUTO_INCREMENT,
  `id_order` int(10) unsigned NOT NULL,
  `id_cart_rule` int(10) unsigned NOT NULL,
  `id_order_invoice` int(10) unsigned DEFAULT '0',
  `name` varchar(254) NOT NULL,
  `value` decimal(17,2) NOT NULL DEFAULT '0.00',
  `value_tax_excl` decimal(17,2) NOT NULL DEFAULT '0.00',
  `free_shipping` tinyint(1) NOT NULL DEFAULT '0',
  PRIMARY KEY (`id_order_cart_rule`),
  KEY `id_order` (`id_order`),
  KEY `id_cart_rule` (`id_cart_rule`)
) ENGINE=InnoDB DEFAULT CHARSET=utf8;

--
-- Dumping data for table `ps_order_cart_rule`
--


--
-- Table structure for table `ps_order_detail`
--

CREATE TABLE `ps_order_detail` (
  `id_order_detail` int(10) unsigned NOT NULL AUTO_INCREMENT,
  `id_order` int(10) unsigned NOT NULL,
  `id_order_invoice` int(11) DEFAULT NULL,
  `id_warehouse` int(10) unsigned DEFAULT '0',
  `id_shop` int(11) unsigned NOT NULL,
  `product_id` int(10) unsigned NOT NULL,
  `product_attribute_id` int(10) unsigned DEFAULT NULL,
  `product_name` varchar(255) NOT NULL,
  `product_quantity` int(10) unsigned NOT NULL DEFAULT '0',
  `product_quantity_in_stock` int(10) NOT NULL DEFAULT '0',
  `product_quantity_refunded` int(10) unsigned NOT NULL DEFAULT '0',
  `product_quantity_return` int(10) unsigned NOT NULL DEFAULT '0',
  `product_quantity_reinjected` int(10) unsigned NOT NULL DEFAULT '0',
  `product_price` decimal(20,6) NOT NULL DEFAULT '0.000000',
  `reduction_percent` decimal(10,2) NOT NULL DEFAULT '0.00',
  `reduction_amount` decimal(20,6) NOT NULL DEFAULT '0.000000',
  `reduction_amount_tax_incl` decimal(20,6) NOT NULL DEFAULT '0.000000',
  `reduction_amount_tax_excl` decimal(20,6) NOT NULL DEFAULT '0.000000',
  `group_reduction` decimal(10,2) NOT NULL DEFAULT '0.00',
  `product_quantity_discount` decimal(20,6) NOT NULL DEFAULT '0.000000',
  `product_ean13` varchar(13) DEFAULT NULL,
  `product_upc` varchar(12) DEFAULT NULL,
  `product_reference` varchar(32) DEFAULT NULL,
  `product_supplier_reference` varchar(32) DEFAULT NULL,
  `product_weight` decimal(20,6) NOT NULL,
  `id_tax_rules_group` int(11) unsigned DEFAULT '0',
  `tax_computation_method` tinyint(1) unsigned NOT NULL DEFAULT '0',
  `tax_name` varchar(16) NOT NULL,
  `tax_rate` decimal(10,3) NOT NULL DEFAULT '0.000',
  `ecotax` decimal(21,6) NOT NULL DEFAULT '0.000000',
  `ecotax_tax_rate` decimal(5,3) NOT NULL DEFAULT '0.000',
  `discount_quantity_applied` tinyint(1) NOT NULL DEFAULT '0',
  `download_hash` varchar(255) DEFAULT NULL,
  `download_nb` int(10) unsigned DEFAULT '0',
  `download_deadline` datetime DEFAULT NULL,
  `total_price_tax_incl` decimal(20,6) NOT NULL DEFAULT '0.000000',
  `total_price_tax_excl` decimal(20,6) NOT NULL DEFAULT '0.000000',
  `unit_price_tax_incl` decimal(20,6) NOT NULL DEFAULT '0.000000',
  `unit_price_tax_excl` decimal(20,6) NOT NULL DEFAULT '0.000000',
  `total_shipping_price_tax_incl` decimal(20,6) NOT NULL DEFAULT '0.000000',
  `total_shipping_price_tax_excl` decimal(20,6) NOT NULL DEFAULT '0.000000',
  `purchase_supplier_price` decimal(20,6) NOT NULL DEFAULT '0.000000',
  `original_product_price` decimal(20,6) NOT NULL DEFAULT '0.000000',
  `original_wholesale_price` decimal(20,6) NOT NULL DEFAULT '0.000000',
  PRIMARY KEY (`id_order_detail`),
  KEY `order_detail_order` (`id_order`),
  KEY `product_id` (`product_id`),
  KEY `product_attribute_id` (`product_attribute_id`),
  KEY `id_tax_rules_group` (`id_tax_rules_group`),
  KEY `id_order_id_order_detail` (`id_order`,`id_order_detail`)
) ENGINE=InnoDB AUTO_INCREMENT=3 DEFAULT CHARSET=utf8;

--
-- Dumping data for table `ps_order_detail`
--

INSERT INTO `ps_order_detail` VALUES (1,1,1,0,1,1,0,'test',1,1,0,0,0,1.000000,0.00,0.000000,0.000000,0.000000,0.00,0.000000,'','','','',0.000000,0,0,'',0.000,0.000000,0.000,0,'',0,'0000-00-00 00:00:00',1.000000,1.000000,1.000000,1.000000,0.000000,0.000000,0.000000,1.000000,0.000000),(2,2,2,0,1,1,0,'test',2,2,0,0,0,1.000000,0.00,0.000000,0.000000,0.000000,0.00,0.000000,'','','','',0.000000,0,0,'',0.000,0.000000,0.000,0,'',0,'0000-00-00 00:00:00',2.000000,2.000000,1.000000,1.000000,0.000000,0.000000,0.000000,1.000000,0.000000);

--
-- Table structure for table `ps_order_detail_tax`
--

CREATE TABLE `ps_order_detail_tax` (
  `id_order_detail` int(11) NOT NULL,
  `id_tax` int(11) NOT NULL,
  `unit_amount` decimal(16,6) NOT NULL DEFAULT '0.000000',
  `total_amount` decimal(16,6) NOT NULL DEFAULT '0.000000',
  KEY `id_order_detail` (`id_order_detail`),
  KEY `id_tax` (`id_tax`)
) ENGINE=InnoDB DEFAULT CHARSET=utf8;

--
-- Dumping data for table `ps_order_detail_tax`
--


--
-- Table structure for table `ps_order_history`
--

CREATE TABLE `ps_order_history` (
  `id_order_history` int(10) unsigned NOT NULL AUTO_INCREMENT,
  `id_employee` int(10) unsigned NOT NULL,
  `id_order` int(10) unsigned NOT NULL,
  `id_order_state` int(10) unsigned NOT NULL,
  `date_add` datetime NOT NULL,
  PRIMARY KEY (`id_order_history`),
  KEY `order_history_order` (`id_order`),
  KEY `id_employee` (`id_employee`),
  KEY `id_order_state` (`id_order_state`)
) ENGINE=InnoDB AUTO_INCREMENT=3 DEFAULT CHARSET=utf8;

--
-- Dumping data for table `ps_order_history`
--

INSERT INTO `ps_order_history` VALUES (1,0,1,2,'2021-05-04 11:43:32'),(2,0,2,2,'2021-05-04 12:35:43');

--
-- Table structure for table `ps_order_invoice`
--

CREATE TABLE `ps_order_invoice` (
  `id_order_invoice` int(11) unsigned NOT NULL AUTO_INCREMENT,
  `id_order` int(11) NOT NULL,
  `number` int(11) NOT NULL,
  `delivery_number` int(11) NOT NULL,
  `delivery_date` datetime DEFAULT NULL,
  `total_discount_tax_excl` decimal(20,6) NOT NULL DEFAULT '0.000000',
  `total_discount_tax_incl` decimal(20,6) NOT NULL DEFAULT '0.000000',
  `total_paid_tax_excl` decimal(20,6) NOT NULL DEFAULT '0.000000',
  `total_paid_tax_incl` decimal(20,6) NOT NULL DEFAULT '0.000000',
  `total_products` decimal(20,6) NOT NULL DEFAULT '0.000000',
  `total_products_wt` decimal(20,6) NOT NULL DEFAULT '0.000000',
  `total_shipping_tax_excl` decimal(20,6) NOT NULL DEFAULT '0.000000',
  `total_shipping_tax_incl` decimal(20,6) NOT NULL DEFAULT '0.000000',
  `shipping_tax_computation_method` int(10) unsigned NOT NULL,
  `total_wrapping_tax_excl` decimal(20,6) NOT NULL DEFAULT '0.000000',
  `total_wrapping_tax_incl` decimal(20,6) NOT NULL DEFAULT '0.000000',
  `shop_address` text,
  `invoice_address` text,
  `delivery_address` text,
  `note` text,
  `date_add` datetime NOT NULL,
  PRIMARY KEY (`id_order_invoice`),
  KEY `id_order` (`id_order`)
) ENGINE=InnoDB AUTO_INCREMENT=3 DEFAULT CHARSET=utf8;

--
-- Dumping data for table `ps_order_invoice`
--

INSERT INTO `ps_order_invoice` VALUES (1,1,1,0,'0000-00-00 00:00:00',0.000000,0.000000,1.000000,1.000000,1.000000,1.000000,0.000000,0.000000,0,0.000000,0.000000,'EZ e-Commerce<br />Suite 833A, Level 28, The Gardens South Tower,<br />Mid Valley City, Lingkaran Syed Putra,<br />59200 Kuala Lumpur<br />W.P Kuala Lumpur<br />Malaysia<br />0122395575','','','','2021-05-04 11:43:32'),(2,2,2,0,'0000-00-00 00:00:00',0.000000,0.000000,22.000000,22.000000,2.000000,2.000000,20.000000,20.000000,0,0.000000,0.000000,'EZ e-Commerce<br />Suite 833A, Level 28, The Gardens South Tower,<br />Mid Valley City, Lingkaran Syed Putra,<br />59200 Kuala Lumpur<br />W.P Kuala Lumpur<br />Malaysia<br />0122395575','','','','2021-05-04 12:35:43');

--
-- Table structure for table `ps_order_invoice_payment`
--

CREATE TABLE `ps_order_invoice_payment` (
  `id_order_invoice` int(11) unsigned NOT NULL,
  `id_order_payment` int(11) unsigned NOT NULL,
  `id_order` int(11) unsigned NOT NULL,
  PRIMARY KEY (`id_order_invoice`,`id_order_payment`),
  KEY `order_payment` (`id_order_payment`),
  KEY `id_order` (`id_order`)
) ENGINE=InnoDB DEFAULT CHARSET=utf8;

--
-- Dumping data for table `ps_order_invoice_payment`
--

INSERT INTO `ps_order_invoice_payment` VALUES (1,1,1),(2,2,2);

--
-- Table structure for table `ps_order_invoice_tax`
--

CREATE TABLE `ps_order_invoice_tax` (
  `id_order_invoice` int(11) NOT NULL,
  `type` varchar(15) NOT NULL,
  `id_tax` int(11) NOT NULL,
  `amount` decimal(10,6) NOT NULL DEFAULT '0.000000',
  KEY `id_tax` (`id_tax`)
) ENGINE=InnoDB DEFAULT CHARSET=utf8;

--
-- Dumping data for table `ps_order_invoice_tax`
--

INSERT INTO `ps_order_invoice_tax` VALUES (1,'shipping',0,0.000000),(2,'shipping',0,0.000000);

--
-- Table structure for table `ps_order_message`
--

CREATE TABLE `ps_order_message` (
  `id_order_message` int(10) unsigned NOT NULL AUTO_INCREMENT,
  `date_add` datetime NOT NULL,
  PRIMARY KEY (`id_order_message`)
) ENGINE=InnoDB DEFAULT CHARSET=utf8;

--
-- Dumping data for table `ps_order_message`
--


--
-- Table structure for table `ps_order_message_lang`
--

CREATE TABLE `ps_order_message_lang` (
  `id_order_message` int(10) unsigned NOT NULL,
  `id_lang` int(10) unsigned NOT NULL,
  `name` varchar(128) NOT NULL,
  `message` text NOT NULL,
  PRIMARY KEY (`id_order_message`,`id_lang`)
) ENGINE=InnoDB DEFAULT CHARSET=utf8;

--
-- Dumping data for table `ps_order_message_lang`
--


--
-- Table structure for table `ps_order_payment`
--

CREATE TABLE `ps_order_payment` (
  `id_order_payment` int(11) NOT NULL AUTO_INCREMENT,
  `order_reference` varchar(9) DEFAULT NULL,
  `id_currency` int(10) unsigned NOT NULL,
  `amount` decimal(10,2) NOT NULL,
  `payment_method` varchar(255) NOT NULL,
  `conversion_rate` decimal(13,6) NOT NULL DEFAULT '1.000000',
  `transaction_id` varchar(254) DEFAULT NULL,
  `card_number` varchar(254) DEFAULT NULL,
  `card_brand` varchar(254) DEFAULT NULL,
  `card_expiration` char(7) DEFAULT NULL,
  `card_holder` varchar(254) DEFAULT NULL,
  `date_add` datetime NOT NULL,
  PRIMARY KEY (`id_order_payment`),
  KEY `order_reference` (`order_reference`)
) ENGINE=InnoDB AUTO_INCREMENT=3 DEFAULT CHARSET=utf8;

--
-- Dumping data for table `ps_order_payment`
--

INSERT INTO `ps_order_payment` VALUES (1,'BJAMDRFVM',3,1.00,'webcash',1.000000,'','','','','','2021-05-04 11:43:32'),(2,'UPVFXWCBP',3,22.00,'webcash',1.000000,'','','','','','2021-05-04 12:35:43');

--
-- Table structure for table `ps_order_return`
--

CREATE TABLE `ps_order_return` (
  `id_order_return` int(10) unsigned NOT NULL AUTO_INCREMENT,
  `id_customer` int(10) unsigned NOT NULL,
  `id_order` int(10) unsigned NOT NULL,
  `state` tinyint(1) unsigned NOT NULL DEFAULT '1',
  `question` text NOT NULL,
  `date_add` datetime NOT NULL,
  `date_upd` datetime NOT NULL,
  PRIMARY KEY (`id_order_return`),
  KEY `order_return_customer` (`id_customer`),
  KEY `id_order` (`id_order`)
) ENGINE=InnoDB DEFAULT CHARSET=utf8;

--
-- Dumping data for table `ps_order_return`
--


--
-- Table structure for table `ps_order_return_detail`
--

CREATE TABLE `ps_order_return_detail` (
  `id_order_return` int(10) unsigned NOT NULL,
  `id_order_detail` int(10) unsigned NOT NULL,
  `id_customization` int(10) unsigned NOT NULL DEFAULT '0',
  `product_quantity` int(10) unsigned NOT NULL DEFAULT '0',
  PRIMARY KEY (`id_order_return`,`id_order_detail`,`id_customization`)
) ENGINE=InnoDB DEFAULT CHARSET=utf8;

--
-- Dumping data for table `ps_order_return_detail`
--


--
-- Table structure for table `ps_order_return_state`
--

CREATE TABLE `ps_order_return_state` (
  `id_order_return_state` int(10) unsigned NOT NULL AUTO_INCREMENT,
  `color` varchar(32) DEFAULT NULL,
  PRIMARY KEY (`id_order_return_state`)
) ENGINE=InnoDB AUTO_INCREMENT=6 DEFAULT CHARSET=utf8;

--
-- Dumping data for table `ps_order_return_state`
--

INSERT INTO `ps_order_return_state` VALUES (1,'#4169E1'),(2,'#8A2BE2'),(3,'#32CD32'),(4,'#DC143C'),(5,'#108510');

--
-- Table structure for table `ps_order_return_state_lang`
--

CREATE TABLE `ps_order_return_state_lang` (
  `id_order_return_state` int(10) unsigned NOT NULL,
  `id_lang` int(10) unsigned NOT NULL,
  `name` varchar(64) NOT NULL,
  PRIMARY KEY (`id_order_return_state`,`id_lang`)
) ENGINE=InnoDB DEFAULT CHARSET=utf8;

--
-- Dumping data for table `ps_order_return_state_lang`
--

INSERT INTO `ps_order_return_state_lang` VALUES (1,1,'Waiting for confirmation'),(1,2,'Waiting for confirmation'),(1,3,'Waiting for confirmation'),(1,4,'Waiting for confirmation'),(1,5,'Waiting for confirmation'),(1,6,'Waiting for confirmation'),(1,7,'Waiting for confirmation'),(1,8,'Waiting for confirmation'),(1,9,'Waiting for confirmation'),(1,10,'Waiting for confirmation'),(1,11,'Waiting for confirmation'),(2,1,'Waiting for package'),(2,2,'Waiting for package'),(2,3,'Waiting for package'),(2,4,'Waiting for package'),(2,5,'Waiting for package'),(2,6,'Waiting for package'),(2,7,'Waiting for package'),(2,8,'Waiting for package'),(2,9,'Waiting for package'),(2,10,'Waiting for package'),(2,11,'Waiting for package'),(3,1,'Package received'),(3,2,'Package received'),(3,3,'Package received'),(3,4,'Package received'),(3,5,'Package received'),(3,6,'Package received'),(3,7,'Package received'),(3,8,'Package received'),(3,9,'Package received'),(3,10,'Package received'),(3,11,'Package received'),(4,1,'Return denied'),(4,2,'Return denied'),(4,3,'Return denied'),(4,4,'Return denied'),(4,5,'Return denied'),(4,6,'Return denied'),(4,7,'Return denied'),(4,8,'Return denied'),(4,9,'Return denied'),(4,10,'Return denied'),(4,11,'Return denied'),(5,1,'Return completed'),(5,2,'Return completed'),(5,3,'Return completed'),(5,4,'Return completed'),(5,5,'Return completed'),(5,6,'Return completed'),(5,7,'Return completed'),(5,8,'Return completed'),(5,9,'Return completed'),(5,10,'Return completed'),(5,11,'Return completed');

--
-- Table structure for table `ps_order_slip`
--

CREATE TABLE `ps_order_slip` (
  `id_order_slip` int(10) unsigned NOT NULL AUTO_INCREMENT,
  `conversion_rate` decimal(13,6) NOT NULL DEFAULT '1.000000',
  `id_customer` int(10) unsigned NOT NULL,
  `id_order` int(10) unsigned NOT NULL,
  `total_products_tax_excl` decimal(20,6) DEFAULT NULL,
  `total_products_tax_incl` decimal(20,6) DEFAULT NULL,
  `total_shipping_tax_excl` decimal(20,6) DEFAULT NULL,
  `total_shipping_tax_incl` decimal(20,6) DEFAULT NULL,
  `shipping_cost` tinyint(3) unsigned NOT NULL DEFAULT '0',
  `amount` decimal(10,2) NOT NULL,
  `shipping_cost_amount` decimal(10,2) NOT NULL,
  `partial` tinyint(1) NOT NULL,
  `order_slip_type` tinyint(1) unsigned NOT NULL DEFAULT '0',
  `date_add` datetime NOT NULL,
  `date_upd` datetime NOT NULL,
  PRIMARY KEY (`id_order_slip`),
  KEY `order_slip_customer` (`id_customer`),
  KEY `id_order` (`id_order`)
) ENGINE=InnoDB DEFAULT CHARSET=utf8;

--
-- Dumping data for table `ps_order_slip`
--


--
-- Table structure for table `ps_order_slip_detail`
--

CREATE TABLE `ps_order_slip_detail` (
  `id_order_slip` int(10) unsigned NOT NULL,
  `id_order_detail` int(10) unsigned NOT NULL,
  `product_quantity` int(10) unsigned NOT NULL DEFAULT '0',
  `unit_price_tax_excl` decimal(20,6) DEFAULT NULL,
  `unit_price_tax_incl` decimal(20,6) DEFAULT NULL,
  `total_price_tax_excl` decimal(20,6) DEFAULT NULL,
  `total_price_tax_incl` decimal(20,6) DEFAULT NULL,
  `amount_tax_excl` decimal(20,6) DEFAULT NULL,
  `amount_tax_incl` decimal(20,6) DEFAULT NULL,
  PRIMARY KEY (`id_order_slip`,`id_order_detail`)
) ENGINE=InnoDB DEFAULT CHARSET=utf8;

--
-- Dumping data for table `ps_order_slip_detail`
--


--
-- Table structure for table `ps_order_slip_detail_tax`
--

CREATE TABLE `ps_order_slip_detail_tax` (
  `id_order_slip_detail` int(11) unsigned NOT NULL,
  `id_tax` int(11) unsigned NOT NULL,
  `unit_amount` decimal(16,6) NOT NULL DEFAULT '0.000000',
  `total_amount` decimal(16,6) NOT NULL DEFAULT '0.000000',
  KEY `id_order_slip_detail` (`id_order_slip_detail`),
  KEY `id_tax` (`id_tax`)
) ENGINE=InnoDB DEFAULT CHARSET=utf8;

--
-- Dumping data for table `ps_order_slip_detail_tax`
--


--
-- Table structure for table `ps_order_state`
--

CREATE TABLE `ps_order_state` (
  `id_order_state` int(10) unsigned NOT NULL AUTO_INCREMENT,
  `invoice` tinyint(1) unsigned DEFAULT '0',
  `send_email` tinyint(1) unsigned NOT NULL DEFAULT '0',
  `module_name` varchar(255) DEFAULT NULL,
  `color` varchar(32) DEFAULT NULL,
  `unremovable` tinyint(1) unsigned NOT NULL,
  `hidden` tinyint(1) unsigned NOT NULL DEFAULT '0',
  `logable` tinyint(1) NOT NULL DEFAULT '0',
  `delivery` tinyint(1) unsigned NOT NULL DEFAULT '0',
  `shipped` tinyint(1) unsigned NOT NULL DEFAULT '0',
  `paid` tinyint(1) unsigned NOT NULL DEFAULT '0',
  `pdf_invoice` tinyint(1) unsigned NOT NULL DEFAULT '0',
  `pdf_delivery` tinyint(1) unsigned NOT NULL DEFAULT '0',
  `deleted` tinyint(1) unsigned NOT NULL DEFAULT '0',
  PRIMARY KEY (`id_order_state`),
  KEY `module_name` (`module_name`)
) ENGINE=InnoDB AUTO_INCREMENT=21 DEFAULT CHARSET=utf8;

--
-- Dumping data for table `ps_order_state`
--

INSERT INTO `ps_order_state` VALUES (1,0,1,'cheque','#4169E1',1,0,0,0,0,0,0,0,0),(2,1,1,'','#32CD32',1,0,1,0,0,1,1,0,0),(3,1,1,'','#FF8C00',1,0,1,1,0,1,0,0,0),(4,1,1,'','#8A2BE2',1,0,1,1,1,1,0,0,0),(5,1,0,'','#108510',1,0,1,1,1,1,0,0,0),(6,0,1,'','#DC143C',1,0,0,0,0,0,0,0,0),(7,1,1,'','#ec2e15',1,0,0,0,0,0,0,0,0),(8,0,1,'','#8f0621',1,0,0,0,0,0,0,0,0),(9,1,1,'','#FF69B4',1,0,0,0,0,1,0,0,0),(10,0,1,'bankwire','#4169E1',1,0,0,0,0,0,0,0,0),(11,0,0,'','#4169E1',1,0,0,0,0,0,0,0,0),(12,1,1,'','#32CD32',1,0,1,0,0,1,0,0,0),(13,0,1,'','#FF69B4',1,0,0,0,0,0,0,0,0),(14,0,0,'cashondelivery','#4169E1',1,0,0,0,0,0,0,0,0),(15,1,0,'','#DDEEFF',0,0,1,0,0,0,0,0,0),(16,1,0,'','#4169E1',0,0,1,0,0,0,0,0,0),(17,0,0,'','#4169E1',0,0,1,0,0,0,0,0,0),(18,1,0,'','#DDEEFF',0,0,1,0,0,0,0,0,0),(19,0,0,'','#4169E1',0,0,1,0,0,0,0,0,0),(20,0,0,'','#DDEEFF',0,0,0,0,0,0,0,0,0);

--
-- Table structure for table `ps_order_state_lang`
--

CREATE TABLE `ps_order_state_lang` (
  `id_order_state` int(10) unsigned NOT NULL,
  `id_lang` int(10) unsigned NOT NULL,
  `name` varchar(64) NOT NULL,
  `template` varchar(64) NOT NULL,
  PRIMARY KEY (`id_order_state`,`id_lang`)
) ENGINE=InnoDB DEFAULT CHARSET=utf8;

--
-- Dumping data for table `ps_order_state_lang`
--

INSERT INTO `ps_order_state_lang` VALUES (1,1,'Awaiting check payment','cheque'),(1,2,'Awaiting check payment','cheque'),(1,3,'Awaiting check payment','cheque'),(1,4,'Awaiting check payment','cheque'),(1,5,'Awaiting check payment','cheque'),(1,6,'Awaiting check payment','cheque'),(1,7,'Awaiting check payment','cheque'),(1,8,'Awaiting check payment','cheque'),(1,9,'Awaiting check payment','cheque'),(1,10,'Awaiting check payment','cheque'),(1,11,'Awaiting check payment','cheque'),(2,1,'PA - Payment accepted','payment'),(2,2,'Payment accepted','payment'),(2,3,'Payment accepted','payment'),(2,4,'Payment accepted','payment'),(2,5,'Payment accepted','payment'),(2,6,'Payment accepted','payment'),(2,7,'Payment accepted','payment'),(2,8,'Payment accepted','payment'),(2,9,'Payment accepted','payment'),(2,10,'Payment accepted','payment'),(2,11,'Payment accepted','payment'),(3,1,'PP - Processing in progress','preparation'),(3,2,'Processing in progress','preparation'),(3,3,'Processing in progress','preparation'),(3,4,'Processing in progress','preparation'),(3,5,'Processing in progress','preparation'),(3,6,'Processing in progress','preparation'),(3,7,'Processing in progress','preparation'),(3,8,'Processing in progress','preparation'),(3,9,'Processing in progress','preparation'),(3,10,'Processing in progress','preparation'),(3,11,'Processing in progress','preparation'),(4,1,'SP - Shipped','shipped'),(4,2,'Shipped','shipped'),(4,3,'Shipped','shipped'),(4,4,'Shipped','shipped'),(4,5,'Shipped','shipped'),(4,6,'Shipped','shipped'),(4,7,'Shipped','shipped'),(4,8,'Shipped','shipped'),(4,9,'Shipped','shipped'),(4,10,'Shipped','shipped'),(4,11,'Shipped','shipped'),(5,1,'DL - Delivered',''),(5,2,'Delivered',''),(5,3,'Delivered',''),(5,4,'Delivered',''),(5,5,'Delivered',''),(5,6,'Delivered',''),(5,7,'Delivered',''),(5,8,'Delivered',''),(5,9,'Delivered',''),(5,10,'Delivered',''),(5,11,'Delivered',''),(6,1,'CC - Canceled','order_canceled'),(6,2,'Canceled','order_canceled'),(6,3,'Canceled','order_canceled'),(6,4,'Canceled','order_canceled'),(6,5,'Canceled','order_canceled'),(6,6,'Canceled','order_canceled'),(6,7,'Canceled','order_canceled'),(6,8,'Canceled','order_canceled'),(6,9,'Canceled','order_canceled'),(6,10,'Canceled','order_canceled'),(6,11,'Canceled','order_canceled'),(7,1,'Refunded','refund'),(7,2,'Refunded','refund'),(7,3,'Refunded','refund'),(7,4,'Refunded','refund'),(7,5,'Refunded','refund'),(7,6,'Refunded','refund'),(7,7,'Refunded','refund'),(7,8,'Refunded','refund'),(7,9,'Refunded','refund'),(7,10,'Refunded','refund'),(7,11,'Refunded','refund'),(8,1,'Payment error','payment_error'),(8,2,'Payment error','payment_error'),(8,3,'Payment error','payment_error'),(8,4,'Payment error','payment_error'),(8,5,'Payment error','payment_error'),(8,6,'Payment error','payment_error'),(8,7,'Payment error','payment_error'),(8,8,'Payment error','payment_error'),(8,9,'Payment error','payment_error'),(8,10,'Payment error','payment_error'),(8,11,'Payment error','payment_error'),(9,1,'On backorder (paid)','outofstock'),(9,2,'On backorder (paid)','outofstock'),(9,3,'On backorder (paid)','outofstock'),(9,4,'On backorder (paid)','outofstock'),(9,5,'On backorder (paid)','outofstock'),(9,6,'On backorder (paid)','outofstock'),(9,7,'On backorder (paid)','outofstock'),(9,8,'On backorder (paid)','outofstock'),(9,9,'On backorder (paid)','outofstock'),(9,10,'On backorder (paid)','outofstock'),(9,11,'On backorder (paid)','outofstock'),(10,1,'Awaiting Bank-In or Transfer','bankwire'),(10,2,'Awaiting bank wire payment','bankwire'),(10,3,'Awaiting bank wire payment','bankwire'),(10,4,'Awaiting bank wire payment','bankwire'),(10,5,'Awaiting bank wire payment','bankwire'),(10,6,'Awaiting bank wire payment','bankwire'),(10,7,'Awaiting bank wire payment','bankwire'),(10,8,'Awaiting Bank-In or Transfer','bankwire'),(10,9,'Awaiting Bank-In or Transfer','bankwire'),(10,10,'Awaiting Bank-In or Transfer','bankwire'),(10,11,'Awaiting Bank-In or Transfer','bankwire'),(11,1,'Awaiting PayPal payment',''),(11,2,'Awaiting PayPal payment',''),(11,3,'Awaiting PayPal payment',''),(11,4,'Awaiting PayPal payment',''),(11,5,'Awaiting PayPal payment',''),(11,6,'Awaiting PayPal payment',''),(11,7,'Awaiting PayPal payment',''),(11,8,'Awaiting PayPal payment',''),(11,9,'Awaiting PayPal payment',''),(11,10,'Awaiting PayPal payment',''),(11,11,'Awaiting PayPal payment',''),(12,1,'Remote payment accepted','payment'),(12,2,'Remote payment accepted','payment'),(12,3,'Remote payment accepted','payment'),(12,4,'Remote payment accepted','payment'),(12,5,'Remote payment accepted','payment'),(12,6,'Remote payment accepted','payment'),(12,7,'Remote payment accepted','payment'),(12,8,'Remote payment accepted','payment'),(12,9,'Remote payment accepted','payment'),(12,10,'Remote payment accepted','payment'),(12,11,'Remote payment accepted','payment'),(13,1,'On backorder (not paid)','outofstock'),(13,2,'On backorder (not paid)','outofstock'),(13,3,'On backorder (not paid)','outofstock'),(13,4,'On backorder (not paid)','outofstock'),(13,5,'On backorder (not paid)','outofstock'),(13,6,'On backorder (not paid)','outofstock'),(13,7,'On backorder (not paid)','outofstock'),(13,8,'On backorder (not paid)','outofstock'),(13,9,'On backorder (not paid)','outofstock'),(13,10,'On backorder (not paid)','outofstock'),(13,11,'On backorder (not paid)','outofstock'),(14,1,'Awaiting Cash On Delivery validation','cashondelivery'),(14,2,'Awaiting Cash On Delivery validation','cashondelivery'),(14,3,'Awaiting Cash On Delivery validation','cashondelivery'),(14,4,'Awaiting Cash On Delivery validation','cashondelivery'),(14,5,'Awaiting Cash On Delivery validation','cashondelivery'),(14,6,'Awaiting Cash On Delivery validation','cashondelivery'),(14,7,'Awaiting Cash On Delivery validation','cashondelivery'),(14,8,'Awaiting Cash On Delivery validation','cashondelivery'),(14,9,'Awaiting Cash On Delivery validation','cashondelivery'),(14,10,'Awaiting Cash On Delivery validation','cashondelivery'),(14,11,'Awaiting Cash On Delivery validation','cashondelivery'),(15,1,'Authorization accepted from PayPal',''),(15,2,'Authorization accepted from PayPal',''),(15,3,'Authorization accepted from PayPal',''),(15,4,'Authorization accepted from PayPal',''),(15,5,'Authorization accepted from PayPal',''),(15,6,'Authorization accepted from PayPal',''),(15,7,'Authorization accepted from PayPal',''),(15,8,'Authorization accepted from PayPal',''),(15,9,'Authorization accepted from PayPal',''),(15,10,'Authorization accepted from PayPal',''),(15,11,'Authorization accepted from PayPal',''),(16,1,'Authorization accepted from Braintree',''),(16,2,'Authorization accepted from Braintree',''),(16,3,'Authorization accepted from Braintree',''),(16,4,'Authorization accepted from Braintree',''),(16,5,'Authorization accepted from Braintree',''),(16,6,'Authorization accepted from Braintree',''),(16,7,'Authorization accepted from Braintree',''),(16,8,'Authorization accepted from Braintree',''),(16,9,'Authorization accepted from Braintree',''),(16,10,'Authorization accepted from Braintree',''),(16,11,'Authorization accepted from Braintree',''),(17,1,'Awaiting for Braintree payment',''),(17,2,'Awaiting for Braintree payment',''),(17,3,'Awaiting for Braintree payment',''),(17,4,'Awaiting for Braintree payment',''),(17,5,'Awaiting for Braintree payment',''),(17,6,'Awaiting for Braintree payment',''),(17,7,'Awaiting for Braintree payment',''),(17,8,'Awaiting for Braintree payment',''),(17,9,'Awaiting for Braintree payment',''),(17,10,'Awaiting for Braintree payment',''),(17,11,'Awaiting for Braintree payment',''),(18,1,'Authorization accepted from Braintree',''),(18,2,'Authorization accepted from Braintree',''),(18,7,'Authorization accepted from Braintree',''),(19,1,'Awaiting for Braintree payment',''),(19,2,'Awaiting for Braintree payment',''),(19,7,'Awaiting for Braintree payment',''),(20,1,'Waiting for validation by PayPal',''),(20,2,'Waiting for validation by PayPal',''),(20,7,'Waiting for validation by PayPal','');

--
-- Table structure for table `ps_orders`
--

CREATE TABLE `ps_orders` (
  `id_order` int(10) unsigned NOT NULL AUTO_INCREMENT,
  `reference` varchar(9) DEFAULT NULL,
  `id_shop_group` int(11) unsigned NOT NULL DEFAULT '1',
  `id_shop` int(11) unsigned NOT NULL DEFAULT '1',
  `id_carrier` int(10) unsigned NOT NULL,
  `id_lang` int(10) unsigned NOT NULL,
  `id_customer` int(10) unsigned NOT NULL,
  `id_cart` int(10) unsigned NOT NULL,
  `id_currency` int(10) unsigned NOT NULL,
  `id_address_delivery` int(10) unsigned NOT NULL,
  `id_address_invoice` int(10) unsigned NOT NULL,
  `current_state` int(10) unsigned NOT NULL,
  `secure_key` varchar(32) NOT NULL DEFAULT '-1',
  `payment` varchar(255) NOT NULL,
  `conversion_rate` decimal(13,6) NOT NULL DEFAULT '1.000000',
  `module` varchar(255) DEFAULT NULL,
  `recyclable` tinyint(1) unsigned NOT NULL DEFAULT '0',
  `gift` tinyint(1) unsigned NOT NULL DEFAULT '0',
  `gift_message` text,
  `mobile_theme` tinyint(1) NOT NULL DEFAULT '0',
  `shipping_number` varchar(64) DEFAULT NULL,
  `total_discounts` decimal(20,6) NOT NULL DEFAULT '0.000000',
  `total_discounts_tax_incl` decimal(20,6) NOT NULL DEFAULT '0.000000',
  `total_discounts_tax_excl` decimal(20,6) NOT NULL DEFAULT '0.000000',
  `total_paid` decimal(20,6) NOT NULL DEFAULT '0.000000',
  `total_paid_tax_incl` decimal(20,6) NOT NULL DEFAULT '0.000000',
  `total_paid_tax_excl` decimal(20,6) NOT NULL DEFAULT '0.000000',
  `total_paid_real` decimal(20,6) NOT NULL DEFAULT '0.000000',
  `total_products` decimal(20,6) NOT NULL DEFAULT '0.000000',
  `total_products_wt` decimal(20,6) NOT NULL DEFAULT '0.000000',
  `total_shipping` decimal(20,6) NOT NULL DEFAULT '0.000000',
  `total_shipping_tax_incl` decimal(20,6) NOT NULL DEFAULT '0.000000',
  `total_shipping_tax_excl` decimal(20,6) NOT NULL DEFAULT '0.000000',
  `carrier_tax_rate` decimal(10,3) NOT NULL DEFAULT '0.000',
  `total_wrapping` decimal(20,6) NOT NULL DEFAULT '0.000000',
  `total_wrapping_tax_incl` decimal(20,6) NOT NULL DEFAULT '0.000000',
  `total_wrapping_tax_excl` decimal(20,6) NOT NULL DEFAULT '0.000000',
  `round_mode` tinyint(1) NOT NULL DEFAULT '2',
  `round_type` tinyint(1) NOT NULL DEFAULT '1',
  `invoice_number` int(10) unsigned NOT NULL DEFAULT '0',
  `delivery_number` int(10) unsigned NOT NULL DEFAULT '0',
  `invoice_date` datetime NOT NULL,
  `delivery_date` datetime NOT NULL,
  `valid` int(1) unsigned NOT NULL DEFAULT '0',
  `date_add` datetime NOT NULL,
  `date_upd` datetime NOT NULL,
  `ddw_order_date` datetime NOT NULL,
  `ddw_order_time` varchar(64) DEFAULT NULL,
  PRIMARY KEY (`id_order`),
  KEY `reference` (`reference`),
  KEY `id_customer` (`id_customer`),
  KEY `id_cart` (`id_cart`),
  KEY `invoice_number` (`invoice_number`),
  KEY `id_carrier` (`id_carrier`),
  KEY `id_lang` (`id_lang`),
  KEY `id_currency` (`id_currency`),
  KEY `id_address_delivery` (`id_address_delivery`),
  KEY `id_address_invoice` (`id_address_invoice`),
  KEY `id_shop_group` (`id_shop_group`),
  KEY `current_state` (`current_state`),
  KEY `id_shop` (`id_shop`),
  KEY `date_add` (`date_add`)
) ENGINE=InnoDB AUTO_INCREMENT=3 DEFAULT CHARSET=utf8;

--
-- Dumping data for table `ps_orders`
--

INSERT INTO `ps_orders` VALUES (1,'BJAMDRFVM',1,1,103,1,1,1,3,10,10,2,'98df8f8f4053ddb6fe474d51b05bd8f0','webcash',1.000000,'webcash',0,0,'',0,'',0.000000,0.000000,0.000000,1.000000,1.000000,1.000000,1.000000,1.000000,1.000000,0.000000,0.000000,0.000000,0.000,0.000000,0.000000,0.000000,2,3,1,0,'2021-05-04 11:43:32','0000-00-00 00:00:00',1,'2021-05-04 11:43:32','2021-05-04 11:43:32','0000-00-00 00:00:00',NULL),(2,'UPVFXWCBP',1,1,104,1,1,2,3,10,10,2,'98df8f8f4053ddb6fe474d51b05bd8f0','webcash',1.000000,'webcash',0,0,'',0,'',0.000000,0.000000,0.000000,22.000000,22.000000,22.000000,22.000000,2.000000,2.000000,20.000000,20.000000,20.000000,0.000,0.000000,0.000000,0.000000,2,3,2,0,'2021-05-04 12:35:43','0000-00-00 00:00:00',1,'2021-05-04 12:35:43','2021-05-04 12:35:43','0000-00-00 00:00:00',NULL);

--
-- Table structure for table `ps_pack`
--

CREATE TABLE `ps_pack` (
  `id_product_pack` int(10) unsigned NOT NULL,
  `id_product_item` int(10) unsigned NOT NULL,
  `id_product_attribute_item` int(10) unsigned NOT NULL,
  `quantity` int(10) unsigned NOT NULL DEFAULT '1',
  PRIMARY KEY (`id_product_pack`,`id_product_item`,`id_product_attribute_item`),
  KEY `product_item` (`id_product_item`,`id_product_attribute_item`)
) ENGINE=InnoDB DEFAULT CHARSET=utf8;

--
-- Dumping data for table `ps_pack`
--


--
-- Table structure for table `ps_page`
--

CREATE TABLE `ps_page` (
  `id_page` int(10) unsigned NOT NULL AUTO_INCREMENT,
  `id_page_type` int(10) unsigned NOT NULL,
  `id_object` int(10) unsigned DEFAULT NULL,
  PRIMARY KEY (`id_page`),
  KEY `id_page_type` (`id_page_type`),
  KEY `id_object` (`id_object`)
) ENGINE=InnoDB AUTO_INCREMENT=10 DEFAULT CHARSET=utf8;

--
-- Dumping data for table `ps_page`
--

INSERT INTO `ps_page` VALUES (1,1,NULL),(2,2,NULL),(3,3,NULL),(4,4,NULL),(5,5,NULL),(6,6,NULL),(7,7,1),(8,8,NULL),(9,9,NULL);

--
-- Table structure for table `ps_page_type`
--

CREATE TABLE `ps_page_type` (
  `id_page_type` int(10) unsigned NOT NULL AUTO_INCREMENT,
  `name` varchar(255) NOT NULL,
  PRIMARY KEY (`id_page_type`),
  KEY `name` (`name`)
) ENGINE=InnoDB AUTO_INCREMENT=10 DEFAULT CHARSET=utf8;

--
-- Dumping data for table `ps_page_type`
--

INSERT INTO `ps_page_type` VALUES (2,'authentication'),(6,'cms'),(5,'contact'),(9,'history'),(1,'index'),(8,'orderopc'),(3,'pricesdrop'),(7,'product'),(4,'zblog');

--
-- Table structure for table `ps_page_viewed`
--

CREATE TABLE `ps_page_viewed` (
  `id_page` int(10) unsigned NOT NULL,
  `id_shop_group` int(10) unsigned NOT NULL DEFAULT '1',
  `id_shop` int(10) unsigned NOT NULL DEFAULT '1',
  `id_date_range` int(10) unsigned NOT NULL,
  `counter` int(10) unsigned NOT NULL,
  PRIMARY KEY (`id_page`,`id_date_range`,`id_shop`)
) ENGINE=InnoDB DEFAULT CHARSET=utf8;

--
-- Dumping data for table `ps_page_viewed`
--

INSERT INTO `ps_page_viewed` VALUES (1,1,1,520,11),(1,1,1,521,7),(1,1,1,522,1),(1,1,1,523,2),(1,1,1,524,3),(1,1,1,525,1),(1,1,1,526,1),(1,1,1,527,2),(1,1,1,528,2),(1,1,1,529,2),(1,1,1,530,2),(1,1,1,531,2),(1,1,1,532,1),(1,1,1,533,13),(1,1,1,534,2),(1,1,1,535,2),(1,1,1,536,1),(1,1,1,537,2),(1,1,1,538,2),(1,1,1,539,2),(1,1,1,540,1),(1,1,1,541,2),(1,1,1,542,2),(1,1,1,543,1),(1,1,1,544,2),(1,1,1,545,2),(1,1,1,546,2),(1,1,1,547,3),(1,1,1,548,7),(1,1,1,549,2),(1,1,1,550,2),(1,1,1,551,3),(1,1,1,552,10),(1,1,1,553,2),(1,1,1,554,3),(1,1,1,555,3),(1,1,1,556,5),(1,1,1,557,2),(1,1,1,558,2),(1,1,1,559,1),(1,1,1,560,2),(1,1,1,561,6),(1,1,1,562,7),(1,1,1,563,2),(1,1,1,564,2),(1,1,1,565,2),(1,1,1,566,2),(1,1,1,567,4),(1,1,1,568,7),(1,1,1,569,2),(1,1,1,570,3),(1,1,1,571,5),(1,1,1,572,2),(1,1,1,573,2),(1,1,1,574,4),(1,1,1,575,2),(1,1,1,576,2),(1,1,1,577,2),(1,1,1,578,1),(1,1,1,579,1),(1,1,1,580,2),(1,1,1,581,5),(1,1,1,582,4),(1,1,1,583,4),(1,1,1,584,2),(1,1,1,585,3),(1,1,1,586,14),(1,1,1,587,4),(1,1,1,588,2),(1,1,1,589,2),(1,1,1,590,2),(1,1,1,591,1),(1,1,1,592,2),(1,1,1,593,2),(1,1,1,594,2),(1,1,1,595,2),(1,1,1,596,2),(1,1,1,597,4),(1,1,1,598,2),(1,1,1,599,1),(1,1,1,600,7),(1,1,1,601,28),(1,1,1,602,16),(1,1,1,603,2),(1,1,1,604,1),(1,1,1,605,3),(1,1,1,606,1),(1,1,1,607,7),(1,1,1,608,1),(1,1,1,609,21),(1,1,1,610,3),(1,1,1,611,2),(1,1,1,612,1),(2,1,1,585,1),(3,1,1,586,2),(4,1,1,586,2),(5,1,1,586,1),(5,1,1,591,2),(6,1,1,602,1),(7,1,1,607,2),(8,1,1,607,7),(9,1,1,607,2);

--
-- Table structure for table `ps_pagenotfound`
--

CREATE TABLE `ps_pagenotfound` (
  `id_pagenotfound` int(10) unsigned NOT NULL AUTO_INCREMENT,
  `id_shop` int(10) unsigned NOT NULL DEFAULT '1',
  `id_shop_group` int(10) unsigned NOT NULL DEFAULT '1',
  `request_uri` varchar(256) NOT NULL,
  `http_referer` varchar(256) NOT NULL,
  `date_add` datetime NOT NULL,
  PRIMARY KEY (`id_pagenotfound`),
  KEY `date_add` (`date_add`)
) ENGINE=InnoDB DEFAULT CHARSET=utf8;

--
-- Dumping data for table `ps_pagenotfound`
--


--
-- Table structure for table `ps_paypal_braintree`
--

CREATE TABLE `ps_paypal_braintree` (
  `id_paypal_braintree` int(11) NOT NULL AUTO_INCREMENT,
  `id_cart` int(11) NOT NULL,
  `nonce_payment_token` varchar(255) NOT NULL,
  `client_token` text NOT NULL,
  `transaction` varchar(255) DEFAULT NULL,
  `datas` varchar(255) DEFAULT NULL,
  `id_order` int(11) DEFAULT NULL,
  PRIMARY KEY (`id_paypal_braintree`)
) ENGINE=InnoDB DEFAULT CHARSET=utf8;

--
-- Dumping data for table `ps_paypal_braintree`
--


--
-- Table structure for table `ps_paypal_capture`
--

CREATE TABLE `ps_paypal_capture` (
  `id_paypal_capture` int(11) NOT NULL AUTO_INCREMENT,
  `id_order` int(11) NOT NULL,
  `capture_amount` float NOT NULL,
  `result` text NOT NULL,
  `date_add` datetime NOT NULL,
  `date_upd` datetime NOT NULL,
  PRIMARY KEY (`id_paypal_capture`)
) ENGINE=InnoDB DEFAULT CHARSET=utf8;

--
-- Dumping data for table `ps_paypal_capture`
--


--
-- Table structure for table `ps_paypal_customer`
--

CREATE TABLE `ps_paypal_customer` (
  `id_paypal_customer` int(10) unsigned NOT NULL AUTO_INCREMENT,
  `id_customer` int(10) unsigned NOT NULL,
  `paypal_email` varchar(255) NOT NULL,
  PRIMARY KEY (`id_paypal_customer`)
) ENGINE=InnoDB DEFAULT CHARSET=utf8;

--
-- Dumping data for table `ps_paypal_customer`
--


--
-- Table structure for table `ps_paypal_hss_email_error`
--

CREATE TABLE `ps_paypal_hss_email_error` (
  `id_paypal_hss_email_error` int(11) NOT NULL AUTO_INCREMENT,
  `id_cart` int(11) NOT NULL,
  `email` varchar(255) NOT NULL,
  PRIMARY KEY (`id_paypal_hss_email_error`)
) ENGINE=InnoDB DEFAULT CHARSET=utf8;

--
-- Dumping data for table `ps_paypal_hss_email_error`
--


--
-- Table structure for table `ps_paypal_login_user`
--

CREATE TABLE `ps_paypal_login_user` (
  `id_paypal_login_user` int(11) NOT NULL AUTO_INCREMENT,
  `id_customer` int(11) NOT NULL,
  `token_type` varchar(255) NOT NULL,
  `expires_in` varchar(255) NOT NULL,
  `refresh_token` varchar(255) NOT NULL,
  `id_token` varchar(255) NOT NULL,
  `access_token` varchar(255) NOT NULL,
  `account_type` varchar(255) NOT NULL,
  `user_id` varchar(255) NOT NULL,
  `verified_account` varchar(255) NOT NULL,
  `zoneinfo` varchar(255) NOT NULL,
  `age_range` varchar(255) NOT NULL,
  PRIMARY KEY (`id_paypal_login_user`)
) ENGINE=InnoDB DEFAULT CHARSET=utf8;

--
-- Dumping data for table `ps_paypal_login_user`
--


--
-- Table structure for table `ps_paypal_order`
--

CREATE TABLE `ps_paypal_order` (
  `id_order` int(10) unsigned NOT NULL,
  `id_transaction` varchar(255) NOT NULL,
  `id_invoice` varchar(255) DEFAULT NULL,
  `currency` varchar(10) NOT NULL,
  `total_paid` varchar(50) NOT NULL,
  `shipping` varchar(50) NOT NULL,
  `capture` int(2) NOT NULL,
  `payment_date` varchar(50) NOT NULL,
  `payment_method` int(2) unsigned NOT NULL,
  `payment_status` varchar(255) DEFAULT NULL,
  PRIMARY KEY (`id_order`)
) ENGINE=InnoDB DEFAULT CHARSET=utf8;

--
-- Dumping data for table `ps_paypal_order`
--


--
-- Table structure for table `ps_paypal_plus_pui`
--

CREATE TABLE `ps_paypal_plus_pui` (
  `id_paypal_plus_pui` int(11) NOT NULL AUTO_INCREMENT,
  `id_order` int(11) NOT NULL,
  `pui_informations` text NOT NULL,
  PRIMARY KEY (`id_paypal_plus_pui`)
) ENGINE=InnoDB DEFAULT CHARSET=utf8;

--
-- Dumping data for table `ps_paypal_plus_pui`
--


--
-- Table structure for table `ps_pinterest_spm`
--

CREATE TABLE `ps_pinterest_spm` (
  `id` int(11) NOT NULL AUTO_INCREMENT,
  `pinterest_id` bigint(20) NOT NULL,
  `user_id` int(11) NOT NULL,
  `id_shop` int(11) NOT NULL DEFAULT '0',
  PRIMARY KEY (`id`)
) ENGINE=InnoDB DEFAULT CHARSET=utf8;

--
-- Dumping data for table `ps_pinterest_spm`
--


--
-- Table structure for table `ps_ppbs_area_price`
--

CREATE TABLE `ps_ppbs_area_price` (
  `id_area_price` int(10) unsigned NOT NULL AUTO_INCREMENT,
  `id_shop` int(10) unsigned DEFAULT '1',
  `id_product` int(10) unsigned DEFAULT NULL,
  `area_low` decimal(10,2) unsigned DEFAULT '0.00',
  `area_high` decimal(10,2) unsigned DEFAULT '0.00',
  `impact` char(6) DEFAULT '+',
  `price` decimal(10,6) unsigned DEFAULT '0.000000',
  `weight` decimal(10,6) unsigned DEFAULT '0.000000',
  PRIMARY KEY (`id_area_price`)
) ENGINE=InnoDB DEFAULT CHARSET=utf8;

--
-- Dumping data for table `ps_ppbs_area_price`
--


--
-- Table structure for table `ps_ppbs_areapricesuffix`
--

CREATE TABLE `ps_ppbs_areapricesuffix` (
  `id_ppbs_areapricesuffix` int(10) unsigned NOT NULL AUTO_INCREMENT,
  `name` varchar(32) DEFAULT NULL,
  PRIMARY KEY (`id_ppbs_areapricesuffix`)
) ENGINE=InnoDB DEFAULT CHARSET=utf8;

--
-- Dumping data for table `ps_ppbs_areapricesuffix`
--


--
-- Table structure for table `ps_ppbs_areapricesuffix_lang`
--

CREATE TABLE `ps_ppbs_areapricesuffix_lang` (
  `id_ppbs_areapricesuffix_lang` int(10) unsigned NOT NULL AUTO_INCREMENT,
  `id_ppbs_areapricesuffix` int(10) unsigned NOT NULL,
  `id_lang` int(10) unsigned NOT NULL,
  `text` varchar(255) DEFAULT NULL,
  PRIMARY KEY (`id_ppbs_areapricesuffix_lang`)
) ENGINE=InnoDB DEFAULT CHARSET=utf8;

--
-- Dumping data for table `ps_ppbs_areapricesuffix_lang`
--


--
-- Table structure for table `ps_ppbs_dimension`
--

CREATE TABLE `ps_ppbs_dimension` (
  `id_ppbs_dimension` int(10) unsigned NOT NULL AUTO_INCREMENT,
  `name` varchar(32) NOT NULL,
  `position` int(10) unsigned NOT NULL DEFAULT '0',
  PRIMARY KEY (`id_ppbs_dimension`)
) ENGINE=InnoDB AUTO_INCREMENT=4 DEFAULT CHARSET=utf8;

--
-- Dumping data for table `ps_ppbs_dimension`
--

INSERT INTO `ps_ppbs_dimension` VALUES (1,'height',0),(2,'width',0),(3,'depth',0);

--
-- Table structure for table `ps_ppbs_dimension_lang`
--

CREATE TABLE `ps_ppbs_dimension_lang` (
  `id_ppbs_dimension` int(10) unsigned NOT NULL,
  `id_lang` int(10) unsigned NOT NULL,
  `display_name` varchar(128) NOT NULL,
  PRIMARY KEY (`id_ppbs_dimension`,`id_lang`)
) ENGINE=InnoDB DEFAULT CHARSET=utf8;

--
-- Dumping data for table `ps_ppbs_dimension_lang`
--

INSERT INTO `ps_ppbs_dimension_lang` VALUES (1,1,'Height'),(1,2,'Height'),(1,7,'Height'),(2,1,'Width'),(2,2,'Width'),(2,7,'Width'),(3,1,'Depth'),(3,2,'Depth'),(3,7,'Depth');

--
-- Table structure for table `ps_ppbs_equation`
--

CREATE TABLE `ps_ppbs_equation` (
  `id_equation` mediumint(8) unsigned NOT NULL AUTO_INCREMENT,
  `id_equation_template` mediumint(8) unsigned NOT NULL,
  `id_product` int(10) unsigned NOT NULL,
  `ipa` int(10) unsigned NOT NULL,
  `equation` varchar(512) NOT NULL,
  `equation_type` varchar(16) NOT NULL,
  PRIMARY KEY (`id_equation`)
) ENGINE=InnoDB DEFAULT CHARSET=utf8;

--
-- Dumping data for table `ps_ppbs_equation`
--


--
-- Table structure for table `ps_ppbs_equation_template`
--

CREATE TABLE `ps_ppbs_equation_template` (
  `id_equation_template` int(11) unsigned NOT NULL AUTO_INCREMENT,
  `name` varchar(128) NOT NULL,
  `equation` text NOT NULL,
  PRIMARY KEY (`id_equation_template`)
) ENGINE=InnoDB DEFAULT CHARSET=utf8;

--
-- Dumping data for table `ps_ppbs_equation_template`
--


--
-- Table structure for table `ps_ppbs_product`
--

CREATE TABLE `ps_ppbs_product` (
  `id_ppbs_product` int(10) unsigned NOT NULL AUTO_INCREMENT,
  `id_product` int(10) unsigned NOT NULL,
  `id_shop` int(10) unsigned NOT NULL,
  `id_ppbs_areapricesuffix` int(10) unsigned NOT NULL DEFAULT '0',
  `enabled` tinyint(3) unsigned NOT NULL,
  `front_conversion_enabled` tinyint(3) unsigned NOT NULL DEFAULT '0',
  `front_conversion_operator` varchar(3) NOT NULL,
  `front_conversion_value` decimal(15,2) NOT NULL,
  `attribute_price_as_area_price` tinyint(3) NOT NULL DEFAULT '0',
  `min_price` decimal(15,2) NOT NULL DEFAULT '0.00',
  `min_total_area` decimal(10,2) NOT NULL DEFAULT '0.00',
  `setup_fee` decimal(15,2) NOT NULL DEFAULT '0.00',
  `equation_enabled` tinyint(3) unsigned NOT NULL DEFAULT '0',
  `equation` varchar(512) NOT NULL,
  `weight_calculation_enabled` tinyint(3) unsigned DEFAULT '0',
  `weight_calculation` varchar(512) DEFAULT NULL,
  `stock_enabled` tinyint(3) unsigned NOT NULL,
  PRIMARY KEY (`id_ppbs_product`)
) ENGINE=MyISAM AUTO_INCREMENT=2 DEFAULT CHARSET=latin1;

--
-- Dumping data for table `ps_ppbs_product`
--

INSERT INTO `ps_ppbs_product` VALUES (1,9,1,0,1,0,'/',0.00,0,0.00,0.00,0.00,0,'',0,'0',0);

--
-- Table structure for table `ps_ppbs_product_field`
--

CREATE TABLE `ps_ppbs_product_field` (
  `id_ppbs_product_field` int(10) unsigned NOT NULL AUTO_INCREMENT,
  `id_ppbs_dimension` int(10) unsigned NOT NULL,
  `id_product` int(10) unsigned NOT NULL,
  `id_shop` int(10) unsigned NOT NULL,
  `id_ppbs_unit` tinyint(3) unsigned NOT NULL DEFAULT '0',
  `min` decimal(10,2) NOT NULL DEFAULT '0.00',
  `max` decimal(10,2) NOT NULL DEFAULT '0.00',
  `default` decimal(10,2) NOT NULL DEFAULT '0.00',
  `ratio` decimal(8,2) unsigned NOT NULL DEFAULT '0.00',
  `step` decimal(8,2) unsigned NOT NULL DEFAULT '0.00',
  `decimals` smallint(5) unsigned NOT NULL DEFAULT '0',
  `input_type` varchar(12) NOT NULL DEFAULT 'textbox',
  `visible` tinyint(3) unsigned NOT NULL,
  `position` smallint(5) unsigned NOT NULL DEFAULT '0',
  PRIMARY KEY (`id_ppbs_product_field`)
) ENGINE=InnoDB DEFAULT CHARSET=utf8;

--
-- Dumping data for table `ps_ppbs_product_field`
--


--
-- Table structure for table `ps_ppbs_product_field_option`
--

CREATE TABLE `ps_ppbs_product_field_option` (
  `id_option` int(10) unsigned NOT NULL AUTO_INCREMENT,
  `id_ppbs_product_field` int(10) unsigned NOT NULL,
  `text` varchar(255) NOT NULL,
  `value` varchar(255) NOT NULL,
  `position` mediumint(8) unsigned NOT NULL DEFAULT '0',
  PRIMARY KEY (`id_option`)
) ENGINE=InnoDB DEFAULT CHARSET=utf8;

--
-- Dumping data for table `ps_ppbs_product_field_option`
--


--
-- Table structure for table `ps_ppbs_stock`
--

CREATE TABLE `ps_ppbs_stock` (
  `id_ppbs_stock` int(11) unsigned NOT NULL AUTO_INCREMENT,
  `id_product` int(10) unsigned NOT NULL,
  `id_product_attribute` int(10) unsigned NOT NULL,
  `id_shop` mediumint(8) unsigned NOT NULL,
  `qty_stock` decimal(6,2) unsigned NOT NULL,
  PRIMARY KEY (`id_ppbs_stock`)
) ENGINE=InnoDB DEFAULT CHARSET=utf8;

--
-- Dumping data for table `ps_ppbs_stock`
--


--
-- Table structure for table `ps_ppbs_translations`
--

CREATE TABLE `ps_ppbs_translations` (
  `id_translation` int(10) unsigned NOT NULL AUTO_INCREMENT,
  `id_language` int(10) unsigned NOT NULL,
  `id_shop` int(10) unsigned NOT NULL,
  `name` varchar(255) NOT NULL,
  `text` text NOT NULL,
  PRIMARY KEY (`id_translation`)
) ENGINE=InnoDB AUTO_INCREMENT=5 DEFAULT CHARSET=utf8;

--
-- Dumping data for table `ps_ppbs_translations`
--

INSERT INTO `ps_ppbs_translations` VALUES (1,1,1,'min_max_error','{min} - {max}'),(2,1,1,'generic_error','check dimensions above'),(3,1,1,'unit_price_suffix','per m2'),(4,1,1,'cart_label','dimensions2');

--
-- Table structure for table `ps_ppbs_unit`
--

CREATE TABLE `ps_ppbs_unit` (
  `id_ppbs_unit` int(10) unsigned NOT NULL AUTO_INCREMENT,
  `name` varchar(255) NOT NULL,
  PRIMARY KEY (`id_ppbs_unit`)
) ENGINE=InnoDB AUTO_INCREMENT=6 DEFAULT CHARSET=utf8;

--
-- Dumping data for table `ps_ppbs_unit`
--

INSERT INTO `ps_ppbs_unit` VALUES (1,'centimeter'),(2,'millimeter'),(3,'meter'),(4,'inch'),(5,'foot');

--
-- Table structure for table `ps_ppbs_unit_lang`
--

CREATE TABLE `ps_ppbs_unit_lang` (
  `id_ppbs_unit` int(10) unsigned NOT NULL,
  `id_lang` smallint(5) unsigned NOT NULL,
  `symbol` varchar(32) NOT NULL,
  PRIMARY KEY (`id_ppbs_unit`,`id_lang`)
) ENGINE=InnoDB DEFAULT CHARSET=utf8;

--
-- Dumping data for table `ps_ppbs_unit_lang`
--

INSERT INTO `ps_ppbs_unit_lang` VALUES (1,1,'cm'),(1,2,'cm'),(1,7,'cm'),(2,1,'mm'),(2,2,'mm'),(2,7,'mm'),(3,1,'m'),(3,2,'m'),(3,7,'m'),(4,1,'\\\"'),(4,2,'\\\"'),(4,7,'\\\"'),(5,1,'ft'),(5,2,'ft'),(5,7,'ft');

--
-- Table structure for table `ps_product`
--

CREATE TABLE `ps_product` (
  `id_product` int(10) unsigned NOT NULL AUTO_INCREMENT,
  `id_supplier` int(10) unsigned DEFAULT NULL,
  `id_manufacturer` int(10) unsigned DEFAULT NULL,
  `id_category_default` int(10) unsigned DEFAULT NULL,
  `id_shop_default` int(10) unsigned NOT NULL DEFAULT '1',
  `id_tax_rules_group` int(11) unsigned NOT NULL,
  `on_sale` tinyint(1) unsigned NOT NULL DEFAULT '0',
  `online_only` tinyint(1) unsigned NOT NULL DEFAULT '0',
  `ean13` varchar(13) DEFAULT NULL,
  `upc` varchar(12) DEFAULT NULL,
  `ecotax` decimal(17,6) NOT NULL DEFAULT '0.000000',
  `quantity` int(10) NOT NULL DEFAULT '0',
  `minimal_quantity` int(10) unsigned NOT NULL DEFAULT '1',
  `price` decimal(20,6) NOT NULL DEFAULT '0.000000',
  `wholesale_price` decimal(20,6) NOT NULL DEFAULT '0.000000',
  `unity` varchar(255) DEFAULT NULL,
  `unit_price_ratio` decimal(20,6) NOT NULL DEFAULT '0.000000',
  `additional_shipping_cost` decimal(20,2) NOT NULL DEFAULT '0.00',
  `reference` varchar(32) DEFAULT NULL,
  `supplier_reference` varchar(32) DEFAULT NULL,
  `location` varchar(64) DEFAULT NULL,
  `width` decimal(20,6) NOT NULL DEFAULT '0.000000',
  `height` decimal(20,6) NOT NULL DEFAULT '0.000000',
  `depth` decimal(20,6) NOT NULL DEFAULT '0.000000',
  `weight` decimal(20,6) NOT NULL DEFAULT '0.000000',
  `out_of_stock` int(10) unsigned NOT NULL DEFAULT '2',
  `quantity_discount` tinyint(1) DEFAULT '0',
  `customizable` tinyint(2) NOT NULL DEFAULT '0',
  `uploadable_files` tinyint(4) NOT NULL DEFAULT '0',
  `text_fields` tinyint(4) NOT NULL DEFAULT '0',
  `active` tinyint(1) unsigned NOT NULL DEFAULT '0',
  `redirect_type` enum('','404','301','302') NOT NULL DEFAULT '',
  `id_product_redirected` int(10) unsigned NOT NULL DEFAULT '0',
  `available_for_order` tinyint(1) NOT NULL DEFAULT '1',
  `available_date` date NOT NULL DEFAULT '0000-00-00',
  `condition` enum('new','used','refurbished') NOT NULL DEFAULT 'new',
  `show_price` tinyint(1) NOT NULL DEFAULT '1',
  `indexed` tinyint(1) NOT NULL DEFAULT '0',
  `visibility` enum('both','catalog','search','none') NOT NULL DEFAULT 'both',
  `cache_is_pack` tinyint(1) NOT NULL DEFAULT '0',
  `cache_has_attachments` tinyint(1) NOT NULL DEFAULT '0',
  `is_virtual` tinyint(1) NOT NULL DEFAULT '0',
  `cache_default_attribute` int(10) unsigned DEFAULT NULL,
  `date_add` datetime NOT NULL,
  `date_upd` datetime NOT NULL,
  `advanced_stock_management` tinyint(1) NOT NULL DEFAULT '0',
  `pack_stock_type` int(11) unsigned NOT NULL DEFAULT '3',
  PRIMARY KEY (`id_product`),
  KEY `product_supplier` (`id_supplier`),
  KEY `product_manufacturer` (`id_manufacturer`,`id_product`),
  KEY `id_category_default` (`id_category_default`),
  KEY `indexed` (`indexed`),
  KEY `date_add` (`date_add`)
) ENGINE=InnoDB AUTO_INCREMENT=2 DEFAULT CHARSET=utf8;

--
-- Dumping data for table `ps_product`
--

INSERT INTO `ps_product` VALUES (1,0,0,2,1,0,0,0,'','',0.000000,0,1,1.000000,0.000000,'',0.000000,0.00,'','','',0.000000,0.000000,0.000000,0.000000,2,0,0,0,0,1,'404',0,1,'0000-00-00','new',1,1,'both',0,0,0,0,'2021-05-04 11:22:26','2021-05-04 11:22:38',0,3);

--
-- Table structure for table `ps_product_attachment`
--

CREATE TABLE `ps_product_attachment` (
  `id_product` int(10) unsigned NOT NULL,
  `id_attachment` int(10) unsigned NOT NULL,
  PRIMARY KEY (`id_product`,`id_attachment`)
) ENGINE=InnoDB DEFAULT CHARSET=utf8;

--
-- Dumping data for table `ps_product_attachment`
--


--
-- Table structure for table `ps_product_attribute`
--

CREATE TABLE `ps_product_attribute` (
  `id_product_attribute` int(10) unsigned NOT NULL AUTO_INCREMENT,
  `id_product` int(10) unsigned NOT NULL,
  `reference` varchar(32) DEFAULT NULL,
  `supplier_reference` varchar(32) DEFAULT NULL,
  `location` varchar(64) DEFAULT NULL,
  `ean13` varchar(13) DEFAULT NULL,
  `upc` varchar(12) DEFAULT NULL,
  `wholesale_price` decimal(20,6) NOT NULL DEFAULT '0.000000',
  `price` decimal(20,6) NOT NULL DEFAULT '0.000000',
  `ecotax` decimal(17,6) NOT NULL DEFAULT '0.000000',
  `quantity` int(10) NOT NULL DEFAULT '0',
  `weight` decimal(20,6) NOT NULL DEFAULT '0.000000',
  `unit_price_impact` decimal(20,6) NOT NULL DEFAULT '0.000000',
  `default_on` tinyint(1) unsigned DEFAULT NULL,
  `minimal_quantity` int(10) unsigned NOT NULL DEFAULT '1',
  `available_date` date NOT NULL DEFAULT '0000-00-00',
  PRIMARY KEY (`id_product_attribute`),
  UNIQUE KEY `product_default` (`id_product`,`default_on`),
  KEY `product_attribute_product` (`id_product`),
  KEY `reference` (`reference`),
  KEY `supplier_reference` (`supplier_reference`),
  KEY `id_product_id_product_attribute` (`id_product_attribute`,`id_product`)
) ENGINE=InnoDB DEFAULT CHARSET=utf8;

--
-- Dumping data for table `ps_product_attribute`
--


--
-- Table structure for table `ps_product_attribute_combination`
--

CREATE TABLE `ps_product_attribute_combination` (
  `id_attribute` int(10) unsigned NOT NULL,
  `id_product_attribute` int(10) unsigned NOT NULL,
  PRIMARY KEY (`id_attribute`,`id_product_attribute`),
  KEY `id_product_attribute` (`id_product_attribute`)
) ENGINE=InnoDB DEFAULT CHARSET=utf8;

--
-- Dumping data for table `ps_product_attribute_combination`
--


--
-- Table structure for table `ps_product_attribute_image`
--

CREATE TABLE `ps_product_attribute_image` (
  `id_product_attribute` int(10) unsigned NOT NULL,
  `id_image` int(10) unsigned NOT NULL,
  PRIMARY KEY (`id_product_attribute`,`id_image`),
  KEY `id_image` (`id_image`)
) ENGINE=InnoDB DEFAULT CHARSET=utf8;

--
-- Dumping data for table `ps_product_attribute_image`
--


--
-- Table structure for table `ps_product_attribute_shop`
--

CREATE TABLE `ps_product_attribute_shop` (
  `id_product` int(10) unsigned NOT NULL,
  `id_product_attribute` int(10) unsigned NOT NULL,
  `id_shop` int(10) unsigned NOT NULL,
  `wholesale_price` decimal(20,6) NOT NULL DEFAULT '0.000000',
  `price` decimal(20,6) NOT NULL DEFAULT '0.000000',
  `ecotax` decimal(17,6) NOT NULL DEFAULT '0.000000',
  `weight` decimal(20,6) NOT NULL DEFAULT '0.000000',
  `unit_price_impact` decimal(20,6) NOT NULL DEFAULT '0.000000',
  `default_on` tinyint(1) unsigned DEFAULT NULL,
  `minimal_quantity` int(10) unsigned NOT NULL DEFAULT '1',
  `available_date` date NOT NULL DEFAULT '0000-00-00',
  PRIMARY KEY (`id_product_attribute`,`id_shop`),
  UNIQUE KEY `id_product` (`id_product`,`id_shop`,`default_on`)
) ENGINE=InnoDB DEFAULT CHARSET=utf8;

--
-- Dumping data for table `ps_product_attribute_shop`
--


--
-- Table structure for table `ps_product_carrier`
--

CREATE TABLE `ps_product_carrier` (
  `id_product` int(10) unsigned NOT NULL,
  `id_carrier_reference` int(10) unsigned NOT NULL,
  `id_shop` int(10) unsigned NOT NULL,
  PRIMARY KEY (`id_product`,`id_carrier_reference`,`id_shop`)
) ENGINE=InnoDB DEFAULT CHARSET=utf8;

--
-- Dumping data for table `ps_product_carrier`
--


--
-- Table structure for table `ps_product_comment`
--

CREATE TABLE `ps_product_comment` (
  `id_product_comment` int(10) unsigned NOT NULL AUTO_INCREMENT,
  `id_product` int(10) unsigned NOT NULL,
  `id_customer` int(10) unsigned NOT NULL,
  `id_guest` int(10) unsigned DEFAULT NULL,
  `title` varchar(64) DEFAULT NULL,
  `content` text NOT NULL,
  `customer_name` varchar(64) DEFAULT NULL,
  `grade` float unsigned NOT NULL,
  `validate` tinyint(1) NOT NULL,
  `deleted` tinyint(1) NOT NULL,
  `date_add` datetime NOT NULL,
  PRIMARY KEY (`id_product_comment`),
  KEY `id_product` (`id_product`),
  KEY `id_customer` (`id_customer`),
  KEY `id_guest` (`id_guest`)
) ENGINE=InnoDB DEFAULT CHARSET=utf8;

--
-- Dumping data for table `ps_product_comment`
--


--
-- Table structure for table `ps_product_comment_criterion`
--

CREATE TABLE `ps_product_comment_criterion` (
  `id_product_comment_criterion` int(10) unsigned NOT NULL AUTO_INCREMENT,
  `id_product_comment_criterion_type` tinyint(1) NOT NULL,
  `active` tinyint(1) NOT NULL,
  PRIMARY KEY (`id_product_comment_criterion`)
) ENGINE=InnoDB AUTO_INCREMENT=2 DEFAULT CHARSET=utf8;

--
-- Dumping data for table `ps_product_comment_criterion`
--

INSERT INTO `ps_product_comment_criterion` VALUES (1,1,1);

--
-- Table structure for table `ps_product_comment_criterion_category`
--

CREATE TABLE `ps_product_comment_criterion_category` (
  `id_product_comment_criterion` int(10) unsigned NOT NULL,
  `id_category` int(10) unsigned NOT NULL,
  PRIMARY KEY (`id_product_comment_criterion`,`id_category`),
  KEY `id_category` (`id_category`)
) ENGINE=InnoDB DEFAULT CHARSET=utf8;

--
-- Dumping data for table `ps_product_comment_criterion_category`
--


--
-- Table structure for table `ps_product_comment_criterion_lang`
--

CREATE TABLE `ps_product_comment_criterion_lang` (
  `id_product_comment_criterion` int(11) unsigned NOT NULL,
  `id_lang` int(11) unsigned NOT NULL,
  `name` varchar(64) NOT NULL,
  PRIMARY KEY (`id_product_comment_criterion`,`id_lang`)
) ENGINE=InnoDB DEFAULT CHARSET=utf8;

--
-- Dumping data for table `ps_product_comment_criterion_lang`
--

INSERT INTO `ps_product_comment_criterion_lang` VALUES (1,1,'Quality'),(1,2,'Quality'),(1,7,'Quality');

--
-- Table structure for table `ps_product_comment_criterion_product`
--

CREATE TABLE `ps_product_comment_criterion_product` (
  `id_product` int(10) unsigned NOT NULL,
  `id_product_comment_criterion` int(10) unsigned NOT NULL,
  PRIMARY KEY (`id_product`,`id_product_comment_criterion`),
  KEY `id_product_comment_criterion` (`id_product_comment_criterion`)
) ENGINE=InnoDB DEFAULT CHARSET=utf8;

--
-- Dumping data for table `ps_product_comment_criterion_product`
--


--
-- Table structure for table `ps_product_comment_grade`
--

CREATE TABLE `ps_product_comment_grade` (
  `id_product_comment` int(10) unsigned NOT NULL,
  `id_product_comment_criterion` int(10) unsigned NOT NULL,
  `grade` int(10) unsigned NOT NULL,
  PRIMARY KEY (`id_product_comment`,`id_product_comment_criterion`),
  KEY `id_product_comment_criterion` (`id_product_comment_criterion`)
) ENGINE=InnoDB DEFAULT CHARSET=utf8;

--
-- Dumping data for table `ps_product_comment_grade`
--


--
-- Table structure for table `ps_product_comment_report`
--

CREATE TABLE `ps_product_comment_report` (
  `id_product_comment` int(10) unsigned NOT NULL,
  `id_customer` int(10) unsigned NOT NULL,
  PRIMARY KEY (`id_product_comment`,`id_customer`)
) ENGINE=InnoDB DEFAULT CHARSET=utf8;

--
-- Dumping data for table `ps_product_comment_report`
--


--
-- Table structure for table `ps_product_comment_usefulness`
--

CREATE TABLE `ps_product_comment_usefulness` (
  `id_product_comment` int(10) unsigned NOT NULL,
  `id_customer` int(10) unsigned NOT NULL,
  `usefulness` tinyint(1) unsigned NOT NULL,
  PRIMARY KEY (`id_product_comment`,`id_customer`)
) ENGINE=InnoDB DEFAULT CHARSET=utf8;

--
-- Dumping data for table `ps_product_comment_usefulness`
--


--
-- Table structure for table `ps_product_country_tax`
--

CREATE TABLE `ps_product_country_tax` (
  `id_product` int(11) NOT NULL,
  `id_country` int(11) NOT NULL,
  `id_tax` int(11) NOT NULL,
  PRIMARY KEY (`id_product`,`id_country`)
) ENGINE=InnoDB DEFAULT CHARSET=utf8;

--
-- Dumping data for table `ps_product_country_tax`
--


--
-- Table structure for table `ps_product_download`
--

CREATE TABLE `ps_product_download` (
  `id_product_download` int(10) unsigned NOT NULL AUTO_INCREMENT,
  `id_product` int(10) unsigned NOT NULL,
  `display_filename` varchar(255) DEFAULT NULL,
  `filename` varchar(255) DEFAULT NULL,
  `date_add` datetime NOT NULL,
  `date_expiration` datetime DEFAULT NULL,
  `nb_days_accessible` int(10) unsigned DEFAULT NULL,
  `nb_downloadable` int(10) unsigned DEFAULT '1',
  `active` tinyint(1) unsigned NOT NULL DEFAULT '1',
  `is_shareable` tinyint(1) unsigned NOT NULL DEFAULT '0',
  PRIMARY KEY (`id_product_download`),
  UNIQUE KEY `id_product` (`id_product`),
  KEY `product_active` (`id_product`,`active`)
) ENGINE=InnoDB DEFAULT CHARSET=utf8;

--
-- Dumping data for table `ps_product_download`
--


--
-- Table structure for table `ps_product_group_reduction_cache`
--

CREATE TABLE `ps_product_group_reduction_cache` (
  `id_product` int(10) unsigned NOT NULL,
  `id_group` int(10) unsigned NOT NULL,
  `reduction` decimal(4,3) NOT NULL,
  PRIMARY KEY (`id_product`,`id_group`)
) ENGINE=InnoDB DEFAULT CHARSET=utf8;

--
-- Dumping data for table `ps_product_group_reduction_cache`
--


--
-- Table structure for table `ps_product_lang`
--

CREATE TABLE `ps_product_lang` (
  `id_product` int(10) unsigned NOT NULL,
  `id_shop` int(11) unsigned NOT NULL DEFAULT '1',
  `id_lang` int(10) unsigned NOT NULL,
  `description` text,
  `description_short` text,
  `link_rewrite` varchar(128) NOT NULL,
  `meta_description` varchar(255) DEFAULT NULL,
  `meta_keywords` varchar(255) DEFAULT NULL,
  `meta_title` varchar(128) DEFAULT NULL,
  `name` varchar(128) NOT NULL,
  `available_now` varchar(255) DEFAULT NULL,
  `available_later` varchar(255) DEFAULT NULL,
  PRIMARY KEY (`id_product`,`id_shop`,`id_lang`),
  KEY `id_lang` (`id_lang`),
  KEY `name` (`name`)
) ENGINE=InnoDB DEFAULT CHARSET=utf8;

--
-- Dumping data for table `ps_product_lang`
--

INSERT INTO `ps_product_lang` VALUES (1,1,1,'','','t','','','','test','',''),(1,1,2,'','','t','','','','test','',''),(1,1,7,'','','t','','','','test','','');

--
-- Table structure for table `ps_product_sale`
--

CREATE TABLE `ps_product_sale` (
  `id_product` int(10) unsigned NOT NULL,
  `quantity` int(10) unsigned NOT NULL DEFAULT '0',
  `sale_nbr` int(10) unsigned NOT NULL DEFAULT '0',
  `date_upd` date NOT NULL,
  PRIMARY KEY (`id_product`),
  KEY `quantity` (`quantity`)
) ENGINE=InnoDB DEFAULT CHARSET=utf8;

--
-- Dumping data for table `ps_product_sale`
--

INSERT INTO `ps_product_sale` VALUES (1,3,2,'2021-05-04');

--
-- Table structure for table `ps_product_shop`
--

CREATE TABLE `ps_product_shop` (
  `id_product` int(10) unsigned NOT NULL,
  `id_shop` int(10) unsigned NOT NULL,
  `id_category_default` int(10) unsigned DEFAULT NULL,
  `id_tax_rules_group` int(11) unsigned NOT NULL,
  `on_sale` tinyint(1) unsigned NOT NULL DEFAULT '0',
  `online_only` tinyint(1) unsigned NOT NULL DEFAULT '0',
  `ecotax` decimal(17,6) NOT NULL DEFAULT '0.000000',
  `minimal_quantity` int(10) unsigned NOT NULL DEFAULT '1',
  `price` decimal(20,6) NOT NULL DEFAULT '0.000000',
  `wholesale_price` decimal(20,6) NOT NULL DEFAULT '0.000000',
  `unity` varchar(255) DEFAULT NULL,
  `unit_price_ratio` decimal(20,6) NOT NULL DEFAULT '0.000000',
  `additional_shipping_cost` decimal(20,2) NOT NULL DEFAULT '0.00',
  `customizable` tinyint(2) NOT NULL DEFAULT '0',
  `uploadable_files` tinyint(4) NOT NULL DEFAULT '0',
  `text_fields` tinyint(4) NOT NULL DEFAULT '0',
  `active` tinyint(1) unsigned NOT NULL DEFAULT '0',
  `redirect_type` enum('','404','301','302') NOT NULL DEFAULT '',
  `id_product_redirected` int(10) unsigned NOT NULL DEFAULT '0',
  `available_for_order` tinyint(1) NOT NULL DEFAULT '1',
  `available_date` date NOT NULL DEFAULT '0000-00-00',
  `condition` enum('new','used','refurbished') NOT NULL DEFAULT 'new',
  `show_price` tinyint(1) NOT NULL DEFAULT '1',
  `indexed` tinyint(1) NOT NULL DEFAULT '0',
  `visibility` enum('both','catalog','search','none') NOT NULL DEFAULT 'both',
  `cache_default_attribute` int(10) unsigned DEFAULT NULL,
  `advanced_stock_management` tinyint(1) NOT NULL DEFAULT '0',
  `date_add` datetime NOT NULL,
  `date_upd` datetime NOT NULL,
  `pack_stock_type` int(11) unsigned NOT NULL DEFAULT '3',
  PRIMARY KEY (`id_product`,`id_shop`),
  KEY `id_category_default` (`id_category_default`),
  KEY `date_add` (`date_add`,`active`,`visibility`),
  KEY `indexed` (`indexed`,`active`,`id_product`)
) ENGINE=InnoDB DEFAULT CHARSET=utf8;

--
-- Dumping data for table `ps_product_shop`
--

INSERT INTO `ps_product_shop` VALUES (1,1,2,0,0,0,0.000000,1,1.000000,0.000000,'',0.000000,0.00,0,0,0,1,'404',0,1,'0000-00-00','new',1,1,'both',0,0,'2021-05-04 11:22:26','2021-05-04 11:22:38',3);

--
-- Table structure for table `ps_product_supplier`
--

CREATE TABLE `ps_product_supplier` (
  `id_product_supplier` int(11) unsigned NOT NULL AUTO_INCREMENT,
  `id_product` int(11) unsigned NOT NULL,
  `id_product_attribute` int(11) unsigned NOT NULL DEFAULT '0',
  `id_supplier` int(11) unsigned NOT NULL,
  `product_supplier_reference` varchar(32) DEFAULT NULL,
  `product_supplier_price_te` decimal(20,6) NOT NULL DEFAULT '0.000000',
  `id_currency` int(11) unsigned NOT NULL,
  PRIMARY KEY (`id_product_supplier`),
  UNIQUE KEY `id_product` (`id_product`,`id_product_attribute`,`id_supplier`),
  KEY `id_supplier` (`id_supplier`,`id_product`)
) ENGINE=InnoDB DEFAULT CHARSET=utf8;

--
-- Dumping data for table `ps_product_supplier`
--


--
-- Table structure for table `ps_product_tag`
--

CREATE TABLE `ps_product_tag` (
  `id_product` int(10) unsigned NOT NULL,
  `id_tag` int(10) unsigned NOT NULL,
  `id_lang` int(10) unsigned NOT NULL,
  PRIMARY KEY (`id_product`,`id_tag`),
  KEY `id_tag` (`id_tag`),
  KEY `id_lang` (`id_lang`,`id_tag`)
) ENGINE=InnoDB DEFAULT CHARSET=utf8;

--
-- Dumping data for table `ps_product_tag`
--


--
-- Table structure for table `ps_profile`
--

CREATE TABLE `ps_profile` (
  `id_profile` int(10) unsigned NOT NULL AUTO_INCREMENT,
  PRIMARY KEY (`id_profile`)
) ENGINE=InnoDB AUTO_INCREMENT=8 DEFAULT CHARSET=utf8;

--
-- Dumping data for table `ps_profile`
--

INSERT INTO `ps_profile` VALUES (1),(2),(3),(4),(5),(6),(7);

--
-- Table structure for table `ps_profile_lang`
--

CREATE TABLE `ps_profile_lang` (
  `id_lang` int(10) unsigned NOT NULL,
  `id_profile` int(10) unsigned NOT NULL,
  `name` varchar(128) NOT NULL,
  PRIMARY KEY (`id_profile`,`id_lang`)
) ENGINE=InnoDB DEFAULT CHARSET=utf8;

--
-- Dumping data for table `ps_profile_lang`
--

INSERT INTO `ps_profile_lang` VALUES (1,1,'SuperAdmin'),(2,1,'SuperAdmin'),(3,1,'SuperAdmin'),(4,1,'SuperAdmin'),(5,1,'SuperAdmin'),(6,1,'SuperAdmin'),(7,1,'SuperAdmin'),(8,1,'SuperAdmin'),(9,1,'SuperAdmin'),(10,1,'SuperAdmin'),(11,1,'SuperAdmin'),(1,2,'Logistician'),(2,2,'Logistician'),(3,2,'Logistician'),(4,2,'Logistician'),(5,2,'Logistician'),(6,2,'Logistician'),(7,2,'Logistician'),(8,2,'Logistician'),(9,2,'Logistician'),(10,2,'Logistician'),(11,2,'Logistician'),(1,3,'Translator'),(2,3,'Translator'),(3,3,'Translator'),(4,3,'Translator'),(5,3,'Translator'),(6,3,'Translator'),(7,3,'Translator'),(8,3,'Translator'),(9,3,'Translator'),(10,3,'Translator'),(11,3,'Translator'),(1,4,'Salesman'),(2,4,'Salesman'),(3,4,'Salesman'),(4,4,'Salesman'),(5,4,'Salesman'),(6,4,'Salesman'),(7,4,'Salesman'),(8,4,'Salesman'),(9,4,'Salesman'),(10,4,'Salesman'),(11,4,'Salesman'),(1,5,'Admin'),(2,5,'Shop Manager'),(3,5,'Shop Manager'),(4,5,'Shop Manager'),(5,5,'Shop Manager'),(6,5,'Shop Manager'),(7,5,'Shop Manager'),(8,5,'Shop Manager'),(9,5,'Shop Manager'),(10,5,'Shop Manager'),(11,5,'Shop Manager'),(1,6,'POS'),(2,6,'POS'),(7,6,'POS'),(1,7,'Manager'),(2,7,'Manager'),(7,7,'Manager');

--
-- Table structure for table `ps_quick_access`
--

CREATE TABLE `ps_quick_access` (
  `id_quick_access` int(10) unsigned NOT NULL AUTO_INCREMENT,
  `new_window` tinyint(1) NOT NULL DEFAULT '0',
  `link` varchar(255) NOT NULL,
  PRIMARY KEY (`id_quick_access`)
) ENGINE=InnoDB AUTO_INCREMENT=33 DEFAULT CHARSET=utf8;

--
-- Dumping data for table `ps_quick_access`
--

INSERT INTO `ps_quick_access` VALUES (6,0,'index.php?controller=AdminModules&configure=productcomments&tab_module=front_office_features&module_name=productcomments'),(7,0,'index.php?controller=AdminModules&configure=loyalty&tab_module=pricing_promotion&module_name=loyalty'),(9,0,'index.php?controller=AdminModules&configure=zeromanager&tab_module=front_office_features&module_name=zeromanager'),(19,0,'index.php?controller=AdminModules&configure=zerocolors&tab_module=front_office_features&module_name=zerocolors'),(20,0,'index.php?controller=AdminModules&configure=zerodeals&tab_module=front_office_features&module_name=zerodeals'),(21,0,'index.php?controller=AdminModules&configure=zerohomepage&tab_module=front_office_features&module_name=zerohomepage'),(22,0,'index.php?controller=AdminModules&configure=zerofeaturedcategories&tab_module=front_office_features&module_name=zerofeaturedcategories'),(23,0,'index.php?controller=AdminModules&configure=zeromenu&tab_module=front_office_features&module_name=zeromenu'),(24,0,'index.php?controller=AdminModules&configure=zeroslideshow&tab_module=front_office_features&module_name=zeroslideshow'),(25,0,'index.php?controller=AdminModules&configure=zerosidebar&tab_module=front_office_features&module_name=zerosidebar'),(26,0,'index.php?controller=AdminModules&configure=zeroproductadditional&tab_module=front_office_features&module_name=zeroproductadditional'),(27,0,'index.php?controller=AdminModules&configure=birthdaycoupon&tab_module=front_office_features&module_name=birthdaycoupon'),(28,0,'index.php?controller=AdminModules&configure=deliverydateswizard&tab_module=checkout&module_name=deliverydateswizard'),(29,0,'index.php?controller=AdminModules&configure=fileuploads&tab_module=front_office_features&module_name=fileuploads'),(30,0,'index.php?controller=AdminModules&configure=blocklayered&tab_module=front_office_features&module_name=blocklayered'),(31,0,'index.php?controller=AdminModules&configure=referralbyphone&tab_module=advertising_marketing&module_name=referralbyphone'),(32,0,'index.php?controller=AdminModules&configure=webcash&tab_module=payments_gateways&module_name=webcash');

--
-- Table structure for table `ps_quick_access_lang`
--

CREATE TABLE `ps_quick_access_lang` (
  `id_quick_access` int(10) unsigned NOT NULL,
  `id_lang` int(10) unsigned NOT NULL,
  `name` varchar(32) NOT NULL,
  PRIMARY KEY (`id_quick_access`,`id_lang`)
) ENGINE=InnoDB DEFAULT CHARSET=utf8;

--
-- Dumping data for table `ps_quick_access_lang`
--

INSERT INTO `ps_quick_access_lang` VALUES (6,1,'Product Comment'),(6,2,'Product Comment'),(6,3,'Product Comment'),(6,4,'Product Comment'),(6,5,'Product Comment'),(6,6,'Product Comment'),(6,7,'Product Comment'),(6,8,'Product Comment'),(6,9,'Product Comment'),(6,10,'Product Comment'),(6,11,'Product Comment'),(7,1,'Loyalty Program'),(7,2,'Loyalty Program'),(7,3,'Loyalty Program'),(7,4,'Loyalty Program'),(7,5,'Loyalty Program'),(7,6,'Loyalty Program'),(7,7,'Loyalty Program'),(7,8,'Loyalty Program'),(7,9,'Loyalty Program'),(7,10,'Loyalty Program'),(7,11,'Loyalty Program'),(9,1,'Theme Manager'),(9,2,'Theme Manager'),(9,7,'Theme Manager'),(9,8,'Theme Manager'),(9,9,'Theme Manager'),(9,10,'Theme Manager'),(9,11,'Theme Manager'),(19,1,'Theme Color and Font'),(19,2,'Theme Color and Font'),(19,7,'Theme Color and Font'),(20,1,'Homepage Daily Deals'),(20,2,'Homepage Daily Deals'),(20,7,'Homepage Daily Deals'),(21,1,'Homepage Contains'),(21,2,'Homepage Contains'),(21,7,'Homepage Contains'),(22,1,'Homepage Features Category'),(22,2,'Homepage Features Category'),(22,7,'Homepage Features Category'),(23,1,'Homepage Menu Bar'),(23,2,'Homepage Menu Bar'),(23,7,'Homepage Menu Bar'),(24,1,'Homepage Slide Picture'),(24,2,'Homepage Slide Picture'),(24,7,'Homepage Slide Picture'),(25,1,'Homepage Sidebar Contains'),(25,2,'Homepage Sidebar Contains'),(25,7,'Homepage Sidebar Contains'),(26,1,'Product Additional Contains'),(26,2,'Product Additional Contains'),(26,7,'Product Additional Contains'),(27,1,'Birthday Configuration'),(27,2,'Birthday Configuration'),(27,7,'Birthday Configuration'),(28,1,'Delivery Date Configuration'),(28,2,'Delivery Date Configuration'),(28,7,'Delivery Date Configuration'),(29,1,'File Upload Configuration'),(29,2,'File Upload Configuration'),(29,7,'File Upload Configuration'),(30,1,'Category Filter'),(30,2,'Category Filter'),(30,7,'Category Filter'),(31,1,'Referral Plus'),(31,2,'Referral Plus'),(31,7,'Referral Plus'),(32,1,'KipplePay'),(32,2,'KipplePay'),(32,7,'KipplePay');

--
-- Table structure for table `ps_quotation`
--

CREATE TABLE `ps_quotation` (
  `id_quotation` int(11) NOT NULL AUTO_INCREMENT,
  `ref_quotation` varchar(255) DEFAULT NULL,
  `id_cart` int(11) NOT NULL,
  `id_customer` int(11) DEFAULT NULL,
  `first_name` varchar(255) NOT NULL,
  `last_name` varchar(255) NOT NULL,
  `email` varchar(255) NOT NULL,
  `phone` varchar(255) DEFAULT NULL,
  `contacted` tinyint(1) NOT NULL,
  `deleted` tinyint(1) NOT NULL,
  `date_add` datetime NOT NULL,
  PRIMARY KEY (`id_quotation`)
) ENGINE=InnoDB DEFAULT CHARSET=utf8;

--
-- Dumping data for table `ps_quotation`
--


--
-- Table structure for table `ps_range_price`
--

CREATE TABLE `ps_range_price` (
  `id_range_price` int(10) unsigned NOT NULL AUTO_INCREMENT,
  `id_carrier` int(10) unsigned NOT NULL,
  `delimiter1` decimal(20,6) NOT NULL,
  `delimiter2` decimal(20,6) NOT NULL,
  PRIMARY KEY (`id_range_price`),
  UNIQUE KEY `id_carrier` (`id_carrier`,`delimiter1`,`delimiter2`)
) ENGINE=InnoDB AUTO_INCREMENT=19 DEFAULT CHARSET=utf8;

--
-- Dumping data for table `ps_range_price`
--

INSERT INTO `ps_range_price` VALUES (1,2,0.000000,10000.000000),(2,20,0.010000,20.000000),(3,20,20.000000,50.000000),(4,20,50.000000,100.000000),(5,20,100.000000,1000.000000),(6,20,1000.000000,10000.000000),(8,21,200.000000,10000.000000),(7,28,0.000000,200.000000),(9,41,200.010000,10000.000000),(10,45,0.000000,200.010000),(11,51,0.000000,200.000000),(12,51,200.000000,10000.000000),(13,58,0.000000,0.100000),(14,87,0.000000,100.000000),(15,87,100.000000,10000.000000),(18,102,0.000000,10000.000000),(16,104,0.000000,200.000000),(17,104,200.000000,10000.000000);

--
-- Table structure for table `ps_range_weight`
--

CREATE TABLE `ps_range_weight` (
  `id_range_weight` int(10) unsigned NOT NULL AUTO_INCREMENT,
  `id_carrier` int(10) unsigned NOT NULL,
  `delimiter1` decimal(20,6) NOT NULL,
  `delimiter2` decimal(20,6) NOT NULL,
  PRIMARY KEY (`id_range_weight`),
  UNIQUE KEY `id_carrier` (`id_carrier`,`delimiter1`,`delimiter2`)
) ENGINE=InnoDB AUTO_INCREMENT=82 DEFAULT CHARSET=utf8;

--
-- Dumping data for table `ps_range_weight`
--

INSERT INTO `ps_range_weight` VALUES (3,8,0.000000,2.000000),(2,12,0.100000,1.000000),(5,13,0.500000,0.750000),(6,13,0.750000,1.000000),(7,13,1.000000,1.250000),(8,13,1.250000,1.500000),(9,13,1.500000,1.750000),(10,13,1.750000,2.000000),(11,13,2.000000,2.500000),(12,13,2.500000,3.000000),(13,17,0.501000,0.750000),(14,17,0.751000,1.000000),(15,17,1.001000,1.250000),(16,17,1.251000,1.500000),(17,17,1.501000,1.750000),(18,17,1.751000,2.000000),(19,17,2.001000,2.500000),(20,17,2.501000,3.000000),(21,26,0.000000,0.500000),(1,26,0.000000,10000.000000),(22,31,0.000000,0.500000),(23,31,0.501000,0.750000),(24,31,0.751000,1.000000),(25,52,0.000000,0.501000),(4,56,0.100000,0.500000),(48,57,0.000000,0.000000),(49,59,0.010000,1.000000),(26,59,0.501000,0.751000),(27,59,0.751000,1.001000),(28,59,1.001000,1.251000),(29,59,1.251000,1.501000),(30,59,1.501000,1.751000),(31,59,1.751000,2.001000),(32,59,2.001000,2.501000),(33,59,2.501000,3.001000),(34,59,3.001000,3.501000),(35,59,3.501000,4.001000),(36,59,4.001000,4.501000),(37,59,4.501000,5.001000),(38,59,5.001000,5.501000),(39,59,5.501000,6.001000),(40,59,6.001000,6.501000),(41,59,6.501000,7.001000),(42,59,7.001000,7.501000),(43,59,7.501000,8.001000),(44,59,8.001000,8.501000),(45,59,8.501000,9.001000),(46,59,9.001000,9.501000),(47,59,9.501000,10.001000),(50,67,0.100000,0.500000),(51,67,0.600000,0.700000),(52,67,0.800000,1.000000),(53,67,1.100000,1.200000),(54,67,1.300000,1.500000),(55,67,1.600000,1.700000),(56,67,1.800000,2.000000),(57,67,2.100000,2.500000),(58,97,0.000000,0.501000),(59,97,0.501000,0.751000),(60,97,0.751000,1.001000),(61,97,1.001000,1.251000),(62,97,1.251000,1.501000),(63,97,1.501000,1.751000),(64,97,1.751000,2.001000),(65,97,2.001000,2.501000),(66,97,2.501000,3.001000),(67,97,3.001000,3.500000),(68,97,3.500000,4.001000),(69,97,4.001000,4.501000),(70,97,4.501000,5.001000),(71,97,5.001000,5.501000),(72,97,5.501000,6.001000),(73,97,6.001000,6.501000),(74,97,6.501000,7.001000),(75,97,7.001000,7.501000),(76,97,7.501000,8.001000),(77,97,8.001000,8.501000),(78,97,8.501000,9.001000),(79,97,9.001000,9.501000),(80,97,9.501000,10.001000),(81,105,0.000000,10000.000000);

--
-- Table structure for table `ps_referralbyphone`
--

CREATE TABLE `ps_referralbyphone` (
  `id_referralbyphone` int(10) unsigned NOT NULL AUTO_INCREMENT,
  `id_sponsor` int(10) unsigned NOT NULL,
  `email` varchar(255) NOT NULL,
  `lastname` varchar(128) NOT NULL,
  `firstname` varchar(128) NOT NULL,
  `id_customer` int(10) unsigned DEFAULT NULL,
  `id_cart_rule` int(10) unsigned DEFAULT NULL,
  `id_cart_rule_sponsor` int(10) unsigned DEFAULT NULL,
  `date_add` datetime NOT NULL,
  `date_upd` datetime NOT NULL,
  PRIMARY KEY (`id_referralbyphone`),
  UNIQUE KEY `index_unique_referralbyphone_email` (`email`)
) ENGINE=InnoDB DEFAULT CHARSET=utf8;

--
-- Dumping data for table `ps_referralbyphone`
--


--
-- Table structure for table `ps_referralprogram`
--

CREATE TABLE `ps_referralprogram` (
  `id_referralprogram` int(10) unsigned NOT NULL AUTO_INCREMENT,
  `id_sponsor` int(10) unsigned NOT NULL,
  `email` varchar(255) NOT NULL,
  `lastname` varchar(128) NOT NULL,
  `firstname` varchar(128) NOT NULL,
  `id_customer` int(10) unsigned DEFAULT NULL,
  `id_cart_rule` int(10) unsigned DEFAULT NULL,
  `id_cart_rule_sponsor` int(10) unsigned DEFAULT NULL,
  `date_add` datetime NOT NULL,
  `date_upd` datetime NOT NULL,
  PRIMARY KEY (`id_referralprogram`),
  UNIQUE KEY `index_unique_referralprogram_email` (`email`)
) ENGINE=InnoDB AUTO_INCREMENT=2 DEFAULT CHARSET=utf8;

--
-- Dumping data for table `ps_referralprogram`
--

INSERT INTO `ps_referralprogram` VALUES (1,6,'kc_alice@yahoo.com','Alice','wong',0,0,0,'2019-09-23 17:12:28','2019-09-23 17:12:28');

--
-- Table structure for table `ps_referrer`
--

CREATE TABLE `ps_referrer` (
  `id_referrer` int(10) unsigned NOT NULL AUTO_INCREMENT,
  `name` varchar(64) NOT NULL,
  `passwd` varchar(32) DEFAULT NULL,
  `http_referer_regexp` varchar(64) DEFAULT NULL,
  `http_referer_like` varchar(64) DEFAULT NULL,
  `request_uri_regexp` varchar(64) DEFAULT NULL,
  `request_uri_like` varchar(64) DEFAULT NULL,
  `http_referer_regexp_not` varchar(64) DEFAULT NULL,
  `http_referer_like_not` varchar(64) DEFAULT NULL,
  `request_uri_regexp_not` varchar(64) DEFAULT NULL,
  `request_uri_like_not` varchar(64) DEFAULT NULL,
  `base_fee` decimal(5,2) NOT NULL DEFAULT '0.00',
  `percent_fee` decimal(5,2) NOT NULL DEFAULT '0.00',
  `click_fee` decimal(5,2) NOT NULL DEFAULT '0.00',
  `date_add` datetime NOT NULL,
  PRIMARY KEY (`id_referrer`)
) ENGINE=InnoDB DEFAULT CHARSET=utf8;

--
-- Dumping data for table `ps_referrer`
--


--
-- Table structure for table `ps_referrer_cache`
--

CREATE TABLE `ps_referrer_cache` (
  `id_connections_source` int(11) unsigned NOT NULL,
  `id_referrer` int(11) unsigned NOT NULL,
  PRIMARY KEY (`id_connections_source`,`id_referrer`)
) ENGINE=InnoDB DEFAULT CHARSET=utf8;

--
-- Dumping data for table `ps_referrer_cache`
--


--
-- Table structure for table `ps_referrer_shop`
--

CREATE TABLE `ps_referrer_shop` (
  `id_referrer` int(10) unsigned NOT NULL AUTO_INCREMENT,
  `id_shop` int(10) unsigned NOT NULL DEFAULT '1',
  `cache_visitors` int(11) DEFAULT NULL,
  `cache_visits` int(11) DEFAULT NULL,
  `cache_pages` int(11) DEFAULT NULL,
  `cache_registrations` int(11) DEFAULT NULL,
  `cache_orders` int(11) DEFAULT NULL,
  `cache_sales` decimal(17,2) DEFAULT NULL,
  `cache_reg_rate` decimal(5,4) DEFAULT NULL,
  `cache_order_rate` decimal(5,4) DEFAULT NULL,
  PRIMARY KEY (`id_referrer`,`id_shop`)
) ENGINE=InnoDB DEFAULT CHARSET=utf8;

--
-- Dumping data for table `ps_referrer_shop`
--


--
-- Table structure for table `ps_request_sql`
--

CREATE TABLE `ps_request_sql` (
  `id_request_sql` int(11) NOT NULL AUTO_INCREMENT,
  `name` varchar(200) NOT NULL,
  `sql` text NOT NULL,
  PRIMARY KEY (`id_request_sql`)
) ENGINE=InnoDB DEFAULT CHARSET=utf8;

--
-- Dumping data for table `ps_request_sql`
--


--
-- Table structure for table `ps_required_field`
--

CREATE TABLE `ps_required_field` (
  `id_required_field` int(11) NOT NULL AUTO_INCREMENT,
  `object_name` varchar(32) NOT NULL,
  `field_name` varchar(32) NOT NULL,
  PRIMARY KEY (`id_required_field`),
  KEY `object_name` (`object_name`)
) ENGINE=InnoDB DEFAULT CHARSET=utf8;

--
-- Dumping data for table `ps_required_field`
--


--
-- Table structure for table `ps_risk`
--

CREATE TABLE `ps_risk` (
  `id_risk` int(11) unsigned NOT NULL AUTO_INCREMENT,
  `percent` tinyint(3) NOT NULL,
  `color` varchar(32) DEFAULT NULL,
  PRIMARY KEY (`id_risk`)
) ENGINE=InnoDB AUTO_INCREMENT=5 DEFAULT CHARSET=utf8;

--
-- Dumping data for table `ps_risk`
--

INSERT INTO `ps_risk` VALUES (1,0,'#32CD32'),(2,35,'#FF8C00'),(3,75,'#DC143C'),(4,100,'#ec2e15');

--
-- Table structure for table `ps_risk_lang`
--

CREATE TABLE `ps_risk_lang` (
  `id_risk` int(10) unsigned NOT NULL,
  `id_lang` int(10) unsigned NOT NULL,
  `name` varchar(20) NOT NULL,
  PRIMARY KEY (`id_risk`,`id_lang`),
  KEY `id_risk` (`id_risk`)
) ENGINE=InnoDB DEFAULT CHARSET=utf8;

--
-- Dumping data for table `ps_risk_lang`
--

INSERT INTO `ps_risk_lang` VALUES (1,1,'None'),(1,2,'None'),(1,3,'None'),(1,4,'None'),(1,5,'None'),(1,6,'None'),(1,7,'None'),(1,8,'None'),(1,9,'None'),(1,10,'None'),(1,11,'None'),(2,1,'Low'),(2,2,'Low'),(2,3,'Low'),(2,4,'Low'),(2,5,'Low'),(2,6,'Low'),(2,7,'Low'),(2,8,'Low'),(2,9,'Low'),(2,10,'Low'),(2,11,'Low'),(3,1,'Medium'),(3,2,'Medium'),(3,3,'Medium'),(3,4,'Medium'),(3,5,'Medium'),(3,6,'Medium'),(3,7,'Medium'),(3,8,'Medium'),(3,9,'Medium'),(3,10,'Medium'),(3,11,'Medium'),(4,1,'High'),(4,2,'High'),(4,3,'High'),(4,4,'High'),(4,5,'High'),(4,6,'High'),(4,7,'High'),(4,8,'High'),(4,9,'High'),(4,10,'High'),(4,11,'High');

--
-- Table structure for table `ps_scene`
--

CREATE TABLE `ps_scene` (
  `id_scene` int(10) unsigned NOT NULL AUTO_INCREMENT,
  `active` tinyint(1) NOT NULL DEFAULT '1',
  PRIMARY KEY (`id_scene`)
) ENGINE=InnoDB DEFAULT CHARSET=utf8;

--
-- Dumping data for table `ps_scene`
--


--
-- Table structure for table `ps_scene_category`
--

CREATE TABLE `ps_scene_category` (
  `id_scene` int(10) unsigned NOT NULL,
  `id_category` int(10) unsigned NOT NULL,
  PRIMARY KEY (`id_scene`,`id_category`)
) ENGINE=InnoDB DEFAULT CHARSET=utf8;

--
-- Dumping data for table `ps_scene_category`
--


--
-- Table structure for table `ps_scene_lang`
--

CREATE TABLE `ps_scene_lang` (
  `id_scene` int(10) unsigned NOT NULL,
  `id_lang` int(10) unsigned NOT NULL,
  `name` varchar(100) NOT NULL,
  PRIMARY KEY (`id_scene`,`id_lang`)
) ENGINE=InnoDB DEFAULT CHARSET=utf8;

--
-- Dumping data for table `ps_scene_lang`
--


--
-- Table structure for table `ps_scene_products`
--

CREATE TABLE `ps_scene_products` (
  `id_scene` int(10) unsigned NOT NULL,
  `id_product` int(10) unsigned NOT NULL,
  `x_axis` int(4) NOT NULL,
  `y_axis` int(4) NOT NULL,
  `zone_width` int(3) NOT NULL,
  `zone_height` int(3) NOT NULL,
  PRIMARY KEY (`id_scene`,`id_product`,`x_axis`,`y_axis`)
) ENGINE=InnoDB DEFAULT CHARSET=utf8;

--
-- Dumping data for table `ps_scene_products`
--


--
-- Table structure for table `ps_scene_shop`
--

CREATE TABLE `ps_scene_shop` (
  `id_scene` int(11) unsigned NOT NULL,
  `id_shop` int(11) unsigned NOT NULL,
  PRIMARY KEY (`id_scene`,`id_shop`),
  KEY `id_shop` (`id_shop`)
) ENGINE=InnoDB DEFAULT CHARSET=utf8;

--
-- Dumping data for table `ps_scene_shop`
--


--
-- Table structure for table `ps_search_engine`
--

CREATE TABLE `ps_search_engine` (
  `id_search_engine` int(10) unsigned NOT NULL AUTO_INCREMENT,
  `server` varchar(64) NOT NULL,
  `getvar` varchar(16) NOT NULL,
  PRIMARY KEY (`id_search_engine`)
) ENGINE=InnoDB AUTO_INCREMENT=39 DEFAULT CHARSET=utf8;

--
-- Dumping data for table `ps_search_engine`
--

INSERT INTO `ps_search_engine` VALUES (1,'google','q'),(2,'aol','q'),(3,'yandex','text'),(4,'ask.com','q'),(5,'nhl.com','q'),(6,'yahoo','p'),(7,'baidu','wd'),(8,'lycos','query'),(9,'exalead','q'),(10,'search.live','q'),(11,'voila','rdata'),(12,'altavista','q'),(13,'bing','q'),(14,'daum','q'),(15,'eniro','search_word'),(16,'naver','query'),(17,'msn','q'),(18,'netscape','query'),(19,'cnn','query'),(20,'about','terms'),(21,'mamma','query'),(22,'alltheweb','q'),(23,'virgilio','qs'),(24,'alice','qs'),(25,'najdi','q'),(26,'mama','query'),(27,'seznam','q'),(28,'onet','qt'),(29,'szukacz','q'),(30,'yam','k'),(31,'pchome','q'),(32,'kvasir','q'),(33,'sesam','q'),(34,'ozu','q'),(35,'terra','query'),(36,'mynet','q'),(37,'ekolay','q'),(38,'rambler','words');

--
-- Table structure for table `ps_search_index`
--

CREATE TABLE `ps_search_index` (
  `id_product` int(11) unsigned NOT NULL,
  `id_word` int(11) unsigned NOT NULL,
  `weight` smallint(4) unsigned NOT NULL DEFAULT '1',
  PRIMARY KEY (`id_word`,`id_product`),
  KEY `id_product` (`id_product`)
) ENGINE=InnoDB DEFAULT CHARSET=utf8;

--
-- Dumping data for table `ps_search_index`
--

INSERT INTO `ps_search_index` VALUES (1,1,6),(1,2,3),(1,3,6),(1,4,3),(1,5,6),(1,6,3);

--
-- Table structure for table `ps_search_word`
--

CREATE TABLE `ps_search_word` (
  `id_word` int(10) unsigned NOT NULL AUTO_INCREMENT,
  `id_shop` int(11) unsigned NOT NULL DEFAULT '1',
  `id_lang` int(10) unsigned NOT NULL,
  `word` varchar(15) NOT NULL,
  PRIMARY KEY (`id_word`),
  UNIQUE KEY `id_lang` (`id_lang`,`id_shop`,`word`)
) ENGINE=InnoDB AUTO_INCREMENT=7 DEFAULT CHARSET=utf8;

--
-- Dumping data for table `ps_search_word`
--

INSERT INTO `ps_search_word` VALUES (2,1,1,'home'),(1,1,1,'test'),(4,1,2,'home'),(3,1,2,'test'),(6,1,7,'home'),(5,1,7,'test');

--
-- Table structure for table `ps_sekeyword`
--

CREATE TABLE `ps_sekeyword` (
  `id_sekeyword` int(10) unsigned NOT NULL AUTO_INCREMENT,
  `id_shop` int(10) unsigned NOT NULL DEFAULT '1',
  `id_shop_group` int(10) unsigned NOT NULL DEFAULT '1',
  `keyword` varchar(256) NOT NULL,
  `date_add` datetime NOT NULL,
  PRIMARY KEY (`id_sekeyword`)
) ENGINE=InnoDB DEFAULT CHARSET=utf8;

--
-- Dumping data for table `ps_sekeyword`
--


--
-- Table structure for table `ps_shop`
--

CREATE TABLE `ps_shop` (
  `id_shop` int(11) unsigned NOT NULL AUTO_INCREMENT,
  `id_shop_group` int(11) unsigned NOT NULL,
  `name` varchar(64) NOT NULL,
  `id_category` int(11) unsigned NOT NULL DEFAULT '1',
  `id_theme` int(1) unsigned NOT NULL,
  `active` tinyint(1) NOT NULL DEFAULT '1',
  `deleted` tinyint(1) NOT NULL DEFAULT '0',
  PRIMARY KEY (`id_shop`),
  KEY `id_shop_group` (`id_shop_group`,`deleted`),
  KEY `id_category` (`id_category`),
  KEY `id_theme` (`id_theme`)
) ENGINE=InnoDB AUTO_INCREMENT=2 DEFAULT CHARSET=utf8;

--
-- Dumping data for table `ps_shop`
--

INSERT INTO `ps_shop` VALUES (1,1,'My shop',2,2,1,0);

--
-- Table structure for table `ps_shop_group`
--

CREATE TABLE `ps_shop_group` (
  `id_shop_group` int(11) unsigned NOT NULL AUTO_INCREMENT,
  `name` varchar(64) NOT NULL,
  `share_customer` tinyint(1) NOT NULL,
  `share_order` tinyint(1) NOT NULL,
  `share_stock` tinyint(1) NOT NULL,
  `active` tinyint(1) NOT NULL DEFAULT '1',
  `deleted` tinyint(1) NOT NULL DEFAULT '0',
  PRIMARY KEY (`id_shop_group`),
  KEY `deleted` (`deleted`,`name`)
) ENGINE=InnoDB AUTO_INCREMENT=2 DEFAULT CHARSET=utf8;

--
-- Dumping data for table `ps_shop_group`
--

INSERT INTO `ps_shop_group` VALUES (1,'Default',0,0,0,1,0);

--
-- Table structure for table `ps_shop_url`
--

CREATE TABLE `ps_shop_url` (
  `id_shop_url` int(11) unsigned NOT NULL AUTO_INCREMENT,
  `id_shop` int(11) unsigned NOT NULL,
  `domain` varchar(150) NOT NULL,
  `domain_ssl` varchar(150) NOT NULL,
  `physical_uri` varchar(64) NOT NULL,
  `virtual_uri` varchar(64) NOT NULL,
  `main` tinyint(1) NOT NULL,
  `active` tinyint(1) NOT NULL,
  PRIMARY KEY (`id_shop_url`),
  UNIQUE KEY `full_shop_url` (`domain`,`physical_uri`,`virtual_uri`),
  UNIQUE KEY `full_shop_url_ssl` (`domain_ssl`,`physical_uri`,`virtual_uri`),
  KEY `id_shop` (`id_shop`,`main`)
) ENGINE=InnoDB AUTO_INCREMENT=2 DEFAULT CHARSET=utf8;

--
-- Dumping data for table `ps_shop_url`
--

INSERT INTO `ps_shop_url` VALUES (1,1,'ezecnow.com','ezecnow.com','/mockup/','',1,1);

--
-- Table structure for table `ps_smarty_cache`
--

CREATE TABLE `ps_smarty_cache` (
  `id_smarty_cache` char(40) NOT NULL,
  `name` char(40) NOT NULL,
  `cache_id` varchar(254) DEFAULT NULL,
  `modified` timestamp NOT NULL DEFAULT CURRENT_TIMESTAMP,
  `content` longtext NOT NULL,
  PRIMARY KEY (`id_smarty_cache`),
  KEY `name` (`name`),
  KEY `cache_id` (`cache_id`),
  KEY `modified` (`modified`)
) ENGINE=InnoDB DEFAULT CHARSET=utf8;

--
-- Dumping data for table `ps_smarty_cache`
--

INSERT INTO `ps_smarty_cache` VALUES ('002aec5d71489a22c9feb0593b9ce84ae082ed6c','1cf27adb5bc846fad4143dd3eda52aea25608d4e','zeromanager|1|1|1|3|136','2021-05-14 07:15:11','<?php /*%%SmartyHeaderCode:6031394606090c2c433a078-57314945%%*/if(!defined(\'SMARTY_DIR\')) exit(\'no direct access allowed\');\n$_valid = $_smarty_tpl->decodeProperties(array (\n  \'file_dependency\' => \n  array (\n    \'1cf27adb5bc846fad4143dd3eda52aea25608d4e\' => \n    array (\n      0 => \'/home/jackieyap/public_html/mockup/modules/zeromanager/views/templates/hook/zeromanager_banner.tpl\',\n      1 => 1572947409,\n      2 => \'file\',\n    ),\n  ),\n  \'nocache_hash\' => \'6031394606090c2c433a078-57314945\',\n  \'version\' => \'Smarty-3.1.19\',\n  \'unifunc\' => \'content_609e237f8a2f27_90063186\',\n  \'has_nocache_code\' => false,\n  \'cache_lifetime\' => 31536000,\n),true); /*/%%SmartyHeaderCode%%*/?>\n<?php if ($_valid && !is_callable(\'content_609e237f8a2f27_90063186\')) {function content_609e237f8a2f27_90063186($_smarty_tpl) {?><div class=\"header-event-banner\" id=\"event_banner\" style=\"background-color: #ffffff;\">\n	<div class=\"container\">\n		<p><marquee> Welcome to EZ e-Commerce Solutions</marquee></p>\n        \n        <div class=\"close-banner\"></div>\n	</div>\n    \n</div>\n\n<?php }} ?>\n'),('0438ae0c853c4fd2f473e7f16b0d66558859fba3','0d7791d426067c64a79c2678888045abe9a2a3e5','zerobrands|1|1|1|3|136','2021-05-14 07:15:11','<?php /*%%SmartyHeaderCode:9766131996090c2c45e8e13-07299112%%*/if(!defined(\'SMARTY_DIR\')) exit(\'no direct access allowed\');\n$_valid = $_smarty_tpl->decodeProperties(array (\n  \'file_dependency\' => \n  array (\n    \'0d7791d426067c64a79c2678888045abe9a2a3e5\' => \n    array (\n      0 => \'/home/jackieyap/public_html/mockup/modules/zerobrands/views/templates/hook/zerobrands.tpl\',\n      1 => 1572947409,\n      2 => \'file\',\n    ),\n  ),\n  \'nocache_hash\' => \'9766131996090c2c45e8e13-07299112\',\n  \'version\' => \'Smarty-3.1.19\',\n  \'unifunc\' => \'content_609e237f9eeac4_24274977\',\n  \'has_nocache_code\' => false,\n  \'cache_lifetime\' => 31536000,\n),true); /*/%%SmartyHeaderCode%%*/?>\n<?php if ($_valid && !is_callable(\'content_609e237f9eeac4_24274977\')) {function content_609e237f9eeac4_24274977($_smarty_tpl) {?>\n<!-- MODULE Zero - Brand Logos -->\n<!-- /MODULE Zero - Brand Logos-->\n<?php }} ?>\n'),('0937f83e215b5a62ab521959a815536b26c3022a','2a7c43141b5a0bee27ba4e079cea7c5f6ad80d99','zeromenu|1|3|3|3|136','2021-05-11 07:01:32','<?php /*%%SmartyHeaderCode:1247143716090c2c3e780d1-18966216%%*/if(!defined(\'SMARTY_DIR\')) exit(\'no direct access allowed\');\n$_valid = $_smarty_tpl->decodeProperties(array (\n  \'file_dependency\' => \n  array (\n    \'2a7c43141b5a0bee27ba4e079cea7c5f6ad80d99\' => \n    array (\n      0 => \'/home/jackieyap/public_html/mockup/modules/zeromenu/views/templates/hook/zeromenu.tpl\',\n      1 => 1572947409,\n      2 => \'file\',\n    ),\n  ),\n  \'nocache_hash\' => \'1247143716090c2c3e780d1-18966216\',\n  \'version\' => \'Smarty-3.1.19\',\n  \'unifunc\' => \'content_609a2bccb2a8a6_01002660\',\n  \'has_nocache_code\' => false,\n  \'cache_lifetime\' => 31536000,\n),true); /*/%%SmartyHeaderCode%%*/?>\n<?php if ($_valid && !is_callable(\'content_609a2bccb2a8a6_01002660\')) {function content_609a2bccb2a8a6_01002660($_smarty_tpl) {?>\n<!-- MODULE Zero - Mega Menu -->\n<div class=\"zmega-menu hidden-xs\">\n<div id=\"zmegamenu\" >\n  <div class=\"mobile-title visible-xs\">Menu</div>\n  <ul class=\"znav-top clearfix\">\n  	<li class=\"m-4 plex \">\n		<a href=\"https://ezecnow.com/mockup/index.php?controller=prices-drop\">Highlight\n		</a>\n				<span class=\"mobile-toggle-plus\"></span>\n		<div class=\"dropdown zdropdown-3\" >\n			<div class=\"dropdown-bgimage\" ></div>\n			\n									<div class=\"dropdown-content zcontent-3 d-3\">\n																			<div class=\"product-line\">					<div class=\"product-item\">\n						<p><a class=\"product_img_link\" href=\"https://ezecnow.com/mockup/index.php?id_product=1&amp;controller=product\" title=\"test\"><img class=\"replace-2x img-responsive\" src=\"https://ezecnow.com/mockup/img/p/en-default-medium_default.jpg\" alt=\"test\" title=\"test\" /></a></p>\n						<h5><a class=\"product-name\" href=\"https://ezecnow.com/mockup/index.php?id_product=1&amp;controller=product\" title=\"\">test</a></h5>\n												<p>    \n                            <span class=\"price product-price\">RM1.00</span>\n                        </p>\n											</div>\n					</div>																	</div>\n								</div>\n			</li>\n  	<li class=\"m-1 plex \">\n		<a href=\"\">Products\n		</a>\n				<span class=\"mobile-toggle-plus\"></span>\n		<div class=\"dropdown zdropdown-1\" style=\"background-color: #E3DFDE;\">\n			<div class=\"dropdown-bgimage\" ></div>\n			\n									<div class=\"dropdown-content zcontent-1 d-1\">\n													\n							</div>\n								</div>\n			</li>\n  	<li class=\"m-8 plex \">\n		<a href=\"https://ezecnow.com/mockup/index.php?fc=module&amp;module=zeroblog&amp;controller=zblog\">Latest News\n		</a>\n				<span class=\"mobile-toggle-plus\"></span>\n		<div class=\"dropdown zdropdown-3\" >\n			<div class=\"dropdown-bgimage\" ></div>\n			\n									<div class=\"dropdown-content zcontent-3 d-6\">\n																</div>\n								</div>\n			</li>\n  	<li class=\"m-5  \">\n		<a href=\"https://ezecnow.com/mockup/index.php?controller=contact\">Contact Us\n		</a>\n			</li>\n    </ul>\n</div>\n</div>\n			\n<!-- /MODULE Zero - Mega Menu -->\n<?php }} ?>\n'),('0f87e9d9a672deb5984c912031c9890a2bbba70e','faf079b48b16d73610ceb645f9c94ac2438618e3','zerosidebar|1|1|1|3|136','2021-05-09 15:59:12','<?php /*%%SmartyHeaderCode:8905596426090c3009f2720-49620382%%*/if(!defined(\'SMARTY_DIR\')) exit(\'no direct access allowed\');\n$_valid = $_smarty_tpl->decodeProperties(array (\n  \'file_dependency\' => \n  array (\n    \'faf079b48b16d73610ceb645f9c94ac2438618e3\' => \n    array (\n      0 => \'/home/jackieyap/public_html/mockup/modules/zerosidebar/views/templates/hook/zerosidebar_right.tpl\',\n      1 => 1572947409,\n      2 => \'file\',\n    ),\n  ),\n  \'nocache_hash\' => \'8905596426090c3009f2720-49620382\',\n  \'version\' => \'Smarty-3.1.19\',\n  \'unifunc\' => \'content_609806d0158e65_45036621\',\n  \'has_nocache_code\' => false,\n  \'cache_lifetime\' => 31536000,\n),true); /*/%%SmartyHeaderCode%%*/?>\n<?php if ($_valid && !is_callable(\'content_609806d0158e65_45036621\')) {function content_609806d0158e65_45036621($_smarty_tpl) {?>\n<!-- MODULE Zero - Sidebar Main Blocks -->\n<!-- /MODULE Zero - Sidebar Main Blocks -->\n<?php }} ?>\n'),('118b29e199337384bf2161e11f9a2794ae248102','b8de94a05594ed28006f96de544847d17861ffc4','zeromanager|1|3|3|3|136','2021-05-11 07:01:32','<?php /*%%SmartyHeaderCode:19231270446090c2c42efea0-73244101%%*/if(!defined(\'SMARTY_DIR\')) exit(\'no direct access allowed\');\n$_valid = $_smarty_tpl->decodeProperties(array (\n  \'file_dependency\' => \n  array (\n    \'b8de94a05594ed28006f96de544847d17861ffc4\' => \n    array (\n      0 => \'/home/jackieyap/public_html/mockup/modules/zeromanager/views/templates/hook/zeromanager_nav.tpl\',\n      1 => 1572947409,\n      2 => \'file\',\n    ),\n  ),\n  \'nocache_hash\' => \'19231270446090c2c42efea0-73244101\',\n  \'version\' => \'Smarty-3.1.19\',\n  \'unifunc\' => \'content_609a2bccbc1097_24209170\',\n  \'has_nocache_code\' => false,\n  \'cache_lifetime\' => 31536000,\n),true); /*/%%SmartyHeaderCode%%*/?>\n<?php if ($_valid && !is_callable(\'content_609a2bccbc1097_24209170\')) {function content_609a2bccbc1097_24209170($_smarty_tpl) {?>\n<!-- zeromanager_nav -->\n\n<div class=\"zmenu-nav nav-megamenu\">\n  <!-- MODULE Zero - Mega Menu -->\n  <ul class=\"znav-top\">\n  	<li>\n		<a href=\"https://ezecnow.com/mockup/index.php?controller=prices-drop\" class=\"link-toggle-plus\">\n			Highlight\n			<span class=\"mobile-toggle-plus\"></span>\n		</a>\n				<div class=\"dropdown\">\n			\n									<div class=\"dropdown-content\">\n																			<div class=\"product-item\">\n						<p><a class=\"product_img_link\" href=\"https://ezecnow.com/mockup/index.php?id_product=1&amp;controller=product\" title=\"test\"><img class=\"replace-2x img-responsive\" src=\"https://ezecnow.com/mockup/img/p/en-default-medium_default.jpg\" alt=\"test\" title=\"test\" /></a></p>\n						<h5><a class=\"product-name\" href=\"https://ezecnow.com/mockup/index.php?id_product=1&amp;controller=product\" title=\"\">test</a></h5>\n												<p>    \n                            <span class=\"price product-price\">RM1.00</span>\n                        </p>\n											</div>\n																	</div>\n								</div>\n			</li>\n  	<li>\n		<a href=\"\" class=\"link-toggle-plus\">\n			Products\n			<span class=\"mobile-toggle-plus\"></span>\n		</a>\n				<div class=\"dropdown\">\n			\n									<div class=\"dropdown-content\">\n													\n							</div>\n								</div>\n			</li>\n  	<li>\n		<a href=\"https://ezecnow.com/mockup/index.php?fc=module&amp;module=zeroblog&amp;controller=zblog\" class=\"link-toggle-plus\">\n			Latest News\n			<span class=\"mobile-toggle-plus\"></span>\n		</a>\n				<div class=\"dropdown\">\n			\n									<div class=\"dropdown-content\">\n																</div>\n								</div>\n			</li>\n  	<li>\n		<a href=\"https://ezecnow.com/mockup/index.php?controller=contact\" >\n			Contact Us\n			<span class=\"mobile-toggle-plus\"></span>\n		</a>\n			</li>\n    </ul>\n<!-- /MODULE Zero - Mega Menu -->\n\n</div>\n\n<div class=\"header-custom-links\">\n    <ul>\n          <li><a href=\"https://ezecnow.com/mockup/index.php?id_cms=3&amp;controller=cms\" title=\"Terms and Conditions \">Terms and Conditions </a></li>\n          <li><a href=\"https://ezecnow.com/mockup/index.php?id_cms=6&amp;controller=cms\" title=\"Private Policy \">Private Policy </a></li>\n          <li><a href=\"https://ezecnow.com/mockup/index.php?id_cms=4&amp;controller=cms\" title=\"About us \">About us </a></li>\n          <li><a href=\"https://ezecnow.com/mockup/index.php?controller=prices-drop\" title=\"Price Drop\">Price Drop</a></li>\n          <li><a href=\"https://ezecnow.com/mockup/index.php?controller=new-products\" title=\"New Products\">New Products</a></li>\n          <li><a href=\"https://ezecnow.com/mockup/index.php?controller=contact\" title=\"Contact us\">Contact us</a></li>\n      </ul>\n  \n  \n</div>\n<!-- /zeromanager_nav -->\n\n<?php }} ?>\n'),('15755a74a8b9b4f3bcd497ac084e235565b79c72','996bc9ab1e858d88a1e6470124335223a77728da','zerosidebar|1|3|3|3|136','2021-05-11 07:01:32','<?php /*%%SmartyHeaderCode:19228853136090c2c3f34189-95373020%%*/if(!defined(\'SMARTY_DIR\')) exit(\'no direct access allowed\');\n$_valid = $_smarty_tpl->decodeProperties(array (\n  \'file_dependency\' => \n  array (\n    \'996bc9ab1e858d88a1e6470124335223a77728da\' => \n    array (\n      0 => \'/home/jackieyap/public_html/mockup/modules/zerosidebar/views/templates/hook/zerosidebar.tpl\',\n      1 => 1572947409,\n      2 => \'file\',\n    ),\n  ),\n  \'nocache_hash\' => \'19228853136090c2c3f34189-95373020\',\n  \'version\' => \'Smarty-3.1.19\',\n  \'unifunc\' => \'content_609a2bccb418c2_97351485\',\n  \'has_nocache_code\' => false,\n  \'cache_lifetime\' => 31536000,\n),true); /*/%%SmartyHeaderCode%%*/?>\n<?php if ($_valid && !is_callable(\'content_609a2bccb418c2_97351485\')) {function content_609a2bccb418c2_97351485($_smarty_tpl) {?>\n<!-- MODULE Zero - Sidebar Main Blocks -->\n<!-- /MODULE Zero - Sidebar Main Blocks -->\n<?php }} ?>\n'),('15907e9aba57aefa3daa8ed17d5527337f393e16','f384846b3c1934035d7e81b8a5cf23138587f2db','zerohomepage|1|1|1|3|136','2021-05-14 07:15:11','<?php /*%%SmartyHeaderCode:5793716346090c2c4034b99-83765976%%*/if(!defined(\'SMARTY_DIR\')) exit(\'no direct access allowed\');\n$_valid = $_smarty_tpl->decodeProperties(array (\n  \'file_dependency\' => \n  array (\n    \'f384846b3c1934035d7e81b8a5cf23138587f2db\' => \n    array (\n      0 => \'/home/jackieyap/public_html/mockup/modules/zerohomepage/views/templates/hook/zerohomepage.tpl\',\n      1 => 1572947409,\n      2 => \'file\',\n    ),\n  ),\n  \'nocache_hash\' => \'5793716346090c2c4034b99-83765976\',\n  \'version\' => \'Smarty-3.1.19\',\n  \'unifunc\' => \'content_609e237f5f6f28_48007111\',\n  \'has_nocache_code\' => false,\n  \'cache_lifetime\' => 31536000,\n),true); /*/%%SmartyHeaderCode%%*/?>\n<?php if ($_valid && !is_callable(\'content_609e237f5f6f28_48007111\')) {function content_609e237f5f6f28_48007111($_smarty_tpl) {?>\n<!-- MODULE Zero - Homepage Main Blocks -->\n<!-- /MODULE Zero - Homepage Main Blocks -->\n<?php }} ?>\n'),('1a9c8c21325fc2fa3fbe2143b3561d5c905f1106','5b02247b4d0c5509947ace319bf9fe3e43f38b0b','zerosidebar|1|1|1|3|136','2021-05-14 07:15:09','<?php /*%%SmartyHeaderCode:3713980596090c2c27ae8b0-47044120%%*/if(!defined(\'SMARTY_DIR\')) exit(\'no direct access allowed\');\n$_valid = $_smarty_tpl->decodeProperties(array (\n  \'file_dependency\' => \n  array (\n    \'5b02247b4d0c5509947ace319bf9fe3e43f38b0b\' => \n    array (\n      0 => \'/home/jackieyap/public_html/mockup/modules/zerosidebar/views/templates/hook/zerosidebar_header.tpl\',\n      1 => 1572947409,\n      2 => \'file\',\n    ),\n  ),\n  \'nocache_hash\' => \'3713980596090c2c27ae8b0-47044120\',\n  \'version\' => \'Smarty-3.1.19\',\n  \'unifunc\' => \'content_609e237d1d8822_93194660\',\n  \'has_nocache_code\' => false,\n  \'cache_lifetime\' => 31536000,\n),true); /*/%%SmartyHeaderCode%%*/?>\n<?php if ($_valid && !is_callable(\'content_609e237d1d8822_93194660\')) {function content_609e237d1d8822_93194660($_smarty_tpl) {?>\n<?php }} ?>\n'),('1cf147e37fe3d256e9d8003bb9bb58a555c07d2b','0d7791d426067c64a79c2678888045abe9a2a3e5','zerobrands|1|3|3|3|136','2021-05-11 07:01:32','<?php /*%%SmartyHeaderCode:9766131996090c2c45e8e13-07299112%%*/if(!defined(\'SMARTY_DIR\')) exit(\'no direct access allowed\');\n$_valid = $_smarty_tpl->decodeProperties(array (\n  \'file_dependency\' => \n  array (\n    \'0d7791d426067c64a79c2678888045abe9a2a3e5\' => \n    array (\n      0 => \'/home/jackieyap/public_html/mockup/modules/zerobrands/views/templates/hook/zerobrands.tpl\',\n      1 => 1572947409,\n      2 => \'file\',\n    ),\n  ),\n  \'nocache_hash\' => \'9766131996090c2c45e8e13-07299112\',\n  \'version\' => \'Smarty-3.1.19\',\n  \'unifunc\' => \'content_609a2bccc2fc79_84806133\',\n  \'has_nocache_code\' => false,\n  \'cache_lifetime\' => 31536000,\n),true); /*/%%SmartyHeaderCode%%*/?>\n<?php if ($_valid && !is_callable(\'content_609a2bccc2fc79_84806133\')) {function content_609a2bccc2fc79_84806133($_smarty_tpl) {?>\n<!-- MODULE Zero - Brand Logos -->\n<!-- /MODULE Zero - Brand Logos-->\n<?php }} ?>\n'),('1e6c9ae4b7133678d49ba5094f5a060a9d38f933','b8de94a05594ed28006f96de544847d17861ffc4','zeromanager|1|1|1|3|136','2021-05-14 07:15:11','<?php /*%%SmartyHeaderCode:19231270446090c2c42efea0-73244101%%*/if(!defined(\'SMARTY_DIR\')) exit(\'no direct access allowed\');\n$_valid = $_smarty_tpl->decodeProperties(array (\n  \'file_dependency\' => \n  array (\n    \'b8de94a05594ed28006f96de544847d17861ffc4\' => \n    array (\n      0 => \'/home/jackieyap/public_html/mockup/modules/zeromanager/views/templates/hook/zeromanager_nav.tpl\',\n      1 => 1572947409,\n      2 => \'file\',\n    ),\n  ),\n  \'nocache_hash\' => \'19231270446090c2c42efea0-73244101\',\n  \'version\' => \'Smarty-3.1.19\',\n  \'unifunc\' => \'content_609e237f87d561_35704870\',\n  \'has_nocache_code\' => false,\n  \'cache_lifetime\' => 31536000,\n),true); /*/%%SmartyHeaderCode%%*/?>\n<?php if ($_valid && !is_callable(\'content_609e237f87d561_35704870\')) {function content_609e237f87d561_35704870($_smarty_tpl) {?>\n<!-- zeromanager_nav -->\n\n<div class=\"zmenu-nav nav-megamenu\">\n  <!-- MODULE Zero - Mega Menu -->\n  <ul class=\"znav-top\">\n  	<li>\n		<a href=\"https://ezecnow.com/mockup/index.php?controller=prices-drop\" class=\"link-toggle-plus\">\n			Highlight\n			<span class=\"mobile-toggle-plus\"></span>\n		</a>\n				<div class=\"dropdown\">\n			\n									<div class=\"dropdown-content\">\n																			<div class=\"product-item\">\n						<p><a class=\"product_img_link\" href=\"https://ezecnow.com/mockup/index.php?id_product=1&amp;controller=product\" title=\"test\"><img class=\"replace-2x img-responsive\" src=\"https://ezecnow.com/mockup/img/p/en-default-medium_default.jpg\" alt=\"test\" title=\"test\" /></a></p>\n						<h5><a class=\"product-name\" href=\"https://ezecnow.com/mockup/index.php?id_product=1&amp;controller=product\" title=\"\">test</a></h5>\n												<p>    \n                            <span class=\"price product-price\">RM1.00</span>\n                        </p>\n											</div>\n																	</div>\n								</div>\n			</li>\n  	<li>\n		<a href=\"\" class=\"link-toggle-plus\">\n			Products\n			<span class=\"mobile-toggle-plus\"></span>\n		</a>\n				<div class=\"dropdown\">\n			\n									<div class=\"dropdown-content\">\n													\n							</div>\n								</div>\n			</li>\n  	<li>\n		<a href=\"https://ezecnow.com/mockup/index.php?fc=module&amp;module=zeroblog&amp;controller=zblog\" class=\"link-toggle-plus\">\n			Latest News\n			<span class=\"mobile-toggle-plus\"></span>\n		</a>\n				<div class=\"dropdown\">\n			\n									<div class=\"dropdown-content\">\n																</div>\n								</div>\n			</li>\n  	<li>\n		<a href=\"https://ezecnow.com/mockup/index.php?controller=contact\" >\n			Contact Us\n			<span class=\"mobile-toggle-plus\"></span>\n		</a>\n			</li>\n    </ul>\n<!-- /MODULE Zero - Mega Menu -->\n\n</div>\n\n<div class=\"header-custom-links\">\n    <ul>\n          <li><a href=\"https://ezecnow.com/mockup/index.php?id_cms=3&amp;controller=cms\" title=\"Terms and Conditions \">Terms and Conditions </a></li>\n          <li><a href=\"https://ezecnow.com/mockup/index.php?id_cms=6&amp;controller=cms\" title=\"Private Policy \">Private Policy </a></li>\n          <li><a href=\"https://ezecnow.com/mockup/index.php?id_cms=4&amp;controller=cms\" title=\"About us \">About us </a></li>\n          <li><a href=\"https://ezecnow.com/mockup/index.php?controller=prices-drop\" title=\"Price Drop\">Price Drop</a></li>\n          <li><a href=\"https://ezecnow.com/mockup/index.php?controller=new-products\" title=\"New Products\">New Products</a></li>\n          <li><a href=\"https://ezecnow.com/mockup/index.php?controller=contact\" title=\"Contact us\">Contact us</a></li>\n      </ul>\n  \n  \n</div>\n<!-- /zeromanager_nav -->\n\n<?php }} ?>\n'),('201e6e9a7086a7fcb626e12a0173908a60847d73','faf079b48b16d73610ceb645f9c94ac2438618e3','zerosidebar|1|3|3|3|136','2021-05-04 03:44:05','<?php /*%%SmartyHeaderCode:8905596426090c3009f2720-49620382%%*/if(!defined(\'SMARTY_DIR\')) exit(\'no direct access allowed\');\n$_valid = $_smarty_tpl->decodeProperties(array (\n  \'file_dependency\' => \n  array (\n    \'faf079b48b16d73610ceb645f9c94ac2438618e3\' => \n    array (\n      0 => \'/home/jackieyap/public_html/mockup/modules/zerosidebar/views/templates/hook/zerosidebar_right.tpl\',\n      1 => 1572947409,\n      2 => \'file\',\n    ),\n  ),\n  \'nocache_hash\' => \'8905596426090c3009f2720-49620382\',\n  \'version\' => \'Smarty-3.1.19\',\n  \'unifunc\' => \'content_6090c30599a935_10795742\',\n  \'has_nocache_code\' => false,\n  \'cache_lifetime\' => 31536000,\n),true); /*/%%SmartyHeaderCode%%*/?>\n<?php if ($_valid && !is_callable(\'content_6090c30599a935_10795742\')) {function content_6090c30599a935_10795742($_smarty_tpl) {?>\n<!-- MODULE Zero - Sidebar Main Blocks -->\n<!-- /MODULE Zero - Sidebar Main Blocks -->\n<?php }} ?>\n'),('27823081dbae930dc89a37a48e426b4efa9475dc','e31897cdcc2981e25ea3683e3f1a03149f5521df','zerohomepage|1|3|3|3|136','2021-05-11 07:01:32','<?php /*%%SmartyHeaderCode:1968055326090c2c45b52e7-48192113%%*/if(!defined(\'SMARTY_DIR\')) exit(\'no direct access allowed\');\n$_valid = $_smarty_tpl->decodeProperties(array (\n  \'file_dependency\' => \n  array (\n    \'e31897cdcc2981e25ea3683e3f1a03149f5521df\' => \n    array (\n      0 => \'/home/jackieyap/public_html/mockup/modules/zerohomepage/views/templates/hook/zerohomepage_top.tpl\',\n      1 => 1572947409,\n      2 => \'file\',\n    ),\n  ),\n  \'nocache_hash\' => \'1968055326090c2c45b52e7-48192113\',\n  \'version\' => \'Smarty-3.1.19\',\n  \'unifunc\' => \'content_609a2bccc1e817_73569517\',\n  \'has_nocache_code\' => false,\n  \'cache_lifetime\' => 31536000,\n),true); /*/%%SmartyHeaderCode%%*/?>\n<?php if ($_valid && !is_callable(\'content_609a2bccc1e817_73569517\')) {function content_609a2bccc1e817_73569517($_smarty_tpl) {?>\n<!-- MODULE Zero - Homepage Main Blocks -->\n<!-- /MODULE Zero - Homepage Main Blocks -->\n<?php }} ?>\n'),('29a0349099c6863d490e0e0d188400d8d045de31','9d26a60c810b2197de0b10c2934bd1c2be7e5491','zeroblog|1|1|1|3|136','2021-05-14 07:15:11','<?php /*%%SmartyHeaderCode:12080939596090c2c4624565-42581817%%*/if(!defined(\'SMARTY_DIR\')) exit(\'no direct access allowed\');\n$_valid = $_smarty_tpl->decodeProperties(array (\n  \'file_dependency\' => \n  array (\n    \'9d26a60c810b2197de0b10c2934bd1c2be7e5491\' => \n    array (\n      0 => \'/home/jackieyap/public_html/mockup/modules/zeroblog/views/templates/hook/zposts_home.tpl\',\n      1 => 1572947409,\n      2 => \'file\',\n    ),\n  ),\n  \'nocache_hash\' => \'12080939596090c2c4624565-42581817\',\n  \'version\' => \'Smarty-3.1.19\',\n  \'unifunc\' => \'content_609e237fa40fb1_37525178\',\n  \'has_nocache_code\' => false,\n  \'cache_lifetime\' => 31536000,\n),true); /*/%%SmartyHeaderCode%%*/?>\n<?php if ($_valid && !is_callable(\'content_609e237fa40fb1_37525178\')) {function content_609e237fa40fb1_37525178($_smarty_tpl) {?>\n<!-- Latest Posts Block -->\n<!-- /Latest Posts Block -->\n<?php }} ?>\n'),('37a80c310196f3dcabeea3bb105e83037a76ed07','65de915ef2646ba64fa392beed9ca2494ada2dc6','zerocolors|1|3|3|3|136','2021-05-11 07:01:32','<?php /*%%SmartyHeaderCode:8582447146090c2c2757a66-09502261%%*/if(!defined(\'SMARTY_DIR\')) exit(\'no direct access allowed\');\n$_valid = $_smarty_tpl->decodeProperties(array (\n  \'file_dependency\' => \n  array (\n    \'65de915ef2646ba64fa392beed9ca2494ada2dc6\' => \n    array (\n      0 => \'/home/jackieyap/public_html/mockup/modules/zerocolors/views/templates/hook/zerocolors.tpl\',\n      1 => 1572947409,\n      2 => \'file\',\n    ),\n  ),\n  \'nocache_hash\' => \'8582447146090c2c2757a66-09502261\',\n  \'version\' => \'Smarty-3.1.19\',\n  \'unifunc\' => \'content_609a2bcc9e60e6_58240976\',\n  \'has_nocache_code\' => false,\n  \'cache_lifetime\' => 31536000,\n),true); /*/%%SmartyHeaderCode%%*/?>\n<?php if ($_valid && !is_callable(\'content_609a2bcc9e60e6_58240976\')) {function content_609a2bcc9e60e6_58240976($_smarty_tpl) {?>\n<!-- Zero Colors -->\n<link href=\"https://fonts.googleapis.com/css?family=Raleway:300,400&display=swap\" rel=\"stylesheet\">\r\n<link href=\"https://fonts.googleapis.com/css2?family=Just+Another+Hand&display=swap\" rel=\"stylesheet\">\r\n<link href=\"https://fonts.googleapis.com/css2?family=Patrick+Hand&display=swap\" rel=\"stylesheet\">\r\n<link href=\"https://fonts.googleapis.com/css2?family=Gochi+Hand&display=swap\" rel=\"stylesheet\">\r\n<link href=\"https://fonts.googleapis.com/css?family=Ubuntu&display=swap\" rel=\"stylesheet\">\n<style type=\"text/css\">.content_scene_cat .content_scene, #cms #center_column #admin-action-cms p .button.lnk_view, table#product_comparison tbody tr td.td_empty, table#product_comparison tbody tr td.feature-name, table#product_comparison tbody tr.comparison_header, table#product_comparison .remove a, .form-control, body, p.info-title, .dark, .btn.button-plus, .btn.button-minus, .btn.button-plus:hover, .btn.button-plus:focus, .btn.button-plus:active, .btn.button-minus:hover, .btn.button-minus:focus, .btn.button-minus:active, .button.exclusive-medium, .button.exclusive-medium:hover, .button.lnk_view, .table > thead > tr > th, .content_sortPagiBar .display li.display-title, .content_sortPagiBar .display_m li.display-title, .top-pagination-content ul.pagination li > a, .top-pagination-content ul.pagination li > span, .bottom-pagination-content ul.pagination li > a, .bottom-pagination-content ul.pagination li > span, .listcomment .titlecomment, .listcomment .txtcomment, .breadcrumb .breadcrumb-wrapper a, .cart_delete a.cart_quantity_delete, a.price_discount_delete, #cart_summary tbody td.cart_unit ul.price li.price, #cart_summary tfoot td.text-right, #cart_summary tfoot tbody td.cart_unit, #cart_summary tbody tfoot td.cart_unit, #cart_summary tfoot tbody td.cart_total, #cart_summary tbody tfoot td.cart_total, .cart_voucher .title-offers, #multishipping_mode_box .title, .order_carrier_content .carrier_title, a.iframe, p.payment_module a, p.payment_module a span, #pagenotfound .pagenotfound h1, #pagenotfound .pagenotfound h3, .fancybox-skin .fancybox-close, .table tfoot strong, #maintenance h1, .shopping_cart > a:first-child b, .cart_block .product-atributes a, #layer_cart .layer_cart_cart .title, #layer_cart .cross, #contact_block p.tel, form#searchbox label, .sf-menu li li li a:hover, .sf-menu > li > ul > li > a, #module-blockwishlist-mywishlist .wishlistLinkTop ul.display_list a, #product_comments_block_extra .comments_note span, .comments_advices a, .comments_advices a:hover, #new_comment_form, #new_comment_form .product .product_desc, #product_comments_block_tab div.comment .comment_details ul li:before, #product_comments_block_tab .comment_author_infos strong, .button.lnk_view:hover, .button.lnk_view:focus, .button.lnk_view:active, .button.lnk_view.active, div.selector span, #order-opc .title_block, .pb-left-column #image-block #view_full_size .span_link:after, #view_scroll_left:before,   #view_scroll_right:before, #usefull_link_block li#favoriteproducts_block_extra_remove:before, #usefull_link_block li#favoriteproducts_block_extra_add:before, #usefull_link_block li#favoriteproducts_block_extra_removed:before, #usefull_link_block li#favoriteproducts_block_extra_added:before, #product p#loyalty b, #attributes .attribute_list .form-control option, .table-data-sheet tr td:first-child, table.table-product-discounts tr th, #quantity_wanted_p input, #quantityAvailable, #pQuantityAvailable span, #send_friend_form .form_container p.intro_form, ul.product_base_list .product-flags, .thumbs_banner .space-keeper a.prev, .thumbs_banner .space-keeper a.next, #listpage_content div.tree_top a:before, #stores label, .slick-dots li button:before {color: #717171} .pagination > li > a:hover, .pagination > li > a:focus, .pagination > li > span:hover, .pagination > li > span:focus, .pager li > a:hover, .pager li > a:focus, #home-page-tabs > li.active a, #home-page-tabs > li a:hover, .cat-title:hover, #homepage-slider .bx-wrapper .bx-controls-direction a:hover:before, .ie8 #homepage-slider .bx-wrapper .bx-controls-direction a:before, #new_comment_form .title {background-color: #717171} .cart_block dd .cart_block_customizations {border-top-color: #717171} #center_column .page_product_box h3, label, .product-name, .product-name a, #home-page-tabs > li a, .block .title_block, .block h4, .block .title_block > a, .block h4 > a, .page-heading, h3.page-product-heading, .cart_voucher h4, #layer_cart .crossseling h2, #new_comment_form .product .product_desc .product_name, #productscategory_list .product-name a, .zpost .name, #footer .footer-main h3, #footer .footer-main h4, .nav-tabs > li > a, .nav-tabs > li.active > a, .nav-tabs > li.active > a:hover, .nav-tabs > li.active > a:focus, .zaccordions .panel .title_panel, .zaccordions .panel .title_panel a, .rte .banner1 span:first-of-type, .znav-top > li > a, #send_friend_form .product .product_desc .product_name, .st-menu-title {color: #555555} .content_scene_cat .content_scene .cat_desc a, a, .btn-link, .table td a.color-myaccount, .page-heading span.heading-counter, .content_sortPagiBar .display li a:hover i, .content_sortPagiBar .display_m li a:hover i, .content_sortPagiBar .display li.selected i, .content_sortPagiBar .display_m li.selected i, .cart_voucher #display_cart_vouchers span, p.payment_module a.cheque:after, p.payment_module a.bankwire:after, p.payment_module a.cash:after, #footer .about-us [class^=\"icon-\"]:before, .rte .feature, .rte .feature2, #my-account ul.myaccount-link-list li a i {color: #717171} div.uploader span.action, .btn-default, .btn-default.disabled, .btn-default.disabled:hover, .btn-default.disabled:focus, .btn-default.disabled:active, .btn-default.disabled.active, .btn-default[disabled], .btn-default[disabled]:hover, .btn-default[disabled]:focus, .btn-default[disabled]:active, .btn-default[disabled].active, fieldset[disabled] .btn-default, fieldset[disabled] .btn-default:hover, fieldset[disabled] .btn-default:focus, fieldset[disabled] .btn-default:active, fieldset[disabled] .btn-default.active, input.button_mini:hover, input.button_small:hover, input.button:hover, input.button_large:hover, input.exclusive_mini:hover, input.exclusive_small:hover, input.exclusive:hover, input.exclusive_large:hover, a.button_mini:hover, a.button_small:hover, a.button:hover, a.button_large:hover, a.exclusive_mini:hover, a.exclusive_small:hover, a.exclusive:hover, a.exclusive_large:hover, .button.button-small, .button.ajax_add_to_cart_button, .top-pagination-content ul.pagination li.active > span, .bottom-pagination-content ul.pagination li.active > span, .shopping_cart > a:first-child, .currencies-block-content ul li.selected span, #languages-block-top ul li.selected span, #searchbox .btn.button-search, a.zrss, #footer .social-link .social-icons a:hover, #footer .social-link .social-icons a:active, #footer .social-link .social-icons a:focus, .rte .banner3:hover, .rte .feature:hover, .rte .feature2:hover, .box-info-product .exclusive, ul.product_base_list .hover-box .wishlist a, ul.product_base_list .hover-box .compare a, ul.product_base_list .hover-box .quickview a, #nprogress .bar, .languages-block-top ul li.selected span, .currencies-block-content ul li.selected span {background-color: #717171} .nav .open > a, .nav .open > a:hover, .nav .open > a:focus, a.thumbnail:hover, a.thumbnail:focus, .top-pagination-content ul.pagination li.active > span, .bottom-pagination-content ul.pagination li.active > span, .rte .feature:hover, .rte .feature2:hover, #thumbs_list li a:hover, #thumbs_list li a.shown {border-color: #717171} .nav .caret, #nprogress .spinner-icon {border-top-color: #717171} .nav .caret {border-bottom-color: #717171} #nprogress .spinner-icon {border-left-color: #717171} .button.button-small:hover, .button.button-small:focus, .button.button-small:active, .button.ajax_add_to_cart_button:hover, .button.ajax_add_to_cart_button:focus, .button.ajax_add_to_cart_button:active, .shopping_cart > a:first-child:hover, #layer_cart .layer_cart_cart .button-container .btn.continue:hover, #searchbox .btn.button-search:hover, .zmenu-nav ul li a > sup, #footer .scroll-top:hover a, .btn-default:hover, .btn-default:focus, .btn-default:active, .btn-default.active, .znav-top > li > a > sup, .zero-popupnewsletter .newsletter-form .button:hover, .box-info-product .exclusive:hover, .box-info-product .exclusive:focus, .box-info-product .exclusive:active, ul.product_base_list .hover-box .wishlist a:hover, ul.product_base_list .hover-box .compare a:hover, ul.product_base_list .hover-box .quickview a:hover {background-color: #ffd358} .header-order-detail .free-ship-text, .st-menu-close:hover {color: #ffd358} .content_scene_cat .content_scene .cat_desc a:hover, #cms #center_column #admin-action-cms p span, table#product_comparison .remove a:hover, table#product_comparison .comparison_unit_price, a:hover, a:focus, .btn-link:hover, .btn-link:focus, .product-name a:hover, .price, .product-price, .special-price, .product-price.special-price, ul.step li.step_current, .breadcrumb .breadcrumb-wrapper a:hover, .cart_delete a.cart_quantity_delete:hover, a.price_discount_delete:hover, #cart_summary tbody td.cart_total .price, #cart_summary tfoot td#total_price_container, .cart_voucher #display_cart_vouchers span:hover, #instant_search_results a.close:hover, .fancybox-skin .fancybox-close:hover, .cart_block .cart_block_list .remove_link a:hover, .cart_block .cart_block_list .ajax_cart_block_remove_link:hover, #layer_cart .layer_cart_cart .ajax_block_cart_total, #layer_cart .cross:hover, #categories_block_left li span.grower:hover + a, #categories_block_left li a:hover, #categories_block_left li a.selected, .sf-menu > li > ul > li > a:hover, #wishlist_block .ajax_cart_block_remove_link:hover, #module-blockwishlist-mywishlist .wishlistLinkTop ul.display_list a:hover, .block_wishlist_extra #wishlist_button_nopop:hover, #product_comments_block_tab div.comment .comment_details .title_block, #product_comments_block_tab div.comment .comment_details .comment-useful .total-advice, #productscategory_list .product-name a:hover, .zpost .name:hover, #zblog-category li a:hover, #zblog-category li a.selected, .zerodeals-countdown span, .header-services ul > li .icon, .header-services ul > li [class^=\"icon-\"], .header-custom-links ul li .icon, .header-custom-links ul li [class^=\"icon-\"], .header-sidebar-login ul li .icon, .header-sidebar-login ul li [class^=\"icon-\"], .rte .feature2, .nivo-controlNav a, .theme-default .nivo-directionNav a, #my-account ul.myaccount-link-list li a:hover i, #order-opc .page-heading.step-num span, #view_scroll_left:hover:before, #view_scroll_right:hover:before, p.our_price_display, p.our_price_display .price, #listpage_content div.tree_top a:hover:before {color: #717171} .button.ajax_add_to_cart_button.added > span:after, .price-percent-reduction, .shopping_cart .ajax_cart_quantity, #layer_cart .layer_cart_cart .button-container .btn.continue, #categories_block_left ul.tree > li > span.grower:hover + a:before, #categories_block_left ul.tree > li > a:hover:before, #zblog-category > .block_content > ul > li > a:hover:before, a.zrss:hover, .zmenu-nav ul li a:hover:before, #footer .scroll-top a, .rte .feature2:hover, .znav-top .category-item li a:hover:before, .zero-popupnewsletter .newsletter-form .button, .zero-popupnewsletter .newsletter-close, .box-info-product .exclusive.added:after, .slick-prev, .slick-next {background-color: #717171} #categories_block_left ul.tree > li > span.grower:hover + a:before, #categories_block_left ul.tree > li > a:hover:before, #zblog-category > .block_content > ul > li > a:hover:before, .zmenu-nav ul li a:hover:before, .rte .feature2:hover, .znav-top .category-item li a:hover:before, .rte .banner2 a:before {border-color: #717171} .nav a:hover .caret {border-top-color: #717171} .nav a:hover .caret {border-bottom-color: #717171} .zmega-menu {background-color: #ffffff} .button.ajax_add_to_cart_button, .btn-default, .box-info-product .exclusive, .button.button-small, ul.product_base_list .hover-box .wishlist a, ul.product_base_list .hover-box .compare a, ul.product_base_list .hover-box .quickview a {background-color: #717171} .button.ajax_add_to_cart_button:hover, .btn-default:hover, .box-info-product .exclusive:hover, .button.button-small:hover, ul.product_base_list .hover-box .wishlist a:hover, ul.product_base_list .hover-box .compare a:hover, ul.product_base_list .hover-box .quickview a:hover {background-color: #ffd358} .content_scene_cat span.category-name, #cms #center_column #admin-action-cms p .button, table#product_comparison tbody tr td.td_empty > span, .button.button-small, .button.lnk_view, .price, #home-page-tabs > li a, .block .products-block .price-percent-reduction, .page-heading span.heading-counter, #cart_summary tfoot td.total_price_container span, #cart_summary tfoot td#total_price_container, .cart_voucher h4, #pagenotfound .pagenotfound h1, #pagenotfound .pagenotfound p, #facebook_block h4, #cmsinfo_block h3, #maintenance h1, #maintenance #message, #layer_cart .layer_cart_product .title, #layer_cart .layer_cart_cart .title, #contact_block p.tel, .sf-menu > li > a, .sf-menu > li > ul > li > a, .zmega-menu .mobile-title, #my-account ul.myaccount-link-list li a, table#product_comparison .comparison_unit_price, body, #center_column .page_product_box h3, .product-name, .block .title_block .view-all-link, .block h4 .view-all-link, #instant_search_results a.close, .product-heading-h5, p.our_price_display, #reduction_percent span, #reduction_amount span {font-family: Ubuntu} h1, h2, h3, h4, h5, h6, .h1, .h2, .h3, .h4, .h5, .h6, .page-subheading, #footer .footer-main h3, #footer .footer-main h4, .znav-top > li > a, .nivo-caption h1, .nivo-caption h2, .nivo-caption h3, .block .title_block, .block h4, .page-heading, h3.page-product-heading, #layer_cart .crossseling h2, .nav-tabs > li > a, .zaccordions .panel .title_panel, .znav-top .category-item .category-title a, .st-menu-title {font-family: Ubuntu} body {font-size: 15px} </style>\n\n<?php }} ?>\n'),('4f5abfa855c5f417bc007d5589120e48f4c43a4b','713dbc1f1a6f3309372308d5f73d7200cccead85','zerohomepage|1|1|1|3|136','2021-05-14 07:15:09','<?php /*%%SmartyHeaderCode:20914494656090c2c27d3e09-86608811%%*/if(!defined(\'SMARTY_DIR\')) exit(\'no direct access allowed\');\n$_valid = $_smarty_tpl->decodeProperties(array (\n  \'file_dependency\' => \n  array (\n    \'713dbc1f1a6f3309372308d5f73d7200cccead85\' => \n    array (\n      0 => \'/home/jackieyap/public_html/mockup/modules/zerohomepage/views/templates/hook/zerohomepage_header.tpl\',\n      1 => 1572947409,\n      2 => \'file\',\n    ),\n  ),\n  \'nocache_hash\' => \'20914494656090c2c27d3e09-86608811\',\n  \'version\' => \'Smarty-3.1.19\',\n  \'unifunc\' => \'content_609e237d2e6f65_71998634\',\n  \'has_nocache_code\' => false,\n  \'cache_lifetime\' => 31536000,\n),true); /*/%%SmartyHeaderCode%%*/?>\n<?php if ($_valid && !is_callable(\'content_609e237d2e6f65_71998634\')) {function content_609e237d2e6f65_71998634($_smarty_tpl) {?>\n<style type=\"text/css\">.row.no-gutters {\r\n  margin-right: 0;\r\n  margin-left: 0;\r\n}\r\n.row.no-gutters > [class^=\"col-\"],\r\n.row.no-gutters > [class*=\" col-\"] {\r\n  padding-right: 0;\r\n  padding-left: 0;\r\n}\r\n\r\n.whatsappBlock a {\r\n    border-radius: 20px;\r\n    height: 40px;\r\n    padding: 5px 15px 5px 10px;\r\n}\r\n\r\n.header-sidebar-login ul li a.logout {\r\n    padding: 0 10px;\r\n    margin-left: 0px;\r\n    line-height: 28px;\r\n    display: inline-block;\r\n    border: 2px solid;\r\n    border-radius: 3px;\r\n}\r\n\r\nheader .header-login .account {\r\n    display: block;\r\n    padding: 0px 10px;\r\n    border: 2px solid;\r\n    height: 35px;\r\n    line-height: 32px;\r\n    margin-top: 23px;\r\n    background: #ffffff;\r\n    color: #717171;\r\n    font size: 14px;\r\n    border-radius: 5px;\r\n    transition: all 0.3s;\r\n}\r\n\r\nheader .header-login .account:hover {\r\n    background: #ffd358;\r\n    color: #ffffff;\r\nborder: 2px solid #ffd358;\r\n}\r\n\r\nheader .header-left-nav .nav-icon:hover {\r\n    color: #ffd358\r\n}\r\n\r\n.rte img {\r\nborder-radius: 10px;\r\n}\r\n\r\n.zerofeaturedcategories .category-block .category-image img:hover {\r\n	opacity:0.7;\r\n}\r\n\r\ninput {\r\n    padding: 0 10px;\r\n    height: 35px;\r\n    line-height: 31px;\r\n    border: 1px solid #c7c7c7;\r\n    -moz-border-radius: 5px;\r\n    -webkit-border-radius: 5px;\r\n    border-radius: 5px;\r\n    -webkit-box-shadow: none;\r\n    box-shadow: none;\r\n}\r\n\r\n#total_frinds_tab, #total_orders_tab, #total_loyalty_tab {\r\n border-radius: 5px;\r\n}\r\n\r\n.referral_voucher {\r\n border-radius: 5px;\r\n}\r\n\r\n.alert-warning {\r\n  border-radius: 5px;\r\n}\r\n\r\nzero-popupnewsletter .popup-content{\r\npadding: 0;\r\nborder: none;\r\nbackground-color: transparent !important;\r\nbackground-image: none !important;\r\noverflow: hidden;\r\n}\r\n\r\n.zero-popupnewsletter .newsletter-form .noshow{\r\nwidth: 100%;\r\n}\r\n\r\n.zero-popupnewsletter .newsletter-form .noshow a{\r\npadding: 0 !important;\r\nfont-size: 9px !important;\r\n}\r\n\r\n.zero-popupnewsletter .newsletter-form .noshow .icon{\r\nfont-size: 12px;\r\n}\r\n\r\n.zero-popupnewsletter .newsletter-content, .zero-popupnewsletter .newsletter-form{\r\nmax-width: 100%;\r\n}\r\n\r\n.zero-popupnewsletter .newsletter-form{\r\nmargin-top: -5px;\r\n}\r\n\r\n.zero-popupnewsletter .newsletter-content p{\r\nmargin: 0;\r\n}\r\n\r\n.zero-popupnewsletter .popup-content {\r\n    padding: 0px 0px;\r\n    border: 0px;\r\n}\r\n\r\n.fancybox-skin, .fancybox-image{\r\nborder-radius: 3rem;\r\n}\r\n\r\n.zero-popupnewsletter .newsletter-form .noshow a {\r\ncolor: inherit;\r\ntext-decoration: none;\r\nfont-size:10px;\r\npadding: 40px;\r\n}\r\n\r\n.fancybox-inner {\r\noverflow: hidden;\r\nborder-radius: 10px;\r\n}\r\n\r\n.zerofeaturedcategories .category-block .category-image img:hover {\r\n	opacity:0.7;\r\n}\r\n\r\nheader .main-header #header_logo img.logo:hover {\r\n	opacity:0.7;\r\n}\r\n\r\n\r\n\r\n.header-sidebar-login ul li a.logout {\r\n    padding: 0 10px;\r\n    margin-left: 0px;\r\n    line-height: 28px;\r\n    display: inline-block;\r\n    border: 2px solid;\r\n    border-radius: 3px;\r\n}\r\n\r\nheader .header-login .account {\r\n    display: block;\r\n    padding: 0px 10px;\r\n    border: 2px solid;\r\n    height: 35px;\r\n    line-height: 32px;\r\n    margin-top: 23px;\r\n    background: #ffffff;\r\n    color: #717171;\r\n    font size: 14px;\r\n    border-radius: 5px;\r\n    transition: all 0.3s;\r\n}\r\n\r\nheader .header-login .account:hover {\r\n    background: #ffd358;\r\n    color: #ffffff;\r\nborder: 2px solid #ffd358;\r\n}\r\n\r\nheader .header-left-nav .nav-icon:hover {\r\n    color: #ffd358\r\n}\r\n\r\n#wkpos-header {\r\n    height: 54px;\r\n    background: #E9869B;\r\n    color: white;\r\n    display: flex;\r\n}\r\n\r\n#pQuantityAvailable span {\r\n    color: #E9869B;\r\n}\r\n\r\n.slide-products-related {\r\n    height: 200px;\r\n    opacity: 1;\r\n}\r\n\r\n.zerofeaturedcategories .category-block .category-image img:hover {\r\n	opacity:0.7;\r\n}\r\n\r\ninput {\r\n    padding: 0 10px;\r\n    height: 35px;\r\n    line-height: 31px;\r\n    border: 1px solid #c7c7c7;\r\n    -moz-border-radius: 5px;\r\n    -webkit-border-radius: 5px;\r\n    border-radius: 5px;\r\n    -webkit-box-shadow: none;\r\n    box-shadow: none;\r\nmax-width: 100%;\r\n}\r\n\r\n#total_frinds_tab, #total_orders_tab, #total_loyalty_tab {\r\n border-radius: 5px;\r\n}\r\n\r\n.referral_voucher {\r\n border-radius: 5px;\r\n}\r\n\r\n.alert-warning {\r\n  border-radius: 5px;\r\n}\r\n\r\ndiv.zhqrcode {\r\npadding: 15px;\r\n	opacity:0.7;\r\n}\r\ndiv.zhqrcode:hover {\r\n	opacity:0.5;\r\n}\r\n\r\n#usefull_link_block a{\r\n    color: #1877F2;\r\n}\r\n\r\n#usefull_link_block b{\r\n    color: #717171;\r\n    font-size: 10px;\r\n}\r\n\r\nli.print {\r\n visibility: hidden;\r\n}\r\n\r\n\r\n#usefull_link_block {\r\n    padding: 10px 4%;\r\npadding-bottom: 0px;\r\n    margin-top: 15px;\r\n    margin-bottom: 15px;\r\nmargin-left: 0px;\r\nmargin-right: 0px;\r\n    border: 1px dashed #c7c7c7;\r\n    -moz-border-radius: 5px;\r\n    -webkit-border-radius: 5px;\r\n    border-radius: 5px;\r\n}\r\n\r\ndiv.row.qrbox {\r\n    padding: 10px 4%;\r\npadding-bottom: 0px;\r\npadding-top: 0px;\r\n    margin-top: 15px;\r\n    margin-bottom: 15px;\r\nmargin-left: 0px;\r\nmargin-right: 0px;\r\n    border: 1px dashed #c7c7c7;\r\n    -moz-border-radius: 5px;\r\n    -webkit-border-radius: 5px;\r\n    border-radius: 5px;\r\n}\r\n\r\ndiv.row.qrbox col-xs-12 col-sm-7 {\r\npadding: 0px;\r\n}\r\n\r\nul.product_base_list .color-list-container ul.color_to_pick_list {\r\n    height: 200%;\r\n}\r\n\r\nli a:hover{\r\n	opacity:0.7;\r\n}\r\n\r\n.rte img {\r\nborder-radius: 5px;\r\n}\r\n\r\n.ytp-cued-thumbnail-overlay-image {\r\nborder-radius: 5px;\r\n}\r\n\r\n.product-image-container .fade:nth-child(2), .product-box .product-image .fade:nth-child(2), .product-image-container .fade.ybc_img_hover, .product-box .product-image .fade.ybc_img_hover {\r\n    transition: all 1s ease 0s;\r\n    -moz-transition: all 1s ease 0s;\r\n    -webkit-transition: all 1s ease 0s;\r\n    -o-transition: all 1s ease 0s;\r\n}\r\n\r\n.zerofeaturedcategories .category-block .category-image img:hover {\r\ntransition: transform 3s;\r\ntransform: scale(1.1);\r\n}\r\n\r\ntextarea#addname.form-control {\r\nheight: 35px;\r\n}\r\n\r\ntextarea#addcontact.form-control {\r\nheight: 35px;\r\n}\r\n\r\n#usefull_link_block {\r\n    border: none;\r\n}\r\n\r\n#usefull_link_block li#left_share_fb a {\r\n    padding-left: 30px;\r\n}\r\n\r\n#usefull_link_block li {\r\n    width: 60%;\r\n}</style>\n<?php }} ?>\n'),('508974c5e587d7efee72b35d701d3c5a4b354f16','77c6b955db879dd62ee0fd5530a9cec52fd4c9e6','blocksearch-top|1|3|3|3|136','2021-05-11 07:01:32','<?php /*%%SmartyHeaderCode:15824558176090c2c3df84c1-98655821%%*/if(!defined(\'SMARTY_DIR\')) exit(\'no direct access allowed\');\n$_valid = $_smarty_tpl->decodeProperties(array (\n  \'file_dependency\' => \n  array (\n    \'77c6b955db879dd62ee0fd5530a9cec52fd4c9e6\' => \n    array (\n      0 => \'/home/jackieyap/public_html/mockup/themes/zro03/modules/blocksearch/blocksearch-top.tpl\',\n      1 => 1572947410,\n      2 => \'file\',\n    ),\n  ),\n  \'nocache_hash\' => \'15824558176090c2c3df84c1-98655821\',\n  \'version\' => \'Smarty-3.1.19\',\n  \'unifunc\' => \'content_609a2bccaee840_95731126\',\n  \'has_nocache_code\' => false,\n  \'cache_lifetime\' => 31536000,\n),true); /*/%%SmartyHeaderCode%%*/?>\n<?php if ($_valid && !is_callable(\'content_609a2bccaee840_95731126\')) {function content_609a2bccaee840_95731126($_smarty_tpl) {?><!-- Block search module TOP -->\n<div id=\"search_block_top\" class=\"hidden-xs\">\n	<form id=\"searchbox\" method=\"get\" action=\"//ezecnow.com/mockup/index.php?controller=search\" >\n		<input type=\"hidden\" name=\"controller\" value=\"search\" />\n		<input type=\"hidden\" name=\"orderby\" value=\"position\" />\n		<input type=\"hidden\" name=\"orderway\" value=\"desc\" />\n		<input class=\"search_query form-control\" type=\"text\" id=\"search_query_top\" name=\"search_query\" placeholder=\"Search here\" value=\"\" />\n		<button type=\"submit\" name=\"submit_search\" class=\"btn button-search\">\n			<span>Search</span>\n		</button>\n	</form>\n</div>\n<!-- /Block search module TOP --><?php }} ?>\n'),('5b0315668d744ad50c64b7ba260ecacc2df48c3b','828b8dc20d098b5efd837a0872e22e2547ef5223','zeromanager|1|3|3|3|136','2021-05-11 07:01:32','<?php /*%%SmartyHeaderCode:7638606786090c2c26d02b4-80304595%%*/if(!defined(\'SMARTY_DIR\')) exit(\'no direct access allowed\');\n$_valid = $_smarty_tpl->decodeProperties(array (\n  \'file_dependency\' => \n  array (\n    \'828b8dc20d098b5efd837a0872e22e2547ef5223\' => \n    array (\n      0 => \'/home/jackieyap/public_html/mockup/modules/zeromanager/views/templates/hook/zeromanager_header.tpl\',\n      1 => 1572947409,\n      2 => \'file\',\n    ),\n  ),\n  \'nocache_hash\' => \'7638606786090c2c26d02b4-80304595\',\n  \'version\' => \'Smarty-3.1.19\',\n  \'unifunc\' => \'content_609a2bcc9bbd96_71048117\',\n  \'has_nocache_code\' => false,\n  \'cache_lifetime\' => 31536000,\n),true); /*/%%SmartyHeaderCode%%*/?>\n<?php if ($_valid && !is_callable(\'content_609a2bcc9bbd96_71048117\')) {function content_609a2bcc9bbd96_71048117($_smarty_tpl) {?>\n<?php }} ?>\n'),('5ecadfa2ec7d138059b44d2093c9ad3dbd88b015','5ee669557517e3131a2718fcfa6304790b6e663d','zeropopupnewsletter|1|3|3|3|136','2021-05-11 07:01:32','<?php /*%%SmartyHeaderCode:19667927386090c2c4084381-66208233%%*/if(!defined(\'SMARTY_DIR\')) exit(\'no direct access allowed\');\n$_valid = $_smarty_tpl->decodeProperties(array (\n  \'file_dependency\' => \n  array (\n    \'5ee669557517e3131a2718fcfa6304790b6e663d\' => \n    array (\n      0 => \'/home/jackieyap/public_html/mockup/modules/zeropopupnewsletter/views/templates/hook/zeropopupnewsletter.tpl\',\n      1 => 1609738562,\n      2 => \'file\',\n    ),\n  ),\n  \'nocache_hash\' => \'19667927386090c2c4084381-66208233\',\n  \'version\' => \'Smarty-3.1.19\',\n  \'unifunc\' => \'content_609a2bccb64827_05734637\',\n  \'has_nocache_code\' => false,\n  \'cache_lifetime\' => 31536000,\n),true); /*/%%SmartyHeaderCode%%*/?>\n<?php if ($_valid && !is_callable(\'content_609a2bccb64827_05734637\')) {function content_609a2bccb64827_05734637($_smarty_tpl) {?>\n<!-- MODULE Zero - Popup Newsletter -->\n<div class=\"zero-popupnewsletter\" id=\"zero_newsletter\">\n<div class=\"popup-content\" style=\"width:350px; min-height:450px;background-color:#ffffff;background-image:url(\'/mockup/modules/zeropopupnewsletter/views/img/bgImages/\');\">\n	<div class=\"clearfix newsletter-content\">\n		<h3 style=\"text-align: center;\"><span style=\"color: #4a4a4a;\"><img src=\"https://ezecnow.com/mockup/img/cms/EZ-Square.png\" width=\"101\" height=\"100\" /></span></h3>\r\n<h3 style=\"text-align: center;\"><span style=\"color: #4a4a4a;\">Your Best e-Commerce Solution<br />Partner In Town</span></h3>\n	</div>\n	<div class=\"newsletter-form\">\n		<form action=\"\" method=\"post\" id=\"zero_newsletter_form\">\n			<input type=\"hidden\" name=\"action\" value=\"0\" />\n			<input type=\"hidden\" name=\"submitNewsletter\" value=\"1\" />\n			<div class=\"message\"></div>\n			<p class=\"noshow\"><a href=\"#no-thanks\" class=\"nothanks\"><i class=\"icon icon-minus-sign\"></i>Do not show this popup again.</a></p>\n		</form>\n	</div>\n</div>\n</div>\n\n<script type=\"text/javascript\">\n$(window).load(function () {\n	zeroNewsletterLoad(\'/mockup/modules/zeropopupnewsletter/ajax_subcribe.php\', 0);\n});\n</script>\n<!-- /MODULE Zero - Popup Newsletter -->\n<?php }} ?>\n'),('5ed6c28a74bbb7dac30ff03bbafd5f655705db09','9ca0e3585bd84f923ccf24d67909b7e0f98104fc','crossselling|shoppingcart|1|1|3|3|3|136','2021-05-04 04:38:40','<?php /*%%SmartyHeaderCode:18254971676090c2c9d0a6f3-36125356%%*/if(!defined(\'SMARTY_DIR\')) exit(\'no direct access allowed\');\n$_valid = $_smarty_tpl->decodeProperties(array (\n  \'file_dependency\' => \n  array (\n    \'9ca0e3585bd84f923ccf24d67909b7e0f98104fc\' => \n    array (\n      0 => \'/home/jackieyap/public_html/mockup/themes/zro03/modules/crossselling/crossselling.tpl\',\n      1 => 1572947410,\n      2 => \'file\',\n    ),\n  ),\n  \'nocache_hash\' => \'18254971676090c2c9d0a6f3-36125356\',\n  \'version\' => \'Smarty-3.1.19\',\n  \'unifunc\' => \'content_6090cfd0e91848_23497514\',\n  \'has_nocache_code\' => false,\n  \'cache_lifetime\' => 31536000,\n),true); /*/%%SmartyHeaderCode%%*/?>\n<?php if ($_valid && !is_callable(\'content_6090cfd0e91848_23497514\')) {function content_6090cfd0e91848_23497514($_smarty_tpl) {?><?php }} ?>\n'),('6cc70c2c9dc4e3a8c73ac6107230af34cf361fe5','996bc9ab1e858d88a1e6470124335223a77728da','zerosidebar|1|1|1|3|136','2021-05-14 07:15:11','<?php /*%%SmartyHeaderCode:19228853136090c2c3f34189-95373020%%*/if(!defined(\'SMARTY_DIR\')) exit(\'no direct access allowed\');\n$_valid = $_smarty_tpl->decodeProperties(array (\n  \'file_dependency\' => \n  array (\n    \'996bc9ab1e858d88a1e6470124335223a77728da\' => \n    array (\n      0 => \'/home/jackieyap/public_html/mockup/modules/zerosidebar/views/templates/hook/zerosidebar.tpl\',\n      1 => 1572947409,\n      2 => \'file\',\n    ),\n  ),\n  \'nocache_hash\' => \'19228853136090c2c3f34189-95373020\',\n  \'version\' => \'Smarty-3.1.19\',\n  \'unifunc\' => \'content_609e237f5d7b05_42570320\',\n  \'has_nocache_code\' => false,\n  \'cache_lifetime\' => 31536000,\n),true); /*/%%SmartyHeaderCode%%*/?>\n<?php if ($_valid && !is_callable(\'content_609e237f5d7b05_42570320\')) {function content_609e237f5d7b05_42570320($_smarty_tpl) {?>\n<!-- MODULE Zero - Sidebar Main Blocks -->\n<!-- /MODULE Zero - Sidebar Main Blocks -->\n<?php }} ?>\n'),('709eeaf7f65c2df205ad9935627bd2eae92a9417','3aa69fbdd7016fbf218258231425356345d6e687','zerohomepage|1|1|1|3|136','2021-05-14 07:15:11','<?php /*%%SmartyHeaderCode:13638430896090c2c4607636-47398819%%*/if(!defined(\'SMARTY_DIR\')) exit(\'no direct access allowed\');\n$_valid = $_smarty_tpl->decodeProperties(array (\n  \'file_dependency\' => \n  array (\n    \'3aa69fbdd7016fbf218258231425356345d6e687\' => \n    array (\n      0 => \'/home/jackieyap/public_html/mockup/modules/zerohomepage/views/templates/hook/zerohomepage_bottom.tpl\',\n      1 => 1572947409,\n      2 => \'file\',\n    ),\n  ),\n  \'nocache_hash\' => \'13638430896090c2c4607636-47398819\',\n  \'version\' => \'Smarty-3.1.19\',\n  \'unifunc\' => \'content_609e237fa0e290_53522524\',\n  \'has_nocache_code\' => false,\n  \'cache_lifetime\' => 31536000,\n),true); /*/%%SmartyHeaderCode%%*/?>\n<?php if ($_valid && !is_callable(\'content_609e237fa0e290_53522524\')) {function content_609e237fa0e290_53522524($_smarty_tpl) {?>\n<!-- MODULE Zero - Homepage Main Blocks -->\n<!-- /MODULE Zero - Homepage Main Blocks -->\n<?php }} ?>\n'),('969a394bd53471b26784a271d599e7b03ccb47e4','fac95e190050647f7923b47f81be3d815db12729','zeromenu|1|3|3|3|136','2021-05-11 07:01:32','<?php /*%%SmartyHeaderCode:6991644956090c2c4276521-70728120%%*/if(!defined(\'SMARTY_DIR\')) exit(\'no direct access allowed\');\n$_valid = $_smarty_tpl->decodeProperties(array (\n  \'file_dependency\' => \n  array (\n    \'fac95e190050647f7923b47f81be3d815db12729\' => \n    array (\n      0 => \'/home/jackieyap/public_html/mockup/modules/zeromenu/views/templates/hook/zeromenu_nav.tpl\',\n      1 => 1572947409,\n      2 => \'file\',\n    ),\n  ),\n  \'nocache_hash\' => \'6991644956090c2c4276521-70728120\',\n  \'version\' => \'Smarty-3.1.19\',\n  \'unifunc\' => \'content_609a2bccbbc117_72285814\',\n  \'has_nocache_code\' => false,\n  \'cache_lifetime\' => 31536000,\n),true); /*/%%SmartyHeaderCode%%*/?>\n<?php if ($_valid && !is_callable(\'content_609a2bccbbc117_72285814\')) {function content_609a2bccbbc117_72285814($_smarty_tpl) {?>\n<!-- MODULE Zero - Mega Menu -->\n  <ul class=\"znav-top\">\n  	<li>\n		<a href=\"https://ezecnow.com/mockup/index.php?controller=prices-drop\" class=\"link-toggle-plus\">\n			Highlight\n			<span class=\"mobile-toggle-plus\"></span>\n		</a>\n				<div class=\"dropdown\">\n			\n									<div class=\"dropdown-content\">\n																			<div class=\"product-item\">\n						<p><a class=\"product_img_link\" href=\"https://ezecnow.com/mockup/index.php?id_product=1&amp;controller=product\" title=\"test\"><img class=\"replace-2x img-responsive\" src=\"https://ezecnow.com/mockup/img/p/en-default-medium_default.jpg\" alt=\"test\" title=\"test\" /></a></p>\n						<h5><a class=\"product-name\" href=\"https://ezecnow.com/mockup/index.php?id_product=1&amp;controller=product\" title=\"\">test</a></h5>\n												<p>    \n                            <span class=\"price product-price\">RM1.00</span>\n                        </p>\n											</div>\n																	</div>\n								</div>\n			</li>\n  	<li>\n		<a href=\"\" class=\"link-toggle-plus\">\n			Products\n			<span class=\"mobile-toggle-plus\"></span>\n		</a>\n				<div class=\"dropdown\">\n			\n									<div class=\"dropdown-content\">\n													\n							</div>\n								</div>\n			</li>\n  	<li>\n		<a href=\"https://ezecnow.com/mockup/index.php?fc=module&amp;module=zeroblog&amp;controller=zblog\" class=\"link-toggle-plus\">\n			Latest News\n			<span class=\"mobile-toggle-plus\"></span>\n		</a>\n				<div class=\"dropdown\">\n			\n									<div class=\"dropdown-content\">\n																</div>\n								</div>\n			</li>\n  	<li>\n		<a href=\"https://ezecnow.com/mockup/index.php?controller=contact\" >\n			Contact Us\n			<span class=\"mobile-toggle-plus\"></span>\n		</a>\n			</li>\n    </ul>\n<!-- /MODULE Zero - Mega Menu -->\n<?php }} ?>\n'),('9f58a09c5e2287c486d497547ac7c276e5f5ce6f','17493f278b1935d5a5e0c7599d0e94f78506395c','zerodeals||1|3|3|3|136','2021-05-11 07:01:32','<?php /*%%SmartyHeaderCode:17900398766090c2c443ea71-69789280%%*/if(!defined(\'SMARTY_DIR\')) exit(\'no direct access allowed\');\n$_valid = $_smarty_tpl->decodeProperties(array (\n  \'file_dependency\' => \n  array (\n    \'17493f278b1935d5a5e0c7599d0e94f78506395c\' => \n    array (\n      0 => \'/home/jackieyap/public_html/mockup/modules/zerodeals/views/templates/hook/zerodeals_top.tpl\',\n      1 => 1572947409,\n      2 => \'file\',\n    ),\n    \'509585e2579e62715a6964a709de8acd6cd0c3ad\' => \n    array (\n      0 => \'/home/jackieyap/public_html/mockup/modules/zerodeals/views/templates/hook/product-list.tpl\',\n      1 => 1572947409,\n      2 => \'file\',\n    ),\n    \'58037ae542f2a978cc8d0c46f78fb59f51a14452\' => \n    array (\n      0 => \'/home/jackieyap/public_html/mockup/themes/zro03/product-list.tpl\',\n      1 => 1574001691,\n      2 => \'file\',\n    ),\n  ),\n  \'nocache_hash\' => \'17900398766090c2c443ea71-69789280\',\n  \'version\' => \'Smarty-3.1.19\',\n  \'unifunc\' => \'content_609a2bccc12356_55285043\',\n  \'has_nocache_code\' => false,\n  \'cache_lifetime\' => 31536000,\n),true); /*/%%SmartyHeaderCode%%*/?>\n<?php if ($_valid && !is_callable(\'content_609a2bccc12356_55285043\')) {function content_609a2bccc12356_55285043($_smarty_tpl) {?>\n<!-- MODULE Zero - Daily Deals -->\n<div class=\"zerodeals clearfix\">\n    <div class=\"container\">\n      <div class=\"block\">\n        <p class=\"title_block\">Today\'s Deals <span class=\"dline\"></span></p>\n        <div class=\"block_content\">\n            \n<div class=\"product_list_wrapper\">\n	\n<ul id=\"product_list\" class=\"product_list product_base_list  list\">\n	<li class=\"ajax_block_product base_product\">\n		<div class=\"product-container\" itemscope itemtype=\"https://schema.org/Product\">\n			<div class=\"left-block\">\n				<div class=\"product-image-container\">\n					<a class=\"product_img_link\" href=\"https://ezecnow.com/mockup/index.php?id_product=1&amp;controller=product\">\n						<img class=\"replace-2x img-responsive\" src=\"https://ezecnow.com/mockup/img/p/en-default-large_default.jpg\" alt=\"test\"  width=\"455\" height=\"455\" itemprop=\"image\" />\n						\n					</a>\n					<div class=\"label-box\">\n													<a class=\"new-box\" href=\"https://ezecnow.com/mockup/index.php?id_product=1&amp;controller=product\">\n								<span class=\"new-label\">New</span>\n							</a>\n																	</div>\n										<div class=\"quickview for-list-mode\">\n						<a class=\"quick-view ajax_quick_view\" href=\"https://ezecnow.com/mockup/index.php?id_product=1&amp;controller=product\" rel=\"https://ezecnow.com/mockup/index.php?id_product=1&amp;controller=product\" title=\"Quick View\" data-toggle=\"tooltip\" data-placement=\"top\">\n							<span>Quick View</span>\n						</a>\n					</div>\n									</div>\n				<div class=\"hover-box\">\n										\n										<div class=\"quickview\">\n						<a class=\"quick-view ajax_quick_view\" href=\"https://ezecnow.com/mockup/index.php?id_product=1&amp;controller=product\" rel=\"https://ezecnow.com/mockup/index.php?id_product=1&amp;controller=product\">\n							<span>Quick View</span>\n						</a>\n					</div>\n									</div>\n								\n			</div>\n			<div class=\"right-block\">\n                <h5 itemprop=\"name\">\n                                        <a class=\"product-name\" href=\"https://ezecnow.com/mockup/index.php?id_product=1&amp;controller=product\" title=\"test\" itemprop=\"url\" >\n                        test\n                    </a>\n                </h5>\n                <div class=\"grid-bottom\">\n                    <div class=\"grid-left-bottom\">\n                                                    <div class=\"content_price\" itemprop=\"offers\" itemscope itemtype=\"https://schema.org/Offer\">\n                                                                    \n                                    <meta itemprop=\"priceCurrency\" content=\"MYR\" />\n                                    <meta itemprop=\"price\" content=\"1\" />\n                                                                            <span class=\"price product-price\">\n                                            RM1.00                                        </span>\n                                                                                                                <link itemprop=\"availability\" href=\"https://schema.org/InStock\" />\n                                                                        \n                                    \n                                    \n                                                            </div>\n                                                \n                    </div>\n\n                    <div class=\"button-container button-grid\">\n                                                                                <a class=\"button ajax_add_to_cart_button btn btn-default\" href=\"https://ezecnow.com/mockup/index.php?controller=cart&amp;add=1&amp;id_product=1&amp;token=7dab893824dd5f9cf476217ac5305e28\" rel=\"nofollow\" title=\"Add to cart\" data-id-product-attribute=\"0\" data-id-product=\"1\" data-minimal_quantity=\"1\">\n                                <span>Buy</span>\n                            </a>\n                                            </div>\n                </div>\n\n                                                            <span class=\"availability\">\n                                                            <span class=\"label-success\">\n                                                                                                                        In Stock\n                                                                                                            </span>\n                                                    </span>\n                                                    <div class=\"product-flags\">\n                                                                                                    </div>\n                \n                				\n				<p class=\"product-desc\" itemprop=\"description\">\n					\n				</p>\n									<div class=\"color-list-container\"></div>\n								\n                <div class=\"absolute-bottom\">\n                    <div class=\"button-container button-list\">\n                                                                                <a class=\"button ajax_add_to_cart_button btn btn-default\" href=\"https://ezecnow.com/mockup/index.php?controller=cart&amp;add=1&amp;id_product=1&amp;token=7dab893824dd5f9cf476217ac5305e28\" rel=\"nofollow\" title=\"Add to cart\" data-id-product-attribute=\"0\" data-id-product=\"1\" data-minimal_quantity=\"1\">\n                                <span><i class=\"icon icon-plus\"></i> Add to cart</span>\n                            </a>\n                                            </div>\n                    <div class=\"functional-buttons clearfix\">\n                        \n                                            </div>\n                </div>\n			</div>\n		</div><!-- .product-container> -->\n	</li>\n</ul>\n\n\n\n\n\n</div>\n\n        </div>			\n      </div>\n    </div>\n</div>\n<!-- /MODULE Zero - Daily Deals -->\n<?php }} ?>\n'),('a1d13b24fbff2bb0d3021ef9aff498c2fc2c1bc2','5b02247b4d0c5509947ace319bf9fe3e43f38b0b','zerosidebar|1|3|3|3|136','2021-05-11 07:01:32','<?php /*%%SmartyHeaderCode:3713980596090c2c27ae8b0-47044120%%*/if(!defined(\'SMARTY_DIR\')) exit(\'no direct access allowed\');\n$_valid = $_smarty_tpl->decodeProperties(array (\n  \'file_dependency\' => \n  array (\n    \'5b02247b4d0c5509947ace319bf9fe3e43f38b0b\' => \n    array (\n      0 => \'/home/jackieyap/public_html/mockup/modules/zerosidebar/views/templates/hook/zerosidebar_header.tpl\',\n      1 => 1572947409,\n      2 => \'file\',\n    ),\n  ),\n  \'nocache_hash\' => \'3713980596090c2c27ae8b0-47044120\',\n  \'version\' => \'Smarty-3.1.19\',\n  \'unifunc\' => \'content_609a2bcca035d6_79377109\',\n  \'has_nocache_code\' => false,\n  \'cache_lifetime\' => 31536000,\n),true); /*/%%SmartyHeaderCode%%*/?>\n<?php if ($_valid && !is_callable(\'content_609a2bcca035d6_79377109\')) {function content_609a2bcca035d6_79377109($_smarty_tpl) {?>\n<?php }} ?>\n'),('a40a75d2477a9a04d4b0028efce1dae251b1860a','9d26a60c810b2197de0b10c2934bd1c2be7e5491','zeroblog|1|3|3|3|136','2021-05-11 07:01:32','<?php /*%%SmartyHeaderCode:12080939596090c2c4624565-42581817%%*/if(!defined(\'SMARTY_DIR\')) exit(\'no direct access allowed\');\n$_valid = $_smarty_tpl->decodeProperties(array (\n  \'file_dependency\' => \n  array (\n    \'9d26a60c810b2197de0b10c2934bd1c2be7e5491\' => \n    array (\n      0 => \'/home/jackieyap/public_html/mockup/modules/zeroblog/views/templates/hook/zposts_home.tpl\',\n      1 => 1572947409,\n      2 => \'file\',\n    ),\n  ),\n  \'nocache_hash\' => \'12080939596090c2c4624565-42581817\',\n  \'version\' => \'Smarty-3.1.19\',\n  \'unifunc\' => \'content_609a2bccc44865_95270513\',\n  \'has_nocache_code\' => false,\n  \'cache_lifetime\' => 31536000,\n),true); /*/%%SmartyHeaderCode%%*/?>\n<?php if ($_valid && !is_callable(\'content_609a2bccc44865_95270513\')) {function content_609a2bccc44865_95270513($_smarty_tpl) {?>\n<!-- Latest Posts Block -->\n<!-- /Latest Posts Block -->\n<?php }} ?>\n'),('a42597ededfad66ca474e59708d27a9b7a9cd36a','5ee669557517e3131a2718fcfa6304790b6e663d','zeropopupnewsletter|1|1|1|3|136','2021-05-14 07:15:11','<?php /*%%SmartyHeaderCode:19667927386090c2c4084381-66208233%%*/if(!defined(\'SMARTY_DIR\')) exit(\'no direct access allowed\');\n$_valid = $_smarty_tpl->decodeProperties(array (\n  \'file_dependency\' => \n  array (\n    \'5ee669557517e3131a2718fcfa6304790b6e663d\' => \n    array (\n      0 => \'/home/jackieyap/public_html/mockup/modules/zeropopupnewsletter/views/templates/hook/zeropopupnewsletter.tpl\',\n      1 => 1609738562,\n      2 => \'file\',\n    ),\n  ),\n  \'nocache_hash\' => \'19667927386090c2c4084381-66208233\',\n  \'version\' => \'Smarty-3.1.19\',\n  \'unifunc\' => \'content_609e237f636603_24057701\',\n  \'has_nocache_code\' => false,\n  \'cache_lifetime\' => 31536000,\n),true); /*/%%SmartyHeaderCode%%*/?>\n<?php if ($_valid && !is_callable(\'content_609e237f636603_24057701\')) {function content_609e237f636603_24057701($_smarty_tpl) {?>\n<!-- MODULE Zero - Popup Newsletter -->\n<div class=\"zero-popupnewsletter\" id=\"zero_newsletter\">\n<div class=\"popup-content\" style=\"width:350px; min-height:450px;background-color:#ffffff;background-image:url(\'/mockup/modules/zeropopupnewsletter/views/img/bgImages/\');\">\n	<div class=\"clearfix newsletter-content\">\n		<h3 style=\"text-align: center;\"><span style=\"color: #4a4a4a;\"><img src=\"https://ezecnow.com/mockup/img/cms/EZ-Square.png\" width=\"101\" height=\"100\" /></span></h3>\r\n<h3 style=\"text-align: center;\"><span style=\"color: #4a4a4a;\">Your Best e-Commerce Solution<br />Partner In Town</span></h3>\n	</div>\n	<div class=\"newsletter-form\">\n		<form action=\"\" method=\"post\" id=\"zero_newsletter_form\">\n			<input type=\"hidden\" name=\"action\" value=\"0\" />\n			<input type=\"hidden\" name=\"submitNewsletter\" value=\"1\" />\n			<div class=\"message\"></div>\n			<p class=\"noshow\"><a href=\"#no-thanks\" class=\"nothanks\"><i class=\"icon icon-minus-sign\"></i>Do not show this popup again.</a></p>\n		</form>\n	</div>\n</div>\n</div>\n\n<script type=\"text/javascript\">\n$(window).load(function () {\n	zeroNewsletterLoad(\'/mockup/modules/zeropopupnewsletter/ajax_subcribe.php\', 0);\n});\n</script>\n<!-- /MODULE Zero - Popup Newsletter -->\n<?php }} ?>\n'),('ad4db4188c398ac0ca87a2ea4c5c5aa15dd1d051','828b8dc20d098b5efd837a0872e22e2547ef5223','zeromanager|1|1|1|3|136','2021-05-14 07:15:08','<?php /*%%SmartyHeaderCode:7638606786090c2c26d02b4-80304595%%*/if(!defined(\'SMARTY_DIR\')) exit(\'no direct access allowed\');\n$_valid = $_smarty_tpl->decodeProperties(array (\n  \'file_dependency\' => \n  array (\n    \'828b8dc20d098b5efd837a0872e22e2547ef5223\' => \n    array (\n      0 => \'/home/jackieyap/public_html/mockup/modules/zeromanager/views/templates/hook/zeromanager_header.tpl\',\n      1 => 1572947409,\n      2 => \'file\',\n    ),\n  ),\n  \'nocache_hash\' => \'7638606786090c2c26d02b4-80304595\',\n  \'version\' => \'Smarty-3.1.19\',\n  \'unifunc\' => \'content_609e237cb92296_80066915\',\n  \'has_nocache_code\' => false,\n  \'cache_lifetime\' => 31536000,\n),true); /*/%%SmartyHeaderCode%%*/?>\n<?php if ($_valid && !is_callable(\'content_609e237cb92296_80066915\')) {function content_609e237cb92296_80066915($_smarty_tpl) {?>\n<?php }} ?>\n'),('ae8cb54d87d17a5fe06dc2df52ea5f0cee471a18','c05f45ce6371716c5e90b18c6efc7f9e0d529c0e','zeromanager|1|1|1|3|136','2021-05-14 07:15:11','<?php /*%%SmartyHeaderCode:3312134696090c2c40d1929-98226497%%*/if(!defined(\'SMARTY_DIR\')) exit(\'no direct access allowed\');\n$_valid = $_smarty_tpl->decodeProperties(array (\n  \'file_dependency\' => \n  array (\n    \'c05f45ce6371716c5e90b18c6efc7f9e0d529c0e\' => \n    array (\n      0 => \'/home/jackieyap/public_html/mockup/modules/zeromanager/views/templates/hook/zeromanager_footer.tpl\',\n      1 => 1572947409,\n      2 => \'file\',\n    ),\n  ),\n  \'nocache_hash\' => \'3312134696090c2c40d1929-98226497\',\n  \'version\' => \'Smarty-3.1.19\',\n  \'unifunc\' => \'content_609e237f686927_71667784\',\n  \'has_nocache_code\' => false,\n  \'cache_lifetime\' => 31536000,\n),true); /*/%%SmartyHeaderCode%%*/?>\n<?php if ($_valid && !is_callable(\'content_609e237f686927_71667784\')) {function content_609e237f686927_71667784($_smarty_tpl) {?>\n<div class=\"footer-main clearfix\">\n	<div class=\"container\"><div class=\"row\">\n        <div class=\"footer-top-left col-xs-12 col-sm-6 col-md-4\">\n                        <div class=\"about-us rte\">\n                <p style=\"text-align: center;\"><img src=\"https://ezecnow.com/mockup/img/cms/EZ-Square.png\" width=\"200\" height=\"197\" /></p>\r\n<h4 style=\"text-align: center;\"><span color=\"#4a4a4a\" style=\"color: #4a4a4a;\">EZ e-Commerce</span></h4>\r\n<p style=\"text-align: center;\"><span style=\"color: #4a4a4a;\"><span>Suite 833A, Level 28,</span><br /><span>The Gardens South Tower,</span><br /><span>Mid Valley City, Lingkaran Syed Putra,</span><br /><span>59200, Kuala Lumpur, Malaysia.</span><br /></span></p>\r\n<p style=\"text-align: center;\"><span style=\"color: #4a4a4a;\">Whatsapp: +012-239 5575</span></p>\r\n<p style=\"text-align: center;\"><a href=\"https://ezecnow.com/mockup/index.php?controller=contact\" class=\"btn btn-default\">Message Us</a></p>\n            </div>\n                                    <div class=\"social-link\">\n                <h4>Follow Us</h4>\n                <ul class=\"social-icons\">\n                                    <li><a href=\"https://ezecnow.com/mockup/\" class=\"twitter\" title=\"Twitter\" target=\"_blank\"><i class=\"icon icon-twitter\"></i></a></li>                                    <li><a href=\"https://www.facebook.com/mockup36/\" class=\"facebook\" title=\"Facebook\" target=\"_blank\"><i class=\"icon icon-facebook\"></i></a></li>                                    <li><a href=\"https://ezecnow.com/mockup/gdalluc6qpy5l0bw/\" class=\"google-plus\" title=\"Google Plus\" target=\"_blank\"><i class=\"icon icon-google-plus\"></i></a></li>                                    <li><a href=\"https://ezecnow.com/mockup/\" class=\"youtube\" title=\"Youtube\" target=\"_blank\"><i class=\"icon icon-youtube\"></i></a></li>                                                                        <li><a href=\"https://ezecnow.com/mockup/\" class=\"instagram\" title=\"Instagram\" target=\"_blank\"><i class=\"icon icon-instagram\"></i></a></li>                                                                                                                                                                                                                    </ul>\n            </div>\n                    </div>\n        <div class=\"footer-top-right col-xs-12 col-sm-6 col-md-8\">\n            <div class=\"newsletter\" id=\"footer_newsletter\"></div>\n\n                        <div class=\"footer-menu\"><div class=\"row\">\n                <div class=\"col-sm-12 col-md-4\">\n                    <h4>Information</h4>\n                    <ul>\n                                            <li><a href=\"https://ezecnow.com/mockup/index.php?id_cms=3&amp;controller=cms\" title=\"Terms and Conditions \">Terms and Conditions </a></li>\n                                            <li><a href=\"https://ezecnow.com/mockup/index.php?id_cms=6&amp;controller=cms\" title=\"Private Policy \">Private Policy </a></li>\n                                            <li><a href=\"https://ezecnow.com/mockup/index.php?id_cms=4&amp;controller=cms\" title=\"About us \">About us </a></li>\n                                            <li><a href=\"https://ezecnow.com/mockup/index.php?controller=prices-drop\" title=\"Price Drop\">Price Drop</a></li>\n                                            <li><a href=\"https://ezecnow.com/mockup/index.php?controller=new-products\" title=\"New Products\">New Products</a></li>\n                                            <li><a href=\"https://ezecnow.com/mockup/index.php?controller=contact\" title=\"Contact us\">Contact us</a></li>\n                                        </ul>\n                </div>\n                <p><a href=\"https://ul.waze.com/ul?ll=3.11775132%2C101.67528950&navigate=yes&zoom=17\"><img src=\"https://ezecnow.com/mockup/img/cms/livemap.PNG\" alt=\"\" width=\"350\" style=\"display: block; margin-left: auto; margin-right: auto;\" /></a></p>\n            </div></div>\n                    </div>\n	</div></div>\n</div>\n<div class=\"footer-bottom clearfix\">\n	<div class=\"container\"><div class=\"row\">\n		<div class=\"bottom-block copyright col-xs-12 col-sm-7\">\n			<p><a href=\"http://www.ezecnow.com/\"><img src=\"https://www.ezecnow.com/wp-content/uploads/2019/09/logo2.png\" width=\"128\" height=\"40\" alt=\"ezecnowlogonew-banner-mod.png\" /></a> <span style=\"color: #4a4a4a;\">Powered by <strong>EZ e-Commerce</strong> | Copyright © 2021 <b>EZ e-Commerce</b></span></p>\n		</div>\n		<div class=\"bottom-block payment col-xs-12 col-sm-5\">\n			<p><img src=\"https://ezecnow.com/mockup/img/cms/secured-payment.png\" alt=\"\" width=\"300\" height=\"89\" /></p>\n		</div>\n	</div></div>\n</div>\n<div class=\"scroll-top\" id=\"scroll_to_top\">\n	<a href=\"#page\" title=\"Back to Top\" data-toggle=\"tooltip\" data-placement=\"top\"><i class=\"icon-angle-double-up\"></i></a>\n</div>\n\n<script type=\"text/javascript\">\n    $(document).ready(function() {\n        $(\'#footer_newsletter\').append($(\'#newsletter_block_left\'));\n		$(\'#scroll_to_top a\').smoothScroll({\n			speed: 500,\n		});\n    });\n</script>\n<?php }} ?>\n'),('b39b1e0fe2465d0f452fa218ba7843de4c53698e','c05f45ce6371716c5e90b18c6efc7f9e0d529c0e','zeromanager|1|3|3|3|136','2021-05-11 07:01:32','<?php /*%%SmartyHeaderCode:3312134696090c2c40d1929-98226497%%*/if(!defined(\'SMARTY_DIR\')) exit(\'no direct access allowed\');\n$_valid = $_smarty_tpl->decodeProperties(array (\n  \'file_dependency\' => \n  array (\n    \'c05f45ce6371716c5e90b18c6efc7f9e0d529c0e\' => \n    array (\n      0 => \'/home/jackieyap/public_html/mockup/modules/zeromanager/views/templates/hook/zeromanager_footer.tpl\',\n      1 => 1572947409,\n      2 => \'file\',\n    ),\n  ),\n  \'nocache_hash\' => \'3312134696090c2c40d1929-98226497\',\n  \'version\' => \'Smarty-3.1.19\',\n  \'unifunc\' => \'content_609a2bccb7c936_47649066\',\n  \'has_nocache_code\' => false,\n  \'cache_lifetime\' => 31536000,\n),true); /*/%%SmartyHeaderCode%%*/?>\n<?php if ($_valid && !is_callable(\'content_609a2bccb7c936_47649066\')) {function content_609a2bccb7c936_47649066($_smarty_tpl) {?>\n<div class=\"footer-main clearfix\">\n	<div class=\"container\"><div class=\"row\">\n        <div class=\"footer-top-left col-xs-12 col-sm-6 col-md-4\">\n                        <div class=\"about-us rte\">\n                <p style=\"text-align: center;\"><img src=\"https://ezecnow.com/mockup/img/cms/EZ-Square.png\" width=\"200\" height=\"197\" /></p>\r\n<h4 style=\"text-align: center;\"><span color=\"#4a4a4a\" style=\"color: #4a4a4a;\">EZ e-Commerce</span></h4>\r\n<p style=\"text-align: center;\"><span style=\"color: #4a4a4a;\"><span>Suite 833A, Level 28,</span><br /><span>The Gardens South Tower,</span><br /><span>Mid Valley City, Lingkaran Syed Putra,</span><br /><span>59200, Kuala Lumpur, Malaysia.</span><br /></span></p>\r\n<p style=\"text-align: center;\"><span style=\"color: #4a4a4a;\">Whatsapp: +012-239 5575</span></p>\r\n<p style=\"text-align: center;\"><a href=\"https://ezecnow.com/mockup/index.php?controller=contact\" class=\"btn btn-default\">Message Us</a></p>\n            </div>\n                                    <div class=\"social-link\">\n                <h4>Follow Us</h4>\n                <ul class=\"social-icons\">\n                                    <li><a href=\"https://ezecnow.com/mockup/\" class=\"twitter\" title=\"Twitter\" target=\"_blank\"><i class=\"icon icon-twitter\"></i></a></li>                                    <li><a href=\"https://www.facebook.com/mockup36/\" class=\"facebook\" title=\"Facebook\" target=\"_blank\"><i class=\"icon icon-facebook\"></i></a></li>                                    <li><a href=\"https://ezecnow.com/mockup/gdalluc6qpy5l0bw/\" class=\"google-plus\" title=\"Google Plus\" target=\"_blank\"><i class=\"icon icon-google-plus\"></i></a></li>                                    <li><a href=\"https://ezecnow.com/mockup/\" class=\"youtube\" title=\"Youtube\" target=\"_blank\"><i class=\"icon icon-youtube\"></i></a></li>                                                                        <li><a href=\"https://ezecnow.com/mockup/\" class=\"instagram\" title=\"Instagram\" target=\"_blank\"><i class=\"icon icon-instagram\"></i></a></li>                                                                                                                                                                                                                    </ul>\n            </div>\n                    </div>\n        <div class=\"footer-top-right col-xs-12 col-sm-6 col-md-8\">\n            <div class=\"newsletter\" id=\"footer_newsletter\"></div>\n\n                        <div class=\"footer-menu\"><div class=\"row\">\n                <div class=\"col-sm-12 col-md-4\">\n                    <h4>Information</h4>\n                    <ul>\n                                            <li><a href=\"https://ezecnow.com/mockup/index.php?id_cms=3&amp;controller=cms\" title=\"Terms and Conditions \">Terms and Conditions </a></li>\n                                            <li><a href=\"https://ezecnow.com/mockup/index.php?id_cms=6&amp;controller=cms\" title=\"Private Policy \">Private Policy </a></li>\n                                            <li><a href=\"https://ezecnow.com/mockup/index.php?id_cms=4&amp;controller=cms\" title=\"About us \">About us </a></li>\n                                            <li><a href=\"https://ezecnow.com/mockup/index.php?controller=prices-drop\" title=\"Price Drop\">Price Drop</a></li>\n                                            <li><a href=\"https://ezecnow.com/mockup/index.php?controller=new-products\" title=\"New Products\">New Products</a></li>\n                                            <li><a href=\"https://ezecnow.com/mockup/index.php?controller=contact\" title=\"Contact us\">Contact us</a></li>\n                                        </ul>\n                </div>\n                <p><a href=\"https://ul.waze.com/ul?ll=3.11775132%2C101.67528950&navigate=yes&zoom=17\"><img src=\"https://ezecnow.com/mockup/img/cms/livemap.PNG\" alt=\"\" width=\"350\" style=\"display: block; margin-left: auto; margin-right: auto;\" /></a></p>\n            </div></div>\n                    </div>\n	</div></div>\n</div>\n<div class=\"footer-bottom clearfix\">\n	<div class=\"container\"><div class=\"row\">\n		<div class=\"bottom-block copyright col-xs-12 col-sm-7\">\n			<p><a href=\"http://www.ezecnow.com/\"><img src=\"https://www.ezecnow.com/wp-content/uploads/2019/09/logo2.png\" width=\"128\" height=\"40\" alt=\"ezecnowlogonew-banner-mod.png\" /></a> <span style=\"color: #4a4a4a;\">Powered by <strong>EZ e-Commerce</strong> | Copyright © 2021 <b>EZ e-Commerce</b></span></p>\n		</div>\n		<div class=\"bottom-block payment col-xs-12 col-sm-5\">\n			<p><img src=\"https://ezecnow.com/mockup/img/cms/secured-payment.png\" alt=\"\" width=\"300\" height=\"89\" /></p>\n		</div>\n	</div></div>\n</div>\n<div class=\"scroll-top\" id=\"scroll_to_top\">\n	<a href=\"#page\" title=\"Back to Top\" data-toggle=\"tooltip\" data-placement=\"top\"><i class=\"icon-angle-double-up\"></i></a>\n</div>\n\n<script type=\"text/javascript\">\n    $(document).ready(function() {\n        $(\'#footer_newsletter\').append($(\'#newsletter_block_left\'));\n		$(\'#scroll_to_top a\').smoothScroll({\n			speed: 500,\n		});\n    });\n</script>\n<?php }} ?>\n'),('b8caed415331feba521fb5ab7624df20ecb1b194','fac95e190050647f7923b47f81be3d815db12729','zeromenu|1|1|1|3|136','2021-05-14 07:15:11','<?php /*%%SmartyHeaderCode:6991644956090c2c4276521-70728120%%*/if(!defined(\'SMARTY_DIR\')) exit(\'no direct access allowed\');\n$_valid = $_smarty_tpl->decodeProperties(array (\n  \'file_dependency\' => \n  array (\n    \'fac95e190050647f7923b47f81be3d815db12729\' => \n    array (\n      0 => \'/home/jackieyap/public_html/mockup/modules/zeromenu/views/templates/hook/zeromenu_nav.tpl\',\n      1 => 1572947409,\n      2 => \'file\',\n    ),\n  ),\n  \'nocache_hash\' => \'6991644956090c2c4276521-70728120\',\n  \'version\' => \'Smarty-3.1.19\',\n  \'unifunc\' => \'content_609e237f869e46_33400341\',\n  \'has_nocache_code\' => false,\n  \'cache_lifetime\' => 31536000,\n),true); /*/%%SmartyHeaderCode%%*/?>\n<?php if ($_valid && !is_callable(\'content_609e237f869e46_33400341\')) {function content_609e237f869e46_33400341($_smarty_tpl) {?>\n<!-- MODULE Zero - Mega Menu -->\n  <ul class=\"znav-top\">\n  	<li>\n		<a href=\"https://ezecnow.com/mockup/index.php?controller=prices-drop\" class=\"link-toggle-plus\">\n			Highlight\n			<span class=\"mobile-toggle-plus\"></span>\n		</a>\n				<div class=\"dropdown\">\n			\n									<div class=\"dropdown-content\">\n																			<div class=\"product-item\">\n						<p><a class=\"product_img_link\" href=\"https://ezecnow.com/mockup/index.php?id_product=1&amp;controller=product\" title=\"test\"><img class=\"replace-2x img-responsive\" src=\"https://ezecnow.com/mockup/img/p/en-default-medium_default.jpg\" alt=\"test\" title=\"test\" /></a></p>\n						<h5><a class=\"product-name\" href=\"https://ezecnow.com/mockup/index.php?id_product=1&amp;controller=product\" title=\"\">test</a></h5>\n												<p>    \n                            <span class=\"price product-price\">RM1.00</span>\n                        </p>\n											</div>\n																	</div>\n								</div>\n			</li>\n  	<li>\n		<a href=\"\" class=\"link-toggle-plus\">\n			Products\n			<span class=\"mobile-toggle-plus\"></span>\n		</a>\n				<div class=\"dropdown\">\n			\n									<div class=\"dropdown-content\">\n													\n							</div>\n								</div>\n			</li>\n  	<li>\n		<a href=\"https://ezecnow.com/mockup/index.php?fc=module&amp;module=zeroblog&amp;controller=zblog\" class=\"link-toggle-plus\">\n			Latest News\n			<span class=\"mobile-toggle-plus\"></span>\n		</a>\n				<div class=\"dropdown\">\n			\n									<div class=\"dropdown-content\">\n																</div>\n								</div>\n			</li>\n  	<li>\n		<a href=\"https://ezecnow.com/mockup/index.php?controller=contact\" >\n			Contact Us\n			<span class=\"mobile-toggle-plus\"></span>\n		</a>\n			</li>\n    </ul>\n<!-- /MODULE Zero - Mega Menu -->\n<?php }} ?>\n'),('bb82cdb1a987355c906969626b1a8f7ec7ad8ae3','1cf27adb5bc846fad4143dd3eda52aea25608d4e','zeromanager|1|3|3|3|136','2021-05-11 07:01:32','<?php /*%%SmartyHeaderCode:6031394606090c2c433a078-57314945%%*/if(!defined(\'SMARTY_DIR\')) exit(\'no direct access allowed\');\n$_valid = $_smarty_tpl->decodeProperties(array (\n  \'file_dependency\' => \n  array (\n    \'1cf27adb5bc846fad4143dd3eda52aea25608d4e\' => \n    array (\n      0 => \'/home/jackieyap/public_html/mockup/modules/zeromanager/views/templates/hook/zeromanager_banner.tpl\',\n      1 => 1572947409,\n      2 => \'file\',\n    ),\n  ),\n  \'nocache_hash\' => \'6031394606090c2c433a078-57314945\',\n  \'version\' => \'Smarty-3.1.19\',\n  \'unifunc\' => \'content_609a2bccbccf77_85655028\',\n  \'has_nocache_code\' => false,\n  \'cache_lifetime\' => 31536000,\n),true); /*/%%SmartyHeaderCode%%*/?>\n<?php if ($_valid && !is_callable(\'content_609a2bccbccf77_85655028\')) {function content_609a2bccbccf77_85655028($_smarty_tpl) {?><div class=\"header-event-banner\" id=\"event_banner\" style=\"background-color: #ffffff;\">\n	<div class=\"container\">\n		<p><marquee> Welcome to EZ e-Commerce Solutions</marquee></p>\n        \n        <div class=\"close-banner\"></div>\n	</div>\n    \n</div>\n\n<?php }} ?>\n'),('bc89df41d2d9e83c5be6ba965e4fb7528d70729a','2a7c43141b5a0bee27ba4e079cea7c5f6ad80d99','zeromenu|1|1|1|3|136','2021-05-14 07:15:11','<?php /*%%SmartyHeaderCode:1247143716090c2c3e780d1-18966216%%*/if(!defined(\'SMARTY_DIR\')) exit(\'no direct access allowed\');\n$_valid = $_smarty_tpl->decodeProperties(array (\n  \'file_dependency\' => \n  array (\n    \'2a7c43141b5a0bee27ba4e079cea7c5f6ad80d99\' => \n    array (\n      0 => \'/home/jackieyap/public_html/mockup/modules/zeromenu/views/templates/hook/zeromenu.tpl\',\n      1 => 1572947409,\n      2 => \'file\',\n    ),\n  ),\n  \'nocache_hash\' => \'1247143716090c2c3e780d1-18966216\',\n  \'version\' => \'Smarty-3.1.19\',\n  \'unifunc\' => \'content_609e237f58ea56_65820179\',\n  \'has_nocache_code\' => false,\n  \'cache_lifetime\' => 31536000,\n),true); /*/%%SmartyHeaderCode%%*/?>\n<?php if ($_valid && !is_callable(\'content_609e237f58ea56_65820179\')) {function content_609e237f58ea56_65820179($_smarty_tpl) {?>\n<!-- MODULE Zero - Mega Menu -->\n<div class=\"zmega-menu hidden-xs\">\n<div id=\"zmegamenu\" >\n  <div class=\"mobile-title visible-xs\">Menu</div>\n  <ul class=\"znav-top clearfix\">\n  	<li class=\"m-4 plex \">\n		<a href=\"https://ezecnow.com/mockup/index.php?controller=prices-drop\">Highlight\n		</a>\n				<span class=\"mobile-toggle-plus\"></span>\n		<div class=\"dropdown zdropdown-3\" >\n			<div class=\"dropdown-bgimage\" ></div>\n			\n									<div class=\"dropdown-content zcontent-3 d-3\">\n																			<div class=\"product-line\">					<div class=\"product-item\">\n						<p><a class=\"product_img_link\" href=\"https://ezecnow.com/mockup/index.php?id_product=1&amp;controller=product\" title=\"test\"><img class=\"replace-2x img-responsive\" src=\"https://ezecnow.com/mockup/img/p/en-default-medium_default.jpg\" alt=\"test\" title=\"test\" /></a></p>\n						<h5><a class=\"product-name\" href=\"https://ezecnow.com/mockup/index.php?id_product=1&amp;controller=product\" title=\"\">test</a></h5>\n												<p>    \n                            <span class=\"price product-price\">RM1.00</span>\n                        </p>\n											</div>\n					</div>																	</div>\n								</div>\n			</li>\n  	<li class=\"m-1 plex \">\n		<a href=\"\">Products\n		</a>\n				<span class=\"mobile-toggle-plus\"></span>\n		<div class=\"dropdown zdropdown-1\" style=\"background-color: #E3DFDE;\">\n			<div class=\"dropdown-bgimage\" ></div>\n			\n									<div class=\"dropdown-content zcontent-1 d-1\">\n													\n							</div>\n								</div>\n			</li>\n  	<li class=\"m-8 plex \">\n		<a href=\"https://ezecnow.com/mockup/index.php?fc=module&amp;module=zeroblog&amp;controller=zblog\">Latest News\n		</a>\n				<span class=\"mobile-toggle-plus\"></span>\n		<div class=\"dropdown zdropdown-3\" >\n			<div class=\"dropdown-bgimage\" ></div>\n			\n									<div class=\"dropdown-content zcontent-3 d-6\">\n																</div>\n								</div>\n			</li>\n  	<li class=\"m-5  \">\n		<a href=\"https://ezecnow.com/mockup/index.php?controller=contact\">Contact Us\n		</a>\n			</li>\n    </ul>\n</div>\n</div>\n			\n<!-- /MODULE Zero - Mega Menu -->\n<?php }} ?>\n'),('bc92d6c6890621fea4719d6c1f0bf05404384457','77c6b955db879dd62ee0fd5530a9cec52fd4c9e6','blocksearch-top|1|1|1|3|136','2021-05-14 07:15:11','<?php /*%%SmartyHeaderCode:15824558176090c2c3df84c1-98655821%%*/if(!defined(\'SMARTY_DIR\')) exit(\'no direct access allowed\');\n$_valid = $_smarty_tpl->decodeProperties(array (\n  \'file_dependency\' => \n  array (\n    \'77c6b955db879dd62ee0fd5530a9cec52fd4c9e6\' => \n    array (\n      0 => \'/home/jackieyap/public_html/mockup/themes/zro03/modules/blocksearch/blocksearch-top.tpl\',\n      1 => 1572947410,\n      2 => \'file\',\n    ),\n  ),\n  \'nocache_hash\' => \'15824558176090c2c3df84c1-98655821\',\n  \'version\' => \'Smarty-3.1.19\',\n  \'unifunc\' => \'content_609e237f340757_61306556\',\n  \'has_nocache_code\' => false,\n  \'cache_lifetime\' => 31536000,\n),true); /*/%%SmartyHeaderCode%%*/?>\n<?php if ($_valid && !is_callable(\'content_609e237f340757_61306556\')) {function content_609e237f340757_61306556($_smarty_tpl) {?><!-- Block search module TOP -->\n<div id=\"search_block_top\" class=\"hidden-xs\">\n	<form id=\"searchbox\" method=\"get\" action=\"//ezecnow.com/mockup/index.php?controller=search\" >\n		<input type=\"hidden\" name=\"controller\" value=\"search\" />\n		<input type=\"hidden\" name=\"orderby\" value=\"position\" />\n		<input type=\"hidden\" name=\"orderway\" value=\"desc\" />\n		<input class=\"search_query form-control\" type=\"text\" id=\"search_query_top\" name=\"search_query\" placeholder=\"Search here\" value=\"\" />\n		<button type=\"submit\" name=\"submit_search\" class=\"btn button-search\">\n			<span>Search</span>\n		</button>\n	</form>\n</div>\n<!-- /Block search module TOP --><?php }} ?>\n'),('be0359fcda516d70be371e323b3aa8ada7fd91b7','3aa69fbdd7016fbf218258231425356345d6e687','zerohomepage|1|3|3|3|136','2021-05-11 07:01:32','<?php /*%%SmartyHeaderCode:13638430896090c2c4607636-47398819%%*/if(!defined(\'SMARTY_DIR\')) exit(\'no direct access allowed\');\n$_valid = $_smarty_tpl->decodeProperties(array (\n  \'file_dependency\' => \n  array (\n    \'3aa69fbdd7016fbf218258231425356345d6e687\' => \n    array (\n      0 => \'/home/jackieyap/public_html/mockup/modules/zerohomepage/views/templates/hook/zerohomepage_bottom.tpl\',\n      1 => 1572947409,\n      2 => \'file\',\n    ),\n  ),\n  \'nocache_hash\' => \'13638430896090c2c4607636-47398819\',\n  \'version\' => \'Smarty-3.1.19\',\n  \'unifunc\' => \'content_609a2bccc3a645_35638110\',\n  \'has_nocache_code\' => false,\n  \'cache_lifetime\' => 31536000,\n),true); /*/%%SmartyHeaderCode%%*/?>\n<?php if ($_valid && !is_callable(\'content_609a2bccc3a645_35638110\')) {function content_609a2bccc3a645_35638110($_smarty_tpl) {?>\n<!-- MODULE Zero - Homepage Main Blocks -->\n<!-- /MODULE Zero - Homepage Main Blocks -->\n<?php }} ?>\n'),('bfff8d6c9daf2ded79166481a5a2a91549e01af3','d46db038908d027cf376de097b86f796af17bb73','zeroslideshow|1|1|1|3|136','2021-05-14 07:15:11','<?php /*%%SmartyHeaderCode:15420786496090c2c4365d58-28166604%%*/if(!defined(\'SMARTY_DIR\')) exit(\'no direct access allowed\');\n$_valid = $_smarty_tpl->decodeProperties(array (\n  \'file_dependency\' => \n  array (\n    \'d46db038908d027cf376de097b86f796af17bb73\' => \n    array (\n      0 => \'/home/jackieyap/public_html/mockup/modules/zeroslideshow/views/templates/hook/zeroslideshow.tpl\',\n      1 => 1572947409,\n      2 => \'file\',\n    ),\n  ),\n  \'nocache_hash\' => \'15420786496090c2c4365d58-28166604\',\n  \'version\' => \'Smarty-3.1.19\',\n  \'unifunc\' => \'content_609e237f8cb064_94144966\',\n  \'has_nocache_code\' => false,\n  \'cache_lifetime\' => 31536000,\n),true); /*/%%SmartyHeaderCode%%*/?>\n<?php if ($_valid && !is_callable(\'content_609e237f8cb064_94144966\')) {function content_609e237f8cb064_94144966($_smarty_tpl) {?>\n<!-- MODULE Zero - Slideshow -->\n<!-- /MODULE Zero - Slideshow -->\n<?php }} ?>\n'),('c1ab6fe903feb99ad63d18bb7a240c863faf8783','c3ac4eb68e58dea2f0ac6cc98587f56a688b0f3a','productcomments|1|3|3|3|136|1','2021-05-11 07:01:32','<?php /*%%SmartyHeaderCode:139542876090c2c4588374-64344773%%*/if(!defined(\'SMARTY_DIR\')) exit(\'no direct access allowed\');\n$_valid = $_smarty_tpl->decodeProperties(array (\n  \'file_dependency\' => \n  array (\n    \'c3ac4eb68e58dea2f0ac6cc98587f56a688b0f3a\' => \n    array (\n      0 => \'/home/jackieyap/public_html/mockup/themes/zro03/modules/productcomments/productcomments_reviews.tpl\',\n      1 => 1572947411,\n      2 => \'file\',\n    ),\n  ),\n  \'nocache_hash\' => \'139542876090c2c4588374-64344773\',\n  \'version\' => \'Smarty-3.1.19\',\n  \'unifunc\' => \'content_609a2bccc0d314_39713531\',\n  \'has_nocache_code\' => false,\n  \'cache_lifetime\' => 31536000,\n),true); /*/%%SmartyHeaderCode%%*/?>\n<?php if ($_valid && !is_callable(\'content_609a2bccc0d314_39713531\')) {function content_609a2bccc0d314_39713531($_smarty_tpl) {?><?php }} ?>\n'),('c57260dea98b5e08c0395c456a3520fd095a483d','e31897cdcc2981e25ea3683e3f1a03149f5521df','zerohomepage|1|1|1|3|136','2021-05-14 07:15:11','<?php /*%%SmartyHeaderCode:1968055326090c2c45b52e7-48192113%%*/if(!defined(\'SMARTY_DIR\')) exit(\'no direct access allowed\');\n$_valid = $_smarty_tpl->decodeProperties(array (\n  \'file_dependency\' => \n  array (\n    \'e31897cdcc2981e25ea3683e3f1a03149f5521df\' => \n    array (\n      0 => \'/home/jackieyap/public_html/mockup/modules/zerohomepage/views/templates/hook/zerohomepage_top.tpl\',\n      1 => 1572947409,\n      2 => \'file\',\n    ),\n  ),\n  \'nocache_hash\' => \'1968055326090c2c45b52e7-48192113\',\n  \'version\' => \'Smarty-3.1.19\',\n  \'unifunc\' => \'content_609e237f9b8de2_98341086\',\n  \'has_nocache_code\' => false,\n  \'cache_lifetime\' => 31536000,\n),true); /*/%%SmartyHeaderCode%%*/?>\n<?php if ($_valid && !is_callable(\'content_609e237f9b8de2_98341086\')) {function content_609e237f9b8de2_98341086($_smarty_tpl) {?>\n<!-- MODULE Zero - Homepage Main Blocks -->\n<!-- /MODULE Zero - Homepage Main Blocks -->\n<?php }} ?>\n'),('c89adf6c1e4b3e2de74677bfe43084a0f0f7b5cf','f77a1dbc397422b80c16387676c629f2289421e6','zerofeaturedcategories|1|3|3|3|136','2021-05-11 07:01:32','<?php /*%%SmartyHeaderCode:13112203836090c2c43eedc0-30921334%%*/if(!defined(\'SMARTY_DIR\')) exit(\'no direct access allowed\');\n$_valid = $_smarty_tpl->decodeProperties(array (\n  \'file_dependency\' => \n  array (\n    \'f77a1dbc397422b80c16387676c629f2289421e6\' => \n    array (\n      0 => \'/home/jackieyap/public_html/mockup/modules/zerofeaturedcategories/views/templates/hook/zerofeaturedcategories_bottomcolumn.tpl\',\n      1 => 1572947409,\n      2 => \'file\',\n    ),\n  ),\n  \'nocache_hash\' => \'13112203836090c2c43eedc0-30921334\',\n  \'version\' => \'Smarty-3.1.19\',\n  \'unifunc\' => \'content_609a2bccbe4d53_49182677\',\n  \'has_nocache_code\' => false,\n  \'cache_lifetime\' => 31536000,\n),true); /*/%%SmartyHeaderCode%%*/?>\n<?php if ($_valid && !is_callable(\'content_609a2bccbe4d53_49182677\')) {function content_609a2bccbe4d53_49182677($_smarty_tpl) {?>\n<!-- MODULE Zero - Featured Categories -->\n<!-- /MODULE Zero - Featured Categories -->\n<?php }} ?>\n'),('d7080966a2e03e7fe9e16235d6416ba1ae4bf624','65de915ef2646ba64fa392beed9ca2494ada2dc6','zerocolors|1|1|1|3|136','2021-05-14 07:15:08','<?php /*%%SmartyHeaderCode:8582447146090c2c2757a66-09502261%%*/if(!defined(\'SMARTY_DIR\')) exit(\'no direct access allowed\');\n$_valid = $_smarty_tpl->decodeProperties(array (\n  \'file_dependency\' => \n  array (\n    \'65de915ef2646ba64fa392beed9ca2494ada2dc6\' => \n    array (\n      0 => \'/home/jackieyap/public_html/mockup/modules/zerocolors/views/templates/hook/zerocolors.tpl\',\n      1 => 1572947409,\n      2 => \'file\',\n    ),\n  ),\n  \'nocache_hash\' => \'8582447146090c2c2757a66-09502261\',\n  \'version\' => \'Smarty-3.1.19\',\n  \'unifunc\' => \'content_609e237ce97312_56550726\',\n  \'has_nocache_code\' => false,\n  \'cache_lifetime\' => 31536000,\n),true); /*/%%SmartyHeaderCode%%*/?>\n<?php if ($_valid && !is_callable(\'content_609e237ce97312_56550726\')) {function content_609e237ce97312_56550726($_smarty_tpl) {?>\n<!-- Zero Colors -->\n<link href=\"https://fonts.googleapis.com/css?family=Raleway:300,400&display=swap\" rel=\"stylesheet\">\r\n<link href=\"https://fonts.googleapis.com/css2?family=Just+Another+Hand&display=swap\" rel=\"stylesheet\">\r\n<link href=\"https://fonts.googleapis.com/css2?family=Patrick+Hand&display=swap\" rel=\"stylesheet\">\r\n<link href=\"https://fonts.googleapis.com/css2?family=Gochi+Hand&display=swap\" rel=\"stylesheet\">\r\n<link href=\"https://fonts.googleapis.com/css?family=Ubuntu&display=swap\" rel=\"stylesheet\">\n<style type=\"text/css\">.content_scene_cat .content_scene, #cms #center_column #admin-action-cms p .button.lnk_view, table#product_comparison tbody tr td.td_empty, table#product_comparison tbody tr td.feature-name, table#product_comparison tbody tr.comparison_header, table#product_comparison .remove a, .form-control, body, p.info-title, .dark, .btn.button-plus, .btn.button-minus, .btn.button-plus:hover, .btn.button-plus:focus, .btn.button-plus:active, .btn.button-minus:hover, .btn.button-minus:focus, .btn.button-minus:active, .button.exclusive-medium, .button.exclusive-medium:hover, .button.lnk_view, .table > thead > tr > th, .content_sortPagiBar .display li.display-title, .content_sortPagiBar .display_m li.display-title, .top-pagination-content ul.pagination li > a, .top-pagination-content ul.pagination li > span, .bottom-pagination-content ul.pagination li > a, .bottom-pagination-content ul.pagination li > span, .listcomment .titlecomment, .listcomment .txtcomment, .breadcrumb .breadcrumb-wrapper a, .cart_delete a.cart_quantity_delete, a.price_discount_delete, #cart_summary tbody td.cart_unit ul.price li.price, #cart_summary tfoot td.text-right, #cart_summary tfoot tbody td.cart_unit, #cart_summary tbody tfoot td.cart_unit, #cart_summary tfoot tbody td.cart_total, #cart_summary tbody tfoot td.cart_total, .cart_voucher .title-offers, #multishipping_mode_box .title, .order_carrier_content .carrier_title, a.iframe, p.payment_module a, p.payment_module a span, #pagenotfound .pagenotfound h1, #pagenotfound .pagenotfound h3, .fancybox-skin .fancybox-close, .table tfoot strong, #maintenance h1, .shopping_cart > a:first-child b, .cart_block .product-atributes a, #layer_cart .layer_cart_cart .title, #layer_cart .cross, #contact_block p.tel, form#searchbox label, .sf-menu li li li a:hover, .sf-menu > li > ul > li > a, #module-blockwishlist-mywishlist .wishlistLinkTop ul.display_list a, #product_comments_block_extra .comments_note span, .comments_advices a, .comments_advices a:hover, #new_comment_form, #new_comment_form .product .product_desc, #product_comments_block_tab div.comment .comment_details ul li:before, #product_comments_block_tab .comment_author_infos strong, .button.lnk_view:hover, .button.lnk_view:focus, .button.lnk_view:active, .button.lnk_view.active, div.selector span, #order-opc .title_block, .pb-left-column #image-block #view_full_size .span_link:after, #view_scroll_left:before,   #view_scroll_right:before, #usefull_link_block li#favoriteproducts_block_extra_remove:before, #usefull_link_block li#favoriteproducts_block_extra_add:before, #usefull_link_block li#favoriteproducts_block_extra_removed:before, #usefull_link_block li#favoriteproducts_block_extra_added:before, #product p#loyalty b, #attributes .attribute_list .form-control option, .table-data-sheet tr td:first-child, table.table-product-discounts tr th, #quantity_wanted_p input, #quantityAvailable, #pQuantityAvailable span, #send_friend_form .form_container p.intro_form, ul.product_base_list .product-flags, .thumbs_banner .space-keeper a.prev, .thumbs_banner .space-keeper a.next, #listpage_content div.tree_top a:before, #stores label, .slick-dots li button:before {color: #717171} .pagination > li > a:hover, .pagination > li > a:focus, .pagination > li > span:hover, .pagination > li > span:focus, .pager li > a:hover, .pager li > a:focus, #home-page-tabs > li.active a, #home-page-tabs > li a:hover, .cat-title:hover, #homepage-slider .bx-wrapper .bx-controls-direction a:hover:before, .ie8 #homepage-slider .bx-wrapper .bx-controls-direction a:before, #new_comment_form .title {background-color: #717171} .cart_block dd .cart_block_customizations {border-top-color: #717171} #center_column .page_product_box h3, label, .product-name, .product-name a, #home-page-tabs > li a, .block .title_block, .block h4, .block .title_block > a, .block h4 > a, .page-heading, h3.page-product-heading, .cart_voucher h4, #layer_cart .crossseling h2, #new_comment_form .product .product_desc .product_name, #productscategory_list .product-name a, .zpost .name, #footer .footer-main h3, #footer .footer-main h4, .nav-tabs > li > a, .nav-tabs > li.active > a, .nav-tabs > li.active > a:hover, .nav-tabs > li.active > a:focus, .zaccordions .panel .title_panel, .zaccordions .panel .title_panel a, .rte .banner1 span:first-of-type, .znav-top > li > a, #send_friend_form .product .product_desc .product_name, .st-menu-title {color: #555555} .content_scene_cat .content_scene .cat_desc a, a, .btn-link, .table td a.color-myaccount, .page-heading span.heading-counter, .content_sortPagiBar .display li a:hover i, .content_sortPagiBar .display_m li a:hover i, .content_sortPagiBar .display li.selected i, .content_sortPagiBar .display_m li.selected i, .cart_voucher #display_cart_vouchers span, p.payment_module a.cheque:after, p.payment_module a.bankwire:after, p.payment_module a.cash:after, #footer .about-us [class^=\"icon-\"]:before, .rte .feature, .rte .feature2, #my-account ul.myaccount-link-list li a i {color: #717171} div.uploader span.action, .btn-default, .btn-default.disabled, .btn-default.disabled:hover, .btn-default.disabled:focus, .btn-default.disabled:active, .btn-default.disabled.active, .btn-default[disabled], .btn-default[disabled]:hover, .btn-default[disabled]:focus, .btn-default[disabled]:active, .btn-default[disabled].active, fieldset[disabled] .btn-default, fieldset[disabled] .btn-default:hover, fieldset[disabled] .btn-default:focus, fieldset[disabled] .btn-default:active, fieldset[disabled] .btn-default.active, input.button_mini:hover, input.button_small:hover, input.button:hover, input.button_large:hover, input.exclusive_mini:hover, input.exclusive_small:hover, input.exclusive:hover, input.exclusive_large:hover, a.button_mini:hover, a.button_small:hover, a.button:hover, a.button_large:hover, a.exclusive_mini:hover, a.exclusive_small:hover, a.exclusive:hover, a.exclusive_large:hover, .button.button-small, .button.ajax_add_to_cart_button, .top-pagination-content ul.pagination li.active > span, .bottom-pagination-content ul.pagination li.active > span, .shopping_cart > a:first-child, .currencies-block-content ul li.selected span, #languages-block-top ul li.selected span, #searchbox .btn.button-search, a.zrss, #footer .social-link .social-icons a:hover, #footer .social-link .social-icons a:active, #footer .social-link .social-icons a:focus, .rte .banner3:hover, .rte .feature:hover, .rte .feature2:hover, .box-info-product .exclusive, ul.product_base_list .hover-box .wishlist a, ul.product_base_list .hover-box .compare a, ul.product_base_list .hover-box .quickview a, #nprogress .bar, .languages-block-top ul li.selected span, .currencies-block-content ul li.selected span {background-color: #717171} .nav .open > a, .nav .open > a:hover, .nav .open > a:focus, a.thumbnail:hover, a.thumbnail:focus, .top-pagination-content ul.pagination li.active > span, .bottom-pagination-content ul.pagination li.active > span, .rte .feature:hover, .rte .feature2:hover, #thumbs_list li a:hover, #thumbs_list li a.shown {border-color: #717171} .nav .caret, #nprogress .spinner-icon {border-top-color: #717171} .nav .caret {border-bottom-color: #717171} #nprogress .spinner-icon {border-left-color: #717171} .button.button-small:hover, .button.button-small:focus, .button.button-small:active, .button.ajax_add_to_cart_button:hover, .button.ajax_add_to_cart_button:focus, .button.ajax_add_to_cart_button:active, .shopping_cart > a:first-child:hover, #layer_cart .layer_cart_cart .button-container .btn.continue:hover, #searchbox .btn.button-search:hover, .zmenu-nav ul li a > sup, #footer .scroll-top:hover a, .btn-default:hover, .btn-default:focus, .btn-default:active, .btn-default.active, .znav-top > li > a > sup, .zero-popupnewsletter .newsletter-form .button:hover, .box-info-product .exclusive:hover, .box-info-product .exclusive:focus, .box-info-product .exclusive:active, ul.product_base_list .hover-box .wishlist a:hover, ul.product_base_list .hover-box .compare a:hover, ul.product_base_list .hover-box .quickview a:hover {background-color: #ffd358} .header-order-detail .free-ship-text, .st-menu-close:hover {color: #ffd358} .content_scene_cat .content_scene .cat_desc a:hover, #cms #center_column #admin-action-cms p span, table#product_comparison .remove a:hover, table#product_comparison .comparison_unit_price, a:hover, a:focus, .btn-link:hover, .btn-link:focus, .product-name a:hover, .price, .product-price, .special-price, .product-price.special-price, ul.step li.step_current, .breadcrumb .breadcrumb-wrapper a:hover, .cart_delete a.cart_quantity_delete:hover, a.price_discount_delete:hover, #cart_summary tbody td.cart_total .price, #cart_summary tfoot td#total_price_container, .cart_voucher #display_cart_vouchers span:hover, #instant_search_results a.close:hover, .fancybox-skin .fancybox-close:hover, .cart_block .cart_block_list .remove_link a:hover, .cart_block .cart_block_list .ajax_cart_block_remove_link:hover, #layer_cart .layer_cart_cart .ajax_block_cart_total, #layer_cart .cross:hover, #categories_block_left li span.grower:hover + a, #categories_block_left li a:hover, #categories_block_left li a.selected, .sf-menu > li > ul > li > a:hover, #wishlist_block .ajax_cart_block_remove_link:hover, #module-blockwishlist-mywishlist .wishlistLinkTop ul.display_list a:hover, .block_wishlist_extra #wishlist_button_nopop:hover, #product_comments_block_tab div.comment .comment_details .title_block, #product_comments_block_tab div.comment .comment_details .comment-useful .total-advice, #productscategory_list .product-name a:hover, .zpost .name:hover, #zblog-category li a:hover, #zblog-category li a.selected, .zerodeals-countdown span, .header-services ul > li .icon, .header-services ul > li [class^=\"icon-\"], .header-custom-links ul li .icon, .header-custom-links ul li [class^=\"icon-\"], .header-sidebar-login ul li .icon, .header-sidebar-login ul li [class^=\"icon-\"], .rte .feature2, .nivo-controlNav a, .theme-default .nivo-directionNav a, #my-account ul.myaccount-link-list li a:hover i, #order-opc .page-heading.step-num span, #view_scroll_left:hover:before, #view_scroll_right:hover:before, p.our_price_display, p.our_price_display .price, #listpage_content div.tree_top a:hover:before {color: #717171} .button.ajax_add_to_cart_button.added > span:after, .price-percent-reduction, .shopping_cart .ajax_cart_quantity, #layer_cart .layer_cart_cart .button-container .btn.continue, #categories_block_left ul.tree > li > span.grower:hover + a:before, #categories_block_left ul.tree > li > a:hover:before, #zblog-category > .block_content > ul > li > a:hover:before, a.zrss:hover, .zmenu-nav ul li a:hover:before, #footer .scroll-top a, .rte .feature2:hover, .znav-top .category-item li a:hover:before, .zero-popupnewsletter .newsletter-form .button, .zero-popupnewsletter .newsletter-close, .box-info-product .exclusive.added:after, .slick-prev, .slick-next {background-color: #717171} #categories_block_left ul.tree > li > span.grower:hover + a:before, #categories_block_left ul.tree > li > a:hover:before, #zblog-category > .block_content > ul > li > a:hover:before, .zmenu-nav ul li a:hover:before, .rte .feature2:hover, .znav-top .category-item li a:hover:before, .rte .banner2 a:before {border-color: #717171} .nav a:hover .caret {border-top-color: #717171} .nav a:hover .caret {border-bottom-color: #717171} .zmega-menu {background-color: #ffffff} .button.ajax_add_to_cart_button, .btn-default, .box-info-product .exclusive, .button.button-small, ul.product_base_list .hover-box .wishlist a, ul.product_base_list .hover-box .compare a, ul.product_base_list .hover-box .quickview a {background-color: #717171} .button.ajax_add_to_cart_button:hover, .btn-default:hover, .box-info-product .exclusive:hover, .button.button-small:hover, ul.product_base_list .hover-box .wishlist a:hover, ul.product_base_list .hover-box .compare a:hover, ul.product_base_list .hover-box .quickview a:hover {background-color: #ffd358} .content_scene_cat span.category-name, #cms #center_column #admin-action-cms p .button, table#product_comparison tbody tr td.td_empty > span, .button.button-small, .button.lnk_view, .price, #home-page-tabs > li a, .block .products-block .price-percent-reduction, .page-heading span.heading-counter, #cart_summary tfoot td.total_price_container span, #cart_summary tfoot td#total_price_container, .cart_voucher h4, #pagenotfound .pagenotfound h1, #pagenotfound .pagenotfound p, #facebook_block h4, #cmsinfo_block h3, #maintenance h1, #maintenance #message, #layer_cart .layer_cart_product .title, #layer_cart .layer_cart_cart .title, #contact_block p.tel, .sf-menu > li > a, .sf-menu > li > ul > li > a, .zmega-menu .mobile-title, #my-account ul.myaccount-link-list li a, table#product_comparison .comparison_unit_price, body, #center_column .page_product_box h3, .product-name, .block .title_block .view-all-link, .block h4 .view-all-link, #instant_search_results a.close, .product-heading-h5, p.our_price_display, #reduction_percent span, #reduction_amount span {font-family: Ubuntu} h1, h2, h3, h4, h5, h6, .h1, .h2, .h3, .h4, .h5, .h6, .page-subheading, #footer .footer-main h3, #footer .footer-main h4, .znav-top > li > a, .nivo-caption h1, .nivo-caption h2, .nivo-caption h3, .block .title_block, .block h4, .page-heading, h3.page-product-heading, #layer_cart .crossseling h2, .nav-tabs > li > a, .zaccordions .panel .title_panel, .znav-top .category-item .category-title a, .st-menu-title {font-family: Ubuntu} body {font-size: 15px} </style>\n\n<?php }} ?>\n'),('d7c9c9c48cb2d8f4f6f5b825f86ea0dc027ca186','c3ac4eb68e58dea2f0ac6cc98587f56a688b0f3a','productcomments|1|1|1|3|136|1','2021-05-14 07:15:11','<?php /*%%SmartyHeaderCode:139542876090c2c4588374-64344773%%*/if(!defined(\'SMARTY_DIR\')) exit(\'no direct access allowed\');\n$_valid = $_smarty_tpl->decodeProperties(array (\n  \'file_dependency\' => \n  array (\n    \'c3ac4eb68e58dea2f0ac6cc98587f56a688b0f3a\' => \n    array (\n      0 => \'/home/jackieyap/public_html/mockup/themes/zro03/modules/productcomments/productcomments_reviews.tpl\',\n      1 => 1572947411,\n      2 => \'file\',\n    ),\n  ),\n  \'nocache_hash\' => \'139542876090c2c4588374-64344773\',\n  \'version\' => \'Smarty-3.1.19\',\n  \'unifunc\' => \'content_609e237f99f244_69534245\',\n  \'has_nocache_code\' => false,\n  \'cache_lifetime\' => 31536000,\n),true); /*/%%SmartyHeaderCode%%*/?>\n<?php if ($_valid && !is_callable(\'content_609e237f99f244_69534245\')) {function content_609e237f99f244_69534245($_smarty_tpl) {?><?php }} ?>\n'),('d8d688283417fc124428e210f8b03d1f38cf35f6','f77a1dbc397422b80c16387676c629f2289421e6','zerofeaturedcategories|1|1|1|3|136','2021-05-14 07:15:11','<?php /*%%SmartyHeaderCode:13112203836090c2c43eedc0-30921334%%*/if(!defined(\'SMARTY_DIR\')) exit(\'no direct access allowed\');\n$_valid = $_smarty_tpl->decodeProperties(array (\n  \'file_dependency\' => \n  array (\n    \'f77a1dbc397422b80c16387676c629f2289421e6\' => \n    array (\n      0 => \'/home/jackieyap/public_html/mockup/modules/zerofeaturedcategories/views/templates/hook/zerofeaturedcategories_bottomcolumn.tpl\',\n      1 => 1572947409,\n      2 => \'file\',\n    ),\n  ),\n  \'nocache_hash\' => \'13112203836090c2c43eedc0-30921334\',\n  \'version\' => \'Smarty-3.1.19\',\n  \'unifunc\' => \'content_609e237f8f0a81_70218952\',\n  \'has_nocache_code\' => false,\n  \'cache_lifetime\' => 31536000,\n),true); /*/%%SmartyHeaderCode%%*/?>\n<?php if ($_valid && !is_callable(\'content_609e237f8f0a81_70218952\')) {function content_609e237f8f0a81_70218952($_smarty_tpl) {?>\n<!-- MODULE Zero - Featured Categories -->\n<!-- /MODULE Zero - Featured Categories -->\n<?php }} ?>\n'),('d99072eb0703f22887658d6a798877a97e162ac2','d46db038908d027cf376de097b86f796af17bb73','zeroslideshow|1|3|3|3|136','2021-05-11 07:01:32','<?php /*%%SmartyHeaderCode:15420786496090c2c4365d58-28166604%%*/if(!defined(\'SMARTY_DIR\')) exit(\'no direct access allowed\');\n$_valid = $_smarty_tpl->decodeProperties(array (\n  \'file_dependency\' => \n  array (\n    \'d46db038908d027cf376de097b86f796af17bb73\' => \n    array (\n      0 => \'/home/jackieyap/public_html/mockup/modules/zeroslideshow/views/templates/hook/zeroslideshow.tpl\',\n      1 => 1572947409,\n      2 => \'file\',\n    ),\n  ),\n  \'nocache_hash\' => \'15420786496090c2c4365d58-28166604\',\n  \'version\' => \'Smarty-3.1.19\',\n  \'unifunc\' => \'content_609a2bccbd6f58_67450425\',\n  \'has_nocache_code\' => false,\n  \'cache_lifetime\' => 31536000,\n),true); /*/%%SmartyHeaderCode%%*/?>\n<?php if ($_valid && !is_callable(\'content_609a2bccbd6f58_67450425\')) {function content_609a2bccbd6f58_67450425($_smarty_tpl) {?>\n<!-- MODULE Zero - Slideshow -->\n<!-- /MODULE Zero - Slideshow -->\n<?php }} ?>\n'),('e1efe65c84e9b8c37354f498406d4c55736663c8','f384846b3c1934035d7e81b8a5cf23138587f2db','zerohomepage|1|3|3|3|136','2021-05-11 07:01:32','<?php /*%%SmartyHeaderCode:5793716346090c2c4034b99-83765976%%*/if(!defined(\'SMARTY_DIR\')) exit(\'no direct access allowed\');\n$_valid = $_smarty_tpl->decodeProperties(array (\n  \'file_dependency\' => \n  array (\n    \'f384846b3c1934035d7e81b8a5cf23138587f2db\' => \n    array (\n      0 => \'/home/jackieyap/public_html/mockup/modules/zerohomepage/views/templates/hook/zerohomepage.tpl\',\n      1 => 1572947409,\n      2 => \'file\',\n    ),\n  ),\n  \'nocache_hash\' => \'5793716346090c2c4034b99-83765976\',\n  \'version\' => \'Smarty-3.1.19\',\n  \'unifunc\' => \'content_609a2bccb50e08_87981790\',\n  \'has_nocache_code\' => false,\n  \'cache_lifetime\' => 31536000,\n),true); /*/%%SmartyHeaderCode%%*/?>\n<?php if ($_valid && !is_callable(\'content_609a2bccb50e08_87981790\')) {function content_609a2bccb50e08_87981790($_smarty_tpl) {?>\n<!-- MODULE Zero - Homepage Main Blocks -->\n<!-- /MODULE Zero - Homepage Main Blocks -->\n<?php }} ?>\n'),('ebd23ed372fb6a328498f990e6ce4a86b9043a4f','17493f278b1935d5a5e0c7599d0e94f78506395c','zerodeals||1|1|1|3|136','2021-05-14 07:15:11','<?php /*%%SmartyHeaderCode:17900398766090c2c443ea71-69789280%%*/if(!defined(\'SMARTY_DIR\')) exit(\'no direct access allowed\');\n$_valid = $_smarty_tpl->decodeProperties(array (\n  \'file_dependency\' => \n  array (\n    \'17493f278b1935d5a5e0c7599d0e94f78506395c\' => \n    array (\n      0 => \'/home/jackieyap/public_html/mockup/modules/zerodeals/views/templates/hook/zerodeals_top.tpl\',\n      1 => 1572947409,\n      2 => \'file\',\n    ),\n    \'509585e2579e62715a6964a709de8acd6cd0c3ad\' => \n    array (\n      0 => \'/home/jackieyap/public_html/mockup/modules/zerodeals/views/templates/hook/product-list.tpl\',\n      1 => 1572947409,\n      2 => \'file\',\n    ),\n    \'58037ae542f2a978cc8d0c46f78fb59f51a14452\' => \n    array (\n      0 => \'/home/jackieyap/public_html/mockup/themes/zro03/product-list.tpl\',\n      1 => 1574001691,\n      2 => \'file\',\n    ),\n  ),\n  \'nocache_hash\' => \'17900398766090c2c443ea71-69789280\',\n  \'version\' => \'Smarty-3.1.19\',\n  \'unifunc\' => \'content_609e237f9a37d9_31414359\',\n  \'has_nocache_code\' => false,\n  \'cache_lifetime\' => 31536000,\n),true); /*/%%SmartyHeaderCode%%*/?>\n<?php if ($_valid && !is_callable(\'content_609e237f9a37d9_31414359\')) {function content_609e237f9a37d9_31414359($_smarty_tpl) {?>\n<!-- MODULE Zero - Daily Deals -->\n<div class=\"zerodeals clearfix\">\n    <div class=\"container\">\n      <div class=\"block\">\n        <p class=\"title_block\">Today\'s Deals <span class=\"dline\"></span></p>\n        <div class=\"block_content\">\n            \n<div class=\"product_list_wrapper\">\n	\n<ul id=\"product_list\" class=\"product_list product_base_list  list\">\n	<li class=\"ajax_block_product base_product\">\n		<div class=\"product-container\" itemscope itemtype=\"https://schema.org/Product\">\n			<div class=\"left-block\">\n				<div class=\"product-image-container\">\n					<a class=\"product_img_link\" href=\"https://ezecnow.com/mockup/index.php?id_product=1&amp;controller=product\">\n						<img class=\"replace-2x img-responsive\" src=\"https://ezecnow.com/mockup/img/p/en-default-large_default.jpg\" alt=\"test\"  width=\"455\" height=\"455\" itemprop=\"image\" />\n						\n					</a>\n					<div class=\"label-box\">\n													<a class=\"new-box\" href=\"https://ezecnow.com/mockup/index.php?id_product=1&amp;controller=product\">\n								<span class=\"new-label\">New</span>\n							</a>\n																	</div>\n										<div class=\"quickview for-list-mode\">\n						<a class=\"quick-view ajax_quick_view\" href=\"https://ezecnow.com/mockup/index.php?id_product=1&amp;controller=product\" rel=\"https://ezecnow.com/mockup/index.php?id_product=1&amp;controller=product\" title=\"Quick View\" data-toggle=\"tooltip\" data-placement=\"top\">\n							<span>Quick View</span>\n						</a>\n					</div>\n									</div>\n				<div class=\"hover-box\">\n										\n										<div class=\"quickview\">\n						<a class=\"quick-view ajax_quick_view\" href=\"https://ezecnow.com/mockup/index.php?id_product=1&amp;controller=product\" rel=\"https://ezecnow.com/mockup/index.php?id_product=1&amp;controller=product\">\n							<span>Quick View</span>\n						</a>\n					</div>\n									</div>\n								\n			</div>\n			<div class=\"right-block\">\n                <h5 itemprop=\"name\">\n                                        <a class=\"product-name\" href=\"https://ezecnow.com/mockup/index.php?id_product=1&amp;controller=product\" title=\"test\" itemprop=\"url\" >\n                        test\n                    </a>\n                </h5>\n                <div class=\"grid-bottom\">\n                    <div class=\"grid-left-bottom\">\n                                                    <div class=\"content_price\" itemprop=\"offers\" itemscope itemtype=\"https://schema.org/Offer\">\n                                                                    \n                                    <meta itemprop=\"priceCurrency\" content=\"MYR\" />\n                                    <meta itemprop=\"price\" content=\"1\" />\n                                                                            <span class=\"price product-price\">\n                                            RM1.00                                        </span>\n                                                                                                                <link itemprop=\"availability\" href=\"https://schema.org/InStock\" />\n                                                                        \n                                    \n                                    \n                                                            </div>\n                                                \n                    </div>\n\n                    <div class=\"button-container button-grid\">\n                                                                                <a class=\"button ajax_add_to_cart_button btn btn-default\" href=\"https://ezecnow.com/mockup/index.php?controller=cart&amp;add=1&amp;id_product=1&amp;token=b3d2f774441f14f1a74da271039954fb\" rel=\"nofollow\" title=\"Add to cart\" data-id-product-attribute=\"0\" data-id-product=\"1\" data-minimal_quantity=\"1\">\n                                <span>Buy</span>\n                            </a>\n                                            </div>\n                </div>\n\n                                                            <span class=\"availability\">\n                                                            <span class=\"label-success\">\n                                                                                                                        In Stock\n                                                                                                            </span>\n                                                    </span>\n                                                    <div class=\"product-flags\">\n                                                                                                    </div>\n                \n                				\n				<p class=\"product-desc\" itemprop=\"description\">\n					\n				</p>\n									<div class=\"color-list-container\"></div>\n								\n                <div class=\"absolute-bottom\">\n                    <div class=\"button-container button-list\">\n                                                                                <a class=\"button ajax_add_to_cart_button btn btn-default\" href=\"https://ezecnow.com/mockup/index.php?controller=cart&amp;add=1&amp;id_product=1&amp;token=b3d2f774441f14f1a74da271039954fb\" rel=\"nofollow\" title=\"Add to cart\" data-id-product-attribute=\"0\" data-id-product=\"1\" data-minimal_quantity=\"1\">\n                                <span><i class=\"icon icon-plus\"></i> Add to cart</span>\n                            </a>\n                                            </div>\n                    <div class=\"functional-buttons clearfix\">\n                        \n                                            </div>\n                </div>\n			</div>\n		</div><!-- .product-container> -->\n	</li>\n</ul>\n\n\n\n\n\n</div>\n\n        </div>			\n      </div>\n    </div>\n</div>\n<!-- /MODULE Zero - Daily Deals -->\n<?php }} ?>\n'),('f0cf18397c4ee273ed3af844602bd818f1488213','713dbc1f1a6f3309372308d5f73d7200cccead85','zerohomepage|1|3|3|3|136','2021-05-11 07:01:32','<?php /*%%SmartyHeaderCode:20914494656090c2c27d3e09-86608811%%*/if(!defined(\'SMARTY_DIR\')) exit(\'no direct access allowed\');\n$_valid = $_smarty_tpl->decodeProperties(array (\n  \'file_dependency\' => \n  array (\n    \'713dbc1f1a6f3309372308d5f73d7200cccead85\' => \n    array (\n      0 => \'/home/jackieyap/public_html/mockup/modules/zerohomepage/views/templates/hook/zerohomepage_header.tpl\',\n      1 => 1572947409,\n      2 => \'file\',\n    ),\n  ),\n  \'nocache_hash\' => \'20914494656090c2c27d3e09-86608811\',\n  \'version\' => \'Smarty-3.1.19\',\n  \'unifunc\' => \'content_609a2bcca1c801_87599904\',\n  \'has_nocache_code\' => false,\n  \'cache_lifetime\' => 31536000,\n),true); /*/%%SmartyHeaderCode%%*/?>\n<?php if ($_valid && !is_callable(\'content_609a2bcca1c801_87599904\')) {function content_609a2bcca1c801_87599904($_smarty_tpl) {?>\n<style type=\"text/css\">.row.no-gutters {\r\n  margin-right: 0;\r\n  margin-left: 0;\r\n}\r\n.row.no-gutters > [class^=\"col-\"],\r\n.row.no-gutters > [class*=\" col-\"] {\r\n  padding-right: 0;\r\n  padding-left: 0;\r\n}\r\n\r\n.whatsappBlock a {\r\n    border-radius: 20px;\r\n    height: 40px;\r\n    padding: 5px 15px 5px 10px;\r\n}\r\n\r\n.header-sidebar-login ul li a.logout {\r\n    padding: 0 10px;\r\n    margin-left: 0px;\r\n    line-height: 28px;\r\n    display: inline-block;\r\n    border: 2px solid;\r\n    border-radius: 3px;\r\n}\r\n\r\nheader .header-login .account {\r\n    display: block;\r\n    padding: 0px 10px;\r\n    border: 2px solid;\r\n    height: 35px;\r\n    line-height: 32px;\r\n    margin-top: 23px;\r\n    background: #ffffff;\r\n    color: #717171;\r\n    font size: 14px;\r\n    border-radius: 5px;\r\n    transition: all 0.3s;\r\n}\r\n\r\nheader .header-login .account:hover {\r\n    background: #ffd358;\r\n    color: #ffffff;\r\nborder: 2px solid #ffd358;\r\n}\r\n\r\nheader .header-left-nav .nav-icon:hover {\r\n    color: #ffd358\r\n}\r\n\r\n.rte img {\r\nborder-radius: 10px;\r\n}\r\n\r\n.zerofeaturedcategories .category-block .category-image img:hover {\r\n	opacity:0.7;\r\n}\r\n\r\ninput {\r\n    padding: 0 10px;\r\n    height: 35px;\r\n    line-height: 31px;\r\n    border: 1px solid #c7c7c7;\r\n    -moz-border-radius: 5px;\r\n    -webkit-border-radius: 5px;\r\n    border-radius: 5px;\r\n    -webkit-box-shadow: none;\r\n    box-shadow: none;\r\n}\r\n\r\n#total_frinds_tab, #total_orders_tab, #total_loyalty_tab {\r\n border-radius: 5px;\r\n}\r\n\r\n.referral_voucher {\r\n border-radius: 5px;\r\n}\r\n\r\n.alert-warning {\r\n  border-radius: 5px;\r\n}\r\n\r\nzero-popupnewsletter .popup-content{\r\npadding: 0;\r\nborder: none;\r\nbackground-color: transparent !important;\r\nbackground-image: none !important;\r\noverflow: hidden;\r\n}\r\n\r\n.zero-popupnewsletter .newsletter-form .noshow{\r\nwidth: 100%;\r\n}\r\n\r\n.zero-popupnewsletter .newsletter-form .noshow a{\r\npadding: 0 !important;\r\nfont-size: 9px !important;\r\n}\r\n\r\n.zero-popupnewsletter .newsletter-form .noshow .icon{\r\nfont-size: 12px;\r\n}\r\n\r\n.zero-popupnewsletter .newsletter-content, .zero-popupnewsletter .newsletter-form{\r\nmax-width: 100%;\r\n}\r\n\r\n.zero-popupnewsletter .newsletter-form{\r\nmargin-top: -5px;\r\n}\r\n\r\n.zero-popupnewsletter .newsletter-content p{\r\nmargin: 0;\r\n}\r\n\r\n.zero-popupnewsletter .popup-content {\r\n    padding: 0px 0px;\r\n    border: 0px;\r\n}\r\n\r\n.fancybox-skin, .fancybox-image{\r\nborder-radius: 3rem;\r\n}\r\n\r\n.zero-popupnewsletter .newsletter-form .noshow a {\r\ncolor: inherit;\r\ntext-decoration: none;\r\nfont-size:10px;\r\npadding: 40px;\r\n}\r\n\r\n.fancybox-inner {\r\noverflow: hidden;\r\nborder-radius: 10px;\r\n}\r\n\r\n.zerofeaturedcategories .category-block .category-image img:hover {\r\n	opacity:0.7;\r\n}\r\n\r\nheader .main-header #header_logo img.logo:hover {\r\n	opacity:0.7;\r\n}\r\n\r\n\r\n\r\n.header-sidebar-login ul li a.logout {\r\n    padding: 0 10px;\r\n    margin-left: 0px;\r\n    line-height: 28px;\r\n    display: inline-block;\r\n    border: 2px solid;\r\n    border-radius: 3px;\r\n}\r\n\r\nheader .header-login .account {\r\n    display: block;\r\n    padding: 0px 10px;\r\n    border: 2px solid;\r\n    height: 35px;\r\n    line-height: 32px;\r\n    margin-top: 23px;\r\n    background: #ffffff;\r\n    color: #717171;\r\n    font size: 14px;\r\n    border-radius: 5px;\r\n    transition: all 0.3s;\r\n}\r\n\r\nheader .header-login .account:hover {\r\n    background: #ffd358;\r\n    color: #ffffff;\r\nborder: 2px solid #ffd358;\r\n}\r\n\r\nheader .header-left-nav .nav-icon:hover {\r\n    color: #ffd358\r\n}\r\n\r\n#wkpos-header {\r\n    height: 54px;\r\n    background: #E9869B;\r\n    color: white;\r\n    display: flex;\r\n}\r\n\r\n#pQuantityAvailable span {\r\n    color: #E9869B;\r\n}\r\n\r\n.slide-products-related {\r\n    height: 200px;\r\n    opacity: 1;\r\n}\r\n\r\n.zerofeaturedcategories .category-block .category-image img:hover {\r\n	opacity:0.7;\r\n}\r\n\r\ninput {\r\n    padding: 0 10px;\r\n    height: 35px;\r\n    line-height: 31px;\r\n    border: 1px solid #c7c7c7;\r\n    -moz-border-radius: 5px;\r\n    -webkit-border-radius: 5px;\r\n    border-radius: 5px;\r\n    -webkit-box-shadow: none;\r\n    box-shadow: none;\r\nmax-width: 100%;\r\n}\r\n\r\n#total_frinds_tab, #total_orders_tab, #total_loyalty_tab {\r\n border-radius: 5px;\r\n}\r\n\r\n.referral_voucher {\r\n border-radius: 5px;\r\n}\r\n\r\n.alert-warning {\r\n  border-radius: 5px;\r\n}\r\n\r\ndiv.zhqrcode {\r\npadding: 15px;\r\n	opacity:0.7;\r\n}\r\ndiv.zhqrcode:hover {\r\n	opacity:0.5;\r\n}\r\n\r\n#usefull_link_block a{\r\n    color: #1877F2;\r\n}\r\n\r\n#usefull_link_block b{\r\n    color: #717171;\r\n    font-size: 10px;\r\n}\r\n\r\nli.print {\r\n visibility: hidden;\r\n}\r\n\r\n\r\n#usefull_link_block {\r\n    padding: 10px 4%;\r\npadding-bottom: 0px;\r\n    margin-top: 15px;\r\n    margin-bottom: 15px;\r\nmargin-left: 0px;\r\nmargin-right: 0px;\r\n    border: 1px dashed #c7c7c7;\r\n    -moz-border-radius: 5px;\r\n    -webkit-border-radius: 5px;\r\n    border-radius: 5px;\r\n}\r\n\r\ndiv.row.qrbox {\r\n    padding: 10px 4%;\r\npadding-bottom: 0px;\r\npadding-top: 0px;\r\n    margin-top: 15px;\r\n    margin-bottom: 15px;\r\nmargin-left: 0px;\r\nmargin-right: 0px;\r\n    border: 1px dashed #c7c7c7;\r\n    -moz-border-radius: 5px;\r\n    -webkit-border-radius: 5px;\r\n    border-radius: 5px;\r\n}\r\n\r\ndiv.row.qrbox col-xs-12 col-sm-7 {\r\npadding: 0px;\r\n}\r\n\r\nul.product_base_list .color-list-container ul.color_to_pick_list {\r\n    height: 200%;\r\n}\r\n\r\nli a:hover{\r\n	opacity:0.7;\r\n}\r\n\r\n.rte img {\r\nborder-radius: 5px;\r\n}\r\n\r\n.ytp-cued-thumbnail-overlay-image {\r\nborder-radius: 5px;\r\n}\r\n\r\n.product-image-container .fade:nth-child(2), .product-box .product-image .fade:nth-child(2), .product-image-container .fade.ybc_img_hover, .product-box .product-image .fade.ybc_img_hover {\r\n    transition: all 1s ease 0s;\r\n    -moz-transition: all 1s ease 0s;\r\n    -webkit-transition: all 1s ease 0s;\r\n    -o-transition: all 1s ease 0s;\r\n}\r\n\r\n.zerofeaturedcategories .category-block .category-image img:hover {\r\ntransition: transform 3s;\r\ntransform: scale(1.1);\r\n}\r\n\r\ntextarea#addname.form-control {\r\nheight: 35px;\r\n}\r\n\r\ntextarea#addcontact.form-control {\r\nheight: 35px;\r\n}\r\n\r\n#usefull_link_block {\r\n    border: none;\r\n}\r\n\r\n#usefull_link_block li#left_share_fb a {\r\n    padding-left: 30px;\r\n}\r\n\r\n#usefull_link_block li {\r\n    width: 60%;\r\n}</style>\n<?php }} ?>\n');

--
-- Table structure for table `ps_smarty_last_flush`
--

CREATE TABLE `ps_smarty_last_flush` (
  `type` enum('compile','template') NOT NULL DEFAULT 'compile',
  `last_flush` datetime NOT NULL DEFAULT '0000-00-00 00:00:00',
  PRIMARY KEY (`type`)
) ENGINE=InnoDB DEFAULT CHARSET=utf8;

--
-- Dumping data for table `ps_smarty_last_flush`
--

INSERT INTO `ps_smarty_last_flush` VALUES ('compile','2021-05-04 11:42:53'),('template','2021-05-04 11:42:53');

--
-- Table structure for table `ps_smarty_lazy_cache`
--

CREATE TABLE `ps_smarty_lazy_cache` (
  `template_hash` varchar(32) NOT NULL DEFAULT '',
  `cache_id` varchar(255) NOT NULL DEFAULT '',
  `compile_id` varchar(32) NOT NULL DEFAULT '',
  `filepath` varchar(255) NOT NULL DEFAULT '',
  `last_update` datetime NOT NULL DEFAULT '0000-00-00 00:00:00',
  PRIMARY KEY (`template_hash`,`cache_id`,`compile_id`)
) ENGINE=InnoDB DEFAULT CHARSET=utf8;

--
-- Dumping data for table `ps_smarty_lazy_cache`
--

INSERT INTO `ps_smarty_lazy_cache` VALUES ('00535b502edbab5ca91263260ed43084','zeromenu|1|3|3|3|136','','','2021-05-11 15:01:28'),('07469ee68cd1d60bfacd1fe27ac83fa6','zeromenu|1|1|1|3|136','','b8caed415331feba521fb5ab7624df20ecb1b194','2021-05-04 20:24:23'),('07469ee68cd1d60bfacd1fe27ac83fa6','zeromenu|1|3|3|3|136','','969a394bd53471b26784a271d599e7b03ccb47e4','2021-05-04 12:35:45'),('0982e75574a158b4d68e8a1e021def67','crossselling|shoppingcart|1|1|3|3|3|136','','5ed6c28a74bbb7dac30ff03bbafd5f655705db09','2021-05-04 12:38:40'),('1b2e20799a7a84892b20a1dd91ae5d86','zerosidebar|1|1|1|3|136','','0f87e9d9a672deb5984c912031c9890a2bbba70e','2021-05-04 20:45:51'),('31302d7d04f874d3efa2e0e074625d86','zeromanager|1|1|1|3|136','','ae8cb54d87d17a5fe06dc2df52ea5f0cee471a18','2021-05-04 20:24:23'),('31302d7d04f874d3efa2e0e074625d86','zeromanager|1|3|3|3|136','','b39b1e0fe2465d0f452fa218ba7843de4c53698e','2021-05-04 12:35:45'),('3fdae94d8678253b62ed494bee8e33dc','zeroblog|1|1|1|3|136','','29a0349099c6863d490e0e0d188400d8d045de31','2021-05-04 20:24:23'),('3fdae94d8678253b62ed494bee8e33dc','zeroblog|1|3|3|3|136','','a40a75d2477a9a04d4b0028efce1dae251b1860a','2021-05-11 15:01:30'),('4662bb3b33036bbe8780d2ac78ba93ab','zeromanager|1|1|1|3|136','','1e6c9ae4b7133678d49ba5094f5a060a9d38f933','2021-05-04 20:24:23'),('4662bb3b33036bbe8780d2ac78ba93ab','zeromanager|1|3|3|3|136','','118b29e199337384bf2161e11f9a2794ae248102','2021-05-04 12:35:45'),('4862e158ccb11fae7b73471be9c9481c','zerohomepage|1|1|1|3|136','','709eeaf7f65c2df205ad9935627bd2eae92a9417','2021-05-04 20:24:23'),('4862e158ccb11fae7b73471be9c9481c','zerohomepage|1|3|3|3|136','','be0359fcda516d70be371e323b3aa8ada7fd91b7','2021-05-11 15:01:30'),('4ff8419f8bd0ea64ef022210db121b67','blocksearch-top|1|1|1|3|136','','bc92d6c6890621fea4719d6c1f0bf05404384457','2021-05-04 20:24:23'),('4ff8419f8bd0ea64ef022210db121b67','blocksearch-top|1|3|3|3|136','','508974c5e587d7efee72b35d701d3c5a4b354f16','2021-05-04 12:35:44'),('50b9b7383e20313aa7083020305173f4','zerohomepage|1|1|1|3|136','','15907e9aba57aefa3daa8ed17d5527337f393e16','2021-05-04 20:24:23'),('50b9b7383e20313aa7083020305173f4','zerohomepage|1|3|3|3|136','','e1efe65c84e9b8c37354f498406d4c55736663c8','2021-05-11 15:01:29'),('5a372647f5b7bb0931635abbbe28b954','zeromanager|1|1|1|3|136','','002aec5d71489a22c9feb0593b9ce84ae082ed6c','2021-05-04 20:24:23'),('5a372647f5b7bb0931635abbbe28b954','zeromanager|1|3|3|3|136','','bb82cdb1a987355c906969626b1a8f7ec7ad8ae3','2021-05-04 12:35:45'),('5d4ffc943c780cca36a3e336255637b2','zeroslideshow|1|1|1|3|136','','bfff8d6c9daf2ded79166481a5a2a91549e01af3','2021-05-04 20:24:23'),('5d4ffc943c780cca36a3e336255637b2','zeroslideshow|1|3|3|3|136','','d99072eb0703f22887658d6a798877a97e162ac2','2021-05-11 15:01:30'),('65ec4a43886ca1b36635fd0b7943d0de','zeropopupnewsletter|1|1|1|3|136','','a42597ededfad66ca474e59708d27a9b7a9cd36a','2021-05-04 20:24:23'),('65ec4a43886ca1b36635fd0b7943d0de','zeropopupnewsletter|1|3|3|3|136','','5ecadfa2ec7d138059b44d2093c9ad3dbd88b015','2021-05-04 12:35:45'),('6a1a0bffcfd35f6bad17f08fbd7be4c7','zerosidebar|1|1|1|3|136','','1a9c8c21325fc2fa3fbe2143b3561d5c905f1106','2021-05-04 20:24:22'),('6a1a0bffcfd35f6bad17f08fbd7be4c7','zerosidebar|1|3|3|3|136','','a1d13b24fbff2bb0d3021ef9aff498c2fc2c1bc2','2021-05-04 12:35:44'),('6e46a32afcd239e1c526b0ed42ecab56','zerofeaturedcategories|1|1|1|3|136','','d8d688283417fc124428e210f8b03d1f38cf35f6','2021-05-04 20:24:23'),('6e46a32afcd239e1c526b0ed42ecab56','zerofeaturedcategories|1|3|3|3|136','','c89adf6c1e4b3e2de74677bfe43084a0f0f7b5cf','2021-05-11 15:01:30'),('6efe69c857a36f35b35586f0724f9281','zerohomepage|1|1|1|3|136','','4f5abfa855c5f417bc007d5589120e48f4c43a4b','2021-05-04 20:24:22'),('6efe69c857a36f35b35586f0724f9281','zerohomepage|1|3|3|3|136','','f0cf18397c4ee273ed3af844602bd818f1488213','2021-05-04 12:35:44'),('6fa288de6dd6806d48794fbdf293995b','zerosidebar|1|1|1|3|136','','6cc70c2c9dc4e3a8c73ac6107230af34cf361fe5','2021-05-04 20:24:23'),('6fa288de6dd6806d48794fbdf293995b','zerosidebar|1|3|3|3|136','','15755a74a8b9b4f3bcd497ac084e235565b79c72','2021-05-11 15:01:29'),('7c347c95d24b4ed4e583c1cf9ab9d864','zerodeals||1|1|1|3|136','','ebd23ed372fb6a328498f990e6ce4a86b9043a4f','2021-05-04 20:24:23'),('7c347c95d24b4ed4e583c1cf9ab9d864','zerodeals||1|3|3|3|136','','9f58a09c5e2287c486d497547ac7c276e5f5ce6f','2021-05-11 15:01:30'),('7d366d271c96bcc485de5f232d974596','zerocolors|1|1|1|3|136','','d7080966a2e03e7fe9e16235d6416ba1ae4bf624','2021-05-04 20:24:22'),('7d366d271c96bcc485de5f232d974596','zerocolors|1|3|3|3|136','','37a80c310196f3dcabeea3bb105e83037a76ed07','2021-05-04 12:35:44'),('a9351bd703630625dc81123c9ec6beef','zeromanager|1|1|1|3|136','','ad4db4188c398ac0ca87a2ea4c5c5aa15dd1d051','2021-05-04 20:24:22'),('a9351bd703630625dc81123c9ec6beef','zeromanager|1|3|3|3|136','','5b0315668d744ad50c64b7ba260ecacc2df48c3b','2021-05-04 12:35:44'),('d14c2d686d4235c8226aceb1dcf7b63a','zerohomepage|1|1|1|3|136','','c57260dea98b5e08c0395c456a3520fd095a483d','2021-05-04 20:24:23'),('d14c2d686d4235c8226aceb1dcf7b63a','zerohomepage|1|3|3|3|136','','27823081dbae930dc89a37a48e426b4efa9475dc','2021-05-11 15:01:30'),('dbc8a17b25a37032e8e5c92f5d141755','zeromenu|1|1|1|3|136','','bc89df41d2d9e83c5be6ba965e4fb7528d70729a','2021-05-04 20:24:23'),('dbc8a17b25a37032e8e5c92f5d141755','zeromenu|1|3|3|3|136','','0937f83e215b5a62ab521959a815536b26c3022a','2021-05-04 12:35:44'),('de8c7270adcfc21767d0e678d7644da6','zerobrands|1|1|1|3|136','','0438ae0c853c4fd2f473e7f16b0d66558859fba3','2021-05-04 20:24:23'),('de8c7270adcfc21767d0e678d7644da6','zerobrands|1|3|3|3|136','','1cf147e37fe3d256e9d8003bb9bb58a555c07d2b','2021-05-11 15:01:30'),('fbc8839f2c67eb7ba5871bbd68d61b7a','productcomments|1|1|1|3|136|1','','d7c9c9c48cb2d8f4f6f5b825f86ea0dc027ca186','2021-05-04 20:24:23'),('fbc8839f2c67eb7ba5871bbd68d61b7a','productcomments|1|3|3|3|136|1','','c1ab6fe903feb99ad63d18bb7a240c863faf8783','2021-05-11 15:01:30');

--
